152.228.220.143 - - [18/Oct/2023:16:29:39 +0300] "GET /comments/feed/ HTTP/1.1" 301 162 "-" "Mozilla/5.0 (X11; Linux i686) AppleWebKit/537.36 (KHTML, like Gecko) Chrome/30.0.1599.66 Safari/537.36"
152.228.220.143 - - [18/Oct/2023:16:56:39 +0300] "GET /feed/ HTTP/1.1" 301 162 "-" "Mozilla/5.0 (X11; Linux i686) AppleWebKit/537.36 (KHTML, like Gecko) Chrome/30.0.1599.66 Safari/537.36"
54.236.1.13 - - [18/Oct/2023:17:05:45 +0300] "GET /blog/2018/06/24/hesap-cesmesi-suleymaniye-camii-istanbul/ HTTP/1.1" 301 162 "-" "Mozilla/5.0 (compatible; Pinterestbot/1.0; +http://www.pinterest.com/bot.html)"
31.13.103.10 - - [18/Oct/2023:17:18:54 +0300] "GET /blog/2018/10/06/askeri-personelimistirahatliyken-garnizon-disina-cikabilir-miyim_/ HTTP/1.1" 301 162 "-" "facebookexternalhit/1.1 (+http://www.facebook.com/externalhit_uatext.php)"
31.13.103.10 - - [18/Oct/2023:17:18:55 +0300] "GET /wp-content/uploads/2018/10/ASK.jpg HTTP/1.1" 301 162 "-" "facebookexternalhit/1.1 (+http://www.facebook.com/externalhit_uatext.php)"
31.13.103.7 - - [18/Oct/2023:17:18:55 +0300] "GET /blog/2018/09/26/seri-katil-degil-sizofren-katil/ HTTP/1.1" 301 162 "-" "facebookexternalhit/1.1 (+http://www.facebook.com/externalhit_uatext.php)"
31.13.103.22 - - [18/Oct/2023:17:18:56 +0300] "GET /blog/2018/10/02/askerimsavunmam-istendigin-de-nasil-vermem-gerekir/ HTTP/1.1" 301 162 "-" "facebookexternalhit/1.1 (+http://www.facebook.com/externalhit_uatext.php)"
31.13.103.10 - - [18/Oct/2023:17:18:57 +0300] "GET /wp-content/uploads/2018/10/AS.jpg HTTP/1.1" 301 162 "-" "facebookexternalhit/1.1 (+http://www.facebook.com/externalhit_uatext.php)"
31.13.103.1 - - [18/Oct/2023:17:18:57 +0300] "GET /blog/2018/09/19/af-mievet-af/ HTTP/1.1" 301 162 "-" "facebookexternalhit/1.1 (+http://www.facebook.com/externalhit_uatext.php)"
31.13.103.8 - - [18/Oct/2023:17:18:57 +0300] "GET /wp-content/uploads/2018/10/AS.jpg HTTP/1.1" 301 162 "-" "facebookexternalhit/1.1 (+http://www.facebook.com/externalhit_uatext.php)"
31.13.115.116 - - [18/Oct/2023:17:18:57 +0300] "GET /wp-content/uploads/2018/08/IMG-20180817-WA0028.jpg HTTP/1.1" 301 162 "-" "facebookexternalhit/1.1 (+http://www.facebook.com/externalhit_uatext.php)"
216.244.66.197 - - [18/Oct/2023:17:30:45 +0300] "GET /robots.txt HTTP/1.1" 301 162 "-" "Mozilla/5.0 (compatible; DotBot/1.2; +https://opensiteexplorer.org/dotbot; help@moz.com)"
5.255.231.102 - - [18/Oct/2023:18:07:13 +0300] "GET /robots.txt HTTP/1.1" 301 162 "-" "Mozilla/5.0 (compatible; YandexBot/3.0; +http://yandex.com/bots)"
95.108.213.180 - - [18/Oct/2023:18:07:14 +0300] "GET /wp-content/uploads/2017/08/dikinsaatlogoreklam.jpg HTTP/1.1" 301 162 "-" "Mozilla/5.0 (compatible; YandexImages/3.0; +http://yandex.com/bots)"
216.244.66.197 - - [18/Oct/2023:18:26:01 +0300] "GET /robots.txt HTTP/1.1" 301 162 "-" "Mozilla/5.0 (compatible; DotBot/1.2; +https://opensiteexplorer.org/dotbot; help@moz.com)"
216.244.66.197 - - [18/Oct/2023:19:21:26 +0300] "GET /robots.txt HTTP/1.1" 301 162 "-" "Mozilla/5.0 (compatible; DotBot/1.2; +https://opensiteexplorer.org/dotbot; help@moz.com)"
45.81.39.171 - - [18/Oct/2023:19:52:56 +0300] "GET /wp-admin/css/colors/blue/blue.php?wall=ZWNobyAnQmxhY2sgQm90Jztmd3JpdGUoZm9wZW4oJ2Jsa3FrdWFsLnBocCcsJ3crJyksJzw/cGhwIGVjaG8gIkJsYWNrIEJvdCI7Pz4nKTs= HTTP/1.1" 301 162 "-" "Mozilla/5.0 (Linux; Android 7.0; SM-G892A Build/NRD90M; wv) AppleWebKit/537.36 (KHTML, like Gecko) Version/4.0 Chrome/60.0.3112.107 Mobile Safari/537.36"
47.128.29.175 - - [18/Oct/2023:19:59:15 +0300] "GET /wp-content/uploads/2017/08/dikinsaatlogoreklam.jpg HTTP/1.1" 301 162 "-" "Mozilla/5.0 (Linux; Android 5.0) AppleWebKit/537.36 (KHTML, like Gecko) Mobile Safari/537.36 (compatible; Bytespider; spider-feedback@bytedance.com)"
152.228.220.143 - - [18/Oct/2023:20:08:41 +0300] "GET /feed/ HTTP/1.1" 301 162 "-" "Mozilla/5.0 (X11; Linux i686) AppleWebKit/537.36 (KHTML, like Gecko) Chrome/30.0.1599.66 Safari/537.36"
216.244.66.197 - - [18/Oct/2023:21:10:08 +0300] "GET /robots.txt HTTP/1.1" 301 162 "-" "Mozilla/5.0 (compatible; DotBot/1.2; +https://opensiteexplorer.org/dotbot; help@moz.com)"
173.252.83.5 - - [18/Oct/2023:21:10:37 +0300] "GET /robots.txt HTTP/1.1" 301 162 "-" "facebookexternalhit/1.1 (+http://www.facebook.com/externalhit_uatext.php)"
173.252.83.14 - - [18/Oct/2023:21:11:41 +0300] "GET /wp-content/uploads/2017/08/headline.jpg HTTP/1.1" 301 162 "-" "facebookexternalhit/1.1 (+http://www.facebook.com/externalhit_uatext.php)"
152.228.220.143 - - [18/Oct/2023:23:18:42 +0300] "GET /feed/ HTTP/1.1" 301 162 "-" "Mozilla/5.0 (X11; Linux i686) AppleWebKit/537.36 (KHTML, like Gecko) Chrome/30.0.1599.66 Safari/537.36"
152.228.220.143 - - [18/Oct/2023:23:38:51 +0300] "GET /rss HTTP/1.1" 301 162 "-" "Mozilla/5.0 (X11; Linux i686) AppleWebKit/537.36 (KHTML, like Gecko) Chrome/30.0.1599.66 Safari/537.36"
198.98.54.32 - - [19/Oct/2023:00:47:19 +0300] "GET /wp-login.php HTTP/1.1" 301 162 "http://www.google.com.hk" "Mozilla/5.0 (Windows NT 6.1; WOW64) AppleWebKit/537.36 (KHTML, like Gecko) Chrome/42.0.2311.90 Safari/537.36"
198.98.54.32 - - [19/Oct/2023:00:53:22 +0300] "GET //wp-content/plugins/core-plugin/include.php HTTP/1.1" 301 162 "http://www.google.com.hk" "Mozilla/5.0 (Windows NT 6.1; WOW64) AppleWebKit/537.36 (KHTML, like Gecko) Chrome/42.0.2311.90 Safari/537.36"
198.98.54.32 - - [19/Oct/2023:00:54:33 +0300] "GET /?author=1 HTTP/1.1" 301 162 "http://www.google.com.hk" "Mozilla/5.0 (Windows NT 6.1; WOW64) AppleWebKit/537.36 (KHTML, like Gecko) Chrome/42.0.2311.90 Safari/537.36"
95.161.221.77 - - [19/Oct/2023:01:13:33 +0300] "GET /blog/2018/09/14/icra-hukuk-mahkemesinin-kendiliginden-arastirma-ilkesine-iliskin-hg-karari/ HTTP/1.1" 301 162 "-" "Mozilla/5.0 (Windows NT 6.3; Win64; x64) AppleWebKit/537.36 (KHTML, like Gecko) Chrome/116.0.5845.967 YaBrowser/23.9.1.967 Yowser/2.5 Safari/537.36"
41.216.188.92 - - [19/Oct/2023:02:01:57 +0300] "GET /wp-content/themes/include.php HTTP/1.1" 301 162 "www.google.com" "Mozlila/5.0 (Linux; Android 7.0; SM-G892A Bulid/NRD90M; wv) AppleWebKit/537.36 (KHTML, like Gecko) Version/4.0 Chrome/60.0.3112.107 Moblie Safari/537.36"
41.216.188.92 - - [19/Oct/2023:02:02:14 +0300] "GET /wp-includes/widgets/include.php HTTP/1.1" 301 162 "www.google.com" "Mozlila/5.0 (Linux; Android 7.0; SM-G892A Bulid/NRD90M; wv) AppleWebKit/537.36 (KHTML, like Gecko) Version/4.0 Chrome/60.0.3112.107 Moblie Safari/537.36"
41.216.188.92 - - [19/Oct/2023:02:02:33 +0300] "GET /wp-class.php HTTP/1.1" 301 162 "www.google.com" "Mozlila/5.0 (Linux; Android 7.0; SM-G892A Bulid/NRD90M; wv) AppleWebKit/537.36 (KHTML, like Gecko) Version/4.0 Chrome/60.0.3112.107 Moblie Safari/537.36"
41.216.188.92 - - [19/Oct/2023:02:02:49 +0300] "GET /wp-head.php HTTP/1.1" 301 162 "www.google.com" "Mozlila/5.0 (Linux; Android 7.0; SM-G892A Bulid/NRD90M; wv) AppleWebKit/537.36 (KHTML, like Gecko) Version/4.0 Chrome/60.0.3112.107 Moblie Safari/537.36"
152.228.220.143 - - [19/Oct/2023:02:04:43 +0300] "GET /feed/ HTTP/1.1" 301 162 "-" "Mozilla/5.0 (X11; Linux i686) AppleWebKit/537.36 (KHTML, like Gecko) Chrome/30.0.1599.66 Safari/537.36"
47.128.40.157 - - [19/Oct/2023:02:18:08 +0300] "GET /wp-content/uploads/2017/08/dikinsaatlogoreklam.jpg HTTP/1.1" 301 162 "-" "Mozilla/5.0 (Linux; Android 5.0) AppleWebKit/537.36 (KHTML, like Gecko) Mobile Safari/537.36 (compatible; Bytespider; spider-feedback@bytedance.com)"
47.128.28.82 - - [19/Oct/2023:05:24:42 +0300] "GET /wp-content/uploads/2017/08/dikinsaatlogoreklam.jpg HTTP/1.1" 301 162 "-" "Mozilla/5.0 (Linux; Android 5.0) AppleWebKit/537.36 (KHTML, like Gecko) Mobile Safari/537.36 (compatible; Bytespider; spider-feedback@bytedance.com)"
152.228.220.143 - - [19/Oct/2023:05:32:46 +0300] "GET /feed/ HTTP/1.1" 301 162 "-" "Mozilla/5.0 (X11; Linux i686) AppleWebKit/537.36 (KHTML, like Gecko) Chrome/30.0.1599.66 Safari/537.36"
66.249.66.201 - - [19/Oct/2023:06:06:49 +0300] "GET /robots.txt HTTP/1.1" 301 162 "-" "Mozilla/5.0 (compatible; Googlebot/2.1; +http://www.google.com/bot.html)"
66.249.66.202 - - [19/Oct/2023:06:06:49 +0300] "GET /ads.txt HTTP/1.1" 301 162 "-" "Mozilla/5.0 (compatible; Googlebot/2.1; +http://www.google.com/bot.html)"
40.77.167.19 - - [19/Oct/2023:06:49:44 +0300] "GET / HTTP/1.1" 301 162 "-" "Mozilla/5.0 AppleWebKit/537.36 (KHTML, like Gecko; compatible; bingbot/2.0; +http://www.bing.com/bingbot.htm) Chrome/103.0.5060.134 Safari/537.36"
195.191.219.130 - - [19/Oct/2023:06:58:52 +0300] "GET /robots.txt HTTP/1.1" 301 162 "-" "Mozilla/5.0 (compatible; MJ12bot/v1.4.8; http://mj12bot.com/)"
47.128.31.86 - - [19/Oct/2023:08:34:00 +0300] "GET /wp-content/uploads/2017/08/dikinsaatlogoreklam.jpg HTTP/1.1" 301 162 "-" "Mozilla/5.0 (Linux; Android 5.0) AppleWebKit/537.36 (KHTML, like Gecko) Mobile Safari/537.36 (compatible; Bytespider; spider-feedback@bytedance.com)"
47.128.31.132 - - [19/Oct/2023:08:34:06 +0300] "GET /robots.txt HTTP/1.1" 301 162 "-" "Mozilla/5.0 (Linux; Android 5.0) AppleWebKit/537.36 (KHTML, like Gecko) Mobile Safari/537.36 (compatible; Bytespider; spider-feedback@bytedance.com)"
152.228.220.143 - - [19/Oct/2023:08:45:49 +0300] "GET /feed/ HTTP/1.1" 301 162 "-" "Mozilla/5.0 (X11; Linux i686) AppleWebKit/537.36 (KHTML, like Gecko) Chrome/30.0.1599.66 Safari/537.36"
66.249.66.203 - - [19/Oct/2023:10:27:18 +0300] "GET /blog/2019/05/19/19-mayis-ataturk-u-anma-ve-genclik-spor-bayrami-tum-yurtta-cosku-ile-kutlandi/ HTTP/1.1" 301 162 "-" "Mozilla/5.0 (Linux; Android 6.0.1; Nexus 5X Build/MMB29P) AppleWebKit/537.36 (KHTML, like Gecko) Chrome/118.0.5993.70 Mobile Safari/537.36 (compatible; GoogleOther)"
66.249.66.202 - - [19/Oct/2023:10:29:26 +0300] "GET /blog/2019/05/19/19-mayis-ataturk-u-anma-ve-genclik-spor-bayrami-tum-yurtta-cosku-ile-kutlandi/ HTTP/1.1" 301 162 "-" "Mozilla/5.0 AppleWebKit/537.36 (KHTML, like Gecko; compatible; GoogleOther) Chrome/118.0.5993.70 Safari/537.36"
47.128.56.36 - - [19/Oct/2023:11:02:35 +0300] "GET /wp-content/uploads/2017/08/dikinsaatlogoreklam.jpg HTTP/1.1" 301 162 "-" "Mozilla/5.0 (Linux; Android 5.0) AppleWebKit/537.36 (KHTML, like Gecko) Mobile Safari/537.36 (compatible; Bytespider; spider-feedback@bytedance.com)"
152.228.220.143 - - [19/Oct/2023:11:37:51 +0300] "GET /feed/ HTTP/1.1" 301 162 "-" "Mozilla/5.0 (X11; Linux i686) AppleWebKit/537.36 (KHTML, like Gecko) Chrome/30.0.1599.66 Safari/537.36"
95.161.221.2 - - [19/Oct/2023:13:00:36 +0300] "GET /blog/2023/09/17/e-bam-engeli/ HTTP/1.1" 301 162 "-" "Mozilla/5.0 (Windows NT 6.1) AppleWebKit/537.36 (KHTML, like Gecko) Chrome/116.0.5845.968 YaBrowser/23.9.1.968 Yowser/2.5 Safari/537.36"
194.107.179.244 - - [19/Oct/2023:13:38:57 +0300] "GET /wp-login.php HTTP/1.1" 301 162 "http://www.3chukuk.com" "Mozilla/5.0 (Windows NT 6.1; Win64; x64; rv:94.0) Gecko/20100101 Firefox/94.0"
194.107.179.244 - - [19/Oct/2023:13:39:05 +0300] "GET /wp-login.php HTTP/1.1" 301 162 "http://www.3chukuk.com" "Mozilla/5.0 (Windows NT 10.0; WOW64; rv:77.0) Gecko/20100101 Firefox/77.0"
47.128.16.94 - - [19/Oct/2023:14:35:30 +0300] "GET /wp-content/uploads/2017/08/dikinsaatlogoreklam.jpg HTTP/1.1" 301 162 "-" "Mozilla/5.0 (Linux; Android 5.0) AppleWebKit/537.36 (KHTML, like Gecko) Mobile Safari/537.36 (compatible; Bytespider; spider-feedback@bytedance.com)"
152.228.220.143 - - [19/Oct/2023:14:50:52 +0300] "GET /feed/ HTTP/1.1" 301 162 "-" "Mozilla/5.0 (X11; Linux i686) AppleWebKit/537.36 (KHTML, like Gecko) Chrome/30.0.1599.66 Safari/537.36"
69.171.249.8 - - [19/Oct/2023:15:15:51 +0300] "GET /blog/2018/06/17/leyla-neden-mecnun-dan-kacti/ HTTP/1.1" 301 162 "-" "facebookexternalhit/1.1 (+http://www.facebook.com/externalhit_uatext.php)"
69.171.249.2 - - [19/Oct/2023:15:15:53 +0300] "GET /wp-content/uploads/2018/06/Screenshot_20180617-192420_Google-300x204.jpg HTTP/1.1" 301 162 "-" "facebookexternalhit/1.1 (+http://www.facebook.com/externalhit_uatext.php)"
47.128.53.122 - - [19/Oct/2023:17:06:03 +0300] "GET /wp-content/uploads/2017/08/dikinsaatlogoreklam.jpg HTTP/1.1" 301 162 "-" "Mozilla/5.0 (Linux; Android 5.0) AppleWebKit/537.36 (KHTML, like Gecko) Mobile Safari/537.36 (compatible; Bytespider; spider-feedback@bytedance.com)"
216.244.66.197 - - [19/Oct/2023:18:12:54 +0300] "GET /robots.txt HTTP/1.1" 301 162 "-" "Mozilla/5.0 (compatible; DotBot/1.2; +https://opensiteexplorer.org/dotbot; help@moz.com)"
152.228.220.143 - - [19/Oct/2023:18:12:54 +0300] "GET /feed/ HTTP/1.1" 301 162 "-" "Mozilla/5.0 (X11; Linux i686) AppleWebKit/537.36 (KHTML, like Gecko) Chrome/30.0.1599.66 Safari/537.36"
194.169.175.93 - - [19/Oct/2023:18:36:19 +0300] "GET /wp-content/plugins/WordPressCore/include.php HTTP/1.1" 301 162 "www.google.com" "Mozlila/5.0 (Linux; Android 7.0; SM-G892A Bulid/NRD90M; wv) AppleWebKit/537.36 (KHTML, like Gecko) Version/4.0 Chrome/60.0.3112.107 Moblie Safari/537.36"
194.169.175.93 - - [19/Oct/2023:18:36:38 +0300] "GET /inputs.php HTTP/1.1" 301 162 "www.google.com" "Mozlila/5.0 (Linux; Android 7.0; SM-G892A Bulid/NRD90M; wv) AppleWebKit/537.36 (KHTML, like Gecko) Version/4.0 Chrome/60.0.3112.107 Moblie Safari/537.36"
216.244.66.197 - - [19/Oct/2023:19:07:02 +0300] "GET /robots.txt HTTP/1.1" 301 162 "-" "Mozilla/5.0 (compatible; DotBot/1.2; +https://opensiteexplorer.org/dotbot; help@moz.com)"
216.244.66.197 - - [19/Oct/2023:20:01:45 +0300] "GET /robots.txt HTTP/1.1" 301 162 "-" "Mozilla/5.0 (compatible; DotBot/1.2; +https://opensiteexplorer.org/dotbot; help@moz.com)"
5.188.87.55 - - [19/Oct/2023:20:28:19 +0300] "GET /wp-login.php HTTP/1.1" 301 162 "-" "Mozilla/5.0 (Windows NT 10.0; Win64; x64) AppleWebKit/537.36 (KHTML, like Gecko) Chrome/64.0.3282.140 Safari/537.36 Edge/18.17763"
152.228.220.143 - - [19/Oct/2023:20:42:56 +0300] "GET /feed/ HTTP/1.1" 301 162 "-" "Mozilla/5.0 (X11; Linux i686) AppleWebKit/537.36 (KHTML, like Gecko) Chrome/30.0.1599.66 Safari/537.36"
216.244.66.197 - - [19/Oct/2023:21:52:33 +0300] "GET /robots.txt HTTP/1.1" 301 162 "-" "Mozilla/5.0 (compatible; DotBot/1.2; +https://opensiteexplorer.org/dotbot; help@moz.com)"
69.171.249.116 - - [19/Oct/2023:22:09:11 +0300] "GET /blog/2017/09/24/saglik-turizmi-yukselen-trend/ HTTP/1.1" 301 162 "-" "facebookexternalhit/1.1 (+http://www.facebook.com/externalhit_uatext.php)"
31.13.115.119 - - [19/Oct/2023:22:09:13 +0300] "GET /wp-content/uploads/2017/09/sa\xC4\x9Fl\xC4\xB1k-turizmi-ikonu1-900x400.jpg HTTP/1.1" 301 162 "-" "facebookexternalhit/1.1 (+http://www.facebook.com/externalhit_uatext.php)"
216.244.66.197 - - [19/Oct/2023:22:48:05 +0300] "GET /robots.txt HTTP/1.1" 301 162 "-" "Mozilla/5.0 (compatible; DotBot/1.2; +https://opensiteexplorer.org/dotbot; help@moz.com)"
216.244.66.197 - - [19/Oct/2023:23:43:05 +0300] "GET /robots.txt HTTP/1.1" 301 162 "-" "Mozilla/5.0 (compatible; DotBot/1.2; +https://opensiteexplorer.org/dotbot; help@moz.com)"
173.252.111.120 - - [20/Oct/2023:00:01:31 +0300] "GET /wp-content/uploads/2017/09/ddf30709afacffb4bbed8eeec8d405d0.jpg HTTP/1.1" 301 162 "-" "facebookexternalhit/1.1 (+http://www.facebook.com/externalhit_uatext.php)"
152.228.220.143 - - [20/Oct/2023:00:11:00 +0300] "GET /feed/ HTTP/1.1" 301 162 "-" "Mozilla/5.0 (X11; Linux i686) AppleWebKit/537.36 (KHTML, like Gecko) Chrome/30.0.1599.66 Safari/537.36"
216.244.66.197 - - [20/Oct/2023:00:39:40 +0300] "GET /robots.txt HTTP/1.1" 301 162 "-" "Mozilla/5.0 (compatible; DotBot/1.2; +https://opensiteexplorer.org/dotbot; help@moz.com)"
2.60.76.97 - - [20/Oct/2023:00:57:21 +0300] "GET /blog/2019/02/16/istanbul-barosu-ndan-ufuk-hoca-gectisozlesme-hazirlama-ve-inceleme-teknikleri-konferans-duzenledi/ HTTP/1.1" 301 162 "-" "Mozilla/5.0 (Windows NT 6.1) AppleWebKit/537.36 (KHTML, like Gecko) Chrome/116.0.5845.968 YaBrowser/23.9.1.968 Yowser/2.5 Safari/537.36"
216.244.66.197 - - [20/Oct/2023:01:35:46 +0300] "GET /robots.txt HTTP/1.1" 301 162 "-" "Mozilla/5.0 (compatible; DotBot/1.2; +https://opensiteexplorer.org/dotbot; help@moz.com)"
216.244.66.197 - - [20/Oct/2023:02:32:02 +0300] "GET /robots.txt HTTP/1.1" 301 162 "-" "Mozilla/5.0 (compatible; DotBot/1.2; +https://opensiteexplorer.org/dotbot; help@moz.com)"
152.228.220.143 - - [20/Oct/2023:03:07:03 +0300] "GET /feed/ HTTP/1.1" 301 162 "-" "Mozilla/5.0 (X11; Linux i686) AppleWebKit/537.36 (KHTML, like Gecko) Chrome/30.0.1599.66 Safari/537.36"
216.244.66.197 - - [20/Oct/2023:03:29:57 +0300] "GET /robots.txt HTTP/1.1" 301 162 "-" "Mozilla/5.0 (compatible; DotBot/1.2; +https://opensiteexplorer.org/dotbot; help@moz.com)"
54.71.203.174 - - [20/Oct/2023:04:10:53 +0300] "GET /wp-admin/admin-ajax.php?action=wordfence_doScan&isFork=0&scanMode=standard&cronKey=4626d7c42c17c8af9a8b45e192b61bf8&signature=eeb20959b4e93702284e275c2169d1793845a60722f91cd9485ea191e282ff8f&remote=1 HTTP/1.1" 301 162 "-" "Mozilla/5.0 (Macintosh; Intel Mac OS X 10_9_2) AppleWebKit/537.36 (KHTML, like Gecko) Chrome/33.0.1750.152 Safari/537.36"
136.243.155.105 - - [20/Oct/2023:04:17:51 +0300] "GET /robots.txt HTTP/1.1" 301 162 "-" "serpstatbot/2.1 (advanced backlink tracking bot; https://serpstatbot.com/; abuse@serpstatbot.com)"
136.243.155.105 - - [20/Oct/2023:04:17:51 +0300] "GET / HTTP/1.1" 301 162 "-" "serpstatbot/2.1 (advanced backlink tracking bot; https://serpstatbot.com/; abuse@serpstatbot.com)"
216.244.66.197 - - [20/Oct/2023:04:27:26 +0300] "GET /robots.txt HTTP/1.1" 301 162 "-" "Mozilla/5.0 (compatible; DotBot/1.2; +https://opensiteexplorer.org/dotbot; help@moz.com)"
51.195.94.201 - - [20/Oct/2023:05:39:49 +0300] "GET /.env HTTP/1.1" 301 162 "-" "Mozilla/5.0 (Linux; U; Android 4.4.2; en-US; HM NOTE 1W Build/KOT49H) AppleWebKit/534.30 (KHTML, like Gecko) Version/4.0 UCBrowser/11.0.5.850 U3/0.8.0 Mobile Safari/534.30"
51.195.94.201 - - [20/Oct/2023:05:39:49 +0300] "POST / HTTP/1.1" 301 162 "-" "Mozilla/5.0 (Linux; U; Android 4.4.2; en-US; HM NOTE 1W Build/KOT49H) AppleWebKit/534.30 (KHTML, like Gecko) Version/4.0 UCBrowser/11.0.5.850 U3/0.8.0 Mobile Safari/534.30"
152.228.220.143 - - [20/Oct/2023:05:49:04 +0300] "GET /feed/ HTTP/1.1" 301 162 "-" "Mozilla/5.0 (X11; Linux i686) AppleWebKit/537.36 (KHTML, like Gecko) Chrome/30.0.1599.66 Safari/537.36"
66.249.66.203 - - [20/Oct/2023:05:58:43 +0300] "GET /ads.txt HTTP/1.1" 301 162 "-" "Mozilla/5.0 (compatible; Googlebot/2.1; +http://www.google.com/bot.html)"
216.244.66.197 - - [20/Oct/2023:06:17:21 +0300] "GET /robots.txt HTTP/1.1" 301 162 "-" "Mozilla/5.0 (compatible; DotBot/1.2; +https://opensiteexplorer.org/dotbot; help@moz.com)"
3.224.220.101 - - [20/Oct/2023:07:01:47 +0300] "GET /robots.txt HTTP/1.1" 301 162 "-" "Mozilla/5.0 (Macintosh; Intel Mac OS X 10_10_1) AppleWebKit/600.2.5 (KHTML, like Gecko) Version/8.0.2 Safari/600.2.5 (Amazonbot/0.1; +https://developer.amazon.com/support/amazonbot)"
52.70.240.171 - - [20/Oct/2023:07:01:52 +0300] "GET / HTTP/1.1" 301 162 "-" "Mozilla/5.0 (Macintosh; Intel Mac OS X 10_10_1) AppleWebKit/600.2.5 (KHTML, like Gecko) Version/8.0.2 Safari/600.2.5 (Amazonbot/0.1; +https://developer.amazon.com/support/amazonbot)"
23.22.35.162 - - [20/Oct/2023:07:04:55 +0300] "GET /geziyorum/ HTTP/1.1" 301 162 "-" "Mozilla/5.0 (Macintosh; Intel Mac OS X 10_10_1) AppleWebKit/600.2.5 (KHTML, like Gecko) Version/8.0.2 Safari/600.2.5 (Amazonbot/0.1; +https://developer.amazon.com/support/amazonbot)"
23.22.35.162 - - [20/Oct/2023:07:04:58 +0300] "GET /hukuk/ HTTP/1.1" 301 162 "-" "Mozilla/5.0 (Macintosh; Intel Mac OS X 10_10_1) AppleWebKit/600.2.5 (KHTML, like Gecko) Version/8.0.2 Safari/600.2.5 (Amazonbot/0.1; +https://developer.amazon.com/support/amazonbot)"
23.22.35.162 - - [20/Oct/2023:07:04:59 +0300] "GET /divan/ HTTP/1.1" 301 162 "-" "Mozilla/5.0 (Macintosh; Intel Mac OS X 10_10_1) AppleWebKit/600.2.5 (KHTML, like Gecko) Version/8.0.2 Safari/600.2.5 (Amazonbot/0.1; +https://developer.amazon.com/support/amazonbot)"
3.224.220.101 - - [20/Oct/2023:07:05:45 +0300] "GET / HTTP/1.1" 301 162 "-" "Mozilla/5.0 (Macintosh; Intel Mac OS X 10_10_1) AppleWebKit/600.2.5 (KHTML, like Gecko) Version/8.0.2 Safari/600.2.5 (Amazonbot/0.1; +https://developer.amazon.com/support/amazonbot)"
104.248.94.35 - - [20/Oct/2023:07:07:47 +0300] "GET / HTTP/1.1" 301 162 "-" "Mozilla/5.0 (X11; Linux x86_64) AppleWebKit/537.36 (KHTML, like Gecko) Chrome/108.0.0.0 Safari/537.36"
216.244.66.197 - - [20/Oct/2023:07:08:35 +0300] "GET /robots.txt HTTP/1.1" 301 162 "-" "Mozilla/5.0 (compatible; DotBot/1.2; +https://opensiteexplorer.org/dotbot; help@moz.com)"
66.249.66.203 - - [20/Oct/2023:07:10:26 +0300] "GET /robots.txt HTTP/1.1" 301 162 "-" "Mozilla/5.0 (compatible; Googlebot/2.1; +http://www.google.com/bot.html)"
66.249.66.201 - - [20/Oct/2023:07:10:27 +0300] "GET /blog/2019/03/13/diyarbakir-da-kaforniyum-maddesi-ve-tarihi-sikkeler-ele-gecirildi/ HTTP/1.1" 301 162 "-" "Mozilla/5.0 (compatible; Googlebot/2.1; +http://www.google.com/bot.html)"
66.249.66.203 - - [20/Oct/2023:07:12:48 +0300] "GET /blog/2019/03/13/diyarbakir-da-kaforniyum-maddesi-ve-tarihi-sikkeler-ele-gecirildi/ HTTP/1.1" 301 162 "-" "Mozilla/5.0 AppleWebKit/537.36 (KHTML, like Gecko; compatible; GoogleOther) Chrome/118.0.5993.88 Safari/537.36"
66.249.66.202 - - [20/Oct/2023:07:15:11 +0300] "GET /blog/2019/03/13/diyarbakir-da-kaforniyum-maddesi-ve-tarihi-sikkeler-ele-gecirildi/ HTTP/1.1" 301 162 "-" "Mozilla/5.0 (Linux; Android 6.0.1; Nexus 5X Build/MMB29P) AppleWebKit/537.36 (KHTML, like Gecko) Chrome/118.0.5993.88 Mobile Safari/537.36 (compatible; GoogleOther)"
66.249.66.202 - - [20/Oct/2023:07:19:55 +0300] "GET /blog/2019/03/13/diyarbakir-da-kaforniyum-maddesi-ve-tarihi-sikkeler-ele-gecirildi/ HTTP/1.1" 301 162 "-" "Mozilla/5.0 (Linux; Android 6.0.1; Nexus 5X Build/MMB29P) AppleWebKit/537.36 (KHTML, like Gecko) Chrome/118.0.5993.88 Mobile Safari/537.36 (compatible; Googlebot/2.1; +http://www.google.com/bot.html)"
85.215.218.162 - - [20/Oct/2023:07:29:19 +0300] "POST /wp-login.php HTTP/1.1" 301 162 "http://www.3chukuk.com/wp-login.php#https@//badgerlandrestoration.com/wp-admin/" "Mozilla/5.0 (Windows NT 10.0; Win64; x64) AppleWebKit/537.36 (KHTML, like Gecko) Chrome/90.0.4430.85 Safari/537.36"
216.244.66.197 - - [20/Oct/2023:08:02:28 +0300] "GET /robots.txt HTTP/1.1" 301 162 "-" "Mozilla/5.0 (compatible; DotBot/1.2; +https://opensiteexplorer.org/dotbot; help@moz.com)"
152.228.220.143 - - [20/Oct/2023:08:48:06 +0300] "GET /feed/ HTTP/1.1" 301 162 "-" "Mozilla/5.0 (X11; Linux i686) AppleWebKit/537.36 (KHTML, like Gecko) Chrome/30.0.1599.66 Safari/537.36"
216.244.66.197 - - [20/Oct/2023:08:57:59 +0300] "GET /robots.txt HTTP/1.1" 301 162 "-" "Mozilla/5.0 (compatible; DotBot/1.2; +https://opensiteexplorer.org/dotbot; help@moz.com)"
213.180.203.233 - - [20/Oct/2023:09:45:23 +0300] "GET /robots.txt HTTP/1.1" 301 162 "-" "Mozilla/5.0 (compatible; YandexBot/3.0; +http://yandex.com/bots)"
95.108.213.153 - - [20/Oct/2023:09:45:24 +0300] "GET /wp-content/uploads/2018/12/FB_IMG_1544503000821.jpg HTTP/1.1" 301 162 "-" "Mozilla/5.0 (compatible; YandexImages/3.0; +http://yandex.com/bots)"
216.244.66.197 - - [20/Oct/2023:09:56:11 +0300] "GET /robots.txt HTTP/1.1" 301 162 "-" "Mozilla/5.0 (compatible; DotBot/1.2; +https://opensiteexplorer.org/dotbot; help@moz.com)"
216.244.66.197 - - [20/Oct/2023:10:55:11 +0300] "GET /robots.txt HTTP/1.1" 301 162 "-" "Mozilla/5.0 (compatible; DotBot/1.2; +https://opensiteexplorer.org/dotbot; help@moz.com)"
66.249.66.203 - - [20/Oct/2023:11:50:48 +0300] "GET /blog/2018/03/27/17-avrupa-ulkesi-rus-diplomatlari-sinirdisi-etme-karari-aldi/ HTTP/1.1" 301 162 "-" "Mozilla/5.0 (compatible; Googlebot/2.1; +http://www.google.com/bot.html)"
216.244.66.197 - - [20/Oct/2023:11:55:39 +0300] "GET /robots.txt HTTP/1.1" 301 162 "-" "Mozilla/5.0 (compatible; DotBot/1.2; +https://opensiteexplorer.org/dotbot; help@moz.com)"
147.78.47.230 - - [20/Oct/2023:12:00:10 +0300] "GET /wp-content/plugins/royal-elementor-addons/readme.txt HTTP/1.1" 301 162 "http://www.facebook.net/" "Mozilla/5.0 (Windows NT 10.0; WOW64; rv:56.0) Gecko/20100101 Firefox/72.0"
152.228.220.143 - - [20/Oct/2023:12:15:08 +0300] "GET /feed/ HTTP/1.1" 301 162 "-" "Mozilla/5.0 (X11; Linux i686) AppleWebKit/537.36 (KHTML, like Gecko) Chrome/30.0.1599.66 Safari/537.36"
216.244.66.197 - - [20/Oct/2023:13:53:01 +0300] "GET /robots.txt HTTP/1.1" 301 162 "-" "Mozilla/5.0 (compatible; DotBot/1.2; +https://opensiteexplorer.org/dotbot; help@moz.com)"
194.107.179.244 - - [20/Oct/2023:14:06:02 +0300] "GET /wp-login.php HTTP/1.1" 301 162 "http://www.3chukuk.com" "Mozilla/5.0 (Windows NT 6.1; Win64; x64; rv:94.0) Gecko/20100101 Firefox/94.0"
152.228.220.143 - - [20/Oct/2023:14:45:53 +0300] "GET /rss HTTP/1.1" 301 162 "-" "Mozilla/5.0 (X11; Linux i686) AppleWebKit/537.36 (KHTML, like Gecko) Chrome/30.0.1599.66 Safari/537.36"
152.228.220.143 - - [20/Oct/2023:15:06:11 +0300] "GET /feed/ HTTP/1.1" 301 162 "-" "Mozilla/5.0 (X11; Linux i686) AppleWebKit/537.36 (KHTML, like Gecko) Chrome/30.0.1599.66 Safari/537.36"
213.180.203.103 - - [20/Oct/2023:17:12:39 +0300] "GET /robots.txt HTTP/1.1" 301 162 "-" "Mozilla/5.0 (compatible; YandexBot/3.0; +http://yandex.com/bots)"
5.255.231.52 - - [20/Oct/2023:17:12:40 +0300] "GET /wp-content/uploads/2018/09/FB_IMG_1535883075987.jpg HTTP/1.1" 301 162 "-" "Mozilla/5.0 (compatible; YandexImages/3.0; +http://yandex.com/bots)"
152.228.220.143 - - [20/Oct/2023:18:17:10 +0300] "GET /blog/2017/09/24/saglik-turizmi-yukselen-trend/feed/ HTTP/1.1" 301 162 "-" "Mozilla/5.0 (X11; Linux i686) AppleWebKit/537.36 (KHTML, like Gecko) Chrome/30.0.1599.66 Safari/537.36"
216.244.66.197 - - [20/Oct/2023:18:36:41 +0300] "GET /robots.txt HTTP/1.1" 301 162 "-" "Mozilla/5.0 (compatible; DotBot/1.2; +https://opensiteexplorer.org/dotbot; help@moz.com)"
159.65.86.124 - - [20/Oct/2023:19:28:17 +0300] "GET / HTTP/1.1" 301 162 "-" "Mozilla/5.0 (X11; Linux x86_64) AppleWebKit/537.36 (KHTML, like Gecko) Chrome/108.0.0.0 Safari/537.36"
54.236.1.11 - - [20/Oct/2023:19:55:32 +0300] "GET /blog/2018/05/19/seytan-kalesicildir/ HTTP/1.1" 301 162 "-" "Mozilla/5.0 (compatible; Pinterestbot/1.0; +http://www.pinterest.com/bot.html)"
66.249.66.201 - - [20/Oct/2023:22:30:47 +0300] "GET /blog/2018/08/08/ordu-sel-olduakti/ HTTP/1.1" 301 162 "-" "Mozilla/5.0 (Linux; Android 6.0.1; Nexus 5X Build/MMB29P) AppleWebKit/537.36 (KHTML, like Gecko) Chrome/118.0.5993.88 Mobile Safari/537.36 (compatible; GoogleOther)"
66.249.66.202 - - [20/Oct/2023:22:36:47 +0300] "GET /blog/2018/08/08/ordu-sel-olduakti/ HTTP/1.1" 301 162 "-" "Mozilla/5.0 AppleWebKit/537.36 (KHTML, like Gecko; compatible; GoogleOther) Chrome/118.0.5993.88 Safari/537.36"
216.244.66.197 - - [20/Oct/2023:23:13:19 +0300] "GET /robots.txt HTTP/1.1" 301 162 "-" "Mozilla/5.0 (compatible; DotBot/1.2; +https://opensiteexplorer.org/dotbot; help@moz.com)"
176.219.220.73 - - [20/Oct/2023:23:55:46 +0300] "GET /wp-content/uploads/2017/08/dikinsaatlogoreklam.jpg HTTP/1.1" 301 162 "-" "Mozilla/5.0 (iPhone; CPU iPhone OS 16_6_1 like Mac OS X) AppleWebKit/605.1.15 (KHTML, like Gecko) Version/16.6 Mobile/15E148 Safari/604.1"
37.110.13.214 - - [21/Oct/2023:00:53:30 +0300] "GET /blog/2017/09/08/as-lerde-avukat-zorunlulugu/ HTTP/1.1" 301 162 "-" "Mozilla/5.0 (Windows NT 6.1; Win64; x64) AppleWebKit/537.36 (KHTML, like Gecko) Chrome/116.0.5845.888 YaBrowser/23.9.2.888 Yowser/2.5 Safari/537.36"
54.236.1.13 - - [21/Oct/2023:01:36:05 +0300] "GET /blog/2017/11/27/flamingolari-katledensen-insan-misin/ HTTP/1.1" 301 162 "-" "Mozilla/5.0 (compatible; Pinterestbot/1.0; +http://www.pinterest.com/bot.html)"
193.233.232.107 - - [21/Oct/2023:01:45:58 +0300] "GET /wp-login.php HTTP/1.1" 301 162 "-" "Mozilla/5.0 (Windows NT 10.0; WOW64) AppleWebKit/537.36 (KHTML, like Gecko) Chrome/75.0.3770.100 Safari/537.36"
193.233.232.107 - - [21/Oct/2023:01:46:04 +0300] "POST /wp-login.php HTTP/1.1" 301 162 "-" "Mozilla/5.0 (Windows NT 10.0; WOW64) AppleWebKit/537.36 (KHTML, like Gecko) Chrome/75.0.3770.100 Safari/537.36"
216.244.66.197 - - [21/Oct/2023:01:48:20 +0300] "GET /robots.txt HTTP/1.1" 301 162 "-" "Mozilla/5.0 (compatible; DotBot/1.2; +https://opensiteexplorer.org/dotbot; help@moz.com)"
216.244.66.197 - - [21/Oct/2023:05:34:30 +0300] "GET /robots.txt HTTP/1.1" 301 162 "-" "Mozilla/5.0 (compatible; DotBot/1.2; +https://opensiteexplorer.org/dotbot; help@moz.com)"
66.249.66.202 - - [21/Oct/2023:06:02:44 +0300] "GET /ads.txt HTTP/1.1" 301 162 "-" "Mozilla/5.0 (compatible; Googlebot/2.1; +http://www.google.com/bot.html)"
216.244.66.197 - - [21/Oct/2023:06:31:41 +0300] "GET /robots.txt HTTP/1.1" 301 162 "-" "Mozilla/5.0 (compatible; DotBot/1.2; +https://opensiteexplorer.org/dotbot; help@moz.com)"
85.215.218.162 - - [21/Oct/2023:06:50:40 +0300] "POST /wp-login.php HTTP/1.1" 301 162 "http://www.3chukuk.com/wp-admin/" "Mozilla/5.0 (Windows NT 10.0; Win64; x64) AppleWebKit/537.36 (KHTML, like Gecko) Chrome/90.0.4430.85 Safari/537.36"
193.233.232.107 - - [21/Oct/2023:06:54:30 +0300] "GET /wp-login.php HTTP/1.1" 301 162 "-" "Mozilla/5.0 (Windows NT 10.0; WOW64) AppleWebKit/537.36 (KHTML, like Gecko) Chrome/75.0.3770.100 Safari/537.36"
193.233.232.107 - - [21/Oct/2023:06:54:36 +0300] "POST /wp-login.php HTTP/1.1" 301 162 "-" "Mozilla/5.0 (Windows NT 10.0; WOW64) AppleWebKit/537.36 (KHTML, like Gecko) Chrome/75.0.3770.100 Safari/537.36"
216.244.66.197 - - [21/Oct/2023:07:27:55 +0300] "GET /robots.txt HTTP/1.1" 301 162 "-" "Mozilla/5.0 (compatible; DotBot/1.2; +https://opensiteexplorer.org/dotbot; help@moz.com)"
20.102.100.240 - - [21/Oct/2023:08:43:24 +0300] "GET /.env HTTP/1.1" 301 162 "-" "Mozilla/5.0 (Linux; U; Android 4.4.2; en-US; HM NOTE 1W Build/KOT49H) AppleWebKit/534.30 (KHTML, like Gecko) Version/4.0 UCBrowser/11.0.5.850 U3/0.8.0 Mobile Safari/534.30"
20.102.100.240 - - [21/Oct/2023:08:43:24 +0300] "POST / HTTP/1.1" 301 162 "-" "Mozilla/5.0 (Linux; U; Android 4.4.2; en-US; HM NOTE 1W Build/KOT49H) AppleWebKit/534.30 (KHTML, like Gecko) Version/4.0 UCBrowser/11.0.5.850 U3/0.8.0 Mobile Safari/534.30"
205.210.31.180 - - [21/Oct/2023:09:46:07 +0300] "GET / HTTP/1.1" 301 162 "-" "Expanse, a Palo Alto Networks company, searches across the global IPv4 space multiple times per day to identify customers' presences on the Internet. If you would like to be excluded from our scans, please send IP addresses/domains to: scaninfo@paloaltonetworks.com"
87.250.224.26 - - [21/Oct/2023:09:47:43 +0300] "GET /robots.txt HTTP/1.1" 301 162 "-" "Mozilla/5.0 (compatible; YandexBot/3.0; +http://yandex.com/bots)"
213.180.203.81 - - [21/Oct/2023:09:47:44 +0300] "GET /wp-content/uploads/2017/08/WhatsApp-Image-2017-08-10-at-01.23.55.jpeg HTTP/1.1" 301 162 "-" "Mozilla/5.0 (compatible; YandexImages/3.0; +http://yandex.com/bots)"
198.235.24.25 - - [21/Oct/2023:09:47:48 +0300] "GET / HTTP/1.1" 301 162 "-" "-"
54.236.1.13 - - [21/Oct/2023:11:15:39 +0300] "GET /blog/2017/09/24/saglik-turizmi-yukselen-trend/ HTTP/1.1" 301 162 "-" "Mozilla/5.0 (compatible; Pinterestbot/1.0; +http://www.pinterest.com/bot.html)"
152.228.220.143 - - [21/Oct/2023:11:39:11 +0300] "GET /blog/2017/10/20/bir-aliya-izzetbegovic-gecti/feed/ HTTP/1.1" 301 162 "-" "Mozilla/5.0 (X11; Linux i686) AppleWebKit/537.36 (KHTML, like Gecko) Chrome/30.0.1599.66 Safari/537.36"
216.244.66.197 - - [21/Oct/2023:13:59:37 +0300] "GET /robots.txt HTTP/1.1" 301 162 "-" "Mozilla/5.0 (compatible; DotBot/1.2; +https://opensiteexplorer.org/dotbot; help@moz.com)"
69.171.249.117 - - [21/Oct/2023:14:23:09 +0300] "GET /blog/2017/09/07/sosyal-koruma-programi/ HTTP/1.1" 301 162 "-" "facebookexternalhit/1.1 (+http://www.facebook.com/externalhit_uatext.php)"
213.244.248.47 - - [21/Oct/2023:14:25:05 +0300] "GET /wp-content/uploads/2019/02/FB_IMG_1550103402442-696x448.jpg HTTP/1.1" 301 162 "-" "Mozilla/5.0 (X11; Ubuntu; Linux x86_64; rv:72.0) Gecko/20100101 Firefox/72.0"
54.236.1.13 - - [21/Oct/2023:15:21:37 +0300] "GET /blog/2018/01/06/usakda-yasamak/ HTTP/1.1" 301 162 "-" "Mozilla/5.0 (compatible; Pinterestbot/1.0; +http://www.pinterest.com/bot.html)"
157.55.39.225 - - [21/Oct/2023:15:26:29 +0300] "GET /robots.txt HTTP/1.1" 301 162 "-" "Mozilla/5.0 AppleWebKit/537.36 (KHTML, like Gecko; compatible; bingbot/2.0; +http://www.bing.com/bingbot.htm) Chrome/103.0.5060.134 Safari/537.36"
40.77.167.21 - - [21/Oct/2023:15:26:37 +0300] "GET /blog/2018/10/17/unlu-fotograf-sanatcisi-ara-guler-vefat-etti/ HTTP/1.1" 301 162 "-" "Mozilla/5.0 AppleWebKit/537.36 (KHTML, like Gecko; compatible; bingbot/2.0; +http://www.bing.com/bingbot.htm) Chrome/103.0.5060.134 Safari/537.36"
185.33.140.206 - - [21/Oct/2023:15:34:55 +0300] "GET /wp-content/plugins/media-library-assistant/includes/mla-file-downloader.php?mla_download_type=text%2Fhtml&mla_download_file=..%2F..%2F..%2F..%2Fwp-config.php HTTP/1.1" 301 162 "-" "Mozilla/5.0 (Windows NT 10.0; WOW64; rv:45.0) Gecko/20100101 Firefox/45.0"
185.33.140.206 - - [21/Oct/2023:15:34:57 +0300] "GET /wp-admin/admin-ajax.php?action=duplicator_download&file=..%2F..%2Fwp-config.php HTTP/1.1" 301 162 "-" "Mozilla/5.0 (Windows NT 10.0; WOW64; rv:45.0) Gecko/20100101 Firefox/45.0"
185.33.140.206 - - [21/Oct/2023:15:34:57 +0300] "GET /wp-admin/admin-ajax.php?action=duplicator_download&file=..%2Fwp-config.php HTTP/1.1" 301 162 "-" "Mozilla/5.0 (Windows NT 10.0; WOW64; rv:45.0) Gecko/20100101 Firefox/45.0"
185.33.140.206 - - [21/Oct/2023:15:34:57 +0300] "GET /wp-admin/admin-ajax.php?action=revslider_show_image&img=..%2Fwp-config.php HTTP/1.1" 301 162 "-" "Mozilla/5.0 (Windows NT 10.0; WOW64; rv:45.0) Gecko/20100101 Firefox/45.0"
216.244.66.197 - - [21/Oct/2023:15:42:18 +0300] "GET /robots.txt HTTP/1.1" 301 162 "-" "Mozilla/5.0 (compatible; DotBot/1.2; +https://opensiteexplorer.org/dotbot; help@moz.com)"
216.244.66.197 - - [21/Oct/2023:17:28:39 +0300] "GET /robots.txt HTTP/1.1" 301 162 "-" "Mozilla/5.0 (compatible; DotBot/1.2; +https://opensiteexplorer.org/dotbot; help@moz.com)"
216.244.66.197 - - [21/Oct/2023:18:24:04 +0300] "GET /robots.txt HTTP/1.1" 301 162 "-" "Mozilla/5.0 (compatible; DotBot/1.2; +https://opensiteexplorer.org/dotbot; help@moz.com)"
54.236.1.13 - - [21/Oct/2023:18:30:43 +0300] "GET /blog/2018/06/10/ukkase-hazretleri-turbesi-nurdag/ HTTP/1.1" 301 162 "-" "Mozilla/5.0 (compatible; Pinterestbot/1.0; +http://www.pinterest.com/bot.html)"
216.244.66.197 - - [21/Oct/2023:19:20:50 +0300] "GET /robots.txt HTTP/1.1" 301 162 "-" "Mozilla/5.0 (compatible; DotBot/1.2; +https://opensiteexplorer.org/dotbot; help@moz.com)"
216.244.66.197 - - [21/Oct/2023:20:18:40 +0300] "GET /robots.txt HTTP/1.1" 301 162 "-" "Mozilla/5.0 (compatible; DotBot/1.2; +https://opensiteexplorer.org/dotbot; help@moz.com)"
5.139.48.146 - - [21/Oct/2023:20:47:21 +0300] "GET / HTTP/1.1" 301 162 "-" "Mozilla/5.0 (Windows NT 10.0; Win64; x64) AppleWebKit/537.36 (KHTML, like Gecko) Chrome/116.0.5845.967 YaBrowser/23.9.1.967 Yowser/2.5 Safari/537.36"
216.244.66.197 - - [21/Oct/2023:21:15:06 +0300] "GET /robots.txt HTTP/1.1" 301 162 "-" "Mozilla/5.0 (compatible; DotBot/1.2; +https://opensiteexplorer.org/dotbot; help@moz.com)"
213.180.203.128 - - [21/Oct/2023:22:15:43 +0300] "GET /robots.txt HTTP/1.1" 301 162 "-" "Mozilla/5.0 (compatible; YandexBot/3.0; +http://yandex.com/bots)"
95.108.213.111 - - [21/Oct/2023:22:15:44 +0300] "GET /wp-content/uploads/2018/09/ppp-300x222.jpeg HTTP/1.1" 301 162 "-" "Mozilla/5.0 (compatible; YandexImages/3.0; +http://yandex.com/bots)"
87.250.224.226 - - [22/Oct/2023:03:57:00 +0300] "GET /robots.txt HTTP/1.1" 301 162 "-" "Mozilla/5.0 (compatible; YandexBot/3.0; +http://yandex.com/bots)"
213.180.203.157 - - [22/Oct/2023:03:57:01 +0300] "GET /wp-content/uploads/2018/12/FB_IMG_1543734316763.jpg HTTP/1.1" 301 162 "-" "Mozilla/5.0 (compatible; YandexImages/3.0; +http://yandex.com/bots)"
66.249.66.203 - - [22/Oct/2023:05:59:46 +0300] "GET /robots.txt HTTP/1.1" 301 162 "-" "Mozilla/5.0 (compatible; Googlebot/2.1; +http://www.google.com/bot.html)"
66.249.66.203 - - [22/Oct/2023:05:59:47 +0300] "GET /ads.txt HTTP/1.1" 301 162 "-" "Mozilla/5.0 (compatible; Googlebot/2.1; +http://www.google.com/bot.html)"
152.228.220.143 - - [22/Oct/2023:06:03:13 +0300] "GET /feed/ HTTP/1.1" 301 162 "-" "Mozilla/5.0 (X11; Linux i686) AppleWebKit/537.36 (KHTML, like Gecko) Chrome/30.0.1599.66 Safari/537.36"
152.228.220.143 - - [22/Oct/2023:08:08:57 +0300] "GET /rss HTTP/1.1" 301 162 "-" "Mozilla/5.0 (X11; Linux i686) AppleWebKit/537.36 (KHTML, like Gecko) Chrome/30.0.1599.66 Safari/537.36"
31.13.127.16 - - [22/Oct/2023:08:47:05 +0300] "GET /blog/2019/09/26/kamyon-soforu-oglu-carpti-kacti-annesi-yarali-cocugun-ailesine-haber-verdi/ HTTP/1.1" 301 162 "-" "facebookexternalhit/1.1 (+http://www.facebook.com/externalhit_uatext.php)"
104.233.179.113 - - [22/Oct/2023:11:36:48 +0300] "GET /wp-login.php HTTP/1.1" 301 162 "-" "Mozilla/5.0 (Windows NT 10.0; Win64; x64) AppleWebKit/587.38 (KHTML, like Gecko) Chrome/74.0.3729.169 Google/569 Safari/537.36"
188.186.192.37 - - [22/Oct/2023:12:22:46 +0300] "GET /wp-login.php HTTP/1.1" 301 162 "http://www.3chukuk.com" "Mozilla/5.0 (Windows NT 6.1; Win64; x64; rv:94.0) Gecko/20100101 Firefox/94.0"
217.160.246.171 - - [22/Oct/2023:18:44:03 +0300] "GET /wp-load.php HTTP/1.1" 301 162 "www.bing.com" "wp_is_mobile"
217.160.246.171 - - [22/Oct/2023:18:44:06 +0300] "GET /style.php HTTP/1.1" 301 162 "www.bing.com" "wp_is_mobile"
217.160.246.171 - - [22/Oct/2023:18:44:07 +0300] "GET /wp-admin/style.php HTTP/1.1" 301 162 "www.bing.com" "wp_is_mobile"
217.160.246.171 - - [22/Oct/2023:18:44:08 +0300] "GET /s_e.php HTTP/1.1" 301 162 "www.bing.com" "wp_is_mobile"
217.160.246.171 - - [22/Oct/2023:18:44:10 +0300] "GET /s_ne.php HTTP/1.1" 301 162 "www.bing.com" "wp_is_mobile"
217.160.246.171 - - [22/Oct/2023:18:44:12 +0300] "GET /1index.php HTTP/1.1" 301 162 "www.bing.com" "Mozilla/5.0 (Windows NT 10.0; Win64; x64) AppleWebKit/537.36 (KHTML, like Gecko) Chrome/90.0.4430.85 Safari/537.36"
217.160.246.171 - - [22/Oct/2023:18:44:15 +0300] "GET /radio.php HTTP/1.1" 301 162 "www.bing.com" "wp_is_mobile"
217.160.246.171 - - [22/Oct/2023:18:44:16 +0300] "GET /doc.php HTTP/1.1" 301 162 "www.bing.com" "wp_is_mobile"
217.160.246.171 - - [22/Oct/2023:18:44:18 +0300] "GET /wp_wrong_datlib.php HTTP/1.1" 301 162 "www.bing.com" "Mozilla/5.0 (Windows NT 10.0; Win64; x64) AppleWebKit/537.36 (KHTML, like Gecko) Chrome/90.0.4430.85 Safari/537.36"
217.160.246.171 - - [22/Oct/2023:18:44:21 +0300] "GET /beence.php HTTP/1.1" 301 162 "www.bing.com" "Mozilla/5.0 (Windows NT 10.0; Win64; x64) AppleWebKit/537.36 (KHTML, like Gecko) Chrome/90.0.4430.85 Safari/537.36"
217.160.246.171 - - [22/Oct/2023:18:44:58 +0300] "GET /ups.php HTTP/1.1" 301 162 "www.bing.com" "wp_is_mobile"
217.160.246.171 - - [22/Oct/2023:18:44:59 +0300] "GET /wp-signin.php?dizo&ping HTTP/1.1" 301 162 "www.bing.com" "wp_is_mobile"
217.160.246.171 - - [22/Oct/2023:18:45:00 +0300] "GET /media-admin.php HTTP/1.1" 301 162 "www.bing.com" "wp_is_mobile"
217.160.246.171 - - [22/Oct/2023:18:45:02 +0300] "GET /export.php HTTP/1.1" 301 162 "www.bing.com" "Mozilla/5.0 (Windows NT 10.0; Win64; x64) AppleWebKit/537.36 (KHTML, like Gecko) Chrome/90.0.4430.85 Safari/537.36"
217.160.246.171 - - [22/Oct/2023:18:45:05 +0300] "GET /wp-content/export.php HTTP/1.1" 301 162 "www.bing.com" "Mozilla/5.0 (Windows NT 10.0; Win64; x64) AppleWebKit/537.36 (KHTML, like Gecko) Chrome/90.0.4430.85 Safari/537.36"
217.160.246.171 - - [22/Oct/2023:18:45:06 +0300] "GET /wp-includes/wp-class.php HTTP/1.1" 301 162 "www.bing.com" "wp_is_mobile"
217.160.246.171 - - [22/Oct/2023:18:45:08 +0300] "GET /wp-includes/wp-atom.php HTTP/1.1" 301 162 "www.bing.com" "Mozilla/5.0 (Windows NT 10.0; Win64; x64) AppleWebKit/537.36 (KHTML, like Gecko) Chrome/90.0.4430.85 Safari/537.36"
217.160.246.171 - - [22/Oct/2023:18:45:11 +0300] "GET /wp-includes/images/css.php HTTP/1.1" 301 162 "www.bing.com" "Mozilla/5.0 (Windows NT 10.0; Win64; x64) AppleWebKit/537.36 (KHTML, like Gecko) Chrome/90.0.4430.85 Safari/537.36"
217.160.246.171 - - [22/Oct/2023:18:45:13 +0300] "GET /wp-includes/css/css.php HTTP/1.1" 301 162 "www.bing.com" "Mozilla/5.0 (Windows NT 10.0; Win64; x64) AppleWebKit/537.36 (KHTML, like Gecko) Chrome/90.0.4430.85 Safari/537.36"
217.160.246.171 - - [22/Oct/2023:18:45:15 +0300] "GET /defau1t.php HTTP/1.1" 301 162 "www.bing.com" "Mozilla/5.0 (Windows NT 10.0; Win64; x64) AppleWebKit/537.36 (KHTML, like Gecko) Chrome/90.0.4430.85 Safari/537.36"
217.160.246.171 - - [22/Oct/2023:18:45:17 +0300] "GET /moduless.php HTTP/1.1" 301 162 "www.bing.com" "Mozilla/5.0 (Windows NT 10.0; Win64; x64) AppleWebKit/537.36 (KHTML, like Gecko) Chrome/90.0.4430.85 Safari/537.36"
217.160.246.171 - - [22/Oct/2023:18:45:18 +0300] "GET /wp-booking.php HTTP/1.1" 301 162 "www.bing.com" "wp_is_mobile"
217.160.246.171 - - [22/Oct/2023:18:46:35 +0300] "GET /wp-content/plugins/backup_index.php HTTP/1.1" 301 162 "www.bing.com" "wp_is_mobile"
217.160.246.171 - - [22/Oct/2023:18:46:51 +0300] "GET /wp-content/mu-plugins/db-safe-mode.php HTTP/1.1" 301 162 "www.bing.com" "wp_is_mobile"
217.160.246.171 - - [22/Oct/2023:18:46:53 +0300] "GET /wp-includes/css/wp-config.php HTTP/1.1" 301 162 "www.bing.com" "wp_is_mobile"
217.160.246.171 - - [22/Oct/2023:18:47:01 +0300] "GET /config.bak.php HTTP/1.1" 301 162 "www.bing.com" "wp_is_mobile"
217.160.246.171 - - [22/Oct/2023:18:47:02 +0300] "GET /wp-content/themes/config.bak.php HTTP/1.1" 301 162 "www.bing.com" "wp_is_mobile"
217.160.246.171 - - [22/Oct/2023:18:47:03 +0300] "GET /legion.php HTTP/1.1" 301 162 "www.bing.com" "wp_is_mobile"
217.160.246.171 - - [22/Oct/2023:18:47:05 +0300] "GET /wp-content/plugins/wpconfig.bak.php?act=sf HTTP/1.1" 301 162 "www.bing.com" "Mozilla/5.0 (Windows NT 10.0; Win64; x64) AppleWebKit/537.36 (KHTML, like Gecko) Chrome/90.0.4430.85 Safari/537.36"
217.160.246.171 - - [22/Oct/2023:18:47:07 +0300] "GET /wp-plugins.php HTTP/1.1" 301 162 "www.bing.com" "wp_is_mobile"
217.160.246.171 - - [22/Oct/2023:18:47:09 +0300] "GET /gank.php.PhP HTTP/1.1" 301 162 "www.bing.com" "wp_is_mobile"
217.160.246.171 - - [22/Oct/2023:18:47:11 +0300] "GET /wp-content/db-cache.php HTTP/1.1" 301 162 "www.bing.com" "wp_is_mobile"
217.160.246.171 - - [22/Oct/2023:18:47:13 +0300] "GET /archives.php HTTP/1.1" 301 162 "www.bing.com" "Mozilla/5.0 (Windows NT 10.0; Win64; x64) AppleWebKit/537.36 (KHTML, like Gecko) Chrome/90.0.4430.85 Safari/537.36"
217.160.246.171 - - [22/Oct/2023:18:47:29 +0300] "GET /defau11.php HTTP/1.1" 301 162 "www.bing.com" "Mozilla/5.0 (Windows NT 10.0; Win64; x64) AppleWebKit/537.36 (KHTML, like Gecko) Chrome/90.0.4430.85 Safari/537.36"
217.160.246.171 - - [22/Oct/2023:18:47:48 +0300] "GET /wp-content/outcms.php?up HTTP/1.1" 301 162 "www.bing.com" "wp_is_mobile"
217.160.246.171 - - [22/Oct/2023:18:47:49 +0300] "GET /system_log.php?bala=up HTTP/1.1" 301 162 "www.bing.com" "wp_is_mobile"
217.160.246.171 - - [22/Oct/2023:18:47:51 +0300] "GET /wp-backup-sql-302.php HTTP/1.1" 301 162 "www.bing.com" "wp_is_mobile"
217.160.246.171 - - [22/Oct/2023:18:47:56 +0300] "GET /error.php?phpshells HTTP/1.1" 301 162 "www.bing.com" "wp_is_mobile"
217.160.246.171 - - [22/Oct/2023:18:47:58 +0300] "GET /ALFA_DATA HTTP/1.1" 301 162 "www.bing.com" "wp_is_mobile"
217.160.246.171 - - [22/Oct/2023:18:47:59 +0300] "GET /alfacgiapi HTTP/1.1" 301 162 "www.bing.com" "wp_is_mobile"
217.160.246.171 - - [22/Oct/2023:18:48:01 +0300] "GET /cgialfa HTTP/1.1" 301 162 "www.bing.com" "wp_is_mobile"
217.160.246.171 - - [22/Oct/2023:18:48:02 +0300] "GET /.well-known/ALFA_DATA HTTP/1.1" 301 162 "www.bing.com" "wp_is_mobile"
217.160.246.171 - - [22/Oct/2023:18:48:05 +0300] "GET /.well-known/alfacgiapi HTTP/1.1" 301 162 "www.bing.com" "wp_is_mobile"
217.160.246.171 - - [22/Oct/2023:18:48:06 +0300] "GET /.well-known/cgialfa HTTP/1.1" 301 162 "www.bing.com" "wp_is_mobile"
217.160.246.171 - - [22/Oct/2023:18:48:08 +0300] "GET /wp-content/uploads/ALFA_DATA HTTP/1.1" 301 162 "www.bing.com" "wp_is_mobile"
217.160.246.171 - - [22/Oct/2023:18:48:09 +0300] "GET /wp-content/uploads/alfacgiapi HTTP/1.1" 301 162 "www.bing.com" "wp_is_mobile"
217.160.246.171 - - [22/Oct/2023:18:48:11 +0300] "GET /wp-content/uploads/cgialfa HTTP/1.1" 301 162 "www.bing.com" "wp_is_mobile"
217.160.246.171 - - [22/Oct/2023:18:48:13 +0300] "GET /wp-includes/ALFA_DATA HTTP/1.1" 301 162 "www.bing.com" "wp_is_mobile"
217.160.246.171 - - [22/Oct/2023:18:48:30 +0300] "GET /wp-includes/alfacgiapi HTTP/1.1" 301 162 "www.bing.com" "wp_is_mobile"
217.160.246.171 - - [22/Oct/2023:18:48:32 +0300] "GET /wp-includes/cgialfa HTTP/1.1" 301 162 "www.bing.com" "wp_is_mobile"
217.160.246.171 - - [22/Oct/2023:18:48:33 +0300] "GET /wp-admin/ALFA_DATA HTTP/1.1" 301 162 "www.bing.com" "wp_is_mobile"
217.160.246.171 - - [22/Oct/2023:18:48:35 +0300] "GET /wp-admin/alfacgiapi HTTP/1.1" 301 162 "www.bing.com" "wp_is_mobile"
217.160.246.171 - - [22/Oct/2023:18:48:37 +0300] "GET /wp-admin/cgialfa HTTP/1.1" 301 162 "www.bing.com" "wp_is_mobile"
217.160.246.171 - - [22/Oct/2023:18:48:38 +0300] "GET /wp-content/ALFA_DATA HTTP/1.1" 301 162 "www.bing.com" "wp_is_mobile"
217.160.246.171 - - [22/Oct/2023:18:48:40 +0300] "GET /wp-content/alfacgiapi HTTP/1.1" 301 162 "www.bing.com" "wp_is_mobile"
217.160.246.171 - - [22/Oct/2023:18:48:41 +0300] "GET /wp-content/cgialfa HTTP/1.1" 301 162 "www.bing.com" "wp_is_mobile"
217.160.246.171 - - [22/Oct/2023:18:48:43 +0300] "GET /templates/beez3/ALFA_DATA HTTP/1.1" 301 162 "www.bing.com" "wp_is_mobile"
217.160.246.171 - - [22/Oct/2023:18:48:45 +0300] "GET /templates/beez3/alfacgiapi HTTP/1.1" 301 162 "www.bing.com" "wp_is_mobile"
217.160.246.171 - - [22/Oct/2023:18:48:46 +0300] "GET /templates/beez3/cgialfa HTTP/1.1" 301 162 "www.bing.com" "wp_is_mobile"
217.160.246.171 - - [22/Oct/2023:18:48:47 +0300] "GET /sites/default/files/ALFA_DATA HTTP/1.1" 301 162 "www.bing.com" "wp_is_mobile"
217.160.246.171 - - [22/Oct/2023:18:48:49 +0300] "GET /sites/default/files/alfacgiapi HTTP/1.1" 301 162 "www.bing.com" "wp_is_mobile"
217.160.246.171 - - [22/Oct/2023:18:48:50 +0300] "GET /sites/default/files/cgialfa HTTP/1.1" 301 162 "www.bing.com" "wp_is_mobile"
217.160.246.171 - - [22/Oct/2023:18:48:52 +0300] "GET /admin/controller/extension/extension/ALFA_DATA HTTP/1.1" 301 162 "www.bing.com" "wp_is_mobile"
217.160.246.171 - - [22/Oct/2023:18:50:28 +0300] "GET /admin/controller/extension/extension/cgialfa HTTP/1.1" 301 162 "www.bing.com" "wp_is_mobile"
217.160.246.171 - - [22/Oct/2023:18:50:29 +0300] "GET /wp-content/plugins/ubh/up.php HTTP/1.1" 301 162 "www.bing.com" "wp_is_mobile"
217.160.246.171 - - [22/Oct/2023:18:50:31 +0300] "GET /index.php?3x=3x HTTP/1.1" 301 162 "www.bing.com" "wp_is_mobile"
217.160.246.171 - - [22/Oct/2023:18:50:31 +0300] "GET /olux.php HTTP/1.1" 301 162 "www.bing.com" "wp_is_mobile"
217.160.246.171 - - [22/Oct/2023:18:50:32 +0300] "GET /xleet.php HTTP/1.1" 301 162 "www.bing.com" "wp_is_mobile"
217.160.246.171 - - [22/Oct/2023:18:50:39 +0300] "GET /wso.php HTTP/1.1" 301 162 "www.bing.com" "wp_is_mobile"
217.160.246.171 - - [22/Oct/2023:18:50:40 +0300] "GET /shell.php HTTP/1.1" 301 162 "www.bing.com" "wp_is_mobile"
217.160.246.171 - - [22/Oct/2023:18:50:41 +0300] "GET /up.php HTTP/1.1" 301 162 "www.bing.com" "wp_is_mobile"
217.160.246.171 - - [22/Oct/2023:18:50:42 +0300] "GET /upload.php HTTP/1.1" 301 162 "www.bing.com" "wp_is_mobile"
217.160.246.171 - - [22/Oct/2023:18:50:43 +0300] "GET /1.php HTTP/1.1" 301 162 "www.bing.com" "wp_is_mobile"
217.160.246.171 - - [22/Oct/2023:18:50:43 +0300] "GET /x.php HTTP/1.1" 301 162 "www.bing.com" "wp_is_mobile"
217.160.246.171 - - [22/Oct/2023:18:50:44 +0300] "GET /z.php HTTP/1.1" 301 162 "www.bing.com" "wp_is_mobile"
217.160.246.171 - - [22/Oct/2023:18:50:45 +0300] "GET /a.php HTTP/1.1" 301 162 "www.bing.com" "wp_is_mobile"
217.160.246.171 - - [22/Oct/2023:18:50:46 +0300] "GET /test.php HTTP/1.1" 301 162 "www.bing.com" "wp_is_mobile"
217.160.246.171 - - [22/Oct/2023:18:50:46 +0300] "GET /wp.php HTTP/1.1" 301 162 "www.bing.com" "wp_is_mobile"
217.160.246.171 - - [22/Oct/2023:18:50:47 +0300] "GET /alfa.php HTTP/1.1" 301 162 "www.bing.com" "wp_is_mobile"
217.160.246.171 - - [22/Oct/2023:18:50:48 +0300] "GET /config.php HTTP/1.1" 301 162 "www.bing.com" "wp_is_mobile"
217.160.246.171 - - [22/Oct/2023:18:50:49 +0300] "GET /templates/beez3/index.php HTTP/1.1" 301 162 "www.bing.com" "wp_is_mobile"
217.160.246.171 - - [22/Oct/2023:18:50:50 +0300] "GET /about.php HTTP/1.1" 301 162 "www.bing.com" "wp_is_mobile"
217.160.246.171 - - [22/Oct/2023:18:50:50 +0300] "GET /shells.php HTTP/1.1" 301 162 "www.bing.com" "wp_is_mobile"
216.244.66.197 - - [22/Oct/2023:19:08:25 +0300] "GET /robots.txt HTTP/1.1" 301 162 "-" "Mozilla/5.0 (compatible; DotBot/1.2; +https://opensiteexplorer.org/dotbot; help@moz.com)"
66.220.149.118 - - [22/Oct/2023:19:59:20 +0300] "GET /wp-content/uploads/2017/09/sa\xC4\x9Fl\xC4\xB1k-turizmi-ikonu1-900x400.jpg HTTP/1.1" 301 162 "-" "facebookexternalhit/1.1 (+http://www.facebook.com/externalhit_uatext.php)"
216.244.66.197 - - [22/Oct/2023:20:03:16 +0300] "GET /robots.txt HTTP/1.1" 301 162 "-" "Mozilla/5.0 (compatible; DotBot/1.2; +https://opensiteexplorer.org/dotbot; help@moz.com)"
216.244.66.197 - - [22/Oct/2023:20:57:55 +0300] "GET /robots.txt HTTP/1.1" 301 162 "-" "Mozilla/5.0 (compatible; DotBot/1.2; +https://opensiteexplorer.org/dotbot; help@moz.com)"
216.244.66.197 - - [22/Oct/2023:21:53:03 +0300] "GET /robots.txt HTTP/1.1" 301 162 "-" "Mozilla/5.0 (compatible; DotBot/1.2; +https://opensiteexplorer.org/dotbot; help@moz.com)"
213.180.203.226 - - [22/Oct/2023:22:26:05 +0300] "GET /robots.txt HTTP/1.1" 301 162 "-" "Mozilla/5.0 (compatible; YandexBot/3.0; +http://yandex.com/bots)"
5.255.231.186 - - [22/Oct/2023:22:26:06 +0300] "GET / HTTP/1.1" 301 162 "-" "Mozilla/5.0 (compatible; YandexBot/3.0; +http://yandex.com/bots) AppleWebKit/537.36 (KHTML, like Gecko) Chrome/108.0.0.0"
82.221.129.44 - - [22/Oct/2023:22:39:27 +0300] "GET /wp-login.php HTTP/1.1" 301 162 "-" "Mozilla/5.0 (X11; Fedora; Linux x86_64; rv:94.0) Gecko/20100101 Firefox/95.0"
82.221.129.44 - - [22/Oct/2023:22:39:30 +0300] "GET ///?author=1 HTTP/1.1" 301 162 "-" "Mozilla/5.0 (X11; Fedora; Linux x86_64; rv:94.0) Gecko/20100101 Firefox/95.0"
82.221.129.44 - - [22/Oct/2023:22:39:30 +0300] "GET ///wp-json/wp/v2/users/ HTTP/1.1" 301 162 "-" "Mozilla/5.0 (X11; Fedora; Linux x86_64; rv:94.0) Gecko/20100101 Firefox/95.0"
