66.97.45.248 - - [27/Sep/2023:20:26:52 +0300] "GET /v2/index.php?action=wp-admin HTTP/1.1" 301 162 "www.3chukuk.com" "Mozilla/5.0 (Windows NT 10.0; Win64; x64) AppleWebKit/537.36 (KHTML, like Gecko) Chrome/196.3.1597.530 Safari/537.36"
5.196.77.223 - - [27/Sep/2023:20:33:35 +0300] "GET /portal/index.php?action=wp-admin HTTP/1.1" 301 162 "www.3chukuk.com" "Mozilla/5.0 (Windows NT 10.0; Win64; x64) AppleWebKit/537.36 (KHTML, like Gecko) Chrome/196.3.1597.530 Safari/537.36"
51.255.224.236 - - [27/Sep/2023:20:36:13 +0300] "GET /home/wp-content/plugins/simple-membership/css/swpm.addons.listing.css HTTP/1.1" 301 162 "www.3chukuk.com" "Mozilla/5.0 (Windows NT 10.0; Win64; x64) AppleWebKit/537.36 (KHTML, like Gecko) Chrome/196.3.1597.530 Safari/537.36"
78.142.211.26 - - [27/Sep/2023:20:53:51 +0300] "GET /oldsite/index.php?action=wp-admin HTTP/1.1" 301 162 "www.3chukuk.com" "Mozilla/5.0 (Windows NT 10.0; Win64; x64) AppleWebKit/537.36 (KHTML, like Gecko) Chrome/196.3.1597.530 Safari/537.36"
216.244.66.197 - - [27/Sep/2023:20:54:18 +0300] "GET /robots.txt HTTP/1.1" 301 162 "-" "Mozilla/5.0 (compatible; DotBot/1.2; +https://opensiteexplorer.org/dotbot; help@moz.com)"
178.46.115.137 - - [27/Sep/2023:21:14:11 +0300] "GET /blog/2021/01/09/ululanma-padisahim-senden-buyuk-allah-var/ HTTP/1.1" 301 162 "-" "Mozilla/5.0 (Windows NT 10.0; Win64; x64) AppleWebKit/537.36 (KHTML, like Gecko) Chrome/114.0.0.0 YaBrowser/23.7.5.734 Yowser/2.5 Safari/537.36"
206.189.143.129 - - [27/Sep/2023:21:17:39 +0300] "GET /en/index.php?action=wp-admin HTTP/1.1" 301 162 "www.3chukuk.com" "Mozilla/5.0 (Windows NT 10.0; Win64; x64) AppleWebKit/537.36 (KHTML, like Gecko) Chrome/196.3.1597.530 Safari/537.36"
216.244.66.197 - - [27/Sep/2023:21:43:05 +0300] "GET /robots.txt HTTP/1.1" 301 162 "-" "Mozilla/5.0 (compatible; DotBot/1.2; +https://opensiteexplorer.org/dotbot; help@moz.com)"
152.228.220.143 - - [27/Sep/2023:21:56:07 +0300] "GET /feed/ HTTP/1.1" 301 162 "-" "Mozilla/5.0 (X11; Linux i686) AppleWebKit/537.36 (KHTML, like Gecko) Chrome/30.0.1599.66 Safari/537.36"
125.212.225.132 - - [27/Sep/2023:22:00:17 +0300] "GET /2018/index.php?action=wp-admin HTTP/1.1" 301 162 "www.3chukuk.com" "Mozilla/5.0 (Windows NT 10.0; Win64; x64) AppleWebKit/537.36 (KHTML, like Gecko) Chrome/196.3.1597.530 Safari/537.36"
54.36.163.203 - - [27/Sep/2023:22:12:06 +0300] "GET /backup/wp-content/plugins/simple-membership/css/swpm.addons.listing.css HTTP/1.1" 301 162 "www.3chukuk.com" "Mozilla/5.0 (Windows NT 10.0; Win64; x64) AppleWebKit/537.36 (KHTML, like Gecko) Chrome/196.3.1597.530 Safari/537.36"
169.204.214.73 - - [27/Sep/2023:22:22:32 +0300] "GET /store/index.php?action=wp-admin HTTP/1.1" 301 162 "www.3chukuk.com" "Mozilla/5.0 (Windows NT 10.0; Win64; x64) AppleWebKit/537.36 (KHTML, like Gecko) Chrome/196.3.1597.530 Safari/537.36"
212.227.201.61 - - [27/Sep/2023:22:22:53 +0300] "GET /wp-load.php HTTP/1.1" 301 162 "www.bing.com" "wp_is_mobile"
155.133.138.66 - - [27/Sep/2023:22:22:54 +0300] "GET /dev/index.php?action=wp-admin HTTP/1.1" 301 162 "www.3chukuk.com" "Mozilla/5.0 (Windows NT 10.0; Win64; x64) AppleWebKit/537.36 (KHTML, like Gecko) Chrome/196.3.1597.530 Safari/537.36"
212.227.201.61 - - [27/Sep/2023:22:23:21 +0300] "GET /style.php HTTP/1.1" 301 162 "www.bing.com" "wp_is_mobile"
212.227.201.61 - - [27/Sep/2023:22:23:32 +0300] "GET /wp-admin/style.php HTTP/1.1" 301 162 "www.bing.com" "wp_is_mobile"
212.227.201.61 - - [27/Sep/2023:22:23:45 +0300] "GET /s_e.php HTTP/1.1" 301 162 "www.bing.com" "wp_is_mobile"
212.227.201.61 - - [27/Sep/2023:22:24:00 +0300] "GET /s_ne.php HTTP/1.1" 301 162 "www.bing.com" "wp_is_mobile"
212.227.201.61 - - [27/Sep/2023:22:24:21 +0300] "GET /1index.php HTTP/1.1" 301 162 "www.bing.com" "Mozilla/5.0 (Windows NT 10.0; Win64; x64) AppleWebKit/537.36 (KHTML, like Gecko) Chrome/90.0.4430.85 Safari/537.36"
212.227.201.61 - - [27/Sep/2023:22:24:37 +0300] "GET /radio.php HTTP/1.1" 301 162 "www.bing.com" "wp_is_mobile"
212.227.201.61 - - [27/Sep/2023:22:24:51 +0300] "GET /doc.php HTTP/1.1" 301 162 "www.bing.com" "wp_is_mobile"
212.227.201.61 - - [27/Sep/2023:22:25:09 +0300] "GET /wp_wrong_datlib.php HTTP/1.1" 301 162 "www.bing.com" "Mozilla/5.0 (Windows NT 10.0; Win64; x64) AppleWebKit/537.36 (KHTML, like Gecko) Chrome/90.0.4430.85 Safari/537.36"
212.227.201.61 - - [27/Sep/2023:22:25:31 +0300] "GET /beence.php HTTP/1.1" 301 162 "www.bing.com" "Mozilla/5.0 (Windows NT 10.0; Win64; x64) AppleWebKit/537.36 (KHTML, like Gecko) Chrome/90.0.4430.85 Safari/537.36"
212.227.201.61 - - [27/Sep/2023:22:25:47 +0300] "GET /ups.php HTTP/1.1" 301 162 "www.bing.com" "wp_is_mobile"
212.227.201.61 - - [27/Sep/2023:22:26:05 +0300] "GET /wp-signin.php?dizo&ping HTTP/1.1" 301 162 "www.bing.com" "wp_is_mobile"
212.227.201.61 - - [27/Sep/2023:22:26:23 +0300] "GET /media-admin.php HTTP/1.1" 301 162 "www.bing.com" "wp_is_mobile"
212.227.201.61 - - [27/Sep/2023:22:26:52 +0300] "GET /wp-content/export.php HTTP/1.1" 301 162 "www.bing.com" "Mozilla/5.0 (Windows NT 10.0; Win64; x64) AppleWebKit/537.36 (KHTML, like Gecko) Chrome/90.0.4430.85 Safari/537.36"
212.227.201.61 - - [27/Sep/2023:22:27:12 +0300] "GET /wp-includes/wp-class.php HTTP/1.1" 301 162 "www.bing.com" "wp_is_mobile"
212.227.201.61 - - [27/Sep/2023:22:27:39 +0300] "GET /wp-includes/wp-atom.php HTTP/1.1" 301 162 "www.bing.com" "Mozilla/5.0 (Windows NT 10.0; Win64; x64) AppleWebKit/537.36 (KHTML, like Gecko) Chrome/90.0.4430.85 Safari/537.36"
212.227.201.61 - - [27/Sep/2023:22:28:11 +0300] "GET /wp-includes/images/css.php HTTP/1.1" 301 162 "www.bing.com" "Mozilla/5.0 (Windows NT 10.0; Win64; x64) AppleWebKit/537.36 (KHTML, like Gecko) Chrome/90.0.4430.85 Safari/537.36"
212.227.201.61 - - [27/Sep/2023:22:28:23 +0300] "GET /wp-includes/css/css.php HTTP/1.1" 301 162 "www.bing.com" "Mozilla/5.0 (Windows NT 10.0; Win64; x64) AppleWebKit/537.36 (KHTML, like Gecko) Chrome/90.0.4430.85 Safari/537.36"
212.227.201.61 - - [27/Sep/2023:22:28:45 +0300] "GET /defau1t.php HTTP/1.1" 301 162 "www.bing.com" "Mozilla/5.0 (Windows NT 10.0; Win64; x64) AppleWebKit/537.36 (KHTML, like Gecko) Chrome/90.0.4430.85 Safari/537.36"
212.227.201.61 - - [27/Sep/2023:22:29:02 +0300] "GET /moduless.php HTTP/1.1" 301 162 "www.bing.com" "Mozilla/5.0 (Windows NT 10.0; Win64; x64) AppleWebKit/537.36 (KHTML, like Gecko) Chrome/90.0.4430.85 Safari/537.36"
212.227.201.61 - - [27/Sep/2023:22:29:20 +0300] "GET /wp-booking.php HTTP/1.1" 301 162 "www.bing.com" "wp_is_mobile"
212.227.201.61 - - [27/Sep/2023:22:29:35 +0300] "GET /wp-content/plugins/backup_index.php HTTP/1.1" 301 162 "www.bing.com" "wp_is_mobile"
212.227.201.61 - - [27/Sep/2023:22:29:49 +0300] "GET /wp-content/mu-plugins/db-safe-mode.php HTTP/1.1" 301 162 "www.bing.com" "wp_is_mobile"
103.143.208.192 - - [27/Sep/2023:22:30:01 +0300] "GET /cms/wp-content/plugins/simple-membership/css/swpm.addons.listing.css HTTP/1.1" 301 162 "www.3chukuk.com" "Mozilla/5.0 (Windows NT 10.0; Win64; x64) AppleWebKit/537.36 (KHTML, like Gecko) Chrome/196.3.1597.530 Safari/537.36"
212.227.201.61 - - [27/Sep/2023:22:30:07 +0300] "GET /wp-includes/css/wp-config.php HTTP/1.1" 301 162 "www.bing.com" "wp_is_mobile"
212.227.201.61 - - [27/Sep/2023:22:30:22 +0300] "GET /config.bak.php HTTP/1.1" 301 162 "www.bing.com" "wp_is_mobile"
216.244.66.197 - - [27/Sep/2023:22:30:33 +0300] "GET /robots.txt HTTP/1.1" 301 162 "-" "Mozilla/5.0 (compatible; DotBot/1.2; +https://opensiteexplorer.org/dotbot; help@moz.com)"
212.227.201.61 - - [27/Sep/2023:22:30:33 +0300] "GET /wp-content/themes/config.bak.php HTTP/1.1" 301 162 "www.bing.com" "wp_is_mobile"
212.227.201.61 - - [27/Sep/2023:22:30:42 +0300] "GET /legion.php HTTP/1.1" 301 162 "www.bing.com" "wp_is_mobile"
212.227.201.61 - - [27/Sep/2023:22:31:02 +0300] "GET /wp-content/plugins/wpconfig.bak.php?act=sf HTTP/1.1" 301 162 "www.bing.com" "Mozilla/5.0 (Windows NT 10.0; Win64; x64) AppleWebKit/537.36 (KHTML, like Gecko) Chrome/90.0.4430.85 Safari/537.36"
212.227.201.61 - - [27/Sep/2023:22:31:16 +0300] "GET /wp-plugins.php HTTP/1.1" 301 162 "www.bing.com" "wp_is_mobile"
212.227.201.61 - - [27/Sep/2023:22:31:32 +0300] "GET /gank.php.PhP HTTP/1.1" 301 162 "www.bing.com" "wp_is_mobile"
212.227.201.61 - - [27/Sep/2023:22:31:48 +0300] "GET /wp-content/db-cache.php HTTP/1.1" 301 162 "www.bing.com" "wp_is_mobile"
212.227.201.61 - - [27/Sep/2023:22:32:05 +0300] "GET /archives.php HTTP/1.1" 301 162 "www.bing.com" "Mozilla/5.0 (Windows NT 10.0; Win64; x64) AppleWebKit/537.36 (KHTML, like Gecko) Chrome/90.0.4430.85 Safari/537.36"
212.227.201.61 - - [27/Sep/2023:22:32:31 +0300] "GET /defau11.php HTTP/1.1" 301 162 "www.bing.com" "Mozilla/5.0 (Windows NT 10.0; Win64; x64) AppleWebKit/537.36 (KHTML, like Gecko) Chrome/90.0.4430.85 Safari/537.36"
212.227.201.61 - - [27/Sep/2023:22:32:51 +0300] "GET /wp-content/outcms.php?up HTTP/1.1" 301 162 "www.bing.com" "wp_is_mobile"
212.227.201.61 - - [27/Sep/2023:22:33:11 +0300] "GET /system_log.php?bala=up HTTP/1.1" 301 162 "www.bing.com" "wp_is_mobile"
212.227.201.61 - - [27/Sep/2023:22:33:27 +0300] "GET /wp-backup-sql-302.php HTTP/1.1" 301 162 "www.bing.com" "wp_is_mobile"
212.227.201.61 - - [27/Sep/2023:22:33:44 +0300] "GET /error.php?phpshells HTTP/1.1" 301 162 "www.bing.com" "wp_is_mobile"
212.227.201.61 - - [27/Sep/2023:22:34:04 +0300] "GET /ALFA_DATA HTTP/1.1" 301 162 "www.bing.com" "wp_is_mobile"
212.227.201.61 - - [27/Sep/2023:22:34:18 +0300] "GET /alfacgiapi HTTP/1.1" 301 162 "www.bing.com" "wp_is_mobile"
212.227.201.61 - - [27/Sep/2023:22:34:30 +0300] "GET /cgialfa HTTP/1.1" 301 162 "www.bing.com" "wp_is_mobile"
212.227.201.61 - - [27/Sep/2023:22:34:48 +0300] "GET /.well-known/ALFA_DATA HTTP/1.1" 301 162 "www.bing.com" "wp_is_mobile"
212.227.201.61 - - [27/Sep/2023:22:35:05 +0300] "GET /.well-known/alfacgiapi HTTP/1.1" 301 162 "www.bing.com" "wp_is_mobile"
212.227.201.61 - - [27/Sep/2023:22:35:21 +0300] "GET /.well-known/cgialfa HTTP/1.1" 301 162 "www.bing.com" "wp_is_mobile"
212.227.201.61 - - [27/Sep/2023:22:35:36 +0300] "GET /wp-content/uploads/ALFA_DATA HTTP/1.1" 301 162 "www.bing.com" "wp_is_mobile"
212.227.201.61 - - [27/Sep/2023:22:35:53 +0300] "GET /wp-content/uploads/alfacgiapi HTTP/1.1" 301 162 "www.bing.com" "wp_is_mobile"
212.227.201.61 - - [27/Sep/2023:22:36:07 +0300] "GET /wp-content/uploads/cgialfa HTTP/1.1" 301 162 "www.bing.com" "wp_is_mobile"
212.227.201.61 - - [27/Sep/2023:22:36:19 +0300] "GET /wp-includes/ALFA_DATA HTTP/1.1" 301 162 "www.bing.com" "wp_is_mobile"
212.227.201.61 - - [27/Sep/2023:22:36:35 +0300] "GET /wp-includes/alfacgiapi HTTP/1.1" 301 162 "www.bing.com" "wp_is_mobile"
212.227.201.61 - - [27/Sep/2023:22:36:50 +0300] "GET /wp-includes/cgialfa HTTP/1.1" 301 162 "www.bing.com" "wp_is_mobile"
212.227.201.61 - - [27/Sep/2023:22:37:04 +0300] "GET /wp-admin/ALFA_DATA HTTP/1.1" 301 162 "www.bing.com" "wp_is_mobile"
212.227.201.61 - - [27/Sep/2023:22:37:19 +0300] "GET /wp-admin/alfacgiapi HTTP/1.1" 301 162 "www.bing.com" "wp_is_mobile"
212.227.201.61 - - [27/Sep/2023:22:37:35 +0300] "GET /wp-admin/cgialfa HTTP/1.1" 301 162 "www.bing.com" "wp_is_mobile"
212.227.201.61 - - [27/Sep/2023:22:37:55 +0300] "GET /wp-content/ALFA_DATA HTTP/1.1" 301 162 "www.bing.com" "wp_is_mobile"
212.227.201.61 - - [27/Sep/2023:22:38:12 +0300] "GET /wp-content/alfacgiapi HTTP/1.1" 301 162 "www.bing.com" "wp_is_mobile"
212.227.201.61 - - [27/Sep/2023:22:38:24 +0300] "GET /wp-content/cgialfa HTTP/1.1" 301 162 "www.bing.com" "wp_is_mobile"
212.227.201.61 - - [27/Sep/2023:22:38:38 +0300] "GET /templates/beez3/ALFA_DATA HTTP/1.1" 301 162 "www.bing.com" "wp_is_mobile"
212.227.201.61 - - [27/Sep/2023:22:38:52 +0300] "GET /templates/beez3/alfacgiapi HTTP/1.1" 301 162 "www.bing.com" "wp_is_mobile"
212.227.201.61 - - [27/Sep/2023:22:39:09 +0300] "GET /templates/beez3/cgialfa HTTP/1.1" 301 162 "www.bing.com" "wp_is_mobile"
212.227.201.61 - - [27/Sep/2023:22:39:24 +0300] "GET /sites/default/files/ALFA_DATA HTTP/1.1" 301 162 "www.bing.com" "wp_is_mobile"
212.227.201.61 - - [27/Sep/2023:22:39:40 +0300] "GET /sites/default/files/alfacgiapi HTTP/1.1" 301 162 "www.bing.com" "wp_is_mobile"
212.227.201.61 - - [27/Sep/2023:22:39:53 +0300] "GET /sites/default/files/cgialfa HTTP/1.1" 301 162 "www.bing.com" "wp_is_mobile"
212.227.201.61 - - [27/Sep/2023:22:40:08 +0300] "GET /admin/controller/extension/extension/ALFA_DATA HTTP/1.1" 301 162 "www.bing.com" "wp_is_mobile"
212.227.201.61 - - [27/Sep/2023:22:40:21 +0300] "GET /admin/controller/extension/extension/alfacgiapi HTTP/1.1" 301 162 "www.bing.com" "wp_is_mobile"
212.227.201.61 - - [27/Sep/2023:22:40:35 +0300] "GET /admin/controller/extension/extension/cgialfa HTTP/1.1" 301 162 "www.bing.com" "wp_is_mobile"
212.227.201.61 - - [27/Sep/2023:22:42:24 +0300] "GET /wp-content/plugins/ubh/up.php HTTP/1.1" 301 162 "www.bing.com" "wp_is_mobile"
212.227.201.61 - - [27/Sep/2023:22:42:35 +0300] "GET /index.php?3x=3x HTTP/1.1" 301 162 "www.bing.com" "wp_is_mobile"
212.227.201.61 - - [27/Sep/2023:22:42:42 +0300] "GET /olux.php HTTP/1.1" 301 162 "www.bing.com" "wp_is_mobile"
212.227.201.61 - - [27/Sep/2023:22:42:48 +0300] "GET /xleet.php HTTP/1.1" 301 162 "www.bing.com" "wp_is_mobile"
212.227.201.61 - - [27/Sep/2023:22:42:54 +0300] "GET /wso.php HTTP/1.1" 301 162 "www.bing.com" "wp_is_mobile"
212.227.201.61 - - [27/Sep/2023:22:43:01 +0300] "GET /shell.php HTTP/1.1" 301 162 "www.bing.com" "wp_is_mobile"
212.227.201.61 - - [27/Sep/2023:22:43:16 +0300] "GET /up.php HTTP/1.1" 301 162 "www.bing.com" "wp_is_mobile"
212.227.201.61 - - [27/Sep/2023:22:43:26 +0300] "GET /upload.php HTTP/1.1" 301 162 "www.bing.com" "wp_is_mobile"
212.227.201.61 - - [27/Sep/2023:22:43:35 +0300] "GET /1.php HTTP/1.1" 301 162 "www.bing.com" "wp_is_mobile"
212.227.201.61 - - [27/Sep/2023:22:43:42 +0300] "GET /x.php HTTP/1.1" 301 162 "www.bing.com" "wp_is_mobile"
212.227.201.61 - - [27/Sep/2023:22:43:50 +0300] "GET /z.php HTTP/1.1" 301 162 "www.bing.com" "wp_is_mobile"
212.227.201.61 - - [27/Sep/2023:22:43:57 +0300] "GET /a.php HTTP/1.1" 301 162 "www.bing.com" "wp_is_mobile"
212.227.201.61 - - [27/Sep/2023:22:43:59 +0300] "GET /test.php HTTP/1.1" 301 162 "www.bing.com" "wp_is_mobile"
147.135.129.229 - - [27/Sep/2023:22:58:57 +0300] "GET /blogs/wp-content/plugins/simple-membership/css/swpm.addons.listing.css HTTP/1.1" 301 162 "www.3chukuk.com" "Mozilla/5.0 (Windows NT 10.0; Win64; x64) AppleWebKit/537.36 (KHTML, like Gecko) Chrome/196.3.1597.530 Safari/537.36"
212.227.201.61 - - [27/Sep/2023:23:02:38 +0300] "GET /wp.php HTTP/1.1" 301 162 "www.bing.com" "wp_is_mobile"
212.227.201.61 - - [27/Sep/2023:23:03:03 +0300] "GET /alfa.php HTTP/1.1" 301 162 "www.bing.com" "wp_is_mobile"
212.227.201.61 - - [27/Sep/2023:23:03:03 +0300] "GET /config.php HTTP/1.1" 301 162 "www.bing.com" "wp_is_mobile"
212.227.201.61 - - [27/Sep/2023:23:03:04 +0300] "GET /templates/beez3/index.php HTTP/1.1" 301 162 "www.bing.com" "wp_is_mobile"
212.227.201.61 - - [27/Sep/2023:23:03:05 +0300] "GET /about.php HTTP/1.1" 301 162 "www.bing.com" "wp_is_mobile"
212.227.201.61 - - [27/Sep/2023:23:03:06 +0300] "GET /shells.php HTTP/1.1" 301 162 "www.bing.com" "wp_is_mobile"
216.244.66.197 - - [27/Sep/2023:23:23:35 +0300] "GET /robots.txt HTTP/1.1" 301 162 "-" "Mozilla/5.0 (compatible; DotBot/1.2; +https://opensiteexplorer.org/dotbot; help@moz.com)"
213.180.203.60 - - [27/Sep/2023:23:25:34 +0300] "GET /robots.txt HTTP/1.1" 301 162 "-" "Mozilla/5.0 (compatible; YandexBot/3.0; +http://yandex.com/bots)"
95.108.213.192 - - [27/Sep/2023:23:25:35 +0300] "GET /wp-content/uploads/2018/11/IMG-20181121-WA0056.jpg HTTP/1.1" 301 162 "-" "Mozilla/5.0 (compatible; YandexImages/3.0; +http://yandex.com/bots)"
139.59.77.216 - - [28/Sep/2023:00:38:37 +0300] "GET /www/wp-content/plugins/simple-membership/css/swpm.addons.listing.css HTTP/1.1" 301 162 "www.3chukuk.com" "Mozilla/5.0 (Windows NT 10.0; Win64; x64) AppleWebKit/537.36 (KHTML, like Gecko) Chrome/196.3.1597.530 Safari/537.36"
152.228.220.143 - - [28/Sep/2023:00:55:17 +0300] "GET /feed/ HTTP/1.1" 301 162 "-" "Mozilla/5.0 (X11; Linux i686) AppleWebKit/537.36 (KHTML, like Gecko) Chrome/30.0.1599.66 Safari/537.36"
37.59.53.82 - - [28/Sep/2023:01:08:09 +0300] "GET /beta/wp-content/plugins/simple-membership/css/swpm.addons.listing.css HTTP/1.1" 301 162 "www.3chukuk.com" "Mozilla/5.0 (Windows NT 10.0; Win64; x64) AppleWebKit/537.36 (KHTML, like Gecko) Chrome/196.3.1597.530 Safari/537.36"
185.6.10.194 - - [28/Sep/2023:01:11:48 +0300] "GET /web/wp-content/plugins/simple-membership/css/swpm.addons.listing.css HTTP/1.1" 301 162 "www.3chukuk.com" "Mozilla/5.0 (Windows NT 10.0; Win64; x64) AppleWebKit/537.36 (KHTML, like Gecko) Chrome/196.3.1597.530 Safari/537.36"
152.228.220.143 - - [28/Sep/2023:01:29:35 +0300] "GET /comments/feed/ HTTP/1.1" 301 162 "-" "Mozilla/5.0 (X11; Linux i686) AppleWebKit/537.36 (KHTML, like Gecko) Chrome/30.0.1599.66 Safari/537.36"
109.238.14.123 - - [28/Sep/2023:01:50:22 +0300] "GET /new/wp-content/plugins/simple-membership/css/swpm.addons.listing.css HTTP/1.1" 301 162 "www.3chukuk.com" "Mozilla/5.0 (Windows NT 10.0; Win64; x64) AppleWebKit/537.36 (KHTML, like Gecko) Chrome/196.3.1597.530 Safari/537.36"
38.103.167.2 - - [28/Sep/2023:01:56:56 +0300] "GET /wp-content/plugins/simple-membership/css/swpm.addons.listing.css HTTP/1.1" 301 162 "www.3chukuk.com" "Mozilla/5.0 (Windows NT 10.0; Win64; x64) AppleWebKit/537.36 (KHTML, like Gecko) Chrome/196.3.1597.530 Safari/537.36"
116.0.23.212 - - [28/Sep/2023:02:23:42 +0300] "GET /site/wp-content/plugins/simple-membership/css/swpm.addons.listing.css HTTP/1.1" 301 162 "www.3chukuk.com" "Mozilla/5.0 (Windows NT 10.0; Win64; x64) AppleWebKit/537.36 (KHTML, like Gecko) Chrome/196.3.1597.530 Safari/537.36"
216.244.66.197 - - [28/Sep/2023:03:01:14 +0300] "GET /robots.txt HTTP/1.1" 301 162 "-" "Mozilla/5.0 (compatible; DotBot/1.2; +https://opensiteexplorer.org/dotbot; help@moz.com)"
206.189.143.129 - - [28/Sep/2023:03:15:48 +0300] "GET /shop/wp-content/plugins/simple-membership/css/swpm.addons.listing.css HTTP/1.1" 301 162 "www.3chukuk.com" "Mozilla/5.0 (Windows NT 10.0; Win64; x64) AppleWebKit/537.36 (KHTML, like Gecko) Chrome/196.3.1597.530 Safari/537.36"
216.244.66.197 - - [28/Sep/2023:03:52:29 +0300] "GET /robots.txt HTTP/1.1" 301 162 "-" "Mozilla/5.0 (compatible; DotBot/1.2; +https://opensiteexplorer.org/dotbot; help@moz.com)"
188.165.223.112 - - [28/Sep/2023:03:52:49 +0300] "GET /wp/wp-content/plugins/simple-membership/css/swpm.addons.listing.css HTTP/1.1" 301 162 "www.3chukuk.com" "Mozilla/5.0 (Windows NT 10.0; Win64; x64) AppleWebKit/537.36 (KHTML, like Gecko) Chrome/196.3.1597.530 Safari/537.36"
51.254.29.108 - - [28/Sep/2023:03:54:43 +0300] "GET /v2/wp-content/plugins/simple-membership/css/swpm.addons.listing.css HTTP/1.1" 301 162 "www.3chukuk.com" "Mozilla/5.0 (Windows NT 10.0; Win64; x64) AppleWebKit/537.36 (KHTML, like Gecko) Chrome/196.3.1597.530 Safari/537.36"
47.91.124.195 - - [28/Sep/2023:03:59:08 +0300] "GET /portal/wp-content/plugins/simple-membership/css/swpm.addons.listing.css HTTP/1.1" 301 162 "www.3chukuk.com" "Mozilla/5.0 (Windows NT 10.0; Win64; x64) AppleWebKit/537.36 (KHTML, like Gecko) Chrome/196.3.1597.530 Safari/537.36"
78.142.211.26 - - [28/Sep/2023:04:08:19 +0300] "GET /oldsite/wp-content/plugins/simple-membership/css/swpm.addons.listing.css HTTP/1.1" 301 162 "www.3chukuk.com" "Mozilla/5.0 (Windows NT 10.0; Win64; x64) AppleWebKit/537.36 (KHTML, like Gecko) Chrome/196.3.1597.530 Safari/537.36"
135.125.205.117 - - [28/Sep/2023:04:20:22 +0300] "GET /en/wp-content/plugins/simple-membership/css/swpm.addons.listing.css HTTP/1.1" 301 162 "www.3chukuk.com" "Mozilla/5.0 (Windows NT 10.0; Win64; x64) AppleWebKit/537.36 (KHTML, like Gecko) Chrome/196.3.1597.530 Safari/537.36"
91.134.209.18 - - [28/Sep/2023:04:21:09 +0300] "GET /wp2/wp-content/plugins/simple-membership/css/swpm.addons.listing.css HTTP/1.1" 301 162 "www.3chukuk.com" "Mozilla/5.0 (Windows NT 10.0; Win64; x64) AppleWebKit/537.36 (KHTML, like Gecko) Chrome/196.3.1597.530 Safari/537.36"
152.228.220.143 - - [28/Sep/2023:04:22:21 +0300] "GET /feed/ HTTP/1.1" 301 162 "-" "Mozilla/5.0 (X11; Linux i686) AppleWebKit/537.36 (KHTML, like Gecko) Chrome/30.0.1599.66 Safari/537.36"
51.83.77.11 - - [28/Sep/2023:04:40:27 +0300] "GET /2018/wp-content/plugins/simple-membership/css/swpm.addons.listing.css HTTP/1.1" 301 162 "www.3chukuk.com" "Mozilla/5.0 (Windows NT 10.0; Win64; x64) AppleWebKit/537.36 (KHTML, like Gecko) Chrome/196.3.1597.530 Safari/537.36"
47.128.17.77 - - [28/Sep/2023:04:43:25 +0300] "GET /wp-content/uploads/2017/08/dikinsaatlogoreklam.jpg HTTP/1.1" 301 162 "-" "Mozilla/5.0 (Linux; Android 5.0) AppleWebKit/537.36 (KHTML, like Gecko) Mobile Safari/537.36 (compatible; Bytespider; spider-feedback@bytedance.com)"
47.128.24.175 - - [28/Sep/2023:04:43:34 +0300] "GET /robots.txt HTTP/1.1" 301 162 "-" "Mozilla/5.0 (Linux; Android 5.0) AppleWebKit/537.36 (KHTML, like Gecko) Mobile Safari/537.36 (compatible; Bytespider; spider-feedback@bytedance.com)"
54.236.1.13 - - [28/Sep/2023:04:45:51 +0300] "GET /blog/2018/06/24/hesap-cesmesi-suleymaniye-camii-istanbul/ HTTP/1.1" 301 162 "-" "Mozilla/5.0 (compatible; Pinterestbot/1.0; +http://www.pinterest.com/bot.html)"
74.206.169.183 - - [28/Sep/2023:04:50:41 +0300] "GET /store/wp-content/plugins/simple-membership/css/swpm.addons.listing.css HTTP/1.1" 301 162 "www.3chukuk.com" "Mozilla/5.0 (Windows NT 10.0; Win64; x64) AppleWebKit/537.36 (KHTML, like Gecko) Chrome/196.3.1597.530 Safari/537.36"
216.244.66.197 - - [28/Sep/2023:05:40:48 +0300] "GET /robots.txt HTTP/1.1" 301 162 "-" "Mozilla/5.0 (compatible; DotBot/1.2; +https://opensiteexplorer.org/dotbot; help@moz.com)"
66.249.70.129 - - [28/Sep/2023:06:05:45 +0300] "GET /robots.txt HTTP/1.1" 301 162 "-" "Mozilla/5.0 (compatible; Googlebot/2.1; +http://www.google.com/bot.html)"
66.249.70.128 - - [28/Sep/2023:06:05:46 +0300] "GET /ads.txt HTTP/1.1" 301 162 "-" "Mozilla/5.0 (compatible; Googlebot/2.1; +http://www.google.com/bot.html)"
152.228.220.143 - - [28/Sep/2023:07:28:32 +0300] "GET /blog/2017/10/20/bir-aliya-izzetbegovic-gecti/feed/ HTTP/1.1" 301 162 "-" "Mozilla/5.0 (X11; Linux i686) AppleWebKit/537.36 (KHTML, like Gecko) Chrome/30.0.1599.66 Safari/537.36"
54.236.1.13 - - [28/Sep/2023:10:27:34 +0300] "GET /blog/2019/04/21/mucit-macit/ HTTP/1.1" 301 162 "-" "Mozilla/5.0 (compatible; Pinterestbot/1.0; +http://www.pinterest.com/bot.html)"
136.147.165.62 - - [28/Sep/2023:10:35:41 +0300] "GET /robots.txt HTTP/1.1" 301 162 "-" "R6_CommentReader(www.radian6.com/crawler)"
216.244.66.197 - - [28/Sep/2023:11:02:51 +0300] "GET /robots.txt HTTP/1.1" 301 162 "-" "Mozilla/5.0 (compatible; DotBot/1.2; +https://opensiteexplorer.org/dotbot; help@moz.com)"
64.225.64.23 - - [28/Sep/2023:11:04:51 +0300] "GET /old/ioxi-rex.php HTTP/1.1" 301 162 "www.3chukuk.com" "Mozilla/5.0 (Windows NT 10.0; Win64; x64) AppleWebKit/537.36 (KHTML, like Gecko) Chrome/196.3.1597.530 Safari/537.36"
64.225.64.23 - - [28/Sep/2023:11:04:59 +0300] "GET /old/wp-content/themes/index.php HTTP/1.1" 301 162 "www.3chukuk.com" "Mozilla/5.0 (Windows NT 10.0; Win64; x64) AppleWebKit/537.36 (KHTML, like Gecko) Chrome/196.3.1597.530 Safari/537.36"
155.133.138.66 - - [28/Sep/2023:11:05:53 +0300] "GET /old/wp-content/plugins/seoo/alfa-rex1.php HTTP/1.1" 301 162 "www.3chukuk.com" "Mozilla/5.0 (Windows NT 10.0; Win64; x64) AppleWebKit/537.36 (KHTML, like Gecko) Chrome/196.3.1597.530 Safari/537.36"
64.225.64.23 - - [28/Sep/2023:11:06:05 +0300] "GET /old/wp-content/plugins/ioxi/ioxi-rex.php HTTP/1.1" 301 162 "www.3chukuk.com" "Mozilla/5.0 (Windows NT 10.0; Win64; x64) AppleWebKit/537.36 (KHTML, like Gecko) Chrome/196.3.1597.530 Safari/537.36"
155.133.138.66 - - [28/Sep/2023:11:06:07 +0300] "GET /old/wp-includes/PHPMailer/admin.php HTTP/1.1" 301 162 "www.3chukuk.com" "Mozilla/5.0 (Windows NT 10.0; Win64; x64) AppleWebKit/537.36 (KHTML, like Gecko) Chrome/196.3.1597.530 Safari/537.36"
64.225.64.23 - - [28/Sep/2023:11:06:38 +0300] "GET /old/wp-content/themes/astra/inc/cinstaller.php HTTP/1.1" 301 162 "www.3chukuk.com" "Mozilla/5.0 (Windows NT 10.0; Win64; x64) AppleWebKit/537.36 (KHTML, like Gecko) Chrome/196.3.1597.530 Safari/537.36"
155.133.138.66 - - [28/Sep/2023:11:06:58 +0300] "GET /old/wp_wol.php HTTP/1.1" 301 162 "www.3chukuk.com" "Mozilla/5.0 (Windows NT 10.0; Win64; x64) AppleWebKit/537.36 (KHTML, like Gecko) Chrome/196.3.1597.530 Safari/537.36"
155.133.138.66 - - [28/Sep/2023:11:07:33 +0300] "GET /old/text.php HTTP/1.1" 301 162 "www.3chukuk.com" "Mozilla/5.0 (Windows NT 10.0; Win64; x64) AppleWebKit/537.36 (KHTML, like Gecko) Chrome/196.3.1597.530 Safari/537.36"
155.133.138.66 - - [28/Sep/2023:11:07:44 +0300] "GET /old/wp-content/wp_wol.php HTTP/1.1" 301 162 "www.3chukuk.com" "Mozilla/5.0 (Windows NT 10.0; Win64; x64) AppleWebKit/537.36 (KHTML, like Gecko) Chrome/196.3.1597.530 Safari/537.36"
213.180.203.164 - - [28/Sep/2023:11:33:10 +0300] "GET /robots.txt HTTP/1.1" 301 162 "-" "Mozilla/5.0 (compatible; YandexBot/3.0; +http://yandex.com/bots)"
213.180.203.77 - - [28/Sep/2023:11:33:11 +0300] "GET /wp-content/uploads/2018/12/FB_IMG_1543734546099.jpg HTTP/1.1" 301 162 "-" "Mozilla/5.0 (compatible; YandexImages/3.0; +http://yandex.com/bots)"
116.0.21.36 - - [28/Sep/2023:11:54:16 +0300] "GET /old/wp-includes/js/.js.php?slince_golden=1 HTTP/1.1" 301 162 "www.3chukuk.com" "Mozilla/5.0 (Windows NT 10.0; Win64; x64) AppleWebKit/537.36 (KHTML, like Gecko) Chrome/196.3.1597.530 Safari/537.36"
135.125.205.117 - - [28/Sep/2023:11:55:57 +0300] "GET /old/wp-admin/images/.images.php?slince_golden=1 HTTP/1.1" 301 162 "www.3chukuk.com" "Mozilla/5.0 (Windows NT 10.0; Win64; x64) AppleWebKit/537.36 (KHTML, like Gecko) Chrome/196.3.1597.530 Safari/537.36"
216.244.66.197 - - [28/Sep/2023:11:55:58 +0300] "GET /robots.txt HTTP/1.1" 301 162 "-" "Mozilla/5.0 (compatible; DotBot/1.2; +https://opensiteexplorer.org/dotbot; help@moz.com)"
135.125.205.117 - - [28/Sep/2023:11:56:02 +0300] "GET /old/wp-admin/js/.js.php?slince_golden=1 HTTP/1.1" 301 162 "www.3chukuk.com" "Mozilla/5.0 (Windows NT 10.0; Win64; x64) AppleWebKit/537.36 (KHTML, like Gecko) Chrome/196.3.1597.530 Safari/537.36"
103.177.224.60 - - [28/Sep/2023:11:56:09 +0300] "GET / HTTP/1.1" 301 162 "-" "-"
135.125.205.117 - - [28/Sep/2023:11:56:14 +0300] "GET /old/wp-content/.wp-content.php?slince_golden=1 HTTP/1.1" 301 162 "www.3chukuk.com" "Mozilla/5.0 (Windows NT 10.0; Win64; x64) AppleWebKit/537.36 (KHTML, like Gecko) Chrome/196.3.1597.530 Safari/537.36"
103.177.224.60 - - [28/Sep/2023:11:56:14 +0300] "GET / HTTP/1.1" 301 162 "-" "-"
135.125.205.117 - - [28/Sep/2023:11:56:36 +0300] "GET /old/wp-admin/.wp-admin.php?slince_golden=1 HTTP/1.1" 301 162 "www.3chukuk.com" "Mozilla/5.0 (Windows NT 10.0; Win64; x64) AppleWebKit/537.36 (KHTML, like Gecko) Chrome/196.3.1597.530 Safari/537.36"
135.125.205.117 - - [28/Sep/2023:11:56:41 +0300] "GET /old/wp-includes/.wp-includes.php?slince_golden=1 HTTP/1.1" 301 162 "www.3chukuk.com" "Mozilla/5.0 (Windows NT 10.0; Win64; x64) AppleWebKit/537.36 (KHTML, like Gecko) Chrome/196.3.1597.530 Safari/537.36"
216.244.66.197 - - [28/Sep/2023:12:48:04 +0300] "GET /robots.txt HTTP/1.1" 301 162 "-" "Mozilla/5.0 (compatible; DotBot/1.2; +https://opensiteexplorer.org/dotbot; help@moz.com)"
155.133.138.66 - - [28/Sep/2023:13:01:03 +0300] "GET /news/wp-admin/.wp-admin.php?slince_golden=1 HTTP/1.1" 301 162 "www.3chukuk.com" "Mozilla/5.0 (Windows NT 10.0; Win64; x64) AppleWebKit/537.36 (KHTML, like Gecko) Chrome/196.3.1597.530 Safari/537.36"
155.133.138.66 - - [28/Sep/2023:13:01:03 +0300] "GET /news/wp-content/.wp-content.php?slince_golden=1 HTTP/1.1" 301 162 "www.3chukuk.com" "Mozilla/5.0 (Windows NT 10.0; Win64; x64) AppleWebKit/537.36 (KHTML, like Gecko) Chrome/196.3.1597.530 Safari/537.36"
216.244.66.197 - - [28/Sep/2023:13:37:33 +0300] "GET /robots.txt HTTP/1.1" 301 162 "-" "Mozilla/5.0 (compatible; DotBot/1.2; +https://opensiteexplorer.org/dotbot; help@moz.com)"
47.128.25.181 - - [28/Sep/2023:14:22:45 +0300] "GET /wp-content/uploads/2017/08/dikinsaatlogoreklam.jpg HTTP/1.1" 301 162 "-" "Mozilla/5.0 (Linux; Android 5.0) AppleWebKit/537.36 (KHTML, like Gecko) Mobile Safari/537.36 (compatible; Bytespider; spider-feedback@bytedance.com)"
216.244.66.197 - - [28/Sep/2023:14:27:32 +0300] "GET /robots.txt HTTP/1.1" 301 162 "-" "Mozilla/5.0 (compatible; DotBot/1.2; +https://opensiteexplorer.org/dotbot; help@moz.com)"
44.203.223.108 - - [28/Sep/2023:14:33:33 +0300] "GET / HTTP/1.1" 301 162 "-" "Mozilla/5.0 (Windows; U; Windows NT 6.1; en-US) AppleWebKit/533.20.25 (KHTML, like Gecko) Version/5.0.4 Safari/533.20.27"
95.108.213.215 - - [28/Sep/2023:15:04:25 +0300] "GET /robots.txt HTTP/1.1" 301 162 "-" "Mozilla/5.0 (compatible; YandexBot/3.0; +http://yandex.com/bots)"
95.108.213.107 - - [28/Sep/2023:15:04:26 +0300] "GET /wp-content/uploads/2018/12/FB_IMG_1543734203954.jpg HTTP/1.1" 301 162 "-" "Mozilla/5.0 (compatible; YandexImages/3.0; +http://yandex.com/bots)"
216.244.66.197 - - [28/Sep/2023:15:20:08 +0300] "GET /robots.txt HTTP/1.1" 301 162 "-" "Mozilla/5.0 (compatible; DotBot/1.2; +https://opensiteexplorer.org/dotbot; help@moz.com)"
213.180.203.16 - - [28/Sep/2023:15:31:41 +0300] "GET /wp-content/uploads/2018/07/FB_IMG_1530449907928.jpg HTTP/1.1" 301 162 "-" "Mozilla/5.0 (compatible; YandexImages/3.0; +http://yandex.com/bots)"
178.33.89.43 - - [28/Sep/2023:15:37:26 +0300] "GET /demo/wp-admin/js/.js.php?slince_golden=1 HTTP/1.1" 301 162 "www.3chukuk.com" "Mozilla/5.0 (Windows NT 10.0; Win64; x64) AppleWebKit/537.36 (KHTML, like Gecko) Chrome/196.3.1597.530 Safari/537.36"
152.231.98.184 - - [28/Sep/2023:15:37:58 +0300] "GET /demo/wp-includes/js/.js.php?slince_golden=1 HTTP/1.1" 301 162 "www.3chukuk.com" "Mozilla/5.0 (Windows NT 10.0; Win64; x64) AppleWebKit/537.36 (KHTML, like Gecko) Chrome/196.3.1597.530 Safari/537.36"
178.33.89.43 - - [28/Sep/2023:15:39:35 +0300] "GET /demo/wp-content/.wp-content.php?slince_golden=1 HTTP/1.1" 301 162 "www.3chukuk.com" "Mozilla/5.0 (Windows NT 10.0; Win64; x64) AppleWebKit/537.36 (KHTML, like Gecko) Chrome/196.3.1597.530 Safari/537.36"
178.33.89.43 - - [28/Sep/2023:15:39:50 +0300] "GET /demo/wp-admin/images/.images.php?slince_golden=1 HTTP/1.1" 301 162 "www.3chukuk.com" "Mozilla/5.0 (Windows NT 10.0; Win64; x64) AppleWebKit/537.36 (KHTML, like Gecko) Chrome/196.3.1597.530 Safari/537.36"
178.33.89.43 - - [28/Sep/2023:15:40:07 +0300] "GET /demo/wp-includes/.wp-includes.php?slince_golden=1 HTTP/1.1" 301 162 "www.3chukuk.com" "Mozilla/5.0 (Windows NT 10.0; Win64; x64) AppleWebKit/537.36 (KHTML, like Gecko) Chrome/196.3.1597.530 Safari/537.36"
178.33.89.43 - - [28/Sep/2023:15:40:41 +0300] "GET /demo/wp-admin/.wp-admin.php?slince_golden=1 HTTP/1.1" 301 162 "www.3chukuk.com" "Mozilla/5.0 (Windows NT 10.0; Win64; x64) AppleWebKit/537.36 (KHTML, like Gecko) Chrome/196.3.1597.530 Safari/537.36"
216.244.66.197 - - [28/Sep/2023:16:10:54 +0300] "GET /robots.txt HTTP/1.1" 301 162 "-" "Mozilla/5.0 (compatible; DotBot/1.2; +https://opensiteexplorer.org/dotbot; help@moz.com)"
164.132.172.143 - - [28/Sep/2023:16:20:07 +0300] "GET /home/wp-admin/js/.js.php?slince_golden=1 HTTP/1.1" 301 162 "www.3chukuk.com" "Mozilla/5.0 (Windows NT 10.0; Win64; x64) AppleWebKit/537.36 (KHTML, like Gecko) Chrome/196.3.1597.530 Safari/537.36"
49.236.200.213 - - [28/Sep/2023:16:20:27 +0300] "GET /home/wp-includes/js/.js.php?slince_golden=1 HTTP/1.1" 301 162 "www.3chukuk.com" "Mozilla/5.0 (Windows NT 10.0; Win64; x64) AppleWebKit/537.36 (KHTML, like Gecko) Chrome/196.3.1597.530 Safari/537.36"
164.132.172.143 - - [28/Sep/2023:16:20:37 +0300] "GET /home/wp-content/.wp-content.php?slince_golden=1 HTTP/1.1" 301 162 "www.3chukuk.com" "Mozilla/5.0 (Windows NT 10.0; Win64; x64) AppleWebKit/537.36 (KHTML, like Gecko) Chrome/196.3.1597.530 Safari/537.36"
164.132.172.143 - - [28/Sep/2023:16:21:53 +0300] "GET /home/wp-includes/.wp-includes.php?slince_golden=1 HTTP/1.1" 301 162 "www.3chukuk.com" "Mozilla/5.0 (Windows NT 10.0; Win64; x64) AppleWebKit/537.36 (KHTML, like Gecko) Chrome/196.3.1597.530 Safari/537.36"
164.132.172.143 - - [28/Sep/2023:16:23:27 +0300] "GET /home/wp-admin/images/.images.php?slince_golden=1 HTTP/1.1" 301 162 "www.3chukuk.com" "Mozilla/5.0 (Windows NT 10.0; Win64; x64) AppleWebKit/537.36 (KHTML, like Gecko) Chrome/196.3.1597.530 Safari/537.36"
164.132.172.143 - - [28/Sep/2023:16:24:50 +0300] "GET /home/wp-admin/.wp-admin.php?slince_golden=1 HTTP/1.1" 301 162 "www.3chukuk.com" "Mozilla/5.0 (Windows NT 10.0; Win64; x64) AppleWebKit/537.36 (KHTML, like Gecko) Chrome/196.3.1597.530 Safari/537.36"
216.244.66.197 - - [28/Sep/2023:17:05:00 +0300] "GET /robots.txt HTTP/1.1" 301 162 "-" "Mozilla/5.0 (compatible; DotBot/1.2; +https://opensiteexplorer.org/dotbot; help@moz.com)"
216.244.66.197 - - [28/Sep/2023:18:00:09 +0300] "GET /robots.txt HTTP/1.1" 301 162 "-" "Mozilla/5.0 (compatible; DotBot/1.2; +https://opensiteexplorer.org/dotbot; help@moz.com)"
5.255.231.203 - - [28/Sep/2023:18:45:23 +0300] "GET /robots.txt HTTP/1.1" 301 162 "-" "Mozilla/5.0 (compatible; YandexBot/3.0; +http://yandex.com/bots)"
95.108.213.147 - - [28/Sep/2023:18:45:24 +0300] "GET /wp-content/uploads/2018/07/FB_IMG_1530449907928.jpg HTTP/1.1" 301 162 "-" "Mozilla/5.0 (compatible; YandexImages/3.0; +http://yandex.com/bots)"
47.128.46.58 - - [28/Sep/2023:18:49:30 +0300] "GET /wp-content/uploads/2017/08/dikinsaatlogoreklam.jpg HTTP/1.1" 301 162 "-" "Mozilla/5.0 (Linux; Android 5.0) AppleWebKit/537.36 (KHTML, like Gecko) Mobile Safari/537.36 (compatible; Bytespider; spider-feedback@bytedance.com)"
216.244.66.197 - - [28/Sep/2023:18:56:59 +0300] "GET /robots.txt HTTP/1.1" 301 162 "-" "Mozilla/5.0 (compatible; DotBot/1.2; +https://opensiteexplorer.org/dotbot; help@moz.com)"
52.167.144.63 - - [28/Sep/2023:19:38:51 +0300] "GET /robots.txt HTTP/1.1" 301 162 "-" "Mozilla/5.0 AppleWebKit/537.36 (KHTML, like Gecko; compatible; bingbot/2.0; +http://www.bing.com/bingbot.htm) Chrome/103.0.5060.134 Safari/537.36"
52.167.144.212 - - [28/Sep/2023:19:38:53 +0300] "GET /blog/2019/05/27/ipotek-fekki-vekalet-ucretine-iliskin-yargitay-hd-karari/ HTTP/1.1" 301 162 "-" "Mozilla/5.0 AppleWebKit/537.36 (KHTML, like Gecko; compatible; bingbot/2.0; +http://www.bing.com/bingbot.htm) Chrome/103.0.5060.134 Safari/537.36"
216.244.66.197 - - [28/Sep/2023:19:54:19 +0300] "GET /robots.txt HTTP/1.1" 301 162 "-" "Mozilla/5.0 (compatible; DotBot/1.2; +https://opensiteexplorer.org/dotbot; help@moz.com)"
54.236.1.13 - - [28/Sep/2023:20:32:16 +0300] "GET /blog/2018/05/19/seytan-kalesicildir/ HTTP/1.1" 301 162 "-" "Mozilla/5.0 (compatible; Pinterestbot/1.0; +http://www.pinterest.com/bot.html)"
216.244.66.197 - - [28/Sep/2023:20:51:49 +0300] "GET /robots.txt HTTP/1.1" 301 162 "-" "Mozilla/5.0 (compatible; DotBot/1.2; +https://opensiteexplorer.org/dotbot; help@moz.com)"
216.244.66.197 - - [28/Sep/2023:21:47:40 +0300] "GET /robots.txt HTTP/1.1" 301 162 "-" "Mozilla/5.0 (compatible; DotBot/1.2; +https://opensiteexplorer.org/dotbot; help@moz.com)"
47.128.56.149 - - [28/Sep/2023:22:01:42 +0300] "GET /wp-content/uploads/2017/08/hukuk.jpg HTTP/1.1" 301 162 "-" "Mozilla/5.0 (Linux; Android 5.0) AppleWebKit/537.36 (KHTML, like Gecko) Mobile Safari/537.36 (compatible; Bytespider; spider-feedback@bytedance.com)"
216.244.66.197 - - [28/Sep/2023:22:42:16 +0300] "GET /robots.txt HTTP/1.1" 301 162 "-" "Mozilla/5.0 (compatible; DotBot/1.2; +https://opensiteexplorer.org/dotbot; help@moz.com)"
216.244.66.197 - - [28/Sep/2023:23:46:10 +0300] "GET /robots.txt HTTP/1.1" 301 162 "-" "Mozilla/5.0 (compatible; DotBot/1.2; +https://opensiteexplorer.org/dotbot; help@moz.com)"
216.244.66.197 - - [29/Sep/2023:00:51:19 +0300] "GET /robots.txt HTTP/1.1" 301 162 "-" "Mozilla/5.0 (compatible; DotBot/1.2; +https://opensiteexplorer.org/dotbot; help@moz.com)"
216.244.66.197 - - [29/Sep/2023:01:41:04 +0300] "GET /robots.txt HTTP/1.1" 301 162 "-" "Mozilla/5.0 (compatible; DotBot/1.2; +https://opensiteexplorer.org/dotbot; help@moz.com)"
47.128.17.94 - - [29/Sep/2023:01:47:58 +0300] "GET /wp-content/uploads/2017/08/dikinsaatlogoreklam.jpg HTTP/1.1" 301 162 "-" "Mozilla/5.0 (Linux; Android 5.0) AppleWebKit/537.36 (KHTML, like Gecko) Mobile Safari/537.36 (compatible; Bytespider; spider-feedback@bytedance.com)"
163.172.221.217 - - [29/Sep/2023:02:00:38 +0300] "GET /backup/wp-admin/images/.images.php?slince_golden=1 HTTP/1.1" 301 162 "www.3chukuk.com" "Mozilla/5.0 (Windows NT 10.0; Win64; x64) AppleWebKit/537.36 (KHTML, like Gecko) Chrome/196.3.1597.530 Safari/537.36"
163.172.221.217 - - [29/Sep/2023:02:01:44 +0300] "GET /backup/wp-includes/.wp-includes.php?slince_golden=1 HTTP/1.1" 301 162 "www.3chukuk.com" "Mozilla/5.0 (Windows NT 10.0; Win64; x64) AppleWebKit/537.36 (KHTML, like Gecko) Chrome/196.3.1597.530 Safari/537.36"
163.172.221.217 - - [29/Sep/2023:02:03:01 +0300] "GET /backup/wp-admin/js/.js.php?slince_golden=1 HTTP/1.1" 301 162 "www.3chukuk.com" "Mozilla/5.0 (Windows NT 10.0; Win64; x64) AppleWebKit/537.36 (KHTML, like Gecko) Chrome/196.3.1597.530 Safari/537.36"
163.172.221.217 - - [29/Sep/2023:02:03:03 +0300] "GET /backup/wp-admin/.wp-admin.php?slince_golden=1 HTTP/1.1" 301 162 "www.3chukuk.com" "Mozilla/5.0 (Windows NT 10.0; Win64; x64) AppleWebKit/537.36 (KHTML, like Gecko) Chrome/196.3.1597.530 Safari/537.36"
163.172.221.217 - - [29/Sep/2023:02:03:14 +0300] "GET /backup/wp-content/.wp-content.php?slince_golden=1 HTTP/1.1" 301 162 "www.3chukuk.com" "Mozilla/5.0 (Windows NT 10.0; Win64; x64) AppleWebKit/537.36 (KHTML, like Gecko) Chrome/196.3.1597.530 Safari/537.36"
216.244.66.197 - - [29/Sep/2023:02:32:29 +0300] "GET /robots.txt HTTP/1.1" 301 162 "-" "Mozilla/5.0 (compatible; DotBot/1.2; +https://opensiteexplorer.org/dotbot; help@moz.com)"
216.244.66.197 - - [29/Sep/2023:03:21:09 +0300] "GET /robots.txt HTTP/1.1" 301 162 "-" "Mozilla/5.0 (compatible; DotBot/1.2; +https://opensiteexplorer.org/dotbot; help@moz.com)"
79.173.92.143 - - [29/Sep/2023:03:28:05 +0300] "GET /blog/2018/12/05/eksik-harcla-verilen-kararin-bozulmasina-dair-yargitay-hgk-karari/ HTTP/1.1" 301 162 "-" "Mozilla/5.0 (iPhone; CPU iPhone OS 17_0_1 like Mac OS X) AppleWebKit/605.1.15 (KHTML, like Gecko) Version/17.0 Mobile/15E148 Safari/604.1"
49.236.200.213 - - [29/Sep/2023:04:10:39 +0300] "GET /cms/wp-content/.wp-content.php?slince_golden=1 HTTP/1.1" 301 162 "www.3chukuk.com" "Mozilla/5.0 (Windows NT 10.0; Win64; x64) AppleWebKit/537.36 (KHTML, like Gecko) Chrome/196.3.1597.530 Safari/537.36"
216.244.66.197 - - [29/Sep/2023:04:10:49 +0300] "GET /robots.txt HTTP/1.1" 301 162 "-" "Mozilla/5.0 (compatible; DotBot/1.2; +https://opensiteexplorer.org/dotbot; help@moz.com)"
92.222.70.66 - - [29/Sep/2023:04:11:16 +0300] "GET /cms/wp-includes/js/.js.php?slince_golden=1 HTTP/1.1" 301 162 "www.3chukuk.com" "Mozilla/5.0 (Windows NT 10.0; Win64; x64) AppleWebKit/537.36 (KHTML, like Gecko) Chrome/196.3.1597.530 Safari/537.36"
49.236.200.213 - - [29/Sep/2023:04:12:34 +0300] "GET /cms/wp-admin/js/.js.php?slince_golden=1 HTTP/1.1" 301 162 "www.3chukuk.com" "Mozilla/5.0 (Windows NT 10.0; Win64; x64) AppleWebKit/537.36 (KHTML, like Gecko) Chrome/196.3.1597.530 Safari/537.36"
49.236.200.213 - - [29/Sep/2023:04:14:00 +0300] "GET /cms/wp-admin/images/.images.php?slince_golden=1 HTTP/1.1" 301 162 "www.3chukuk.com" "Mozilla/5.0 (Windows NT 10.0; Win64; x64) AppleWebKit/537.36 (KHTML, like Gecko) Chrome/196.3.1597.530 Safari/537.36"
49.236.200.213 - - [29/Sep/2023:04:14:11 +0300] "GET /cms/wp-admin/.wp-admin.php?slince_golden=1 HTTP/1.1" 301 162 "www.3chukuk.com" "Mozilla/5.0 (Windows NT 10.0; Win64; x64) AppleWebKit/537.36 (KHTML, like Gecko) Chrome/196.3.1597.530 Safari/537.36"
49.236.200.213 - - [29/Sep/2023:04:14:43 +0300] "GET /cms/wp-includes/.wp-includes.php?slince_golden=1 HTTP/1.1" 301 162 "www.3chukuk.com" "Mozilla/5.0 (Windows NT 10.0; Win64; x64) AppleWebKit/537.36 (KHTML, like Gecko) Chrome/196.3.1597.530 Safari/537.36"
216.244.66.197 - - [29/Sep/2023:05:01:13 +0300] "GET /robots.txt HTTP/1.1" 301 162 "-" "Mozilla/5.0 (compatible; DotBot/1.2; +https://opensiteexplorer.org/dotbot; help@moz.com)"
51.198.154.233 - - [29/Sep/2023:05:30:38 +0300] "GET /robots.txt HTTP/1.1" 301 162 "-" "Mozilla/5.0 (Macintosh; Intel Mac OS X 10_15_7) AppleWebKit/537.36 (KHTML, like Gecko) Chrome/89.0.4389.114 Safari/537.36"
216.244.66.197 - - [29/Sep/2023:05:51:49 +0300] "GET /robots.txt HTTP/1.1" 301 162 "-" "Mozilla/5.0 (compatible; DotBot/1.2; +https://opensiteexplorer.org/dotbot; help@moz.com)"
66.249.70.96 - - [29/Sep/2023:06:06:48 +0300] "GET /robots.txt HTTP/1.1" 301 162 "-" "Mozilla/5.0 (compatible; Googlebot/2.1; +http://www.google.com/bot.html)"
66.249.70.98 - - [29/Sep/2023:06:06:48 +0300] "GET /ads.txt HTTP/1.1" 301 162 "-" "Mozilla/5.0 (compatible; Googlebot/2.1; +http://www.google.com/bot.html)"
156.59.198.136 - - [29/Sep/2023:06:11:30 +0300] "GET /wp-content/uploads/2017/08/hukuk.jpg HTTP/1.0" 301 162 "https://yenikapihaber.com/feto-sanigi-is-adaminin-holdingine-musadere-84978h.htm" "Mozilla/5.0 (Linux; Android 5.0) AppleWebKit/537.36 (KHTML, like Gecko) Mobile Safari/537.36 (compatible; Bytespider; spider-feedback@bytedance.com)"
47.128.29.94 - - [29/Sep/2023:06:11:34 +0300] "GET /robots.txt HTTP/1.1" 301 162 "-" "Mozilla/5.0 (Linux; Android 5.0) AppleWebKit/537.36 (KHTML, like Gecko) Mobile Safari/537.36 (compatible; Bytespider; spider-feedback@bytedance.com)"
216.244.66.197 - - [29/Sep/2023:07:11:37 +0300] "GET /robots.txt HTTP/1.1" 301 162 "-" "Mozilla/5.0 (compatible; DotBot/1.2; +https://opensiteexplorer.org/dotbot; help@moz.com)"
47.128.53.230 - - [29/Sep/2023:07:21:37 +0300] "GET /wp-content/uploads/2017/08/dikinsaatlogoreklam.jpg HTTP/1.1" 301 162 "-" "Mozilla/5.0 (Linux; Android 5.0) AppleWebKit/537.36 (KHTML, like Gecko) Mobile Safari/537.36 (compatible; Bytespider; spider-feedback@bytedance.com)"
157.245.107.85 - - [29/Sep/2023:07:57:34 +0300] "GET /blogs/wp-includes/js/.js.php?slince_golden=1 HTTP/1.1" 301 162 "www.3chukuk.com" "Mozilla/5.0 (Windows NT 10.0; Win64; x64) AppleWebKit/537.36 (KHTML, like Gecko) Chrome/196.3.1597.530 Safari/537.36"
188.166.179.135 - - [29/Sep/2023:07:57:42 +0300] "GET /blogs/wp-admin/js/.js.php?slince_golden=1 HTTP/1.1" 301 162 "www.3chukuk.com" "Mozilla/5.0 (Windows NT 10.0; Win64; x64) AppleWebKit/537.36 (KHTML, like Gecko) Chrome/196.3.1597.530 Safari/537.36"
188.166.179.135 - - [29/Sep/2023:07:59:00 +0300] "GET /blogs/wp-admin/images/.images.php?slince_golden=1 HTTP/1.1" 301 162 "www.3chukuk.com" "Mozilla/5.0 (Windows NT 10.0; Win64; x64) AppleWebKit/537.36 (KHTML, like Gecko) Chrome/196.3.1597.530 Safari/537.36"
188.166.179.135 - - [29/Sep/2023:07:59:40 +0300] "GET /blogs/wp-admin/.wp-admin.php?slince_golden=1 HTTP/1.1" 301 162 "www.3chukuk.com" "Mozilla/5.0 (Windows NT 10.0; Win64; x64) AppleWebKit/537.36 (KHTML, like Gecko) Chrome/196.3.1597.530 Safari/537.36"
188.166.179.135 - - [29/Sep/2023:08:00:57 +0300] "GET /blogs/wp-includes/.wp-includes.php?slince_golden=1 HTTP/1.1" 301 162 "www.3chukuk.com" "Mozilla/5.0 (Windows NT 10.0; Win64; x64) AppleWebKit/537.36 (KHTML, like Gecko) Chrome/196.3.1597.530 Safari/537.36"
188.166.179.135 - - [29/Sep/2023:08:01:27 +0300] "GET /blogs/wp-content/.wp-content.php?slince_golden=1 HTTP/1.1" 301 162 "www.3chukuk.com" "Mozilla/5.0 (Windows NT 10.0; Win64; x64) AppleWebKit/537.36 (KHTML, like Gecko) Chrome/196.3.1597.530 Safari/537.36"
216.244.66.197 - - [29/Sep/2023:08:02:00 +0300] "GET /robots.txt HTTP/1.1" 301 162 "-" "Mozilla/5.0 (compatible; DotBot/1.2; +https://opensiteexplorer.org/dotbot; help@moz.com)"
216.244.66.197 - - [29/Sep/2023:08:50:35 +0300] "GET /robots.txt HTTP/1.1" 301 162 "-" "Mozilla/5.0 (compatible; DotBot/1.2; +https://opensiteexplorer.org/dotbot; help@moz.com)"
216.244.66.197 - - [29/Sep/2023:09:40:08 +0300] "GET /robots.txt HTTP/1.1" 301 162 "-" "Mozilla/5.0 (compatible; DotBot/1.2; +https://opensiteexplorer.org/dotbot; help@moz.com)"
47.128.19.160 - - [29/Sep/2023:09:56:03 +0300] "GET /wp-content/uploads/2017/08/dikinsaatlogoreklam.jpg HTTP/1.1" 301 162 "-" "Mozilla/5.0 (Linux; Android 5.0) AppleWebKit/537.36 (KHTML, like Gecko) Mobile Safari/537.36 (compatible; Bytespider; spider-feedback@bytedance.com)"
216.244.66.197 - - [29/Sep/2023:10:28:25 +0300] "GET /robots.txt HTTP/1.1" 301 162 "-" "Mozilla/5.0 (compatible; DotBot/1.2; +https://opensiteexplorer.org/dotbot; help@moz.com)"
5.188.87.37 - - [29/Sep/2023:10:36:07 +0300] "GET /wp-login.php HTTP/1.1" 301 162 "-" "Mozilla/5.0 (Windows NT 10.0; Win64; x64) AppleWebKit/537.36 (KHTML, like Gecko) Chrome/64.0.3282.140 Safari/537.36 Edge/18.17763"
136.147.165.49 - - [29/Sep/2023:11:13:11 +0300] "GET /robots.txt HTTP/1.1" 301 162 "-" "R6_CommentReader(www.radian6.com/crawler)"
195.191.219.132 - - [29/Sep/2023:11:14:15 +0300] "GET /robots.txt HTTP/1.1" 301 162 "-" "Mozilla/5.0 (compatible; MJ12bot/v1.4.8; http://mj12bot.com/)"
216.244.66.197 - - [29/Sep/2023:11:17:30 +0300] "GET /robots.txt HTTP/1.1" 301 162 "-" "Mozilla/5.0 (compatible; DotBot/1.2; +https://opensiteexplorer.org/dotbot; help@moz.com)"
216.244.66.197 - - [29/Sep/2023:12:08:47 +0300] "GET /robots.txt HTTP/1.1" 301 162 "-" "Mozilla/5.0 (compatible; DotBot/1.2; +https://opensiteexplorer.org/dotbot; help@moz.com)"
3.75.230.9 - - [29/Sep/2023:12:25:16 +0300] "GET /robots.txt HTTP/1.1" 301 162 "-" "webprosbot/2.0 (+mailto:abuse-6337@webpros.com)"
3.75.230.9 - - [29/Sep/2023:12:25:17 +0300] "GET / HTTP/1.1" 301 162 "-" "webprosbot/2.0 (+mailto:abuse-6337@webpros.com)"
95.108.213.217 - - [29/Sep/2023:12:39:48 +0300] "GET /robots.txt HTTP/1.1" 301 162 "-" "Mozilla/5.0 (compatible; YandexBot/3.0; +http://yandex.com/bots)"
95.108.213.152 - - [29/Sep/2023:12:39:49 +0300] "GET /wp-content/uploads/2018/12/FB_IMG_1544502662818.jpg HTTP/1.1" 301 162 "-" "Mozilla/5.0 (compatible; YandexImages/3.0; +http://yandex.com/bots)"
216.244.66.197 - - [29/Sep/2023:13:28:01 +0300] "GET /robots.txt HTTP/1.1" 301 162 "-" "Mozilla/5.0 (compatible; DotBot/1.2; +https://opensiteexplorer.org/dotbot; help@moz.com)"
47.128.34.252 - - [29/Sep/2023:13:44:46 +0300] "GET /wp-content/uploads/2017/08/dikinsaatlogoreklam.jpg HTTP/1.1" 301 162 "-" "Mozilla/5.0 (Linux; Android 5.0) AppleWebKit/537.36 (KHTML, like Gecko) Mobile Safari/537.36 (compatible; Bytespider; spider-feedback@bytedance.com)"
216.244.66.197 - - [29/Sep/2023:14:18:39 +0300] "GET /robots.txt HTTP/1.1" 301 162 "-" "Mozilla/5.0 (compatible; DotBot/1.2; +https://opensiteexplorer.org/dotbot; help@moz.com)"
95.108.213.185 - - [29/Sep/2023:14:32:33 +0300] "GET /robots.txt HTTP/1.1" 301 162 "-" "Mozilla/5.0 (compatible; YandexBot/3.0; +http://yandex.com/bots)"
5.255.231.21 - - [29/Sep/2023:14:32:35 +0300] "GET /wp-content/uploads/2018/09/FB_IMG_1537347650227.jpg HTTP/1.1" 301 162 "-" "Mozilla/5.0 (compatible; YandexImages/3.0; +http://yandex.com/bots)"
101.44.83.251 - - [29/Sep/2023:14:39:42 +0300] "GET /wp-login.php HTTP/1.1" 301 162 "-" "Mozilla/5.0 (Windows NT 10.0; Win64; x64) AppleWebKit/537.36 (KHTML, like Gecko) Chrome/108.0.0.0 Safari/537.36"
216.244.66.197 - - [29/Sep/2023:15:06:42 +0300] "GET /robots.txt HTTP/1.1" 301 162 "-" "Mozilla/5.0 (compatible; DotBot/1.2; +https://opensiteexplorer.org/dotbot; help@moz.com)"
216.244.66.197 - - [29/Sep/2023:15:56:47 +0300] "GET /robots.txt HTTP/1.1" 301 162 "-" "Mozilla/5.0 (compatible; DotBot/1.2; +https://opensiteexplorer.org/dotbot; help@moz.com)"
216.244.66.197 - - [29/Sep/2023:18:06:43 +0300] "GET /robots.txt HTTP/1.1" 301 162 "-" "Mozilla/5.0 (compatible; DotBot/1.2; +https://opensiteexplorer.org/dotbot; help@moz.com)"
152.228.220.143 - - [29/Sep/2023:18:47:25 +0300] "GET /feed/ HTTP/1.1" 301 162 "-" "Mozilla/5.0 (X11; Linux i686) AppleWebKit/537.36 (KHTML, like Gecko) Chrome/30.0.1599.66 Safari/537.36"
216.244.66.197 - - [29/Sep/2023:18:56:11 +0300] "GET /robots.txt HTTP/1.1" 301 162 "-" "Mozilla/5.0 (compatible; DotBot/1.2; +https://opensiteexplorer.org/dotbot; help@moz.com)"
66.249.75.194 - - [29/Sep/2023:20:27:17 +0300] "GET / HTTP/1.1" 301 162 "-" "Mozilla/5.0 (Linux; Android 6.0.1; Nexus 5X Build/MMB29P) AppleWebKit/537.36 (KHTML, like Gecko) Chrome/117.0.5938.92 Mobile Safari/537.36 (compatible; Googlebot/2.1; +http://www.google.com/bot.html)"
216.244.66.197 - - [29/Sep/2023:21:02:41 +0300] "GET /robots.txt HTTP/1.1" 301 162 "-" "Mozilla/5.0 (compatible; DotBot/1.2; +https://opensiteexplorer.org/dotbot; help@moz.com)"
178.46.81.137 - - [29/Sep/2023:21:03:35 +0300] "GET /blog/2017/11/19/yargitay-ceza-genel-kurulu-karari/ HTTP/1.1" 301 162 "-" "Mozilla/5.0 (Windows NT 10.0; Win64; x64) AppleWebKit/537.36 (KHTML, like Gecko) Chrome/114.0.0.0 YaBrowser/23.7.5.734 Yowser/2.5 Safari/537.36"
47.128.41.79 - - [29/Sep/2023:21:13:59 +0300] "GET /wp-content/uploads/2017/08/dikinsaatlogoreklam.jpg HTTP/1.1" 301 162 "-" "Mozilla/5.0 (Linux; Android 5.0) AppleWebKit/537.36 (KHTML, like Gecko) Mobile Safari/537.36 (compatible; Bytespider; spider-feedback@bytedance.com)"
216.244.66.197 - - [29/Sep/2023:21:50:31 +0300] "GET /robots.txt HTTP/1.1" 301 162 "-" "Mozilla/5.0 (compatible; DotBot/1.2; +https://opensiteexplorer.org/dotbot; help@moz.com)"
216.244.66.197 - - [29/Sep/2023:22:39:09 +0300] "GET /robots.txt HTTP/1.1" 301 162 "-" "Mozilla/5.0 (compatible; DotBot/1.2; +https://opensiteexplorer.org/dotbot; help@moz.com)"
47.128.36.121 - - [29/Sep/2023:22:54:46 +0300] "GET /wp-content/uploads/2017/08/dikinsaatlogoreklam.jpg HTTP/1.1" 301 162 "-" "Mozilla/5.0 (Linux; Android 5.0) AppleWebKit/537.36 (KHTML, like Gecko) Mobile Safari/537.36 (compatible; Bytespider; spider-feedback@bytedance.com)"
194.169.175.23 - - [29/Sep/2023:23:32:49 +0300] "GET /wp-content/plugins/WordPressCore/include.php HTTP/1.1" 301 162 "-" "Mozilla/5.0 (Windows NT 10.0; Win64; x64) AppleWebKit/537.36 (KHTML, like Gecko) Chrome/117.0.0.0 Safari/537.36"
194.169.175.23 - - [29/Sep/2023:23:33:03 +0300] "GET /wp-content/plugins/core-plugin/include.php HTTP/1.1" 301 162 "-" "Mozilla/5.0 (Windows NT 10.0; Win64; x64) AppleWebKit/537.36 (KHTML, like Gecko) Chrome/117.0.0.0 Safari/537.36"
