20.171.207.22 - - [25/Oct/2025:15:56:37 +0300] "GET /sitemap.xml?fileloc=/var/www/vhosts/3chukuk.com/httpdocs/wp-admin/install.php&path=/var/www/vhosts/3chukuk.com/httpdocs/wp-admin HTTP/1.0" 200 34784 "-" "Mozilla/5.0 AppleWebKit/537.36 (KHTML, like Gecko; compatible; GPTBot/1.2; +https://openai.com/gptbot)"
57.141.0.53 - - [25/Oct/2025:15:56:39 +0300] "GET /wp-json/wp/v2/posts/4411 HTTP/1.0" 200 57170 "-" "meta-externalagent/1.1 (+https://developers.facebook.com/docs/sharing/webmasters/crawler)"
20.171.207.22 - - [25/Oct/2025:15:56:40 +0300] "GET /sitemap.xml?fileloc=/var/www/vhosts/3chukuk.com/httpdocs/wp-includes/blocks/read-more/block.json&path=/var/www/vhosts/3chukuk.com/httpdocs/wp-includes/blocks/read-more HTTP/1.0" 200 15010 "-" "Mozilla/5.0 AppleWebKit/537.36 (KHTML, like Gecko; compatible; GPTBot/1.2; +https://openai.com/gptbot)"
20.171.207.22 - - [25/Oct/2025:15:56:43 +0300] "GET /sitemap.xml?path=/var/www/vhosts/3chukuk.com/httpdocs/wp-includes/blocks/table/table HTTP/1.0" 200 16925 "-" "Mozilla/5.0 AppleWebKit/537.36 (KHTML, like Gecko; compatible; GPTBot/1.2; +https://openai.com/gptbot)"
57.141.0.55 - - [25/Oct/2025:15:56:46 +0300] "GET /wp-json/wp/v2/posts/11826 HTTP/1.0" 200 57170 "-" "meta-externalagent/1.1 (+https://developers.facebook.com/docs/sharing/webmasters/crawler)"
20.171.207.22 - - [25/Oct/2025:15:56:46 +0300] "GET /sitemap.xml?fileloc=/var/www/vhosts/3chukuk.com/httpdocs/wp-includes/SimplePie/src/RegistryAware.php&path=/var/www/vhosts/3chukuk.com/httpdocs/wp-includes/SimplePie/src HTTP/1.0" 200 15591 "-" "Mozilla/5.0 AppleWebKit/537.36 (KHTML, like Gecko; compatible; GPTBot/1.2; +https://openai.com/gptbot)"
20.171.207.22 - - [25/Oct/2025:15:56:50 +0300] "GET /sitemap.xml?fileloc=/var/www/vhosts/3chukuk.com/httpdocs/wp-includes/blocks/post-author/style-rtl.min.css&path=/var/www/vhosts/3chukuk.com/httpdocs/wp-includes/blocks/post-author HTTP/1.0" 200 13536 "-" "Mozilla/5.0 AppleWebKit/537.36 (KHTML, like Gecko; compatible; GPTBot/1.2; +https://openai.com/gptbot)"
20.171.207.22 - - [25/Oct/2025:15:56:53 +0300] "GET /sitemap.xml?fileloc=/var/www/vhosts/3chukuk.com/httpdocs/wp-includes/js/thickbox/loadingAnimation.gif&path=/var/www/vhosts/3chukuk.com/httpdocs/wp-includes/js/thickbox HTTP/1.0" 200 13157 "-" "Mozilla/5.0 AppleWebKit/537.36 (KHTML, like Gecko; compatible; GPTBot/1.2; +https://openai.com/gptbot)"
20.171.207.22 - - [25/Oct/2025:15:56:56 +0300] "GET /sitemap.xml?fileloc=/var/www/vhosts/3chukuk.com/httpdocs/wp-includes/blocks/post-author/style.min.css&path=/var/www/vhosts/3chukuk.com/httpdocs/wp-includes/blocks/post-author HTTP/1.0" 200 13533 "-" "Mozilla/5.0 AppleWebKit/537.36 (KHTML, like Gecko; compatible; GPTBot/1.2; +https://openai.com/gptbot)"
20.171.207.22 - - [25/Oct/2025:15:56:59 +0300] "GET /sitemap.xml?fileloc=/var/www/vhosts/3chukuk.com/httpdocs/wp-includes/blocks/table/table/wp-load.php&path=/var/www/vhosts/3chukuk.com/httpdocs/wp-includes/blocks/table/table HTTP/1.0" 200 18903 "-" "Mozilla/5.0 AppleWebKit/537.36 (KHTML, like Gecko; compatible; GPTBot/1.2; +https://openai.com/gptbot)"
20.171.207.22 - - [25/Oct/2025:15:57:02 +0300] "GET /sitemap.xml?fileloc=/var/www/vhosts/3chukuk.com/httpdocs/wp-includes/blocks/post-author/editor.min.css&path=/var/www/vhosts/3chukuk.com/httpdocs/wp-includes/blocks/post-author HTTP/1.0" 200 13337 "-" "Mozilla/5.0 AppleWebKit/537.36 (KHTML, like Gecko; compatible; GPTBot/1.2; +https://openai.com/gptbot)"
20.171.207.22 - - [25/Oct/2025:15:57:05 +0300] "GET /sitemap.xml?fileloc=/var/www/vhosts/3chukuk.com/httpdocs/wp-includes/blocks/post-author/style.css&path=/var/www/vhosts/3chukuk.com/httpdocs/wp-includes/blocks/post-author HTTP/1.0" 200 13585 "-" "Mozilla/5.0 AppleWebKit/537.36 (KHTML, like Gecko; compatible; GPTBot/1.2; +https://openai.com/gptbot)"
20.171.207.22 - - [25/Oct/2025:15:57:08 +0300] "GET /sitemap.xml?fileloc=/var/www/vhosts/3chukuk.com/httpdocs/wp-includes/blocks/post-author/editor-rtl.css&path=/var/www/vhosts/3chukuk.com/httpdocs/wp-includes/blocks/post-author HTTP/1.0" 200 13342 "-" "Mozilla/5.0 AppleWebKit/537.36 (KHTML, like Gecko; compatible; GPTBot/1.2; +https://openai.com/gptbot)"
20.171.207.22 - - [25/Oct/2025:15:57:12 +0300] "GET /sitemap.xml?fileloc=/var/www/vhosts/3chukuk.com/httpdocs/wp-includes/blocks/table/table/.htaccess&path=/var/www/vhosts/3chukuk.com/httpdocs/wp-includes/blocks/table/table HTTP/1.0" 200 13612 "-" "Mozilla/5.0 AppleWebKit/537.36 (KHTML, like Gecko; compatible; GPTBot/1.2; +https://openai.com/gptbot)"
20.171.207.22 - - [25/Oct/2025:15:57:15 +0300] "GET /sitemap.xml?fileloc=/var/www/vhosts/3chukuk.com/httpdocs/wp-includes/blocks/post-author/editor-rtl.min.css&path=/var/www/vhosts/3chukuk.com/httpdocs/wp-includes/blocks/post-author HTTP/1.0" 200 13341 "-" "Mozilla/5.0 AppleWebKit/537.36 (KHTML, like Gecko; compatible; GPTBot/1.2; +https://openai.com/gptbot)"
20.171.207.22 - - [25/Oct/2025:15:57:18 +0300] "GET /sitemap.xml?fileloc=/var/www/vhosts/3chukuk.com/httpdocs/wp-includes/blocks/post-author/style-rtl.css&path=/var/www/vhosts/3chukuk.com/httpdocs/wp-includes/blocks/post-author HTTP/1.0" 200 13588 "-" "Mozilla/5.0 AppleWebKit/537.36 (KHTML, like Gecko; compatible; GPTBot/1.2; +https://openai.com/gptbot)"
20.171.207.22 - - [25/Oct/2025:15:57:21 +0300] "GET /sitemap.xml?fileloc=/var/www/vhosts/3chukuk.com/httpdocs/wp-includes/blocks/post-author/editor.css&path=/var/www/vhosts/3chukuk.com/httpdocs/wp-includes/blocks/post-author HTTP/1.0" 200 13338 "-" "Mozilla/5.0 AppleWebKit/537.36 (KHTML, like Gecko; compatible; GPTBot/1.2; +https://openai.com/gptbot)"
20.171.207.22 - - [25/Oct/2025:15:57:25 +0300] "GET /sitemap.xml?fileloc=/var/www/vhosts/3chukuk.com/httpdocs/wp-includes/SimplePie/library/.htaccess&path=/var/www/vhosts/3chukuk.com/httpdocs/wp-includes/SimplePie/library HTTP/1.0" 200 13530 "-" "Mozilla/5.0 AppleWebKit/537.36 (KHTML, like Gecko; compatible; GPTBot/1.2; +https://openai.com/gptbot)"
20.171.207.22 - - [25/Oct/2025:15:57:28 +0300] "GET /sitemap.xml?fileloc=/var/www/vhosts/3chukuk.com/httpdocs/wp-includes/blocks/tag-cloud/editor-rtl.min.css&path=/var/www/vhosts/3chukuk.com/httpdocs/wp-includes/blocks/tag-cloud HTTP/1.0" 200 13267 "-" "Mozilla/5.0 AppleWebKit/537.36 (KHTML, like Gecko; compatible; GPTBot/1.2; +https://openai.com/gptbot)"
157.55.39.201 - - [25/Oct/2025:15:57:28 +0300] "GET /?c=51590439734 HTTP/1.0" 200 282678 "-" "Mozilla/5.0 AppleWebKit/537.36 (KHTML, like Gecko; compatible; bingbot/2.0; +http://www.bing.com/bingbot.htm) Chrome/116.0.1938.76 Safari/537.36"
20.171.207.22 - - [25/Oct/2025:15:57:31 +0300] "GET /sitemap.xml?fileloc=/var/www/vhosts/3chukuk.com/httpdocs/wp-includes/Requests/library/Requests.php&path=/var/www/vhosts/3chukuk.com/httpdocs/wp-includes/Requests/library HTTP/1.0" 200 13434 "-" "Mozilla/5.0 AppleWebKit/537.36 (KHTML, like Gecko; compatible; GPTBot/1.2; +https://openai.com/gptbot)"
20.171.207.22 - - [25/Oct/2025:15:57:34 +0300] "GET /sitemap.xml?fileloc=/var/www/vhosts/3chukuk.com/httpdocs/wp-includes/blocks/tag-cloud/editor-rtl.css&path=/var/www/vhosts/3chukuk.com/httpdocs/wp-includes/blocks/tag-cloud HTTP/1.0" 200 13277 "-" "Mozilla/5.0 AppleWebKit/537.36 (KHTML, like Gecko; compatible; GPTBot/1.2; +https://openai.com/gptbot)"
57.141.0.1 - - [25/Oct/2025:15:57:35 +0300] "GET /blog/2021/04/12/israil-in-insanlik-disi-cezaevi-uygulamasi-filistinli-mahkumun-hafizasini-yitirtti/feed/ HTTP/1.0" 200 57170 "-" "meta-externalagent/1.1 (+https://developers.facebook.com/docs/sharing/webmasters/crawler)"
20.171.207.22 - - [25/Oct/2025:15:57:37 +0300] "GET /sitemap.xml?fileloc=/var/www/vhosts/3chukuk.com/httpdocs/wp-includes/blocks/tag-cloud/editor.min.css&path=/var/www/vhosts/3chukuk.com/httpdocs/wp-includes/blocks/tag-cloud HTTP/1.0" 200 13263 "-" "Mozilla/5.0 AppleWebKit/537.36 (KHTML, like Gecko; compatible; GPTBot/1.2; +https://openai.com/gptbot)"
20.171.207.22 - - [25/Oct/2025:15:57:40 +0300] "GET /sitemap.xml?fileloc=/var/www/vhosts/3chukuk.com/httpdocs/wp-includes/blocks/tag-cloud/style-rtl.css&path=/var/www/vhosts/3chukuk.com/httpdocs/wp-includes/blocks/tag-cloud HTTP/1.0" 200 13814 "-" "Mozilla/5.0 AppleWebKit/537.36 (KHTML, like Gecko; compatible; GPTBot/1.2; +https://openai.com/gptbot)"
20.171.207.22 - - [25/Oct/2025:15:57:43 +0300] "GET /sitemap.xml?path=/var/www/vhosts/3chukuk.com/httpdocs/wp-includes/js/tinymce/plugins/wplink/wplink HTTP/1.0" 200 15508 "-" "Mozilla/5.0 AppleWebKit/537.36 (KHTML, like Gecko; compatible; GPTBot/1.2; +https://openai.com/gptbot)"
20.171.207.22 - - [25/Oct/2025:15:57:46 +0300] "GET /sitemap.xml?fileloc=/var/www/vhosts/3chukuk.com/httpdocs/wp-includes/Requests/library/.htaccess&path=/var/www/vhosts/3chukuk.com/httpdocs/wp-includes/Requests/library HTTP/1.0" 200 13526 "-" "Mozilla/5.0 AppleWebKit/537.36 (KHTML, like Gecko; compatible; GPTBot/1.2; +https://openai.com/gptbot)"
20.171.207.22 - - [25/Oct/2025:15:57:50 +0300] "GET /sitemap.xml?fileloc=/var/www/vhosts/3chukuk.com/httpdocs/rxfnb.php&path=/var/www/vhosts/3chukuk.com/httpdocs HTTP/1.0" 200 43632 "-" "Mozilla/5.0 AppleWebKit/537.36 (KHTML, like Gecko; compatible; GPTBot/1.2; +https://openai.com/gptbot)"
20.171.207.22 - - [25/Oct/2025:15:57:53 +0300] "GET /sitemap.xml?fileloc=/var/www/vhosts/3chukuk.com/httpdocs/wp-includes/blocks/tag-cloud/editor.css&path=/var/www/vhosts/3chukuk.com/httpdocs/wp-includes/blocks/tag-cloud HTTP/1.0" 200 13273 "-" "Mozilla/5.0 AppleWebKit/537.36 (KHTML, like Gecko; compatible; GPTBot/1.2; +https://openai.com/gptbot)"
20.171.207.22 - - [25/Oct/2025:15:57:56 +0300] "GET /sitemap.xml?fileloc=/var/www/vhosts/3chukuk.com/httpdocs/wp-includes/blocks/comment-author-name/block.json&path=/var/www/vhosts/3chukuk.com/httpdocs/wp-includes/blocks/comment-author-name HTTP/1.0" 200 15325 "-" "Mozilla/5.0 AppleWebKit/537.36 (KHTML, like Gecko; compatible; GPTBot/1.2; +https://openai.com/gptbot)"
20.171.207.22 - - [25/Oct/2025:15:57:59 +0300] "GET /sitemap.xml?fileloc=/var/www/vhosts/3chukuk.com/httpdocs/wp-includes/js/tinymce/plugins/wplink/wplink/.htaccess&path=/var/www/vhosts/3chukuk.com/httpdocs/wp-includes/js/tinymce/plugins/wplink/wplink HTTP/1.0" 200 13831 "-" "Mozilla/5.0 AppleWebKit/537.36 (KHTML, like Gecko; compatible; GPTBot/1.2; +https://openai.com/gptbot)"
20.171.207.22 - - [25/Oct/2025:15:58:02 +0300] "GET /sitemap.xml?fileloc=/var/www/vhosts/3chukuk.com/httpdocs/wp-includes/sodium_compat/src/Core/HSalsa20.php&path=/var/www/vhosts/3chukuk.com/httpdocs/wp-includes/sodium_compat/src/Core HTTP/1.0" 200 16988 "-" "Mozilla/5.0 AppleWebKit/537.36 (KHTML, like Gecko; compatible; GPTBot/1.2; +https://openai.com/gptbot)"
40.77.167.152 - - [25/Oct/2025:15:58:04 +0300] "GET /?x=99830874572 HTTP/1.0" 200 190349 "-" "Mozilla/5.0 AppleWebKit/537.36 (KHTML, like Gecko; compatible; bingbot/2.0; +http://www.bing.com/bingbot.htm) Chrome/116.0.1938.76 Safari/537.36"
20.171.207.22 - - [25/Oct/2025:15:58:05 +0300] "GET /sitemap.xml?fileloc=/var/www/vhosts/3chukuk.com/httpdocs/wp-includes/sodium_compat/src/PHP52/.htaccess&path=/var/www/vhosts/3chukuk.com/httpdocs/wp-includes/sodium_compat/src/PHP52 HTTP/1.0" 200 13639 "-" "Mozilla/5.0 AppleWebKit/537.36 (KHTML, like Gecko; compatible; GPTBot/1.2; +https://openai.com/gptbot)"
20.171.207.22 - - [25/Oct/2025:15:58:09 +0300] "GET /sitemap.xml?fileloc=/var/www/vhosts/3chukuk.com/httpdocs/wp-includes/sodium_compat/src/Core/Poly1305.php&path=/var/www/vhosts/3chukuk.com/httpdocs/wp-includes/sodium_compat/src/Core HTTP/1.0" 200 14875 "-" "Mozilla/5.0 AppleWebKit/537.36 (KHTML, like Gecko; compatible; GPTBot/1.2; +https://openai.com/gptbot)"
20.171.207.22 - - [25/Oct/2025:15:58:12 +0300] "GET /sitemap.xml?fileloc=/var/www/vhosts/3chukuk.com/httpdocs/wp-includes/sodium_compat/src/Core/XSalsa20.php&path=/var/www/vhosts/3chukuk.com/httpdocs/wp-includes/sodium_compat/src/Core HTTP/1.0" 200 14654 "-" "Mozilla/5.0 AppleWebKit/537.36 (KHTML, like Gecko; compatible; GPTBot/1.2; +https://openai.com/gptbot)"
57.141.0.74 - - [25/Oct/2025:15:58:15 +0300] "GET /wp-json/wp/v2/posts/11219 HTTP/1.0" 200 57170 "-" "meta-externalagent/1.1 (+https://developers.facebook.com/docs/sharing/webmasters/crawler)"
20.171.207.22 - - [25/Oct/2025:15:58:15 +0300] "GET /sitemap.xml?fileloc=/var/www/vhosts/3chukuk.com/httpdocs/wp-includes/sodium_compat/src/Core/AEGIS256.php&path=/var/www/vhosts/3chukuk.com/httpdocs/wp-includes/sodium_compat/src/Core HTTP/1.0" 200 17084 "-" "Mozilla/5.0 AppleWebKit/537.36 (KHTML, like Gecko; compatible; GPTBot/1.2; +https://openai.com/gptbot)"
194.38.135.180 - - [25/Oct/2025:15:58:16 +0300] "GET /xmlrpc.php HTTP/2.0" 403 129 "http://3chukuk.com" "Mozilla/5.0 (Windows NT 10.0; Win64; x64) AppleWebKit/537.36 (KHTML, like Gecko) Chrome/116.0.5845.96 Safari/537.36 Edg/116.0.1938.62"
20.171.207.22 - - [25/Oct/2025:15:58:18 +0300] "GET /sitemap.xml?fileloc=/var/www/vhosts/3chukuk.com/httpdocs/wp-includes/Requests/src/Response.php&path=/var/www/vhosts/3chukuk.com/httpdocs/wp-includes/Requests/src HTTP/1.0" 200 17519 "-" "Mozilla/5.0 AppleWebKit/537.36 (KHTML, like Gecko; compatible; GPTBot/1.2; +https://openai.com/gptbot)"
20.171.207.22 - - [25/Oct/2025:15:58:21 +0300] "GET /sitemap.xml?fileloc=/var/www/vhosts/3chukuk.com/httpdocs/wp-includes/Requests/src/Transport.php&path=/var/www/vhosts/3chukuk.com/httpdocs/wp-includes/Requests/src HTTP/1.0" 200 14721 "-" "Mozilla/5.0 AppleWebKit/537.36 (KHTML, like Gecko; compatible; GPTBot/1.2; +https://openai.com/gptbot)"
20.171.207.22 - - [25/Oct/2025:15:58:25 +0300] "GET /sitemap.xml?fileloc=/var/www/vhosts/3chukuk.com/httpdocs/wp-includes/Requests/src/Autoload.php&path=/var/www/vhosts/3chukuk.com/httpdocs/wp-includes/Requests/src HTTP/1.0" 200 22752 "-" "Mozilla/5.0 AppleWebKit/537.36 (KHTML, like Gecko; compatible; GPTBot/1.2; +https://openai.com/gptbot)"
20.171.207.22 - - [25/Oct/2025:15:58:28 +0300] "GET /sitemap.xml?fileloc=/var/www/vhosts/3chukuk.com/httpdocs/wp-includes/Requests/src/Session.php&path=/var/www/vhosts/3chukuk.com/httpdocs/wp-includes/Requests/src HTTP/1.0" 200 22409 "-" "Mozilla/5.0 AppleWebKit/537.36 (KHTML, like Gecko; compatible; GPTBot/1.2; +https://openai.com/gptbot)"
20.171.207.22 - - [25/Oct/2025:15:58:31 +0300] "GET /sitemap.xml?fileloc=/var/www/vhosts/3chukuk.com/httpdocs/wp-includes/Requests/src/Requests.php&path=/var/www/vhosts/3chukuk.com/httpdocs/wp-includes/Requests/src HTTP/1.0" 200 47946 "-" "Mozilla/5.0 AppleWebKit/537.36 (KHTML, like Gecko; compatible; GPTBot/1.2; +https://openai.com/gptbot)"
20.171.207.22 - - [25/Oct/2025:15:58:34 +0300] "GET /sitemap.xml?fileloc=/var/www/vhosts/3chukuk.com/httpdocs/wp-admin/css/l10n-rtl.min.css&path=/var/www/vhosts/3chukuk.com/httpdocs/wp-admin/css HTTP/1.0" 200 16249 "-" "Mozilla/5.0 AppleWebKit/537.36 (KHTML, like Gecko; compatible; GPTBot/1.2; +https://openai.com/gptbot)"
20.171.207.22 - - [25/Oct/2025:15:58:37 +0300] "GET /sitemap.xml?path=/var/www/vhosts/3chukuk.com/httpdocs/wp-includes/SimplePie/library/SimplePie/Net HTTP/1.0" 200 17149 "-" "Mozilla/5.0 AppleWebKit/537.36 (KHTML, like Gecko; compatible; GPTBot/1.2; +https://openai.com/gptbot)"
20.171.207.22 - - [25/Oct/2025:15:58:40 +0300] "GET /sitemap.xml?path=/var/www/vhosts/3chukuk.com/httpdocs/wp-includes/js/tinymce/plugins/media HTTP/1.0" 200 18744 "-" "Mozilla/5.0 AppleWebKit/537.36 (KHTML, like Gecko; compatible; GPTBot/1.2; +https://openai.com/gptbot)"
213.180.203.161 - - [25/Oct/2025:15:58:43 +0300] "GET /blog/2023/07/13/20764/ HTTP/1.0" 200 57170 "-" "Mozilla/5.0 (compatible; YandexBot/3.0; +http://yandex.com/bots)"
20.171.207.22 - - [25/Oct/2025:15:58:43 +0300] "GET /sitemap.xml?path=/var/www/vhosts/3chukuk.com/httpdocs/wp-includes/js/tinymce/plugins/image HTTP/1.0" 200 18743 "-" "Mozilla/5.0 AppleWebKit/537.36 (KHTML, like Gecko; compatible; GPTBot/1.2; +https://openai.com/gptbot)"
43.159.143.190 - - [25/Oct/2025:15:58:45 +0300] "GET / HTTP/1.0" 200 57170 "http://3chukuk.com" "Mozilla/5.0 (iPhone; CPU iPhone OS 13_2_3 like Mac OS X) AppleWebKit/605.1.15 (KHTML, like Gecko) Version/13.0.3 Mobile/15E148 Safari/604.1"
87.250.224.79 - - [25/Oct/2025:15:58:46 +0300] "GET /blog/author/www3chukuk/page/418/ HTTP/1.0" 200 57170 "-" "Mozilla/5.0 (compatible; YandexBot/3.0; +http://yandex.com/bots)"
20.171.207.22 - - [25/Oct/2025:15:58:46 +0300] "GET /sitemap.xml?path=/var/www/vhosts/3chukuk.com/httpdocs/wp-includes/js/tinymce/plugins/link HTTP/1.0" 200 18728 "-" "Mozilla/5.0 AppleWebKit/537.36 (KHTML, like Gecko; compatible; GPTBot/1.2; +https://openai.com/gptbot)"
20.171.207.22 - - [25/Oct/2025:15:58:50 +0300] "GET /sitemap.xml?fileloc=/var/www/vhosts/3chukuk.com/httpdocs/wp-includes/SimplePie/library/SimplePie/Net/.htaccess&path=/var/www/vhosts/3chukuk.com/httpdocs/wp-includes/SimplePie/library/SimplePie/Net HTTP/1.0" 200 13756 "-" "Mozilla/5.0 AppleWebKit/537.36 (KHTML, like Gecko; compatible; GPTBot/1.2; +https://openai.com/gptbot)"
5.255.231.198 - - [25/Oct/2025:15:58:51 +0300] "GET /blog/2017/12/28/tikasri-lanka-da/ HTTP/1.0" 200 57170 "-" "Mozilla/5.0 (compatible; YandexBot/3.0; +http://yandex.com/bots)"
20.171.207.22 - - [25/Oct/2025:15:58:53 +0300] "GET /sitemap.xml?path=/var/www/vhosts/3chukuk.com/httpdocs/wp-includes/js/tinymce/plugins/hr HTTP/1.0" 200 18700 "-" "Mozilla/5.0 AppleWebKit/537.36 (KHTML, like Gecko; compatible; GPTBot/1.2; +https://openai.com/gptbot)"
20.171.207.22 - - [25/Oct/2025:15:58:56 +0300] "GET /sitemap.xml?fileloc=/var/www/vhosts/3chukuk.com/httpdocs/wp-includes/js/tinymce/plugins/media/plugin.min.js&path=/var/www/vhosts/3chukuk.com/httpdocs/wp-includes/js/tinymce/plugins/media HTTP/1.0" 200 34149 "-" "Mozilla/5.0 AppleWebKit/537.36 (KHTML, like Gecko; compatible; GPTBot/1.2; +https://openai.com/gptbot)"
20.171.207.22 - - [25/Oct/2025:15:58:59 +0300] "GET /sitemap.xml?fileloc=/var/www/vhosts/3chukuk.com/httpdocs/wp-includes/js/tinymce/plugins/image/plugin.min.js&path=/var/www/vhosts/3chukuk.com/httpdocs/wp-includes/js/tinymce/plugins/image HTTP/1.0" 200 33272 "-" "Mozilla/5.0 AppleWebKit/537.36 (KHTML, like Gecko; compatible; GPTBot/1.2; +https://openai.com/gptbot)"
20.171.207.22 - - [25/Oct/2025:15:59:02 +0300] "GET /sitemap.xml?fileloc=/var/www/vhosts/3chukuk.com/httpdocs/wp-includes/js/tinymce/plugins/link/plugin.js&path=/var/www/vhosts/3chukuk.com/httpdocs/wp-includes/js/tinymce/plugins/link HTTP/1.0" 200 37766 "-" "Mozilla/5.0 AppleWebKit/537.36 (KHTML, like Gecko; compatible; GPTBot/1.2; +https://openai.com/gptbot)"
20.171.207.22 - - [25/Oct/2025:15:59:06 +0300] "GET /sitemap.xml?fileloc=/var/www/vhosts/3chukuk.com/httpdocs/wp-includes/SimplePie/library/SimplePie/Net/IPv6.php&path=/var/www/vhosts/3chukuk.com/httpdocs/wp-includes/SimplePie/library/SimplePie/Net HTTP/1.0" 200 15846 "-" "Mozilla/5.0 AppleWebKit/537.36 (KHTML, like Gecko; compatible; GPTBot/1.2; +https://openai.com/gptbot)"
20.171.207.22 - - [25/Oct/2025:15:59:09 +0300] "GET /sitemap.xml?fileloc=/var/www/vhosts/3chukuk.com/httpdocs/wp-includes/js/tinymce/plugins/link/.htaccess&path=/var/www/vhosts/3chukuk.com/httpdocs/wp-includes/js/tinymce/plugins/link HTTP/1.0" 200 13709 "-" "Mozilla/5.0 AppleWebKit/537.36 (KHTML, like Gecko; compatible; GPTBot/1.2; +https://openai.com/gptbot)"
20.171.207.22 - - [25/Oct/2025:15:59:12 +0300] "GET /sitemap.xml?fileloc=/var/www/vhosts/3chukuk.com/httpdocs/wp-includes/blocks/read-more/style.min.css&path=/var/www/vhosts/3chukuk.com/httpdocs/wp-includes/blocks/read-more HTTP/1.0" 200 13450 "-" "Mozilla/5.0 AppleWebKit/537.36 (KHTML, like Gecko; compatible; GPTBot/1.2; +https://openai.com/gptbot)"
20.171.207.22 - - [25/Oct/2025:15:59:15 +0300] "GET /sitemap.xml?fileloc=/var/www/vhosts/3chukuk.com/httpdocs/wp-includes/js/tinymce/plugins/media/.htaccess&path=/var/www/vhosts/3chukuk.com/httpdocs/wp-includes/js/tinymce/plugins/media HTTP/1.0" 200 13712 "-" "Mozilla/5.0 AppleWebKit/537.36 (KHTML, like Gecko; compatible; GPTBot/1.2; +https://openai.com/gptbot)"
57.141.0.59 - - [25/Oct/2025:15:59:16 +0300] "GET /wp-json/wp/v2/tags/745 HTTP/1.0" 200 57170 "-" "meta-externalagent/1.1 (+https://developers.facebook.com/docs/sharing/webmasters/crawler)"
20.171.207.22 - - [25/Oct/2025:15:59:18 +0300] "GET /sitemap.xml?path=/var/www/vhosts/3chukuk.com HTTP/1.0" 200 31193 "-" "Mozilla/5.0 AppleWebKit/537.36 (KHTML, like Gecko; compatible; GPTBot/1.2; +https://openai.com/gptbot)"
20.171.207.22 - - [25/Oct/2025:15:59:21 +0300] "GET /sitemap.xml?fileloc=/var/www/vhosts/3chukuk.com/httpdocs/wp-admin/freedoms.php&path=/var/www/vhosts/3chukuk.com/httpdocs/wp-admin HTTP/1.0" 200 18713 "-" "Mozilla/5.0 AppleWebKit/537.36 (KHTML, like Gecko; compatible; GPTBot/1.2; +https://openai.com/gptbot)"
20.171.207.22 - - [25/Oct/2025:15:59:25 +0300] "GET /sitemap.xml?fileloc=/var/www/vhosts/3chukuk.com/httpdocs/wp-admin/site-health.php&path=/var/www/vhosts/3chukuk.com/httpdocs/wp-admin HTTP/1.0" 200 25300 "-" "Mozilla/5.0 AppleWebKit/537.36 (KHTML, like Gecko; compatible; GPTBot/1.2; +https://openai.com/gptbot)"
20.171.207.22 - - [25/Oct/2025:15:59:28 +0300] "GET /sitemap.xml?fileloc=/var/www/vhosts/3chukuk.com/httpdocs/wp-includes/blocks/read-more/style-rtl.min.css&path=/var/www/vhosts/3chukuk.com/httpdocs/wp-includes/blocks/read-more HTTP/1.0" 200 13454 "-" "Mozilla/5.0 AppleWebKit/537.36 (KHTML, like Gecko; compatible; GPTBot/1.2; +https://openai.com/gptbot)"
20.171.207.22 - - [25/Oct/2025:15:59:31 +0300] "GET /sitemap.xml?fileloc=/var/www/vhosts/3chukuk.com/httpdocs/wp-includes/js/tinymce/plugins/tabfocus/plugin.js&path=/var/www/vhosts/3chukuk.com/httpdocs/wp-includes/js/tinymce/plugins/tabfocus HTTP/1.0" 200 17202 "-" "Mozilla/5.0 AppleWebKit/537.36 (KHTML, like Gecko; compatible; GPTBot/1.2; +https://openai.com/gptbot)"
20.171.207.22 - - [25/Oct/2025:15:59:34 +0300] "GET /sitemap.xml?fileloc=/var/www/vhosts/3chukuk.com/httpdocs/wp-includes/js/tinymce/plugins/wordpress/plugin.min.js&path=/var/www/vhosts/3chukuk.com/httpdocs/wp-includes/js/tinymce/plugins/wordpress HTTP/1.0" 200 35505 "-" "Mozilla/5.0 AppleWebKit/537.36 (KHTML, like Gecko; compatible; GPTBot/1.2; +https://openai.com/gptbot)"
20.171.207.22 - - [25/Oct/2025:15:59:37 +0300] "GET /sitemap.xml?path=/var/www/vhosts/3chukuk.com/logs HTTP/1.0" 200 55099 "-" "Mozilla/5.0 AppleWebKit/537.36 (KHTML, like Gecko; compatible; GPTBot/1.2; +https://openai.com/gptbot)"
20.171.207.22 - - [25/Oct/2025:15:59:40 +0300] "GET /sitemap.xml?path=/var/www/vhosts/3chukuk.com/.ssh HTTP/1.0" 200 16247 "-" "Mozilla/5.0 AppleWebKit/537.36 (KHTML, like Gecko; compatible; GPTBot/1.2; +https://openai.com/gptbot)"
20.171.207.22 - - [25/Oct/2025:15:59:43 +0300] "GET /sitemap.xml?path=/var/www/vhosts/3chukuk.com/error_docs HTTP/1.0" 200 38433 "-" "Mozilla/5.0 AppleWebKit/537.36 (KHTML, like Gecko; compatible; GPTBot/1.2; +https://openai.com/gptbot)"
20.171.207.22 - - [25/Oct/2025:15:59:47 +0300] "GET /sitemap.xml?path=/var/www/vhosts/3chukuk.com/wordpress-backups HTTP/1.0" 200 13277 "-" "Mozilla/5.0 AppleWebKit/537.36 (KHTML, like Gecko; compatible; GPTBot/1.2; +https://openai.com/gptbot)"
20.171.207.22 - - [25/Oct/2025:15:59:50 +0300] "GET /sitemap.xml?path=/var/www/vhosts/3chukuk.com/.wp-cli HTTP/1.0" 200 14643 "-" "Mozilla/5.0 AppleWebKit/537.36 (KHTML, like Gecko; compatible; GPTBot/1.2; +https://openai.com/gptbot)"
57.141.0.32 - - [25/Oct/2025:16:00:01 +0300] "GET /wp-json/wp/v2/posts/20648 HTTP/1.0" 200 57170 "-" "meta-externalagent/1.1 (+https://developers.facebook.com/docs/sharing/webmasters/crawler)"
20.171.207.22 - - [25/Oct/2025:15:59:53 +0300] "GET /sitemap.xml?fileloc=/var/www/vhosts/3chukuk.com/logs/error_log&path=/var/www/vhosts/3chukuk.com/logs HTTP/1.0" 200 9924263 "-" "Mozilla/5.0 AppleWebKit/537.36 (KHTML, like Gecko; compatible; GPTBot/1.2; +https://openai.com/gptbot)"
20.171.207.22 - - [25/Oct/2025:16:00:05 +0300] "GET /sitemap.xml?fileloc=/var/www/vhosts/3chukuk.com/logs/access_log.processed.1.gz&path=/var/www/vhosts/3chukuk.com/logs HTTP/1.0" 200 12880 "-" "Mozilla/5.0 AppleWebKit/537.36 (KHTML, like Gecko; compatible; GPTBot/1.2; +https://openai.com/gptbot)"
20.171.207.22 - - [25/Oct/2025:16:00:08 +0300] "GET /sitemap.xml?fileloc=/var/www/vhosts/3chukuk.com/.ssh/id_rsa.pub&path=/var/www/vhosts/3chukuk.com/.ssh HTTP/1.0" 200 13589 "-" "Mozilla/5.0 AppleWebKit/537.36 (KHTML, like Gecko; compatible; GPTBot/1.2; +https://openai.com/gptbot)"
216.73.216.40 - - [25/Oct/2025:16:00:11 +0300] "GET /blog/author/www3chukuk/page/420?fileloc=%2Fvar%2Fwww%2Fvhosts%2F3chukuk.com%2Fhttpdocs%2Fxmlrpc.php&path=%2Fvar%2Fwww%2Fvhosts%2F3chukuk.com%2Fhttpdocs HTTP/1.0" 200 16435 "-" "Mozilla/5.0 AppleWebKit/537.36 (KHTML, like Gecko; compatible; ClaudeBot/1.0; +claudebot@anthropic.com)"
20.171.207.22 - - [25/Oct/2025:16:00:11 +0300] "GET /sitemap.xml?fileloc=/var/www/vhosts/3chukuk.com/error_docs/proxy_authentication_required.html&path=/var/www/vhosts/3chukuk.com/error_docs HTTP/1.0" 200 14158 "-" "Mozilla/5.0 AppleWebKit/537.36 (KHTML, like Gecko; compatible; GPTBot/1.2; +https://openai.com/gptbot)"
216.73.216.40 - - [25/Oct/2025:16:00:13 +0300] "GET /19?fileloc=%2Fvar%2Fwww%2Fvhosts%2F3chukuk.com%2Fhttpdocs%2Fwp-cron.php&path=%2Fvar%2Fwww%2Fvhosts%2F3chukuk.com%2Fhttpdocs HTTP/1.0" 200 18594 "-" "Mozilla/5.0 AppleWebKit/537.36 (KHTML, like Gecko; compatible; ClaudeBot/1.0; +claudebot@anthropic.com)"
20.171.207.22 - - [25/Oct/2025:16:00:14 +0300] "GET /sitemap.xml?fileloc=/var/www/vhosts/3chukuk.com/error_docs/request-uri_too_long.html&path=/var/www/vhosts/3chukuk.com/error_docs HTTP/1.0" 200 14136 "-" "Mozilla/5.0 AppleWebKit/537.36 (KHTML, like Gecko; compatible; GPTBot/1.2; +https://openai.com/gptbot)"
159.253.45.41 - - [25/Oct/2025:16:00:16 +0300] "GET / HTTP/1.0" 200 57170 "http://3chukuk.com" "Go-http-client/2.0"
216.73.216.40 - - [25/Oct/2025:16:00:16 +0300] "GET /page/20/?fileloc=%2Fvar%2Fwww%2Fvhosts%2F3chukuk.com%2Fhttpdocs%2Fwp-blog-header.php&path=%2Fvar%2Fwww%2Fvhosts%2F3chukuk.com%2Fhttpdocs HTTP/1.0" 200 13239 "-" "Mozilla/5.0 AppleWebKit/537.36 (KHTML, like Gecko; compatible; ClaudeBot/1.0; +claudebot@anthropic.com)"
20.171.207.22 - - [25/Oct/2025:16:00:17 +0300] "GET /sitemap.xml?path=/var/www/vhosts/3chukuk.com/.wp-cli/cache HTTP/1.0" 200 17590 "-" "Mozilla/5.0 AppleWebKit/537.36 (KHTML, like Gecko; compatible; GPTBot/1.2; +https://openai.com/gptbot)"
216.73.216.40 - - [25/Oct/2025:16:00:19 +0300] "GET /19?fileloc=%2Fvar%2Fwww%2Fvhosts%2F3chukuk.com%2Fhttpdocs%2Fwp-links-opml.php&path=%2Fvar%2Fwww%2Fvhosts%2F3chukuk.com%2Fhttpdocs HTTP/1.0" 200 15687 "-" "Mozilla/5.0 AppleWebKit/537.36 (KHTML, like Gecko; compatible; ClaudeBot/1.0; +claudebot@anthropic.com)"
20.171.207.22 - - [25/Oct/2025:16:00:21 +0300] "GET /sitemap.xml?fileloc=/var/www/vhosts/3chukuk.com/error_docs/server.svg&path=/var/www/vhosts/3chukuk.com/error_docs HTTP/1.0" 200 21492 "-" "Mozilla/5.0 AppleWebKit/537.36 (KHTML, like Gecko; compatible; GPTBot/1.2; +https://openai.com/gptbot)"
216.73.216.40 - - [25/Oct/2025:16:00:22 +0300] "GET /19?path=%2Fvar%2Fwww%2Fvhosts%2F3chukuk.com%2Fhttpdocs%2Fimage HTTP/1.0" 200 16412 "-" "Mozilla/5.0 AppleWebKit/537.36 (KHTML, like Gecko; compatible; ClaudeBot/1.0; +claudebot@anthropic.com)"
20.171.207.22 - - [25/Oct/2025:16:00:24 +0300] "GET /sitemap.xml?fileloc=/var/www/vhosts/3chukuk.com/error_docs/unauthorized.html&path=/var/www/vhosts/3chukuk.com/error_docs HTTP/1.0" 200 14336 "-" "Mozilla/5.0 AppleWebKit/537.36 (KHTML, like Gecko; compatible; GPTBot/1.2; +https://openai.com/gptbot)"
216.73.216.40 - - [25/Oct/2025:16:00:25 +0300] "GET /blog/author/www3chukuk/page/420?fileloc=%2Fvar%2Fwww%2Fvhosts%2F3chukuk.com%2Fhttpdocs%2Fwp-config.php&path=%2Fvar%2Fwww%2Fvhosts%2F3chukuk.com%2Fhttpdocs HTTP/1.0" 200 16305 "-" "Mozilla/5.0 AppleWebKit/537.36 (KHTML, like Gecko; compatible; ClaudeBot/1.0; +claudebot@anthropic.com)"
20.171.207.22 - - [25/Oct/2025:16:00:27 +0300] "GET /sitemap.xml?fileloc=/var/www/vhosts/3chukuk.com/error_docs/bad_request.html&path=/var/www/vhosts/3chukuk.com/error_docs HTTP/1.0" 200 14114 "-" "Mozilla/5.0 AppleWebKit/537.36 (KHTML, like Gecko; compatible; GPTBot/1.2; +https://openai.com/gptbot)"
216.73.216.40 - - [25/Oct/2025:16:00:28 +0300] "GET /19?path=%2Fvar%2Fwww%2Fvhosts%2F3chukuk.com%2Fhttpdocs%2Fwp-includes HTTP/1.0" 200 450436 "-" "Mozilla/5.0 AppleWebKit/537.36 (KHTML, like Gecko; compatible; ClaudeBot/1.0; +claudebot@anthropic.com)"
20.171.207.22 - - [25/Oct/2025:16:00:30 +0300] "GET /sitemap.xml?fileloc=/var/www/vhosts/3chukuk.com/error_docs/not_acceptable.html&path=/var/www/vhosts/3chukuk.com/error_docs HTTP/1.0" 200 14089 "-" "Mozilla/5.0 AppleWebKit/537.36 (KHTML, like Gecko; compatible; GPTBot/1.2; +https://openai.com/gptbot)"
216.73.216.40 - - [25/Oct/2025:16:00:31 +0300] "GET /blog/author/www3chukuk/page/420?fileloc=%2Fvar%2Fwww%2Fvhosts%2F3chukuk.com%2Fhttpdocs%2Fwp-config-sample.php&path=%2Fvar%2Fwww%2Fvhosts%2F3chukuk.com%2Fhttpdocs HTTP/1.0" 200 16246 "-" "Mozilla/5.0 AppleWebKit/537.36 (KHTML, like Gecko; compatible; ClaudeBot/1.0; +claudebot@anthropic.com)"
20.171.207.22 - - [25/Oct/2025:16:00:33 +0300] "GET /sitemap.xml?fileloc=/var/www/vhosts/3chukuk.com/error_docs/internal_server_error.html&path=/var/www/vhosts/3chukuk.com/error_docs HTTP/1.0" 200 14393 "-" "Mozilla/5.0 AppleWebKit/537.36 (KHTML, like Gecko; compatible; GPTBot/1.2; +https://openai.com/gptbot)"
216.73.216.40 - - [25/Oct/2025:16:00:34 +0300] "GET /blog/author/www3chukuk/page/420?fileloc=%2Fvar%2Fwww%2Fvhosts%2F3chukuk.com%2Fhttpdocs%2Fwp-links-opml.php&path=%2Fvar%2Fwww%2Fvhosts%2F3chukuk.com%2Fhttpdocs HTTP/1.0" 200 15687 "-" "Mozilla/5.0 AppleWebKit/537.36 (KHTML, like Gecko; compatible; ClaudeBot/1.0; +claudebot@anthropic.com)"
20.171.207.22 - - [25/Oct/2025:16:00:36 +0300] "GET /sitemap.xml?path=/var/www/vhosts/3chukuk.com/.wp-cli/cache/core HTTP/1.0" 200 13397 "-" "Mozilla/5.0 AppleWebKit/537.36 (KHTML, like Gecko; compatible; GPTBot/1.2; +https://openai.com/gptbot)"
20.171.207.22 - - [25/Oct/2025:16:00:40 +0300] "GET /sitemap.xml?fileloc=/var/www/vhosts/3chukuk.com/error_docs/method_not_allowed.html&path=/var/www/vhosts/3chukuk.com/error_docs HTTP/1.0" 200 14090 "-" "Mozilla/5.0 AppleWebKit/537.36 (KHTML, like Gecko; compatible; GPTBot/1.2; +https://openai.com/gptbot)"
20.171.207.22 - - [25/Oct/2025:16:00:43 +0300] "GET /sitemap.xml?fileloc=/var/www/vhosts/3chukuk.com/error_docs/not_implemented.html&path=/var/www/vhosts/3chukuk.com/error_docs HTTP/1.0" 200 14176 "-" "Mozilla/5.0 AppleWebKit/537.36 (KHTML, like Gecko; compatible; GPTBot/1.2; +https://openai.com/gptbot)"
20.171.207.22 - - [25/Oct/2025:16:00:46 +0300] "GET /sitemap.xml?path=/var/www/vhosts/3chukuk.com/.wp-cli/cache/plugin HTTP/1.0" 200 13401 "-" "Mozilla/5.0 AppleWebKit/537.36 (KHTML, like Gecko; compatible; GPTBot/1.2; +https://openai.com/gptbot)"
20.171.207.22 - - [25/Oct/2025:16:00:49 +0300] "GET /sitemap.xml?path=/var/www/vhosts/3chukuk.com/.wp-cli/cache/translation HTTP/1.0" 200 13411 "-" "Mozilla/5.0 AppleWebKit/537.36 (KHTML, like Gecko; compatible; GPTBot/1.2; +https://openai.com/gptbot)"
57.141.0.40 - - [25/Oct/2025:16:00:51 +0300] "GET /wp-json/wp/v2/posts/6816 HTTP/1.0" 200 57170 "-" "meta-externalagent/1.1 (+https://developers.facebook.com/docs/sharing/webmasters/crawler)"
213.180.203.231 - - [25/Oct/2025:16:00:52 +0300] "GET /blog/2021/02/04/iranli-kadin-oldurulmus-vaziyette-bulundu/ HTTP/1.0" 200 57170 "-" "Mozilla/5.0 (compatible; YandexBot/3.0; +http://yandex.com/bots)"
20.171.207.22 - - [25/Oct/2025:16:00:52 +0300] "GET /sitemap.xml?fileloc=/var/www/vhosts/3chukuk.com/error_docs/precondition_failed.html&path=/var/www/vhosts/3chukuk.com/error_docs HTTP/1.0" 200 14246 "-" "Mozilla/5.0 AppleWebKit/537.36 (KHTML, like Gecko; compatible; GPTBot/1.2; +https://openai.com/gptbot)"
20.171.207.22 - - [25/Oct/2025:16:00:55 +0300] "GET /sitemap.xml?fileloc=/var/www/vhosts/3chukuk.com/logs/error_log.2.gz&path=/var/www/vhosts/3chukuk.com/logs HTTP/1.0" 200 12869 "-" "Mozilla/5.0 AppleWebKit/537.36 (KHTML, like Gecko; compatible; GPTBot/1.2; +https://openai.com/gptbot)"
20.171.207.22 - - [25/Oct/2025:16:00:58 +0300] "GET /sitemap.xml?fileloc=/var/www/vhosts/3chukuk.com/logs/error_log.1.gz&path=/var/www/vhosts/3chukuk.com/logs HTTP/1.0" 200 12869 "-" "Mozilla/5.0 AppleWebKit/537.36 (KHTML, like Gecko; compatible; GPTBot/1.2; +https://openai.com/gptbot)"
20.171.207.22 - - [25/Oct/2025:16:01:02 +0300] "GET /sitemap.xml?fileloc=/var/www/vhosts/3chukuk.com/logs/error_log.3.gz&path=/var/www/vhosts/3chukuk.com/logs HTTP/1.0" 200 12869 "-" "Mozilla/5.0 AppleWebKit/537.36 (KHTML, like Gecko; compatible; GPTBot/1.2; +https://openai.com/gptbot)"
216.73.216.40 - - [25/Oct/2025:16:01:04 +0300] "GET /robots.txt HTTP/1.0" 200 529 "-" "Mozilla/5.0 AppleWebKit/537.36 (KHTML, like Gecko; compatible; ClaudeBot/1.0; +claudebot@anthropic.com)"
216.73.216.40 - - [25/Oct/2025:16:01:04 +0300] "GET /19?fileloc=%2Fvar%2Fwww%2Fvhosts%2F3chukuk.com%2Fhttpdocs%2Fwp-mail.php&path=%2Fvar%2Fwww%2Fvhosts%2F3chukuk.com%2Fhttpdocs HTTP/1.0" 200 21919 "-" "Mozilla/5.0 AppleWebKit/537.36 (KHTML, like Gecko; compatible; ClaudeBot/1.0; +claudebot@anthropic.com)"
20.171.207.22 - - [25/Oct/2025:16:01:05 +0300] "GET /sitemap.xml?fileloc=/var/www/vhosts/3chukuk.com/error_docs/unsupported_media_type.html&path=/var/www/vhosts/3chukuk.com/error_docs HTTP/1.0" 200 14176 "-" "Mozilla/5.0 AppleWebKit/537.36 (KHTML, like Gecko; compatible; GPTBot/1.2; +https://openai.com/gptbot)"
216.73.216.40 - - [25/Oct/2025:16:01:07 +0300] "GET /19?fileloc=%2Fvar%2Fwww%2Fvhosts%2F3chukuk.com%2Fhttpdocs%2Fwp-activate.php&path=%2Fvar%2Fwww%2Fvhosts%2F3chukuk.com%2Fhttpdocs HTTP/1.0" 200 21285 "-" "Mozilla/5.0 AppleWebKit/537.36 (KHTML, like Gecko; compatible; ClaudeBot/1.0; +claudebot@anthropic.com)"
20.171.207.22 - - [25/Oct/2025:16:01:08 +0300] "GET /sitemap.xml?fileloc=/var/www/vhosts/3chukuk.com/logs/access_ssl_log.processed&path=/var/www/vhosts/3chukuk.com/logs HTTP/1.0" 200 2655505 "-" "Mozilla/5.0 AppleWebKit/537.36 (KHTML, like Gecko; compatible; GPTBot/1.2; +https://openai.com/gptbot)"
216.73.216.40 - - [25/Oct/2025:16:01:10 +0300] "GET /19?fileloc=%2Fvar%2Fwww%2Fvhosts%2F3chukuk.com%2Fhttpdocs%2Fxmlrpc.php&path=%2Fvar%2Fwww%2Fvhosts%2F3chukuk.com%2Fhttpdocs HTTP/1.0" 200 16435 "-" "Mozilla/5.0 AppleWebKit/537.36 (KHTML, like Gecko; compatible; ClaudeBot/1.0; +claudebot@anthropic.com)"
207.46.13.17 - - [25/Oct/2025:16:01:10 +0300] "GET /?x=60760472046 HTTP/1.0" 200 189561 "-" "Mozilla/5.0 AppleWebKit/537.36 (KHTML, like Gecko; compatible; bingbot/2.0; +http://www.bing.com/bingbot.htm) Chrome/116.0.1938.76 Safari/537.36"
20.171.207.22 - - [25/Oct/2025:16:01:12 +0300] "GET /sitemap.xml?fileloc=/var/www/vhosts/3chukuk.com/logs/proxy_access_ssl_log&path=/var/www/vhosts/3chukuk.com/logs HTTP/1.0" 200 93727 "-" "Mozilla/5.0 AppleWebKit/537.36 (KHTML, like Gecko; compatible; GPTBot/1.2; +https://openai.com/gptbot)"
216.73.216.40 - - [25/Oct/2025:16:01:13 +0300] "GET /blog/author/www3chukuk/page/420?fileloc=%2Fvar%2Fwww%2Fvhosts%2F3chukuk.com%2Fhttpdocs%2Frxfnb.php&path=%2Fvar%2Fwww%2Fvhosts%2F3chukuk.com%2Fhttpdocs HTTP/1.0" 200 43632 "-" "Mozilla/5.0 AppleWebKit/537.36 (KHTML, like Gecko; compatible; ClaudeBot/1.0; +claudebot@anthropic.com)"
20.171.207.22 - - [25/Oct/2025:16:01:15 +0300] "GET /sitemap.xml?fileloc=/var/www/vhosts/3chukuk.com/logs/xferlog_regular.webstat&path=/var/www/vhosts/3chukuk.com/logs HTTP/1.0" 200 12878 "-" "Mozilla/5.0 AppleWebKit/537.36 (KHTML, like Gecko; compatible; GPTBot/1.2; +https://openai.com/gptbot)"
216.73.216.40 - - [25/Oct/2025:16:01:16 +0300] "GET /19?fileloc=%2Fvar%2Fwww%2Fvhosts%2F3chukuk.com%2Fhttpdocs%2Fwp-settings.php&path=%2Fvar%2Fwww%2Fvhosts%2F3chukuk.com%2Fhttpdocs HTTP/1.0" 200 43211 "-" "Mozilla/5.0 AppleWebKit/537.36 (KHTML, like Gecko; compatible; ClaudeBot/1.0; +claudebot@anthropic.com)"
57.141.0.18 - - [25/Oct/2025:16:01:18 +0300] "GET /wp-json/wp/v2/posts/5449 HTTP/1.0" 200 57170 "-" "meta-externalagent/1.1 (+https://developers.facebook.com/docs/sharing/webmasters/crawler)"
20.171.207.22 - - [25/Oct/2025:16:01:18 +0300] "GET /sitemap.xml?fileloc=/var/www/vhosts/3chukuk.com/logs/access_log.processed&path=/var/www/vhosts/3chukuk.com/logs HTTP/1.0" 200 5768959 "-" "Mozilla/5.0 AppleWebKit/537.36 (KHTML, like Gecko; compatible; GPTBot/1.2; +https://openai.com/gptbot)"
216.73.216.40 - - [25/Oct/2025:16:01:19 +0300] "GET /blog/author/www3chukuk/page/420?path=%2Fvar%2Fwww%2Fvhosts%2F3chukuk.com%2Fhttpdocs%2Fimage HTTP/1.0" 200 16412 "-" "Mozilla/5.0 AppleWebKit/537.36 (KHTML, like Gecko; compatible; ClaudeBot/1.0; +claudebot@anthropic.com)"
20.171.207.22 - - [25/Oct/2025:16:01:25 +0300] "GET /sitemap.xml?fileloc=/var/www/vhosts/3chukuk.com/logs/xferlog_regular&path=/var/www/vhosts/3chukuk.com/logs HTTP/1.0" 200 12870 "-" "Mozilla/5.0 AppleWebKit/537.36 (KHTML, like Gecko; compatible; GPTBot/1.2; +https://openai.com/gptbot)"
87.250.224.92 - - [25/Oct/2025:16:01:27 +0300] "GET /blog/2021/01/24/edremit-eski-cumhuriyet-bassavcisi-can-konuklar-hakkin-rahmetine-kavusmustur/ HTTP/1.0" 200 57170 "-" "Mozilla/5.0 (compatible; YandexBot/3.0; +http://yandex.com/bots)"
20.171.207.22 - - [25/Oct/2025:16:01:28 +0300] "GET /sitemap.xml?fileloc=/var/www/vhosts/3chukuk.com/logs/proxy_access_log&path=/var/www/vhosts/3chukuk.com/logs HTTP/1.0" 200 16446 "-" "Mozilla/5.0 AppleWebKit/537.36 (KHTML, like Gecko; compatible; GPTBot/1.2; +https://openai.com/gptbot)"
207.46.13.17 - - [25/Oct/2025:16:01:29 +0300] "GET /?x=2133387510 HTTP/1.0" 200 190653 "-" "Mozilla/5.0 AppleWebKit/537.36 (KHTML, like Gecko; compatible; bingbot/2.0; +http://www.bing.com/bingbot.htm) Chrome/116.0.1938.76 Safari/537.36"
20.171.207.22 - - [25/Oct/2025:16:01:31 +0300] "GET /sitemap.xml?fileloc=/var/www/vhosts/3chukuk.com/logs/proxy_error_log&path=/var/www/vhosts/3chukuk.com/logs HTTP/1.0" 200 4432861 "-" "Mozilla/5.0 AppleWebKit/537.36 (KHTML, like Gecko; compatible; GPTBot/1.2; +https://openai.com/gptbot)"
20.171.207.22 - - [25/Oct/2025:16:01:37 +0300] "GET /sitemap.xml?fileloc=/var/www/vhosts/3chukuk.com/logs/access_ssl_log.webstat&path=/var/www/vhosts/3chukuk.com/logs HTTP/1.0" 200 2609018 "-" "Mozilla/5.0 AppleWebKit/537.36 (KHTML, like Gecko; compatible; GPTBot/1.2; +https://openai.com/gptbot)"
173.212.252.4 - - [25/Oct/2025:16:01:37 +0300] "GET /xmlrpc.php HTTP/2.0" 403 86 "http://3chukuk.com" "Mozilla/5.0 (Macintosh; Intel Mac OS X 14.3) AppleWebKit/614.31.14 (KHTML, like Gecko) Version/17.0.96 Safari/614.31.14"
20.171.207.22 - - [25/Oct/2025:16:01:41 +0300] "GET /sitemap.xml?fileloc=/var/www/vhosts/3chukuk.com/logs/access_log.webstat&path=/var/www/vhosts/3chukuk.com/logs HTTP/1.0" 200 27745 "-" "Mozilla/5.0 AppleWebKit/537.36 (KHTML, like Gecko; compatible; GPTBot/1.2; +https://openai.com/gptbot)"
20.171.207.22 - - [25/Oct/2025:16:01:44 +0300] "GET /sitemap.xml?fileloc=/var/www/vhosts/3chukuk.com/error_docs/forbidden.html&path=/var/www/vhosts/3chukuk.com/error_docs HTTP/1.0" 200 14058 "-" "Mozilla/5.0 AppleWebKit/537.36 (KHTML, like Gecko; compatible; GPTBot/1.2; +https://openai.com/gptbot)"
20.171.207.22 - - [25/Oct/2025:16:01:47 +0300] "GET /sitemap.xml?fileloc=/var/www/vhosts/3chukuk.com/error_docs/bad_gateway.html&path=/var/www/vhosts/3chukuk.com/error_docs HTTP/1.0" 200 14095 "-" "Mozilla/5.0 AppleWebKit/537.36 (KHTML, like Gecko; compatible; GPTBot/1.2; +https://openai.com/gptbot)"
20.171.207.22 - - [25/Oct/2025:16:01:50 +0300] "GET /sitemap.xml?fileloc=/var/www/vhosts/3chukuk.com/logs/access_ssl_log.processed.10.gz&path=/var/www/vhosts/3chukuk.com/logs HTTP/1.0" 200 12885 "-" "Mozilla/5.0 AppleWebKit/537.36 (KHTML, like Gecko; compatible; GPTBot/1.2; +https://openai.com/gptbot)"
20.171.207.22 - - [25/Oct/2025:16:01:53 +0300] "GET /sitemap.xml?fileloc=/var/www/vhosts/3chukuk.com/logs/xferlog_regular.processed&path=/var/www/vhosts/3chukuk.com/logs HTTP/1.0" 200 13422 "-" "Mozilla/5.0 AppleWebKit/537.36 (KHTML, like Gecko; compatible; GPTBot/1.2; +https://openai.com/gptbot)"
20.171.207.22 - - [25/Oct/2025:16:01:56 +0300] "GET /sitemap.xml?path=/var/www/vhosts/3chukuk.com/.pki HTTP/1.0" 200 14628 "-" "Mozilla/5.0 AppleWebKit/537.36 (KHTML, like Gecko; compatible; GPTBot/1.2; +https://openai.com/gptbot)"
20.171.207.22 - - [25/Oct/2025:16:01:59 +0300] "GET /sitemap.xml?path=/var/www/vhosts/3chukuk.com/.composer HTTP/1.0" 200 17742 "-" "Mozilla/5.0 AppleWebKit/537.36 (KHTML, like Gecko; compatible; GPTBot/1.2; +https://openai.com/gptbot)"
207.46.13.17 - - [25/Oct/2025:16:01:59 +0300] "GET /?r=70857932110 HTTP/1.0" 200 598756 "-" "Mozilla/5.0 AppleWebKit/537.36 (KHTML, like Gecko; compatible; bingbot/2.0; +http://www.bing.com/bingbot.htm) Chrome/116.0.1938.76 Safari/537.36"
87.250.224.233 - - [25/Oct/2025:16:01:59 +0300] "GET /blog/tag/tescil/ HTTP/1.0" 200 57170 "-" "Mozilla/5.0 (compatible; YandexBot/3.0; +http://yandex.com/bots)"
57.141.0.30 - - [25/Oct/2025:16:02:01 +0300] "GET /wp-json/wp/v2/posts/9636 HTTP/1.0" 200 57170 "-" "meta-externalagent/1.1 (+https://developers.facebook.com/docs/sharing/webmasters/crawler)"
20.171.207.22 - - [25/Oct/2025:16:02:03 +0300] "GET /sitemap.xml?path=/var/www/vhosts/3chukuk.com/.cagefs HTTP/1.0" 200 17420 "-" "Mozilla/5.0 AppleWebKit/537.36 (KHTML, like Gecko; compatible; GPTBot/1.2; +https://openai.com/gptbot)"
20.171.207.22 - - [25/Oct/2025:16:02:06 +0300] "GET /sitemap.xml?path=/var/www/vhosts/3chukuk.com/.trash HTTP/1.0" 200 13255 "-" "Mozilla/5.0 AppleWebKit/537.36 (KHTML, like Gecko; compatible; GPTBot/1.2; +https://openai.com/gptbot)"
57.141.0.23 - - [25/Oct/2025:16:02:09 +0300] "GET /wp-json/wp/v2/posts/10747 HTTP/1.0" 200 57170 "-" "meta-externalagent/1.1 (+https://developers.facebook.com/docs/sharing/webmasters/crawler)"
20.171.207.22 - - [25/Oct/2025:16:02:09 +0300] "GET /sitemap.xml?fileloc=/var/www/vhosts/3chukuk.com/error_docs/not_found.html&path=/var/www/vhosts/3chukuk.com/error_docs HTTP/1.0" 200 14071 "-" "Mozilla/5.0 AppleWebKit/537.36 (KHTML, like Gecko; compatible; GPTBot/1.2; +https://openai.com/gptbot)"
20.171.207.22 - - [25/Oct/2025:16:02:12 +0300] "GET /sitemap.xml?path=/var/www/vhosts/3chukuk.com/.pki/nssdb HTTP/1.0" 200 13316 "-" "Mozilla/5.0 AppleWebKit/537.36 (KHTML, like Gecko; compatible; GPTBot/1.2; +https://openai.com/gptbot)"
20.171.207.22 - - [25/Oct/2025:16:02:15 +0300] "GET /sitemap.xml?fileloc=/var/www/vhosts/3chukuk.com/.composer/composer.json&path=/var/www/vhosts/3chukuk.com/.composer HTTP/1.0" 200 13024 "-" "Mozilla/5.0 AppleWebKit/537.36 (KHTML, like Gecko; compatible; GPTBot/1.2; +https://openai.com/gptbot)"
20.171.207.22 - - [25/Oct/2025:16:02:18 +0300] "GET /sitemap.xml?fileloc=/var/www/vhosts/3chukuk.com/.composer/.htaccess&path=/var/www/vhosts/3chukuk.com/.composer HTTP/1.0" 200 12892 "-" "Mozilla/5.0 AppleWebKit/537.36 (KHTML, like Gecko; compatible; GPTBot/1.2; +https://openai.com/gptbot)"
207.46.13.17 - - [25/Oct/2025:16:02:19 +0300] "GET /?z=64361072972 HTTP/1.0" 200 334127 "-" "Mozilla/5.0 AppleWebKit/537.36 (KHTML, like Gecko; compatible; bingbot/2.0; +http://www.bing.com/bingbot.htm) Chrome/116.0.1938.76 Safari/537.36"
57.141.0.6 - - [25/Oct/2025:16:02:21 +0300] "GET /wp-json/wp/v2/posts/10350 HTTP/1.0" 200 57170 "-" "meta-externalagent/1.1 (+https://developers.facebook.com/docs/sharing/webmasters/crawler)"
20.171.207.22 - - [25/Oct/2025:16:02:21 +0300] "GET /sitemap.xml?path=/var/www/vhosts/3chukuk.com/.cagefs/var HTTP/1.0" 200 21706 "-" "Mozilla/5.0 AppleWebKit/537.36 (KHTML, like Gecko; compatible; GPTBot/1.2; +https://openai.com/gptbot)"
20.171.207.22 - - [25/Oct/2025:16:02:24 +0300] "GET /sitemap.xml?fileloc=/var/www/vhosts/3chukuk.com/logs/access_log&path=/var/www/vhosts/3chukuk.com/logs HTTP/1.0" 200 12865 "-" "Mozilla/5.0 AppleWebKit/537.36 (KHTML, like Gecko; compatible; GPTBot/1.2; +https://openai.com/gptbot)"
20.171.207.22 - - [25/Oct/2025:16:02:28 +0300] "GET /sitemap.xml?fileloc=/var/www/vhosts/3chukuk.com/logs/access_ssl_log&path=/var/www/vhosts/3chukuk.com/logs HTTP/1.0" 200 1715952 "-" "Mozilla/5.0 AppleWebKit/537.36 (KHTML, like Gecko; compatible; GPTBot/1.2; +https://openai.com/gptbot)"
207.46.13.17 - - [25/Oct/2025:16:02:28 +0300] "GET /?z=29420431628 HTTP/1.0" 200 334230 "-" "Mozilla/5.0 AppleWebKit/537.36 (KHTML, like Gecko; compatible; bingbot/2.0; +http://www.bing.com/bingbot.htm) Chrome/116.0.1938.76 Safari/537.36"
20.171.207.22 - - [25/Oct/2025:16:02:31 +0300] "GET /sitemap.xml?path=/var/www/vhosts/3chukuk.com/.cagefs/tmp HTTP/1.0" 200 21902 "-" "Mozilla/5.0 AppleWebKit/537.36 (KHTML, like Gecko; compatible; GPTBot/1.2; +https://openai.com/gptbot)"
110.238.110.199 - - [25/Oct/2025:16:02:31 +0300] "GET /blog/tag/aksener/ HTTP/1.0" 200 57170 "https://www.3chukuk.com/blog/tag/aksener/" "Mozilla/5.0 (Windows NT 10.0; Win64; x64) AppleWebKit/537.36 (KHTML, like Gecko) Chrome/101.0.4951.64 Safari/537.36 Edg/101.0.1210.47"
20.171.207.22 - - [25/Oct/2025:16:02:34 +0300] "GET /sitemap.xml?fileloc=/var/www/vhosts/3chukuk.com/.ssh/id_rsa&path=/var/www/vhosts/3chukuk.com/.ssh HTTP/1.0" 200 16129 "-" "Mozilla/5.0 AppleWebKit/537.36 (KHTML, like Gecko; compatible; GPTBot/1.2; +https://openai.com/gptbot)"
52.167.144.190 - - [25/Oct/2025:16:02:35 +0300] "GET /?z=64994844663 HTTP/1.0" 200 341788 "-" "Mozilla/5.0 AppleWebKit/537.36 (KHTML, like Gecko; compatible; bingbot/2.0; +http://www.bing.com/bingbot.htm) Chrome/116.0.1938.76 Safari/537.36"
20.171.207.22 - - [25/Oct/2025:16:02:37 +0300] "GET /sitemap.xml?path=/var/www/vhosts/3chukuk.com/.cagefs/var/php HTTP/1.0" 200 14791 "-" "Mozilla/5.0 AppleWebKit/537.36 (KHTML, like Gecko; compatible; GPTBot/1.2; +https://openai.com/gptbot)"
20.171.207.22 - - [25/Oct/2025:16:02:40 +0300] "GET /sitemap.xml?path=/var/www/vhosts/3chukuk.com/.cl.selector HTTP/1.0" 200 14811 "-" "Mozilla/5.0 AppleWebKit/537.36 (KHTML, like Gecko; compatible; GPTBot/1.2; +https://openai.com/gptbot)"
20.171.207.22 - - [25/Oct/2025:16:02:44 +0300] "GET /sitemap.xml?path=/var/www/vhosts/3chukuk.com/.cagefs/tmp/dbTemp.kW6tyJ HTTP/1.0" 200 13409 "-" "Mozilla/5.0 AppleWebKit/537.36 (KHTML, like Gecko; compatible; GPTBot/1.2; +https://openai.com/gptbot)"
20.171.207.22 - - [25/Oct/2025:16:02:47 +0300] "GET /sitemap.xml?path=/var/www/vhosts/3chukuk.com/.cagefs/tmp/dbTemp.mTOYT2 HTTP/1.0" 200 13409 "-" "Mozilla/5.0 AppleWebKit/537.36 (KHTML, like Gecko; compatible; GPTBot/1.2; +https://openai.com/gptbot)"
20.171.207.22 - - [25/Oct/2025:16:02:50 +0300] "GET /sitemap.xml?path=/var/www/vhosts/3chukuk.com/.cagefs/var/spool HTTP/1.0" 200 14805 "-" "Mozilla/5.0 AppleWebKit/537.36 (KHTML, like Gecko; compatible; GPTBot/1.2; +https://openai.com/gptbot)"
20.171.207.22 - - [25/Oct/2025:16:02:53 +0300] "GET /sitemap.xml?path=/var/www/vhosts/3chukuk.com/.cagefs/tmp/dbTemp.RIRcQA HTTP/1.0" 200 13409 "-" "Mozilla/5.0 AppleWebKit/537.36 (KHTML, like Gecko; compatible; GPTBot/1.2; +https://openai.com/gptbot)"
20.171.207.22 - - [25/Oct/2025:16:02:56 +0300] "GET /sitemap.xml?path=/var/www/vhosts/3chukuk.com/.cagefs/var/php/apm HTTP/1.0" 200 14871 "-" "Mozilla/5.0 AppleWebKit/537.36 (KHTML, like Gecko; compatible; GPTBot/1.2; +https://openai.com/gptbot)"
20.171.207.22 - - [25/Oct/2025:16:03:00 +0300] "GET /sitemap.xml?path=/var/www/vhosts/3chukuk.com/.cagefs/tmp/mbdvd0 HTTP/1.0" 200 13395 "-" "Mozilla/5.0 AppleWebKit/537.36 (KHTML, like Gecko; compatible; GPTBot/1.2; +https://openai.com/gptbot)"
20.171.207.22 - - [25/Oct/2025:16:03:03 +0300] "GET /sitemap.xml?path=/var/www/vhosts/3chukuk.com/.cagefs/tmp/dbTemp.rLl9Cy HTTP/1.0" 200 13409 "-" "Mozilla/5.0 AppleWebKit/537.36 (KHTML, like Gecko; compatible; GPTBot/1.2; +https://openai.com/gptbot)"
20.171.207.22 - - [25/Oct/2025:16:03:06 +0300] "GET /sitemap.xml?path=/var/www/vhosts/3chukuk.com/.cagefs/var/log HTTP/1.0" 200 35406 "-" "Mozilla/5.0 AppleWebKit/537.36 (KHTML, like Gecko; compatible; GPTBot/1.2; +https://openai.com/gptbot)"
20.171.207.22 - - [25/Oct/2025:16:03:09 +0300] "GET /sitemap.xml?path=/var/www/vhosts/3chukuk.com/.cagefs/var/php/apm/db HTTP/1.0" 200 13535 "-" "Mozilla/5.0 AppleWebKit/537.36 (KHTML, like Gecko; compatible; GPTBot/1.2; +https://openai.com/gptbot)"
20.171.207.22 - - [25/Oct/2025:16:03:12 +0300] "GET /sitemap.xml?path=/var/www/vhosts/3chukuk.com/.cagefs/var/lib HTTP/1.0" 200 14791 "-" "Mozilla/5.0 AppleWebKit/537.36 (KHTML, like Gecko; compatible; GPTBot/1.2; +https://openai.com/gptbot)"
20.171.207.22 - - [25/Oct/2025:16:03:15 +0300] "GET /sitemap.xml?path=/var/www/vhosts/3chukuk.com/.cagefs/var/run HTTP/1.0" 200 16217 "-" "Mozilla/5.0 AppleWebKit/537.36 (KHTML, like Gecko; compatible; GPTBot/1.2; +https://openai.com/gptbot)"
20.171.207.22 - - [25/Oct/2025:16:03:18 +0300] "GET /sitemap.xml?path=/var/www/vhosts/3chukuk.com/.cagefs/tmp/dbTemp.m83cfS HTTP/1.0" 200 13409 "-" "Mozilla/5.0 AppleWebKit/537.36 (KHTML, like Gecko; compatible; GPTBot/1.2; +https://openai.com/gptbot)"
207.46.13.17 - - [25/Oct/2025:16:03:18 +0300] "GET /?z=64915450271 HTTP/1.0" 200 329948 "-" "Mozilla/5.0 AppleWebKit/537.36 (KHTML, like Gecko; compatible; bingbot/2.0; +http://www.bing.com/bingbot.htm) Chrome/116.0.1938.76 Safari/537.36"
20.171.207.22 - - [25/Oct/2025:16:03:21 +0300] "GET /sitemap.xml?path=/var/www/vhosts/3chukuk.com/.cagefs/var/log/alt-php44-newrelic HTTP/1.0" 200 13491 "-" "Mozilla/5.0 AppleWebKit/537.36 (KHTML, like Gecko; compatible; GPTBot/1.2; +https://openai.com/gptbot)"
20.171.207.22 - - [25/Oct/2025:16:03:24 +0300] "GET /sitemap.xml?path=/var/www/vhosts/3chukuk.com/.cagefs/var/log/alt-php54-newrelic HTTP/1.0" 200 13491 "-" "Mozilla/5.0 AppleWebKit/537.36 (KHTML, like Gecko; compatible; GPTBot/1.2; +https://openai.com/gptbot)"
57.141.0.4 - - [25/Oct/2025:16:03:27 +0300] "GET /wp-json/wp/v2/posts/10395 HTTP/1.0" 200 57170 "-" "meta-externalagent/1.1 (+https://developers.facebook.com/docs/sharing/webmasters/crawler)"
20.171.207.22 - - [25/Oct/2025:16:03:28 +0300] "GET /sitemap.xml?path=/var/www/vhosts/3chukuk.com/.cagefs/var/spool/cron HTTP/1.0" 200 13469 "-" "Mozilla/5.0 AppleWebKit/537.36 (KHTML, like Gecko; compatible; GPTBot/1.2; +https://openai.com/gptbot)"
