20.171.207.22 - - [25/Oct/2025:15:37:02 +0300] "GET /sitemap.xml?fileloc=/var/www/vhosts/3chukuk.com/httpdocs/wp-admin/network/setup.php&path=/var/www/vhosts/3chukuk.com/httpdocs/wp-admin/network HTTP/1.0" 200 13300 "-" "Mozilla/5.0 AppleWebKit/537.36 (KHTML, like Gecko; compatible; GPTBot/1.2; +https://openai.com/gptbot)"
95.108.213.154 - - [25/Oct/2025:15:37:03 +0300] "GET /blog/tag/pactasundservanda/ HTTP/1.0" 200 57170 "-" "Mozilla/5.0 (compatible; YandexBot/3.0; +http://yandex.com/bots)"
20.171.207.22 - - [25/Oct/2025:15:37:05 +0300] "GET /sitemap.xml?fileloc=/var/www/vhosts/3chukuk.com/httpdocs/wp-admin/network/about.php&path=/var/www/vhosts/3chukuk.com/httpdocs/wp-admin/network HTTP/1.0" 200 13298 "-" "Mozilla/5.0 AppleWebKit/537.36 (KHTML, like Gecko; compatible; GPTBot/1.2; +https://openai.com/gptbot)"
20.171.207.22 - - [25/Oct/2025:15:37:08 +0300] "GET /sitemap.xml?fileloc=/var/www/vhosts/3chukuk.com/httpdocs/wp-admin/network/plugins.php&path=/var/www/vhosts/3chukuk.com/httpdocs/wp-admin/network HTTP/1.0" 200 13304 "-" "Mozilla/5.0 AppleWebKit/537.36 (KHTML, like Gecko; compatible; GPTBot/1.2; +https://openai.com/gptbot)"
57.141.0.38 - - [25/Oct/2025:15:37:11 +0300] "GET /wp-json/wp/v2/posts/11105 HTTP/1.0" 200 57170 "-" "meta-externalagent/1.1 (+https://developers.facebook.com/docs/sharing/webmasters/crawler)"
20.171.207.22 - - [25/Oct/2025:15:37:11 +0300] "GET /sitemap.xml?fileloc=/var/www/vhosts/3chukuk.com/httpdocs/wp-admin/network/sites.php&path=/var/www/vhosts/3chukuk.com/httpdocs/wp-admin/network HTTP/1.0" 200 28013 "-" "Mozilla/5.0 AppleWebKit/537.36 (KHTML, like Gecko; compatible; GPTBot/1.2; +https://openai.com/gptbot)"
20.171.207.22 - - [25/Oct/2025:15:37:14 +0300] "GET /sitemap.xml?fileloc=/var/www/vhosts/3chukuk.com/httpdocs/wp-admin/network/settings.php&path=/var/www/vhosts/3chukuk.com/httpdocs/wp-admin/network HTTP/1.0" 200 40022 "-" "Mozilla/5.0 AppleWebKit/537.36 (KHTML, like Gecko; compatible; GPTBot/1.2; +https://openai.com/gptbot)"
20.171.207.22 - - [25/Oct/2025:15:37:17 +0300] "GET /sitemap.xml?fileloc=/var/www/vhosts/3chukuk.com/httpdocs/wp-admin/network/admin.php&path=/var/www/vhosts/3chukuk.com/httpdocs/wp-admin/network HTTP/1.0" 200 14089 "-" "Mozilla/5.0 AppleWebKit/537.36 (KHTML, like Gecko; compatible; GPTBot/1.2; +https://openai.com/gptbot)"
20.171.207.22 - - [25/Oct/2025:15:37:21 +0300] "GET /sitemap.xml?fileloc=/var/www/vhosts/3chukuk.com/httpdocs/wp-admin/network/theme-install.php&path=/var/www/vhosts/3chukuk.com/httpdocs/wp-admin/network HTTP/1.0" 200 13443 "-" "Mozilla/5.0 AppleWebKit/537.36 (KHTML, like Gecko; compatible; GPTBot/1.2; +https://openai.com/gptbot)"
20.171.207.22 - - [25/Oct/2025:15:37:24 +0300] "GET /sitemap.xml?fileloc=/var/www/vhosts/3chukuk.com/httpdocs/wp-admin/network/plugin-editor.php&path=/var/www/vhosts/3chukuk.com/httpdocs/wp-admin/network HTTP/1.0" 200 13327 "-" "Mozilla/5.0 AppleWebKit/537.36 (KHTML, like Gecko; compatible; GPTBot/1.2; +https://openai.com/gptbot)"
20.171.207.22 - - [25/Oct/2025:15:37:27 +0300] "GET /sitemap.xml?fileloc=/var/www/vhosts/3chukuk.com/httpdocs/wp-admin/network/themes.php&path=/var/www/vhosts/3chukuk.com/httpdocs/wp-admin/network HTTP/1.0" 200 30397 "-" "Mozilla/5.0 AppleWebKit/537.36 (KHTML, like Gecko; compatible; GPTBot/1.2; +https://openai.com/gptbot)"
20.171.207.22 - - [25/Oct/2025:15:37:30 +0300] "GET /sitemap.xml?fileloc=/var/www/vhosts/3chukuk.com/httpdocs/wp-admin/network/site-settings.php&path=/var/www/vhosts/3chukuk.com/httpdocs/wp-admin/network HTTP/1.0" 200 19605 "-" "Mozilla/5.0 AppleWebKit/537.36 (KHTML, like Gecko; compatible; GPTBot/1.2; +https://openai.com/gptbot)"
20.171.207.22 - - [25/Oct/2025:15:37:33 +0300] "GET /sitemap.xml?fileloc=/var/www/vhosts/3chukuk.com/httpdocs/wp-admin/network/site-themes.php&path=/var/www/vhosts/3chukuk.com/httpdocs/wp-admin/network HTTP/1.0" 200 20402 "-" "Mozilla/5.0 AppleWebKit/537.36 (KHTML, like Gecko; compatible; GPTBot/1.2; +https://openai.com/gptbot)"
20.171.207.22 - - [25/Oct/2025:15:37:36 +0300] "GET /sitemap.xml?fileloc=/var/www/vhosts/3chukuk.com/httpdocs/wp-admin/network/theme-editor.php&path=/var/www/vhosts/3chukuk.com/httpdocs/wp-admin/network HTTP/1.0" 200 13324 "-" "Mozilla/5.0 AppleWebKit/537.36 (KHTML, like Gecko; compatible; GPTBot/1.2; +https://openai.com/gptbot)"
20.171.207.22 - - [25/Oct/2025:15:37:40 +0300] "GET /sitemap.xml?fileloc=/var/www/vhosts/3chukuk.com/httpdocs/wp-admin/network/.htaccess&path=/var/www/vhosts/3chukuk.com/httpdocs/wp-admin/network HTTP/1.0" 200 13409 "-" "Mozilla/5.0 AppleWebKit/537.36 (KHTML, like Gecko; compatible; GPTBot/1.2; +https://openai.com/gptbot)"
20.171.207.22 - - [25/Oct/2025:15:37:43 +0300] "GET /sitemap.xml?fileloc=/var/www/vhosts/3chukuk.com/httpdocs/wp-includes/blocks/post-author-name/style-rtl.css&path=/var/www/vhosts/3chukuk.com/httpdocs/wp-includes/blocks/post-author-name HTTP/1.0" 200 13244 "-" "Mozilla/5.0 AppleWebKit/537.36 (KHTML, like Gecko; compatible; GPTBot/1.2; +https://openai.com/gptbot)"
20.171.207.22 - - [25/Oct/2025:15:37:46 +0300] "GET /sitemap.xml?fileloc=/var/www/vhosts/3chukuk.com/httpdocs/wp-includes/blocks/post-author-name/style.min.css&path=/var/www/vhosts/3chukuk.com/httpdocs/wp-includes/blocks/post-author-name HTTP/1.0" 200 13239 "-" "Mozilla/5.0 AppleWebKit/537.36 (KHTML, like Gecko; compatible; GPTBot/1.2; +https://openai.com/gptbot)"
20.171.207.22 - - [25/Oct/2025:15:37:49 +0300] "GET /sitemap.xml?fileloc=/var/www/vhosts/3chukuk.com/httpdocs/wp-admin/network/profile.php&path=/var/www/vhosts/3chukuk.com/httpdocs/wp-admin/network HTTP/1.0" 200 13309 "-" "Mozilla/5.0 AppleWebKit/537.36 (KHTML, like Gecko; compatible; GPTBot/1.2; +https://openai.com/gptbot)"
20.171.207.22 - - [25/Oct/2025:15:37:52 +0300] "GET /sitemap.xml?fileloc=/var/www/vhosts/3chukuk.com/httpdocs/wp-includes/blocks/buttons/style-rtl.css&path=/var/www/vhosts/3chukuk.com/httpdocs/wp-includes/blocks/buttons HTTP/1.0" 200 14675 "-" "Mozilla/5.0 AppleWebKit/537.36 (KHTML, like Gecko; compatible; GPTBot/1.2; +https://openai.com/gptbot)"
20.171.207.22 - - [25/Oct/2025:15:37:55 +0300] "GET /sitemap.xml?fileloc=/var/www/vhosts/3chukuk.com/httpdocs/wp-includes/blocks/spacer/editor.css&path=/var/www/vhosts/3chukuk.com/httpdocs/wp-includes/blocks/spacer HTTP/1.0" 200 14198 "-" "Mozilla/5.0 AppleWebKit/537.36 (KHTML, like Gecko; compatible; GPTBot/1.2; +https://openai.com/gptbot)"
157.55.39.194 - - [25/Oct/2025:15:37:56 +0300] "GET /?z=39232785548 HTTP/1.0" 200 326198 "-" "Mozilla/5.0 AppleWebKit/537.36 (KHTML, like Gecko; compatible; bingbot/2.0; +http://www.bing.com/bingbot.htm) Chrome/116.0.1938.76 Safari/537.36"
20.171.207.22 - - [25/Oct/2025:15:37:59 +0300] "GET /sitemap.xml?fileloc=/var/www/vhosts/3chukuk.com/httpdocs/wp-includes/blocks/avatar/editor-rtl.css&path=/var/www/vhosts/3chukuk.com/httpdocs/wp-includes/blocks/avatar HTTP/1.0" 200 13292 "-" "Mozilla/5.0 AppleWebKit/537.36 (KHTML, like Gecko; compatible; GPTBot/1.2; +https://openai.com/gptbot)"
20.171.207.22 - - [25/Oct/2025:15:38:02 +0300] "GET /sitemap.xml?fileloc=/var/www/vhosts/3chukuk.com/httpdocs/wp-includes/blocks/buttons/style.min.css&path=/var/www/vhosts/3chukuk.com/httpdocs/wp-includes/blocks/buttons HTTP/1.0" 200 14564 "-" "Mozilla/5.0 AppleWebKit/537.36 (KHTML, like Gecko; compatible; GPTBot/1.2; +https://openai.com/gptbot)"
52.167.144.174 - - [25/Oct/2025:15:38:03 +0300] "GET /?c=24576531510 HTTP/1.0" 200 285073 "-" "Mozilla/5.0 AppleWebKit/537.36 (KHTML, like Gecko; compatible; bingbot/2.0; +http://www.bing.com/bingbot.htm) Chrome/116.0.1938.76 Safari/537.36"
20.171.207.22 - - [25/Oct/2025:15:38:05 +0300] "GET /sitemap.xml?fileloc=/var/www/vhosts/3chukuk.com/httpdocs/wp-includes/blocks/avatar/style.css&path=/var/www/vhosts/3chukuk.com/httpdocs/wp-includes/blocks/avatar HTTP/1.0" 200 13311 "-" "Mozilla/5.0 AppleWebKit/537.36 (KHTML, like Gecko; compatible; GPTBot/1.2; +https://openai.com/gptbot)"
20.171.207.22 - - [25/Oct/2025:15:38:08 +0300] "GET /sitemap.xml?fileloc=/var/www/vhosts/3chukuk.com/httpdocs/wp-includes/blocks/columns/editor.css&path=/var/www/vhosts/3chukuk.com/httpdocs/wp-includes/blocks/columns HTTP/1.0" 200 13320 "-" "Mozilla/5.0 AppleWebKit/537.36 (KHTML, like Gecko; compatible; GPTBot/1.2; +https://openai.com/gptbot)"
20.171.207.22 - - [25/Oct/2025:15:38:11 +0300] "GET /sitemap.xml?fileloc=/var/www/vhosts/3chukuk.com/httpdocs/wp-includes/blocks/columns/style.css&path=/var/www/vhosts/3chukuk.com/httpdocs/wp-includes/blocks/columns HTTP/1.0" 200 14917 "-" "Mozilla/5.0 AppleWebKit/537.36 (KHTML, like Gecko; compatible; GPTBot/1.2; +https://openai.com/gptbot)"
20.171.207.22 - - [25/Oct/2025:15:38:14 +0300] "GET /sitemap.xml?fileloc=/var/www/vhosts/3chukuk.com/httpdocs/wp-includes/blocks/button/style.css&path=/var/www/vhosts/3chukuk.com/httpdocs/wp-includes/blocks/button HTTP/1.0" 200 15600 "-" "Mozilla/5.0 AppleWebKit/537.36 (KHTML, like Gecko; compatible; GPTBot/1.2; +https://openai.com/gptbot)"
20.171.207.22 - - [25/Oct/2025:15:38:18 +0300] "GET /sitemap.xml?fileloc=/var/www/vhosts/3chukuk.com/httpdocs/wp-includes/blocks/spacer/editor.min.css&path=/var/www/vhosts/3chukuk.com/httpdocs/wp-includes/blocks/spacer HTTP/1.0" 200 14129 "-" "Mozilla/5.0 AppleWebKit/537.36 (KHTML, like Gecko; compatible; GPTBot/1.2; +https://openai.com/gptbot)"
20.171.207.22 - - [25/Oct/2025:15:38:21 +0300] "GET /sitemap.xml?fileloc=/var/www/vhosts/3chukuk.com/httpdocs/wp-includes/blocks/buttons/editor.css&path=/var/www/vhosts/3chukuk.com/httpdocs/wp-includes/blocks/buttons HTTP/1.0" 200 14251 "-" "Mozilla/5.0 AppleWebKit/537.36 (KHTML, like Gecko; compatible; GPTBot/1.2; +https://openai.com/gptbot)"
20.171.207.22 - - [25/Oct/2025:15:38:24 +0300] "GET /sitemap.xml?fileloc=/var/www/vhosts/3chukuk.com/httpdocs/wp-includes/blocks/avatar/editor.css&path=/var/www/vhosts/3chukuk.com/httpdocs/wp-includes/blocks/avatar HTTP/1.0" 200 13288 "-" "Mozilla/5.0 AppleWebKit/537.36 (KHTML, like Gecko; compatible; GPTBot/1.2; +https://openai.com/gptbot)"
20.171.207.22 - - [25/Oct/2025:15:38:27 +0300] "GET /sitemap.xml?fileloc=/var/www/vhosts/3chukuk.com/httpdocs/wp-includes/blocks/spacer/editor-rtl.css&path=/var/www/vhosts/3chukuk.com/httpdocs/wp-includes/blocks/spacer HTTP/1.0" 200 14202 "-" "Mozilla/5.0 AppleWebKit/537.36 (KHTML, like Gecko; compatible; GPTBot/1.2; +https://openai.com/gptbot)"
20.171.207.22 - - [25/Oct/2025:15:38:31 +0300] "GET /sitemap.xml?fileloc=/var/www/vhosts/3chukuk.com/httpdocs/wp-includes/blocks/columns/style-rtl.css&path=/var/www/vhosts/3chukuk.com/httpdocs/wp-includes/blocks/columns HTTP/1.0" 200 14921 "-" "Mozilla/5.0 AppleWebKit/537.36 (KHTML, like Gecko; compatible; GPTBot/1.2; +https://openai.com/gptbot)"
20.171.207.22 - - [25/Oct/2025:15:38:34 +0300] "GET /sitemap.xml?fileloc=/var/www/vhosts/3chukuk.com/httpdocs/wp-includes/blocks/buttons/style.css&path=/var/www/vhosts/3chukuk.com/httpdocs/wp-includes/blocks/buttons HTTP/1.0" 200 14671 "-" "Mozilla/5.0 AppleWebKit/537.36 (KHTML, like Gecko; compatible; GPTBot/1.2; +https://openai.com/gptbot)"
20.171.207.22 - - [25/Oct/2025:15:38:37 +0300] "GET /sitemap.xml?fileloc=/var/www/vhosts/3chukuk.com/httpdocs/wp-includes/blocks/button/editor.min.css&path=/var/www/vhosts/3chukuk.com/httpdocs/wp-includes/blocks/button HTTP/1.0" 200 13639 "-" "Mozilla/5.0 AppleWebKit/537.36 (KHTML, like Gecko; compatible; GPTBot/1.2; +https://openai.com/gptbot)"
20.171.207.22 - - [25/Oct/2025:15:38:40 +0300] "GET /sitemap.xml?fileloc=/var/www/vhosts/3chukuk.com/httpdocs/wp-includes/blocks/spacer/style.css&path=/var/www/vhosts/3chukuk.com/httpdocs/wp-includes/blocks/spacer HTTP/1.0" 200 13189 "-" "Mozilla/5.0 AppleWebKit/537.36 (KHTML, like Gecko; compatible; GPTBot/1.2; +https://openai.com/gptbot)"
20.171.207.22 - - [25/Oct/2025:15:38:43 +0300] "GET /sitemap.xml?fileloc=/var/www/vhosts/3chukuk.com/httpdocs/wp-includes/blocks/button/editor-rtl.css&path=/var/www/vhosts/3chukuk.com/httpdocs/wp-includes/blocks/button HTTP/1.0" 200 13675 "-" "Mozilla/5.0 AppleWebKit/537.36 (KHTML, like Gecko; compatible; GPTBot/1.2; +https://openai.com/gptbot)"
20.171.207.22 - - [25/Oct/2025:15:38:46 +0300] "GET /sitemap.xml?fileloc=/var/www/vhosts/3chukuk.com/httpdocs/wp-includes/blocks/avatar/editor.min.css&path=/var/www/vhosts/3chukuk.com/httpdocs/wp-includes/blocks/avatar HTTP/1.0" 200 13280 "-" "Mozilla/5.0 AppleWebKit/537.36 (KHTML, like Gecko; compatible; GPTBot/1.2; +https://openai.com/gptbot)"
20.171.207.22 - - [25/Oct/2025:15:38:49 +0300] "GET /sitemap.xml?fileloc=/var/www/vhosts/3chukuk.com/httpdocs/wp-includes/blocks/button/editor.css&path=/var/www/vhosts/3chukuk.com/httpdocs/wp-includes/blocks/button HTTP/1.0" 200 13671 "-" "Mozilla/5.0 AppleWebKit/537.36 (KHTML, like Gecko; compatible; GPTBot/1.2; +https://openai.com/gptbot)"
20.171.207.22 - - [25/Oct/2025:15:38:52 +0300] "GET /sitemap.xml?fileloc=/var/www/vhosts/3chukuk.com/httpdocs/wp-includes/sodium_compat/src/Compat.php&path=/var/www/vhosts/3chukuk.com/httpdocs/wp-includes/sodium_compat/src HTTP/1.0" 200 178638 "-" "Mozilla/5.0 AppleWebKit/537.36 (KHTML, like Gecko; compatible; GPTBot/1.2; +https://openai.com/gptbot)"
107.180.224.51 - - [25/Oct/2025:15:38:52 +0300] "GET /xmlrpc.php HTTP/2.0" 403 129 "http://3chukuk.com" "Mozilla/5.0 (Macintosh; Intel Mac OS X 13_3) AppleWebKit/537.36 (KHTML, like Gecko) Chrome/126.0.0.0 Safari/537.36"
20.171.207.22 - - [25/Oct/2025:15:38:55 +0300] "GET /sitemap.xml?fileloc=/var/www/vhosts/3chukuk.com/httpdocs/wp-includes/sodium_compat/src/Crypto.php&path=/var/www/vhosts/3chukuk.com/httpdocs/wp-includes/sodium_compat/src HTTP/1.0" 200 68972 "-" "Mozilla/5.0 AppleWebKit/537.36 (KHTML, like Gecko; compatible; GPTBot/1.2; +https://openai.com/gptbot)"
57.141.0.4 - - [25/Oct/2025:15:38:58 +0300] "GET /wp-json/oembed/1.0/embed?url=https%3A%2F%2Fwww.3chukuk.com%2Fblog%2F2018%2F05%2F13%2Firakda-elektronik-ortamda-yapilan-secime-katilim-orani-d-5%2F HTTP/1.0" 200 57170 "-" "meta-externalagent/1.1 (+https://developers.facebook.com/docs/sharing/webmasters/crawler)"
20.171.207.22 - - [25/Oct/2025:15:38:58 +0300] "GET /sitemap.xml?fileloc=/var/www/vhosts/3chukuk.com/httpdocs/wp-includes/blocks/columns/style.min.css&path=/var/www/vhosts/3chukuk.com/httpdocs/wp-includes/blocks/columns HTTP/1.0" 200 14744 "-" "Mozilla/5.0 AppleWebKit/537.36 (KHTML, like Gecko; compatible; GPTBot/1.2; +https://openai.com/gptbot)"
20.171.207.22 - - [25/Oct/2025:15:39:02 +0300] "GET /sitemap.xml?fileloc=/var/www/vhosts/3chukuk.com/httpdocs/wp-includes/sodium_compat/namespaced/Core/XChaCha20.php&path=/var/www/vhosts/3chukuk.com/httpdocs/wp-includes/sodium_compat/namespaced/Core HTTP/1.0" 200 13414 "-" "Mozilla/5.0 AppleWebKit/537.36 (KHTML, like Gecko; compatible; GPTBot/1.2; +https://openai.com/gptbot)"
34.174.208.19 - - [25/Oct/2025:15:39:03 +0300] "GET /wp-content/uploads/2018/12/FB_IMG_1544043660948-150x150.jpg HTTP/1.0" 200 436 "-" "Mozilla/5.0 (X11; Linux x86_64) AppleWebKit/537.36 (KHTML, like Gecko) Chrome/121.0.0.0 Safari/537.36"
34.174.208.19 - - [25/Oct/2025:15:39:03 +0300] "GET /wp-content/uploads/2018/12/FB_IMG_1544043660948-150x150.jpg HTTP/1.1" 200 5271 "-" "Mozilla/5.0 (X11; Linux x86_64) AppleWebKit/537.36 (KHTML, like Gecko) Chrome/121.0.0.0 Safari/537.36"
57.141.0.3 - - [25/Oct/2025:15:39:04 +0300] "GET /wp-json/oembed/1.0/embed?url=https%3A%2F%2Fwww.3chukuk.com%2Fblog%2F2018%2F12%2F08%2Fimar-barisina-9-milyona-yakin-muracaat%2F HTTP/1.0" 200 57170 "-" "meta-externalagent/1.1 (+https://developers.facebook.com/docs/sharing/webmasters/crawler)"
20.171.207.22 - - [25/Oct/2025:15:39:05 +0300] "GET /sitemap.xml?fileloc=/var/www/vhosts/3chukuk.com/httpdocs/wp-includes/js/comment-reply.min.js&path=/var/www/vhosts/3chukuk.com/httpdocs/wp-includes/js HTTP/1.0" 200 16849 "-" "Mozilla/5.0 AppleWebKit/537.36 (KHTML, like Gecko; compatible; GPTBot/1.2; +https://openai.com/gptbot)"
20.171.207.22 - - [25/Oct/2025:15:39:08 +0300] "GET /sitemap.xml?fileloc=/var/www/vhosts/3chukuk.com/httpdocs/wp-includes/sodium_compat/namespaced/Core/HChaCha20.php&path=/var/www/vhosts/3chukuk.com/httpdocs/wp-includes/sodium_compat/namespaced/Core HTTP/1.0" 200 13414 "-" "Mozilla/5.0 AppleWebKit/537.36 (KHTML, like Gecko; compatible; GPTBot/1.2; +https://openai.com/gptbot)"
20.171.207.22 - - [25/Oct/2025:15:39:11 +0300] "GET /sitemap.xml?fileloc=/var/www/vhosts/3chukuk.com/httpdocs/wp-admin/js/gallery.min.js&path=/var/www/vhosts/3chukuk.com/httpdocs/wp-admin/js HTTP/1.0" 200 18007 "-" "Mozilla/5.0 AppleWebKit/537.36 (KHTML, like Gecko; compatible; GPTBot/1.2; +https://openai.com/gptbot)"
20.171.207.22 - - [25/Oct/2025:15:39:14 +0300] "GET /sitemap.xml?fileloc=/var/www/vhosts/3chukuk.com/httpdocs/wp-includes/blocks/comment-content.php&path=/var/www/vhosts/3chukuk.com/httpdocs/wp-includes/blocks HTTP/1.0" 200 15600 "-" "Mozilla/5.0 AppleWebKit/537.36 (KHTML, like Gecko; compatible; GPTBot/1.2; +https://openai.com/gptbot)"
20.171.207.22 - - [25/Oct/2025:15:39:17 +0300] "GET /sitemap.xml?fileloc=/var/www/vhosts/3chukuk.com/httpdocs/wp-includes/blocks/post-navigation-link/post-navigation-link/.htaccess&path=/var/www/vhosts/3chukuk.com/httpdocs/wp-includes/blocks/post-navigation-link/post-navigation-link HTTP/1.0" 200 13717 "-" "Mozilla/5.0 AppleWebKit/537.36 (KHTML, like Gecko; compatible; GPTBot/1.2; +https://openai.com/gptbot)"
20.171.207.22 - - [25/Oct/2025:15:39:20 +0300] "GET /sitemap.xml?fileloc=/var/www/vhosts/3chukuk.com/httpdocs/wp-admin/js/privacy-tools.js&path=/var/www/vhosts/3chukuk.com/httpdocs/wp-admin/js HTTP/1.0" 200 24148 "-" "Mozilla/5.0 AppleWebKit/537.36 (KHTML, like Gecko; compatible; GPTBot/1.2; +https://openai.com/gptbot)"
20.171.207.22 - - [25/Oct/2025:15:39:24 +0300] "GET /sitemap.xml?fileloc=/var/www/vhosts/3chukuk.com/httpdocs/wp-includes/fonts/dashicons.woff2&path=/var/www/vhosts/3chukuk.com/httpdocs/wp-includes/fonts HTTP/1.0" 200 13062 "-" "Mozilla/5.0 AppleWebKit/537.36 (KHTML, like Gecko; compatible; GPTBot/1.2; +https://openai.com/gptbot)"
20.171.207.22 - - [25/Oct/2025:15:39:27 +0300] "GET /sitemap.xml?fileloc=/var/www/vhosts/3chukuk.com/httpdocs/wp-includes/js/jquery/jquery.serialize-object.js&path=/var/www/vhosts/3chukuk.com/httpdocs/wp-includes/js/jquery HTTP/1.0" 200 13936 "-" "Mozilla/5.0 AppleWebKit/537.36 (KHTML, like Gecko; compatible; GPTBot/1.2; +https://openai.com/gptbot)"
20.171.207.22 - - [25/Oct/2025:15:39:30 +0300] "GET /sitemap.xml?path=/var/www/vhosts/3chukuk.com/httpdocs/wp-includes/SimplePie/library/SimplePie/Decode HTTP/1.0" 200 17003 "-" "Mozilla/5.0 AppleWebKit/537.36 (KHTML, like Gecko; compatible; GPTBot/1.2; +https://openai.com/gptbot)"
20.171.207.22 - - [25/Oct/2025:15:39:33 +0300] "GET /sitemap.xml?fileloc=/var/www/vhosts/3chukuk.com/httpdocs/wp-includes/SimplePie/src/Decode/.htaccess&path=/var/www/vhosts/3chukuk.com/httpdocs/wp-includes/SimplePie/src/Decode HTTP/1.0" 200 13622 "-" "Mozilla/5.0 AppleWebKit/537.36 (KHTML, like Gecko; compatible; GPTBot/1.2; +https://openai.com/gptbot)"
20.171.207.22 - - [25/Oct/2025:15:39:36 +0300] "GET /sitemap.xml?fileloc=/var/www/vhosts/3chukuk.com/httpdocs/wp-includes/SimplePie/src/Cache/.htaccess&path=/var/www/vhosts/3chukuk.com/httpdocs/wp-includes/SimplePie/src/Cache HTTP/1.0" 200 13619 "-" "Mozilla/5.0 AppleWebKit/537.36 (KHTML, like Gecko; compatible; GPTBot/1.2; +https://openai.com/gptbot)"
20.171.207.22 - - [25/Oct/2025:15:39:39 +0300] "GET /sitemap.xml?fileloc=/var/www/vhosts/3chukuk.com/httpdocs/wp-includes/style-engine/class-wp-style-engine-css-rules-store.php&path=/var/www/vhosts/3chukuk.com/httpdocs/wp-includes/style-engine HTTP/1.0" 200 16930 "-" "Mozilla/5.0 AppleWebKit/537.36 (KHTML, like Gecko; compatible; GPTBot/1.2; +https://openai.com/gptbot)"
57.141.0.43 - - [25/Oct/2025:15:39:42 +0300] "GET /wp-json/wp/v2/posts/5041 HTTP/1.0" 200 57170 "-" "meta-externalagent/1.1 (+https://developers.facebook.com/docs/sharing/webmasters/crawler)"
20.171.207.22 - - [25/Oct/2025:15:39:42 +0300] "GET /sitemap.xml?fileloc=/var/www/vhosts/3chukuk.com/httpdocs/wp-includes/blocks/media-text/style.min.css&path=/var/www/vhosts/3chukuk.com/httpdocs/wp-includes/blocks/media-text HTTP/1.0" 200 15883 "-" "Mozilla/5.0 AppleWebKit/537.36 (KHTML, like Gecko; compatible; GPTBot/1.2; +https://openai.com/gptbot)"
20.171.207.22 - - [25/Oct/2025:15:39:45 +0300] "GET /sitemap.xml?fileloc=/var/www/vhosts/3chukuk.com/httpdocs/wp-includes/blocks/group/editor-rtl.min.css&path=/var/www/vhosts/3chukuk.com/httpdocs/wp-includes/blocks/group HTTP/1.0" 200 14474 "-" "Mozilla/5.0 AppleWebKit/537.36 (KHTML, like Gecko; compatible; GPTBot/1.2; +https://openai.com/gptbot)"
20.171.207.22 - - [25/Oct/2025:15:39:48 +0300] "GET /sitemap.xml?fileloc=/var/www/vhosts/3chukuk.com/httpdocs/wp-includes/blocks/image/editor-rtl.min.css&path=/var/www/vhosts/3chukuk.com/httpdocs/wp-includes/blocks/image HTTP/1.0" 200 15707 "-" "Mozilla/5.0 AppleWebKit/537.36 (KHTML, like Gecko; compatible; GPTBot/1.2; +https://openai.com/gptbot)"
66.249.73.64 - - [25/Oct/2025:15:39:49 +0300] "GET /blog/2018/06/13/sehid-binbasi-yavuz-sonat-guzel-in-katili-aranalar-listesini-gri-kategorisindeki-terorist-olduruldu/ HTTP/1.0" 200 57170 "-" "Mozilla/5.0 (Linux; Android 6.0.1; Nexus 5X Build/MMB29P) AppleWebKit/537.36 (KHTML, like Gecko) Chrome/141.0.7390.122 Mobile Safari/537.36 (compatible; GoogleOther)"
57.141.0.64 - - [25/Oct/2025:15:39:50 +0300] "GET /wp-json/wp/v2/posts/4440 HTTP/1.0" 200 57170 "-" "meta-externalagent/1.1 (+https://developers.facebook.com/docs/sharing/webmasters/crawler)"
20.171.207.22 - - [25/Oct/2025:15:39:52 +0300] "GET /sitemap.xml?fileloc=/var/www/vhosts/3chukuk.com/httpdocs/wp-includes/blocks/site-tagline/style-rtl.min.css&path=/var/www/vhosts/3chukuk.com/httpdocs/wp-includes/blocks/site-tagline HTTP/1.0" 200 13227 "-" "Mozilla/5.0 AppleWebKit/537.36 (KHTML, like Gecko; compatible; GPTBot/1.2; +https://openai.com/gptbot)"
20.171.207.22 - - [25/Oct/2025:15:39:55 +0300] "GET /sitemap.xml?fileloc=/var/www/vhosts/3chukuk.com/httpdocs/wp-includes/style-engine/class-wp-style-engine-css-rule.php&path=/var/www/vhosts/3chukuk.com/httpdocs/wp-includes/style-engine HTTP/1.0" 200 19362 "-" "Mozilla/5.0 AppleWebKit/537.36 (KHTML, like Gecko; compatible; GPTBot/1.2; +https://openai.com/gptbot)"
20.171.207.22 - - [25/Oct/2025:15:39:58 +0300] "GET /sitemap.xml?fileloc=/var/www/vhosts/3chukuk.com/httpdocs/wp-includes/SimplePie/src/Parse/.htaccess&path=/var/www/vhosts/3chukuk.com/httpdocs/wp-includes/SimplePie/src/Parse HTTP/1.0" 200 13619 "-" "Mozilla/5.0 AppleWebKit/537.36 (KHTML, like Gecko; compatible; GPTBot/1.2; +https://openai.com/gptbot)"
20.171.207.22 - - [25/Oct/2025:15:40:01 +0300] "GET /sitemap.xml?fileloc=/var/www/vhosts/3chukuk.com/httpdocs/wp-includes/blocks/media-text/style-rtl.min.css&path=/var/www/vhosts/3chukuk.com/httpdocs/wp-includes/blocks/media-text HTTP/1.0" 200 15657 "-" "Mozilla/5.0 AppleWebKit/537.36 (KHTML, like Gecko; compatible; GPTBot/1.2; +https://openai.com/gptbot)"
20.171.207.22 - - [25/Oct/2025:15:40:05 +0300] "GET /sitemap.xml?fileloc=/var/www/vhosts/3chukuk.com/httpdocs/wp-includes/blocks/site-tagline/editor-rtl.min.css&path=/var/www/vhosts/3chukuk.com/httpdocs/wp-includes/blocks/site-tagline HTTP/1.0" 200 13251 "-" "Mozilla/5.0 AppleWebKit/537.36 (KHTML, like Gecko; compatible; GPTBot/1.2; +https://openai.com/gptbot)"
20.171.207.22 - - [25/Oct/2025:15:40:08 +0300] "GET /sitemap.xml?fileloc=/var/www/vhosts/3chukuk.com/httpdocs/wp-includes/blocks/media-text/editor-rtl.min.css&path=/var/www/vhosts/3chukuk.com/httpdocs/wp-includes/blocks/media-text HTTP/1.0" 200 14036 "-" "Mozilla/5.0 AppleWebKit/537.36 (KHTML, like Gecko; compatible; GPTBot/1.2; +https://openai.com/gptbot)"
20.171.207.22 - - [25/Oct/2025:15:40:11 +0300] "GET /sitemap.xml?fileloc=/var/www/vhosts/3chukuk.com/httpdocs/wp-includes/blocks/comments-pagination-previous/block.json&path=/var/www/vhosts/3chukuk.com/httpdocs/wp-includes/blocks/comments-pagination-previous HTTP/1.0" 200 14676 "-" "Mozilla/5.0 AppleWebKit/537.36 (KHTML, like Gecko; compatible; GPTBot/1.2; +https://openai.com/gptbot)"
20.171.207.22 - - [25/Oct/2025:15:40:14 +0300] "GET /sitemap.xml?fileloc=/var/www/vhosts/3chukuk.com/httpdocs/wp-includes/blocks/query/editor-rtl.min.css&path=/var/www/vhosts/3chukuk.com/httpdocs/wp-includes/blocks/query HTTP/1.0" 200 14408 "-" "Mozilla/5.0 AppleWebKit/537.36 (KHTML, like Gecko; compatible; GPTBot/1.2; +https://openai.com/gptbot)"
20.171.207.22 - - [25/Oct/2025:15:40:17 +0300] "GET /sitemap.xml?fileloc=/var/www/vhosts/3chukuk.com/httpdocs/wp-includes/blocks/comments/editor-rtl.css&path=/var/www/vhosts/3chukuk.com/httpdocs/wp-includes/blocks/comments HTTP/1.0" 200 17919 "-" "Mozilla/5.0 AppleWebKit/537.36 (KHTML, like Gecko; compatible; GPTBot/1.2; +https://openai.com/gptbot)"
57.141.0.7 - - [25/Oct/2025:15:40:19 +0300] "GET /wp-json/wp/v2/posts/9936 HTTP/1.0" 200 57170 "-" "meta-externalagent/1.1 (+https://developers.facebook.com/docs/sharing/webmasters/crawler)"
20.171.207.22 - - [25/Oct/2025:15:40:21 +0300] "GET /sitemap.xml?fileloc=/var/www/vhosts/3chukuk.com/httpdocs/wp-includes/blocks/comments/editor.min.css&path=/var/www/vhosts/3chukuk.com/httpdocs/wp-includes/blocks/comments HTTP/1.0" 200 17664 "-" "Mozilla/5.0 AppleWebKit/537.36 (KHTML, like Gecko; compatible; GPTBot/1.2; +https://openai.com/gptbot)"
40.69.146.170 - - [25/Oct/2025:15:40:22 +0300] "GET /.__info.php HTTP/1.0" 403 1229 "-" "-"
40.69.146.170 - - [25/Oct/2025:15:40:23 +0300] "GET /0.php HTTP/1.0" 403 1229 "-" "-"
57.141.0.62 - - [25/Oct/2025:15:40:23 +0300] "GET /blog/2019/05/18/basbug-lar-olmez/feed/ HTTP/1.0" 200 57170 "-" "meta-externalagent/1.1 (+https://developers.facebook.com/docs/sharing/webmasters/crawler)"
40.69.146.170 - - [25/Oct/2025:15:40:23 +0300] "GET /07.php HTTP/1.0" 403 1229 "-" "-"
40.77.167.241 - - [25/Oct/2025:15:40:23 +0300] "GET /?x=63674397693 HTTP/1.0" 200 189620 "-" "Mozilla/5.0 AppleWebKit/537.36 (KHTML, like Gecko; compatible; bingbot/2.0; +http://www.bing.com/bingbot.htm) Chrome/116.0.1938.76 Safari/537.36"
40.69.146.170 - - [25/Oct/2025:15:40:23 +0300] "GET /1.php HTTP/1.0" 403 1229 "-" "-"
40.69.146.170 - - [25/Oct/2025:15:40:24 +0300] "GET /123.php HTTP/1.0" 403 1229 "-" "-"
40.69.146.170 - - [25/Oct/2025:15:40:24 +0300] "GET /aa.php HTTP/1.0" 403 1229 "-" "-"
40.69.146.170 - - [25/Oct/2025:15:40:24 +0300] "GET /abcd.php HTTP/1.0" 403 1229 "-" "-"
20.171.207.22 - - [25/Oct/2025:15:40:24 +0300] "GET /sitemap.xml?fileloc=/var/www/vhosts/3chukuk.com/httpdocs/wp-includes/blocks/latest-comments/style-rtl.min.css&path=/var/www/vhosts/3chukuk.com/httpdocs/wp-includes/blocks/latest-comments HTTP/1.0" 200 14496 "-" "Mozilla/5.0 AppleWebKit/537.36 (KHTML, like Gecko; compatible; GPTBot/1.2; +https://openai.com/gptbot)"
40.69.146.170 - - [25/Oct/2025:15:40:25 +0300] "GET /about.php HTTP/1.0" 403 1229 "-" "-"
40.69.146.170 - - [25/Oct/2025:15:40:25 +0300] "GET /admin.php HTTP/1.0" 403 1229 "-" "-"
40.69.146.170 - - [25/Oct/2025:15:40:25 +0300] "GET /adminfuns.php HTTP/1.0" 403 1229 "-" "-"
40.69.146.170 - - [25/Oct/2025:15:40:26 +0300] "GET /akc.php HTTP/1.0" 403 1229 "-" "-"
40.69.146.170 - - [25/Oct/2025:15:40:26 +0300] "GET /akcc.php HTTP/1.0" 403 1229 "-" "-"
40.69.146.170 - - [25/Oct/2025:15:40:26 +0300] "GET /asasx.php HTTP/1.0" 403 1229 "-" "-"
40.69.146.170 - - [25/Oct/2025:15:40:27 +0300] "GET /asd.php HTTP/1.0" 403 1229 "-" "-"
40.69.146.170 - - [25/Oct/2025:15:40:27 +0300] "GET /atomlib.php HTTP/1.0" 403 1229 "-" "-"
40.69.146.170 - - [25/Oct/2025:15:40:27 +0300] "GET /autoload_classmap.php HTTP/1.0" 403 1229 "-" "-"
40.69.146.170 - - [25/Oct/2025:15:40:28 +0300] "GET /axx.php HTTP/1.0" 403 1229 "-" "-"
20.171.207.22 - - [25/Oct/2025:15:40:27 +0300] "GET /sitemap.xml?fileloc=/var/www/vhosts/3chukuk.com/httpdocs/wp-includes/blocks/comments/editor-rtl.min.css&path=/var/www/vhosts/3chukuk.com/httpdocs/wp-includes/blocks/comments HTTP/1.0" 200 17670 "-" "Mozilla/5.0 AppleWebKit/537.36 (KHTML, like Gecko; compatible; GPTBot/1.2; +https://openai.com/gptbot)"
40.69.146.170 - - [25/Oct/2025:15:40:28 +0300] "GET /berax.php HTTP/1.0" 403 1229 "-" "-"
40.69.146.170 - - [25/Oct/2025:15:40:28 +0300] "GET /build.php HTTP/1.0" 403 1229 "-" "-"
40.69.146.170 - - [25/Oct/2025:15:40:29 +0300] "GET /buy.php HTTP/1.0" 403 1229 "-" "-"
40.69.146.170 - - [25/Oct/2025:15:40:29 +0300] "GET /checkbox.php HTTP/1.0" 403 1229 "-" "-"
40.69.146.170 - - [25/Oct/2025:15:40:29 +0300] "GET /chosen.php HTTP/1.0" 403 1229 "-" "-"
40.69.146.170 - - [25/Oct/2025:15:40:29 +0300] "GET /classwithtostring.php HTTP/1.0" 403 1229 "-" "-"
40.69.146.170 - - [25/Oct/2025:15:40:30 +0300] "GET /cong.php HTTP/1.0" 403 1229 "-" "-"
40.69.146.170 - - [25/Oct/2025:15:40:30 +0300] "GET /css.php HTTP/1.0" 403 1229 "-" "-"
40.69.146.170 - - [25/Oct/2025:15:40:30 +0300] "GET /default.php HTTP/1.0" 403 1229 "-" "-"
40.69.146.170 - - [25/Oct/2025:15:40:31 +0300] "GET /dropdown.php HTTP/1.0" 403 1229 "-" "-"
20.171.207.22 - - [25/Oct/2025:15:40:30 +0300] "GET /sitemap.xml?fileloc=/var/www/vhosts/3chukuk.com/httpdocs/wp-includes/blocks/comments/style-rtl.css&path=/var/www/vhosts/3chukuk.com/httpdocs/wp-includes/blocks/comments HTTP/1.0" 200 15784 "-" "Mozilla/5.0 AppleWebKit/537.36 (KHTML, like Gecko; compatible; GPTBot/1.2; +https://openai.com/gptbot)"
40.69.146.170 - - [25/Oct/2025:15:40:31 +0300] "GET /ds.php HTTP/1.0" 403 1229 "-" "-"
40.69.146.170 - - [25/Oct/2025:15:40:31 +0300] "GET /edit.php HTTP/1.0" 403 1229 "-" "-"
40.69.146.170 - - [25/Oct/2025:15:40:32 +0300] "GET /f5.php HTTP/1.0" 403 1229 "-" "-"
40.69.146.170 - - [25/Oct/2025:15:40:32 +0300] "GET /file.php HTTP/1.0" 403 1229 "-" "-"
40.69.146.170 - - [25/Oct/2025:15:40:32 +0300] "GET /file2.php HTTP/1.0" 403 1229 "-" "-"
40.69.146.170 - - [25/Oct/2025:15:40:33 +0300] "GET /file4.php HTTP/1.0" 403 1229 "-" "-"
40.69.146.170 - - [25/Oct/2025:15:40:33 +0300] "GET /filemanager.php HTTP/1.0" 403 1229 "-" "-"
40.69.146.170 - - [25/Oct/2025:15:40:33 +0300] "GET /flower.php HTTP/1.0" 403 1229 "-" "-"
40.69.146.170 - - [25/Oct/2025:15:40:34 +0300] "GET /form.php HTTP/1.0" 403 1229 "-" "-"
40.69.146.170 - - [25/Oct/2025:15:40:34 +0300] "GET /gecko.php HTTP/1.0" 403 1229 "-" "-"
40.69.146.170 - - [25/Oct/2025:15:40:34 +0300] "GET /god4m.php HTTP/1.0" 403 1229 "-" "-"
20.171.207.22 - - [25/Oct/2025:15:40:34 +0300] "GET /sitemap.xml?fileloc=/var/www/vhosts/3chukuk.com/httpdocs/wp-includes/blocks/comments/style.min.css&path=/var/www/vhosts/3chukuk.com/httpdocs/wp-includes/blocks/comments HTTP/1.0" 200 15543 "-" "Mozilla/5.0 AppleWebKit/537.36 (KHTML, like Gecko; compatible; GPTBot/1.2; +https://openai.com/gptbot)"
40.69.146.170 - - [25/Oct/2025:15:40:35 +0300] "GET /info.php HTTP/1.0" 403 1229 "-" "-"
40.69.146.170 - - [25/Oct/2025:15:40:35 +0300] "GET /kyami.php HTTP/1.0" 403 1229 "-" "-"
40.69.146.170 - - [25/Oct/2025:15:40:35 +0300] "GET /makeasmtp.php HTTP/1.0" 403 1229 "-" "-"
40.69.146.170 - - [25/Oct/2025:15:40:36 +0300] "GET /manager.php HTTP/1.0" 403 1229 "-" "-"
40.69.146.170 - - [25/Oct/2025:15:40:36 +0300] "GET /mari.php HTTP/1.0" 403 1229 "-" "-"
40.69.146.170 - - [25/Oct/2025:15:40:36 +0300] "GET /moon.php HTTP/1.0" 403 1229 "-" "-"
40.69.146.170 - - [25/Oct/2025:15:40:36 +0300] "GET /nc4.php HTTP/1.0" 403 1229 "-" "-"
40.69.146.170 - - [25/Oct/2025:15:40:37 +0300] "GET /new.php HTTP/1.0" 403 1229 "-" "-"
40.69.146.170 - - [25/Oct/2025:15:40:37 +0300] "GET /sallu.php HTTP/1.0" 403 1229 "-" "-"
20.171.207.22 - - [25/Oct/2025:15:40:37 +0300] "GET /sitemap.xml?fileloc=/var/www/vhosts/3chukuk.com/httpdocs/wp-admin/js/edit-comments.min.js&path=/var/www/vhosts/3chukuk.com/httpdocs/wp-admin/js HTTP/1.0" 200 33555 "-" "Mozilla/5.0 AppleWebKit/537.36 (KHTML, like Gecko; compatible; GPTBot/1.2; +https://openai.com/gptbot)"
40.69.146.170 - - [25/Oct/2025:15:40:37 +0300] "GET /test1.php HTTP/1.0" 403 1229 "-" "-"
40.69.146.170 - - [25/Oct/2025:15:40:38 +0300] "GET /wp-activate.php HTTP/1.0" 403 1229 "-" "-"
40.69.146.170 - - [25/Oct/2025:15:40:38 +0300] "GET /wp-admin.php HTTP/1.0" 403 1229 "-" "-"
40.69.146.170 - - [25/Oct/2025:15:40:38 +0300] "GET /wp-good.php HTTP/1.0" 403 1229 "-" "-"
40.69.146.170 - - [25/Oct/2025:15:40:39 +0300] "GET /wp-trackback.php HTTP/1.0" 403 1229 "-" "-"
40.69.146.170 - - [25/Oct/2025:15:40:39 +0300] "GET /xmrlpc.php HTTP/1.0" 403 1229 "-" "-"
40.69.146.170 - - [25/Oct/2025:15:40:39 +0300] "GET /xmlrpc.php HTTP/1.1" 403 146 "-" "-"
20.171.207.22 - - [25/Oct/2025:15:40:40 +0300] "GET /sitemap.xml?fileloc=/var/www/vhosts/3chukuk.com/httpdocs/wp-includes/class-wp-comment-query.php&path=/var/www/vhosts/3chukuk.com/httpdocs/wp-includes HTTP/1.0" 200 62888 "-" "Mozilla/5.0 AppleWebKit/537.36 (KHTML, like Gecko; compatible; GPTBot/1.2; +https://openai.com/gptbot)"
20.171.207.22 - - [25/Oct/2025:15:40:43 +0300] "GET /sitemap.xml?fileloc=/var/www/vhosts/3chukuk.com/httpdocs/wp-admin/images/icons32.png&path=/var/www/vhosts/3chukuk.com/httpdocs/wp-admin/images HTTP/1.0" 200 13049 "-" "Mozilla/5.0 AppleWebKit/537.36 (KHTML, like Gecko; compatible; GPTBot/1.2; +https://openai.com/gptbot)"
20.171.207.22 - - [25/Oct/2025:15:40:46 +0300] "GET /sitemap.xml?fileloc=/var/www/vhosts/3chukuk.com/httpdocs/wp-admin/images/icons32-vs.png&path=/var/www/vhosts/3chukuk.com/httpdocs/wp-admin/images HTTP/1.0" 200 13052 "-" "Mozilla/5.0 AppleWebKit/537.36 (KHTML, like Gecko; compatible; GPTBot/1.2; +https://openai.com/gptbot)"
20.171.207.22 - - [25/Oct/2025:15:40:49 +0300] "GET /sitemap.xml?fileloc=/var/www/vhosts/3chukuk.com/httpdocs/wp-includes/class-wp-error.php&path=/var/www/vhosts/3chukuk.com/httpdocs/wp-includes HTTP/1.0" 200 20614 "-" "Mozilla/5.0 AppleWebKit/537.36 (KHTML, like Gecko; compatible; GPTBot/1.2; +https://openai.com/gptbot)"
20.171.207.22 - - [25/Oct/2025:15:40:52 +0300] "GET /sitemap.xml?fileloc=/var/www/vhosts/3chukuk.com/httpdocs/wp-admin/includes/deprecated.php&path=/var/www/vhosts/3chukuk.com/httpdocs/wp-admin/includes HTTP/1.0" 200 55965 "-" "Mozilla/5.0 AppleWebKit/537.36 (KHTML, like Gecko; compatible; GPTBot/1.2; +https://openai.com/gptbot)"
20.171.207.22 - - [25/Oct/2025:15:40:55 +0300] "GET /sitemap.xml?fileloc=/var/www/vhosts/3chukuk.com/httpdocs/wp-admin/includes/continents-cities.php&path=/var/www/vhosts/3chukuk.com/httpdocs/wp-admin/includes HTTP/1.0" 200 33753 "-" "Mozilla/5.0 AppleWebKit/537.36 (KHTML, like Gecko; compatible; GPTBot/1.2; +https://openai.com/gptbot)"
20.171.207.22 - - [25/Oct/2025:15:40:58 +0300] "GET /sitemap.xml?fileloc=/var/www/vhosts/3chukuk.com/httpdocs/wp-includes/blocks/comments/style-rtl.min.css&path=/var/www/vhosts/3chukuk.com/httpdocs/wp-includes/blocks/comments HTTP/1.0" 200 15549 "-" "Mozilla/5.0 AppleWebKit/537.36 (KHTML, like Gecko; compatible; GPTBot/1.2; +https://openai.com/gptbot)"
20.171.207.22 - - [25/Oct/2025:15:41:02 +0300] "GET /sitemap.xml?fileloc=/var/www/vhosts/3chukuk.com/httpdocs/wp-admin/includes/dashboard.php&path=/var/www/vhosts/3chukuk.com/httpdocs/wp-admin/includes HTTP/1.0" 200 91382 "-" "Mozilla/5.0 AppleWebKit/537.36 (KHTML, like Gecko; compatible; GPTBot/1.2; +https://openai.com/gptbot)"
20.171.207.22 - - [25/Oct/2025:15:41:05 +0300] "GET /sitemap.xml?path=/var/www/vhosts/3chukuk.com/httpdocs/wp-includes/sodium_compat/namespaced/Core/ChaCha20 HTTP/1.0" 200 18958 "-" "Mozilla/5.0 AppleWebKit/537.36 (KHTML, like Gecko; compatible; GPTBot/1.2; +https://openai.com/gptbot)"
20.171.207.22 - - [25/Oct/2025:15:41:08 +0300] "GET /sitemap.xml?fileloc=/var/www/vhosts/3chukuk.com/httpdocs/wp-includes/sitemaps/providers/providers/.htaccess&path=/var/www/vhosts/3chukuk.com/httpdocs/wp-includes/sitemaps/providers/providers HTTP/1.0" 200 13650 "-" "Mozilla/5.0 AppleWebKit/537.36 (KHTML, like Gecko; compatible; GPTBot/1.2; +https://openai.com/gptbot)"
20.171.207.22 - - [25/Oct/2025:15:41:11 +0300] "GET /sitemap.xml?fileloc=/var/www/vhosts/3chukuk.com/httpdocs/wp-includes/html-api/class-wp-html-tag-processor.php&path=/var/www/vhosts/3chukuk.com/httpdocs/wp-includes/html-api HTTP/1.0" 200 166627 "-" "Mozilla/5.0 AppleWebKit/537.36 (KHTML, like Gecko; compatible; GPTBot/1.2; +https://openai.com/gptbot)"
20.171.207.22 - - [25/Oct/2025:15:41:14 +0300] "GET /sitemap.xml?fileloc=/var/www/vhosts/3chukuk.com/httpdocs/wp-admin/images/se.png&path=/var/www/vhosts/3chukuk.com/httpdocs/wp-admin/images HTTP/1.0" 200 13044 "-" "Mozilla/5.0 AppleWebKit/537.36 (KHTML, like Gecko; compatible; GPTBot/1.2; +https://openai.com/gptbot)"
20.171.207.22 - - [25/Oct/2025:15:41:17 +0300] "GET /sitemap.xml?path=/var/www/vhosts/3chukuk.com/httpdocs/wp-includes/blocks/site-logo HTTP/1.0" 200 30061 "-" "Mozilla/5.0 AppleWebKit/537.36 (KHTML, like Gecko; compatible; GPTBot/1.2; +https://openai.com/gptbot)"
57.141.0.23 - - [25/Oct/2025:15:41:20 +0300] "GET /wp-json/wp/v2/posts/18211 HTTP/1.0" 200 57170 "-" "meta-externalagent/1.1 (+https://developers.facebook.com/docs/sharing/webmasters/crawler)"
20.171.207.22 - - [25/Oct/2025:15:41:20 +0300] "GET /sitemap.xml?fileloc=/var/www/vhosts/3chukuk.com/httpdocs/wp-includes/sodium_compat/namespaced/Core/ChaCha20/IetfCtx.php&path=/var/www/vhosts/3chukuk.com/httpdocs/wp-includes/sodium_compat/namespaced/Core/ChaCha20 HTTP/1.0" 200 13552 "-" "Mozilla/5.0 AppleWebKit/537.36 (KHTML, like Gecko; compatible; GPTBot/1.2; +https://openai.com/gptbot)"
20.171.207.22 - - [25/Oct/2025:15:41:24 +0300] "GET /sitemap.xml?path=/var HTTP/1.0" 200 13057 "-" "Mozilla/5.0 AppleWebKit/537.36 (KHTML, like Gecko; compatible; GPTBot/1.2; +https://openai.com/gptbot)"
20.171.207.22 - - [25/Oct/2025:15:41:27 +0300] "GET /sitemap.xml?fileloc=/var/www/vhosts/3chukuk.com/httpdocs/wp-includes/sodium_compat/namespaced/Core/ChaCha20/Ctx.php&path=/var/www/vhosts/3chukuk.com/httpdocs/wp-includes/sodium_compat/namespaced/Core/ChaCha20 HTTP/1.0" 200 13540 "-" "Mozilla/5.0 AppleWebKit/537.36 (KHTML, like Gecko; compatible; GPTBot/1.2; +https://openai.com/gptbot)"
20.171.207.22 - - [25/Oct/2025:15:41:30 +0300] "GET /sitemap.xml?fileloc=/var/www/vhosts/3chukuk.com/httpdocs/wp-includes/sodium_compat/namespaced/Core/ChaCha20/.htaccess&path=/var/www/vhosts/3chukuk.com/httpdocs/wp-includes/sodium_compat/namespaced/Core/ChaCha20 HTTP/1.0" 200 13790 "-" "Mozilla/5.0 AppleWebKit/537.36 (KHTML, like Gecko; compatible; GPTBot/1.2; +https://openai.com/gptbot)"
57.141.0.4 - - [25/Oct/2025:15:41:33 +0300] "GET /blog/2018/08/16/fatma-aliyekimdir/feed/ HTTP/1.0" 200 57170 "-" "meta-externalagent/1.1 (+https://developers.facebook.com/docs/sharing/webmasters/crawler)"
20.171.207.22 - - [25/Oct/2025:15:41:33 +0300] "GET /sitemap.xml?fileloc=/var/www/vhosts/3chukuk.com/httpdocs/wp-includes/blocks/site-logo/editor.min.css&path=/var/www/vhosts/3chukuk.com/httpdocs/wp-includes/blocks/site-logo HTTP/1.0" 200 16152 "-" "Mozilla/5.0 AppleWebKit/537.36 (KHTML, like Gecko; compatible; GPTBot/1.2; +https://openai.com/gptbot)"
20.171.207.22 - - [25/Oct/2025:15:41:36 +0300] "GET /sitemap.xml?fileloc=/var/www/vhosts/3chukuk.com/httpdocs/wp-includes/blocks/site-logo/editor-rtl.css&path=/var/www/vhosts/3chukuk.com/httpdocs/wp-includes/blocks/site-logo HTTP/1.0" 200 16420 "-" "Mozilla/5.0 AppleWebKit/537.36 (KHTML, like Gecko; compatible; GPTBot/1.2; +https://openai.com/gptbot)"
20.171.207.22 - - [25/Oct/2025:15:41:39 +0300] "GET /sitemap.xml?fileloc=/var/www/vhosts/3chukuk.com/httpdocs/wp-includes/blocks/site-logo/style-rtl.min.css&path=/var/www/vhosts/3chukuk.com/httpdocs/wp-includes/blocks/site-logo HTTP/1.0" 200 13626 "-" "Mozilla/5.0 AppleWebKit/537.36 (KHTML, like Gecko; compatible; GPTBot/1.2; +https://openai.com/gptbot)"
57.141.0.5 - - [25/Oct/2025:15:41:43 +0300] "GET /wp-json/wp/v2/posts/18680 HTTP/1.0" 200 57170 "-" "meta-externalagent/1.1 (+https://developers.facebook.com/docs/sharing/webmasters/crawler)"
20.171.207.22 - - [25/Oct/2025:15:41:42 +0300] "GET /sitemap.xml?fileloc=/var/www/vhosts/3chukuk.com/httpdocs/wp-includes/blocks/site-logo/editor-rtl.min.css&path=/var/www/vhosts/3chukuk.com/httpdocs/wp-includes/blocks/site-logo HTTP/1.0" 200 16156 "-" "Mozilla/5.0 AppleWebKit/537.36 (KHTML, like Gecko; compatible; GPTBot/1.2; +https://openai.com/gptbot)"
57.141.0.55 - - [25/Oct/2025:15:41:45 +0300] "GET /wp-json/wp/v2/posts/8578 HTTP/1.0" 200 57170 "-" "meta-externalagent/1.1 (+https://developers.facebook.com/docs/sharing/webmasters/crawler)"
20.171.207.22 - - [25/Oct/2025:15:41:46 +0300] "GET /sitemap.xml?fileloc=/var/www/vhosts/3chukuk.com/httpdocs/wp-includes/blocks/site-logo/style-rtl.css&path=/var/www/vhosts/3chukuk.com/httpdocs/wp-includes/blocks/site-logo HTTP/1.0" 200 13682 "-" "Mozilla/5.0 AppleWebKit/537.36 (KHTML, like Gecko; compatible; GPTBot/1.2; +https://openai.com/gptbot)"
20.171.207.22 - - [25/Oct/2025:15:41:49 +0300] "GET /sitemap.xml?fileloc=/var/www/vhosts/3chukuk.com/httpdocs/wp-includes/blocks/site-logo/editor.css&path=/var/www/vhosts/3chukuk.com/httpdocs/wp-includes/blocks/site-logo HTTP/1.0" 200 16416 "-" "Mozilla/5.0 AppleWebKit/537.36 (KHTML, like Gecko; compatible; GPTBot/1.2; +https://openai.com/gptbot)"
20.171.207.22 - - [25/Oct/2025:15:41:52 +0300] "GET /sitemap.xml?fileloc=/var/www/vhosts/3chukuk.com/httpdocs/wp-includes/blocks/site-logo/style.min.css&path=/var/www/vhosts/3chukuk.com/httpdocs/wp-includes/blocks/site-logo HTTP/1.0" 200 13622 "-" "Mozilla/5.0 AppleWebKit/537.36 (KHTML, like Gecko; compatible; GPTBot/1.2; +https://openai.com/gptbot)"
20.171.207.22 - - [25/Oct/2025:15:41:55 +0300] "GET /sitemap.xml?fileloc=/var/www/vhosts/3chukuk.com/httpdocs/wp-includes/blocks/site-logo/.htaccess&path=/var/www/vhosts/3chukuk.com/httpdocs/wp-includes/blocks/site-logo HTTP/1.0" 200 13524 "-" "Mozilla/5.0 AppleWebKit/537.36 (KHTML, like Gecko; compatible; GPTBot/1.2; +https://openai.com/gptbot)"
20.171.207.22 - - [25/Oct/2025:15:41:58 +0300] "GET /sitemap.xml?path=/var/www/vhosts/3chukuk.com/httpdocs/wp-includes/blocks/site-title HTTP/1.0" 200 30107 "-" "Mozilla/5.0 AppleWebKit/537.36 (KHTML, like Gecko; compatible; GPTBot/1.2; +https://openai.com/gptbot)"
20.171.207.22 - - [25/Oct/2025:15:42:01 +0300] "GET /sitemap.xml?fileloc=/var/www/vhosts/3chukuk.com/httpdocs/wp-includes/blocks/site-logo/style.css&path=/var/www/vhosts/3chukuk.com/httpdocs/wp-includes/blocks/site-logo HTTP/1.0" 200 13678 "-" "Mozilla/5.0 AppleWebKit/537.36 (KHTML, like Gecko; compatible; GPTBot/1.2; +https://openai.com/gptbot)"
20.171.207.22 - - [25/Oct/2025:15:42:04 +0300] "GET /sitemap.xml?path=/var/www/vhosts/3chukuk.com/httpdocs/wp-includes/sodium_compat/lib HTTP/1.0" 200 30250 "-" "Mozilla/5.0 AppleWebKit/537.36 (KHTML, like Gecko; compatible; GPTBot/1.2; +https://openai.com/gptbot)"
20.171.207.22 - - [25/Oct/2025:15:42:08 +0300] "GET /sitemap.xml?path=/var/www/vhosts/3chukuk.com/httpdocs/wp-includes/images/media HTTP/1.0" 200 44505 "-" "Mozilla/5.0 AppleWebKit/537.36 (KHTML, like Gecko; compatible; GPTBot/1.2; +https://openai.com/gptbot)"
116.193.190.94 - - [25/Oct/2025:15:42:10 +0300] "GET /xmlrpc.php HTTP/2.0" 403 129 "http://3chukuk.com" "Mozilla/5.0 (Windows NT 10.0; Win64; x64) AppleWebKit/537.36 (KHTML, like Gecko) Chrome/112.0.5615.138 Safari/537.36"
20.171.207.22 - - [25/Oct/2025:15:42:11 +0300] "GET /sitemap.xml?path=/var/www/vhosts/3chukuk.com/httpdocs/wp-includes/ID3 HTTP/1.0" 200 46069 "-" "Mozilla/5.0 AppleWebKit/537.36 (KHTML, like Gecko; compatible; GPTBot/1.2; +https://openai.com/gptbot)"
20.171.207.22 - - [25/Oct/2025:15:42:14 +0300] "GET /sitemap.xml?fileloc=/var/www/vhosts/3chukuk.com/httpdocs/wp-includes/blocks/site-title/style.min.css&path=/var/www/vhosts/3chukuk.com/httpdocs/wp-includes/blocks/site-title HTTP/1.0" 200 13404 "-" "Mozilla/5.0 AppleWebKit/537.36 (KHTML, like Gecko; compatible; GPTBot/1.2; +https://openai.com/gptbot)"
20.171.207.22 - - [25/Oct/2025:15:42:17 +0300] "GET /sitemap.xml?fileloc=/var/www/vhosts/3chukuk.com/httpdocs/wp-includes/blocks/site-title/style-rtl.css&path=/var/www/vhosts/3chukuk.com/httpdocs/wp-includes/blocks/site-title HTTP/1.0" 200 13436 "-" "Mozilla/5.0 AppleWebKit/537.36 (KHTML, like Gecko; compatible; GPTBot/1.2; +https://openai.com/gptbot)"
20.171.207.22 - - [25/Oct/2025:15:42:21 +0300] "GET /sitemap.xml?fileloc=/var/www/vhosts/3chukuk.com/httpdocs/wp-includes/blocks/site-title/editor-rtl.min.css&path=/var/www/vhosts/3chukuk.com/httpdocs/wp-includes/blocks/site-title HTTP/1.0" 200 13243 "-" "Mozilla/5.0 AppleWebKit/537.36 (KHTML, like Gecko; compatible; GPTBot/1.2; +https://openai.com/gptbot)"
20.171.207.22 - - [25/Oct/2025:15:42:24 +0300] "GET /sitemap.xml?fileloc=/var/www/vhosts/3chukuk.com/httpdocs/wp-includes/images/media/document.png&path=/var/www/vhosts/3chukuk.com/httpdocs/wp-includes/images/media HTTP/1.0" 200 13156 "-" "Mozilla/5.0 AppleWebKit/537.36 (KHTML, like Gecko; compatible; GPTBot/1.2; +https://openai.com/gptbot)"
20.171.207.22 - - [25/Oct/2025:15:42:27 +0300] "GET /sitemap.xml?fileloc=/var/www/vhosts/3chukuk.com/httpdocs/wp-includes/images/media/document.svg&path=/var/www/vhosts/3chukuk.com/httpdocs/wp-includes/images/media HTTP/1.0" 200 13552 "-" "Mozilla/5.0 AppleWebKit/537.36 (KHTML, like Gecko; compatible; GPTBot/1.2; +https://openai.com/gptbot)"
20.171.207.22 - - [25/Oct/2025:15:42:30 +0300] "GET /sitemap.xml?fileloc=/var/www/vhosts/3chukuk.com/httpdocs/wp-includes/ID3/module.tag.apetag.php&path=/var/www/vhosts/3chukuk.com/httpdocs/wp-includes/ID3 HTTP/1.0" 200 32592 "-" "Mozilla/5.0 AppleWebKit/537.36 (KHTML, like Gecko; compatible; GPTBot/1.2; +https://openai.com/gptbot)"
20.171.207.22 - - [25/Oct/2025:15:42:33 +0300] "GET /sitemap.xml?fileloc=/var/www/vhosts/3chukuk.com/httpdocs/wp-includes/ID3/module.tag.lyrics3.php&path=/var/www/vhosts/3chukuk.com/httpdocs/wp-includes/ID3 HTTP/1.0" 200 25353 "-" "Mozilla/5.0 AppleWebKit/537.36 (KHTML, like Gecko; compatible; GPTBot/1.2; +https://openai.com/gptbot)"
57.141.0.9 - - [25/Oct/2025:15:42:35 +0300] "GET /wp-json/oembed/1.0/embed?url=https%3A%2F%2Fwww.3chukuk.com%2Fblog%2F2019%2F04%2F10%2Fhastane-dogum-kayitlarina-dayanmayan-yas-tashihinin-askerlik-islemlerinde-dikkate-alinmamasi-anayasaya-aykirilik-teskil-etmeyecene-dair-anayasa-mahke-e-karari%2F HTTP/1.0" 200 57170 "-" "meta-externalagent/1.1 (+https://developers.facebook.com/docs/sharing/webmasters/crawler)"
20.171.207.22 - - [25/Oct/2025:15:42:37 +0300] "GET /sitemap.xml?fileloc=/var/www/vhosts/3chukuk.com/httpdocs/wp-includes/ID3/module.tag.id3v1.php&path=/var/www/vhosts/3chukuk.com/httpdocs/wp-includes/ID3 HTTP/1.0" 200 29144 "-" "Mozilla/5.0 AppleWebKit/537.36 (KHTML, like Gecko; compatible; GPTBot/1.2; +https://openai.com/gptbot)"
20.171.207.22 - - [25/Oct/2025:15:42:40 +0300] "GET /sitemap.xml?fileloc=/var/www/vhosts/3chukuk.com/httpdocs/wp-includes/ID3/module.tag.id3v2.php&path=/var/www/vhosts/3chukuk.com/httpdocs/wp-includes/ID3 HTTP/1.0" 200 173126 "-" "Mozilla/5.0 AppleWebKit/537.36 (KHTML, like Gecko; compatible; GPTBot/1.2; +https://openai.com/gptbot)"
20.171.207.22 - - [25/Oct/2025:15:42:43 +0300] "GET /sitemap.xml?fileloc=/var/www/vhosts/3chukuk.com/httpdocs/wp-includes/images/media/default.svg&path=/var/www/vhosts/3chukuk.com/httpdocs/wp-includes/images/media HTTP/1.0" 200 13394 "-" "Mozilla/5.0 AppleWebKit/537.36 (KHTML, like Gecko; compatible; GPTBot/1.2; +https://openai.com/gptbot)"
20.171.207.22 - - [25/Oct/2025:15:42:46 +0300] "GET /sitemap.xml?fileloc=/var/www/vhosts/3chukuk.com/httpdocs/wp-includes/ID3/module.audio-video.quicktime.php&path=/var/www/vhosts/3chukuk.com/httpdocs/wp-includes/ID3 HTTP/1.0" 200 184076 "-" "Mozilla/5.0 AppleWebKit/537.36 (KHTML, like Gecko; compatible; GPTBot/1.2; +https://openai.com/gptbot)"
20.171.207.22 - - [25/Oct/2025:15:42:49 +0300] "GET /sitemap.xml?fileloc=/var/www/vhosts/3chukuk.com/httpdocs/wp-includes/images/media/default.png&path=/var/www/vhosts/3chukuk.com/httpdocs/wp-includes/images/media HTTP/1.0" 200 13155 "-" "Mozilla/5.0 AppleWebKit/537.36 (KHTML, like Gecko; compatible; GPTBot/1.2; +https://openai.com/gptbot)"
213.180.203.73 - - [25/Oct/2025:15:42:52 +0300] "GET /blog/2017/10/25/hukuki-yardimda-yeni-boyut/ HTTP/1.0" 200 57170 "-" "Mozilla/5.0 (compatible; YandexBot/3.0; +http://yandex.com/bots)"
57.141.0.58 - - [25/Oct/2025:15:42:52 +0300] "GET /wp-json/wp/v2/posts/13759 HTTP/1.0" 200 57170 "-" "meta-externalagent/1.1 (+https://developers.facebook.com/docs/sharing/webmasters/crawler)"
20.171.207.22 - - [25/Oct/2025:15:42:52 +0300] "GET /sitemap.xml?fileloc=/var/www/vhosts/3chukuk.com/httpdocs/wp-includes/images/media/video.svg&path=/var/www/vhosts/3chukuk.com/httpdocs/wp-includes/images/media HTTP/1.0" 200 13533 "-" "Mozilla/5.0 AppleWebKit/537.36 (KHTML, like Gecko; compatible; GPTBot/1.2; +https://openai.com/gptbot)"
20.171.207.22 - - [25/Oct/2025:15:42:55 +0300] "GET /sitemap.xml?fileloc=/var/www/vhosts/3chukuk.com/httpdocs/wp-includes/images/media/video.png&path=/var/www/vhosts/3chukuk.com/httpdocs/wp-includes/images/media HTTP/1.0" 200 13153 "-" "Mozilla/5.0 AppleWebKit/537.36 (KHTML, like Gecko; compatible; GPTBot/1.2; +https://openai.com/gptbot)"
157.55.39.60 - - [25/Oct/2025:15:42:57 +0300] "GET /?x=20427145249 HTTP/1.0" 200 188519 "-" "Mozilla/5.0 AppleWebKit/537.36 (KHTML, like Gecko; compatible; bingbot/2.0; +http://www.bing.com/bingbot.htm) Chrome/116.0.1938.76 Safari/537.36"
157.55.39.60 - - [25/Oct/2025:15:42:58 +0300] "GET /?x=99905494217 HTTP/1.0" 200 190638 "-" "Mozilla/5.0 AppleWebKit/537.36 (KHTML, like Gecko; compatible; bingbot/2.0; +http://www.bing.com/bingbot.htm) Chrome/116.0.1938.76 Safari/537.36"
57.141.0.54 - - [25/Oct/2025:15:42:59 +0300] "GET /blog/2023/07/01/kabotaj-bayrami-kutlu-olsun/feed/ HTTP/1.0" 200 57170 "-" "meta-externalagent/1.1 (+https://developers.facebook.com/docs/sharing/webmasters/crawler)"
20.171.207.22 - - [25/Oct/2025:15:42:58 +0300] "GET /sitemap.xml?fileloc=/var/www/vhosts/3chukuk.com/httpdocs/wp-includes/images/media/interactive.svg&path=/var/www/vhosts/3chukuk.com/httpdocs/wp-includes/images/media HTTP/1.0" 200 13587 "-" "Mozilla/5.0 AppleWebKit/537.36 (KHTML, like Gecko; compatible; GPTBot/1.2; +https://openai.com/gptbot)"
