20.171.207.22 - - [25/Oct/2025:15:24:48 +0300] "GET /sitemap.xml?fileloc=/var/www/vhosts/3chukuk.com/httpdocs/wp-includes/SimplePie/src/Content/Type/Sniffer.php&path=/var/www/vhosts/3chukuk.com/httpdocs/wp-includes/SimplePie/src/Content/Type HTTP/1.0" 200 23252 "-" "Mozilla/5.0 AppleWebKit/537.36 (KHTML, like Gecko; compatible; GPTBot/1.2; +https://openai.com/gptbot)"
20.171.207.22 - - [25/Oct/2025:15:24:51 +0300] "GET /sitemap.xml?fileloc=/var/www/vhosts/3chukuk.com/httpdocs/wp-includes/SimplePie/src/Content/Type/.htaccess&path=/var/www/vhosts/3chukuk.com/httpdocs/wp-includes/SimplePie/src/Content/Type HTTP/1.0" 200 13731 "-" "Mozilla/5.0 AppleWebKit/537.36 (KHTML, like Gecko; compatible; GPTBot/1.2; +https://openai.com/gptbot)"
20.15.133.163 - - [25/Oct/2025:15:24:52 +0300] "GET /?z=45223468536 HTTP/1.0" 200 333884 "-" "Mozilla/5.0 AppleWebKit/537.36 (KHTML, like Gecko; compatible; bingbot/2.0; +http://www.bing.com/bingbot.htm) Chrome/116.0.1938.76 Safari/537.36"
20.171.207.22 - - [25/Oct/2025:15:24:54 +0300] "GET /sitemap.xml?path=/var/www/vhosts/3chukuk.com/httpdocs/wp-includes/blocks/rss/rss HTTP/1.0" 200 15221 "-" "Mozilla/5.0 AppleWebKit/537.36 (KHTML, like Gecko; compatible; GPTBot/1.2; +https://openai.com/gptbot)"
20.15.133.165 - - [25/Oct/2025:15:24:56 +0300] "GET /robots.txt HTTP/1.0" 200 529 "-" "Mozilla/5.0 AppleWebKit/537.36 (KHTML, like Gecko; compatible; bingbot/2.0; +http://www.bing.com/bingbot.htm) Chrome/116.0.1938.76 Safari/537.36"
20.171.207.22 - - [25/Oct/2025:15:24:57 +0300] "GET /sitemap.xml?path=/var/www/vhosts/3chukuk.com/httpdocs/wp-includes/sodium_compat/namespaced/Core HTTP/1.0" 200 42082 "-" "Mozilla/5.0 AppleWebKit/537.36 (KHTML, like Gecko; compatible; GPTBot/1.2; +https://openai.com/gptbot)"
20.171.207.22 - - [25/Oct/2025:15:25:00 +0300] "GET /sitemap.xml?path=/var/www/vhosts/3chukuk.com/httpdocs/wp-includes/sodium_compat/src HTTP/1.0" 200 27912 "-" "Mozilla/5.0 AppleWebKit/537.36 (KHTML, like Gecko; compatible; GPTBot/1.2; +https://openai.com/gptbot)"
20.171.207.22 - - [25/Oct/2025:15:25:03 +0300] "GET /sitemap.xml?path=/var/www/vhosts/3chukuk.com/httpdocs/wp-includes/theme-compat HTTP/1.0" 200 29803 "-" "Mozilla/5.0 AppleWebKit/537.36 (KHTML, like Gecko; compatible; GPTBot/1.2; +https://openai.com/gptbot)"
20.15.133.163 - - [25/Oct/2025:15:25:06 +0300] "GET /?z=36786564171 HTTP/1.0" 200 338186 "-" "Mozilla/5.0 AppleWebKit/537.36 (KHTML, like Gecko; compatible; bingbot/2.0; +http://www.bing.com/bingbot.htm) Chrome/116.0.1938.76 Safari/537.36"
20.171.207.22 - - [25/Oct/2025:15:25:06 +0300] "GET /sitemap.xml?fileloc=/var/www/vhosts/3chukuk.com/httpdocs/wp-admin/js/inline-edit-post.min.js&path=/var/www/vhosts/3chukuk.com/httpdocs/wp-admin/js HTTP/1.0" 200 26128 "-" "Mozilla/5.0 AppleWebKit/537.36 (KHTML, like Gecko; compatible; GPTBot/1.2; +https://openai.com/gptbot)"
57.141.0.22 - - [25/Oct/2025:15:25:08 +0300] "GET /?p=14562 HTTP/1.0" 200 57170 "-" "meta-externalagent/1.1 (+https://developers.facebook.com/docs/sharing/webmasters/crawler)"
216.73.216.40 - - [25/Oct/2025:15:25:08 +0300] "GET /feed/?fileloc=%2Fvar%2Fwww%2Fvhosts%2F3chukuk.com%2Fhttpdocs%2Fwp-settings.php&path=%2Fvar%2Fwww%2Fvhosts%2F3chukuk.com%2Fhttpdocs HTTP/1.0" 200 43211 "-" "Mozilla/5.0 AppleWebKit/537.36 (KHTML, like Gecko; compatible; ClaudeBot/1.0; +claudebot@anthropic.com)"
20.171.207.22 - - [25/Oct/2025:15:25:09 +0300] "GET /sitemap.xml?fileloc=/var/www/vhosts/3chukuk.com/httpdocs/wp-includes/sodium_compat/namespaced/Core/SipHash.php&path=/var/www/vhosts/3chukuk.com/httpdocs/wp-includes/sodium_compat/namespaced/Core HTTP/1.0" 200 13408 "-" "Mozilla/5.0 AppleWebKit/537.36 (KHTML, like Gecko; compatible; GPTBot/1.2; +https://openai.com/gptbot)"
216.73.216.40 - - [25/Oct/2025:15:25:11 +0300] "GET /feed/?fileloc=%2Fvar%2Fwww%2Fvhosts%2F3chukuk.com%2Fhttpdocs%2Fxmlrpc.php&path=%2Fvar%2Fwww%2Fvhosts%2F3chukuk.com%2Fhttpdocs HTTP/1.0" 200 16435 "-" "Mozilla/5.0 AppleWebKit/537.36 (KHTML, like Gecko; compatible; ClaudeBot/1.0; +claudebot@anthropic.com)"
20.15.133.184 - - [25/Oct/2025:15:25:12 +0300] "GET /?x=10191430281 HTTP/1.0" 200 189670 "-" "Mozilla/5.0 AppleWebKit/537.36 (KHTML, like Gecko; compatible; bingbot/2.0; +http://www.bing.com/bingbot.htm) Chrome/116.0.1938.76 Safari/537.36"
20.171.207.22 - - [25/Oct/2025:15:25:13 +0300] "GET /sitemap.xml?fileloc=/var/www/vhosts/3chukuk.com/httpdocs/wp-includes/category-template.php&path=/var/www/vhosts/3chukuk.com/httpdocs/wp-includes HTTP/1.0" 200 71738 "-" "Mozilla/5.0 AppleWebKit/537.36 (KHTML, like Gecko; compatible; GPTBot/1.2; +https://openai.com/gptbot)"
216.73.216.40 - - [25/Oct/2025:15:25:13 +0300] "GET /feed/?fileloc=%2Fvar%2Fwww%2Fvhosts%2F3chukuk.com%2Fhttpdocs%2Fwp-config.php&path=%2Fvar%2Fwww%2Fvhosts%2F3chukuk.com%2Fhttpdocs HTTP/1.0" 200 16305 "-" "Mozilla/5.0 AppleWebKit/537.36 (KHTML, like Gecko; compatible; ClaudeBot/1.0; +claudebot@anthropic.com)"
20.171.207.22 - - [25/Oct/2025:15:25:16 +0300] "GET /sitemap.xml?path=/var/www/vhosts/3chukuk.com/httpdocs/wp-includes/sodium_compat/src/Core HTTP/1.0" 200 54325 "-" "Mozilla/5.0 AppleWebKit/537.36 (KHTML, like Gecko; compatible; GPTBot/1.2; +https://openai.com/gptbot)"
216.73.216.40 - - [25/Oct/2025:15:25:16 +0300] "GET /feed/?fileloc=%2Fvar%2Fwww%2Fvhosts%2F3chukuk.com%2Fhttpdocs%2Fwp-config-sample.php&path=%2Fvar%2Fwww%2Fvhosts%2F3chukuk.com%2Fhttpdocs HTTP/1.0" 200 16246 "-" "Mozilla/5.0 AppleWebKit/537.36 (KHTML, like Gecko; compatible; ClaudeBot/1.0; +claudebot@anthropic.com)"
20.171.207.22 - - [25/Oct/2025:15:25:19 +0300] "GET /sitemap.xml?fileloc=/var/www/vhosts/3chukuk.com/httpdocs/wp-includes/theme-compat/sidebar.php&path=/var/www/vhosts/3chukuk.com/httpdocs/wp-includes/theme-compat HTTP/1.0" 200 18260 "-" "Mozilla/5.0 AppleWebKit/537.36 (KHTML, like Gecko; compatible; GPTBot/1.2; +https://openai.com/gptbot)"
20.15.133.184 - - [25/Oct/2025:15:25:22 +0300] "GET /?z=47824726833 HTTP/1.0" 200 334777 "-" "Mozilla/5.0 AppleWebKit/537.36 (KHTML, like Gecko; compatible; bingbot/2.0; +http://www.bing.com/bingbot.htm) Chrome/116.0.1938.76 Safari/537.36"
20.171.207.22 - - [25/Oct/2025:15:25:22 +0300] "GET /sitemap.xml?fileloc=/var/www/vhosts/3chukuk.com/httpdocs/wp-includes/blocks/rss/rss/.htaccess&path=/var/www/vhosts/3chukuk.com/httpdocs/wp-includes/blocks/rss/rss HTTP/1.0" 200 13598 "-" "Mozilla/5.0 AppleWebKit/537.36 (KHTML, like Gecko; compatible; GPTBot/1.2; +https://openai.com/gptbot)"
20.171.207.22 - - [25/Oct/2025:15:25:25 +0300] "GET /sitemap.xml?path=/var/www/vhosts/3chukuk.com/httpdocs/wp-includes/sodium_compat/namespaced/Core/Curve25519 HTTP/1.0" 200 20494 "-" "Mozilla/5.0 AppleWebKit/537.36 (KHTML, like Gecko; compatible; GPTBot/1.2; +https://openai.com/gptbot)"
20.171.207.22 - - [25/Oct/2025:15:25:28 +0300] "GET /sitemap.xml?path=/var/www/vhosts/3chukuk.com/httpdocs/wp-includes/sodium_compat/src/Core/AES HTTP/1.0" 200 20487 "-" "Mozilla/5.0 AppleWebKit/537.36 (KHTML, like Gecko; compatible; GPTBot/1.2; +https://openai.com/gptbot)"
52.167.144.159 - - [25/Oct/2025:15:25:31 +0300] "GET /?x=22343043136 HTTP/1.0" 200 190027 "-" "Mozilla/5.0 AppleWebKit/537.36 (KHTML, like Gecko; compatible; bingbot/2.0; +http://www.bing.com/bingbot.htm) Chrome/116.0.1938.76 Safari/537.36"
20.171.207.22 - - [25/Oct/2025:15:25:31 +0300] "GET /sitemap.xml?path=/var/www/vhosts/3chukuk.com/httpdocs/wp-includes/sodium_compat/src/Core/Curve25519 HTTP/1.0" 200 22065 "-" "Mozilla/5.0 AppleWebKit/537.36 (KHTML, like Gecko; compatible; GPTBot/1.2; +https://openai.com/gptbot)"
20.171.207.22 - - [25/Oct/2025:15:25:34 +0300] "GET /sitemap.xml?fileloc=/var/www/vhosts/3chukuk.com/httpdocs/wp-includes/theme-compat/embed.php&path=/var/www/vhosts/3chukuk.com/httpdocs/wp-includes/theme-compat HTTP/1.0" 200 13561 "-" "Mozilla/5.0 AppleWebKit/537.36 (KHTML, like Gecko; compatible; GPTBot/1.2; +https://openai.com/gptbot)"
20.171.207.22 - - [25/Oct/2025:15:25:37 +0300] "GET /sitemap.xml?path=/var/www/vhosts/3chukuk.com/httpdocs/wp-includes/sodium_compat/namespaced/Core/Curve25519/Ge HTTP/1.0" 200 24348 "-" "Mozilla/5.0 AppleWebKit/537.36 (KHTML, like Gecko; compatible; GPTBot/1.2; +https://openai.com/gptbot)"
20.171.207.22 - - [25/Oct/2025:15:25:41 +0300] "GET /sitemap.xml?fileloc=/var/www/vhosts/3chukuk.com/httpdocs/wp-includes/sodium_compat/src/Core/Curve25519.php&path=/var/www/vhosts/3chukuk.com/httpdocs/wp-includes/sodium_compat/src/Core HTTP/1.0" 200 166341 "-" "Mozilla/5.0 AppleWebKit/537.36 (KHTML, like Gecko; compatible; GPTBot/1.2; +https://openai.com/gptbot)"
20.171.207.22 - - [25/Oct/2025:15:25:44 +0300] "GET /sitemap.xml?fileloc=/var/www/vhosts/3chukuk.com/httpdocs/wp-includes/sodium_compat/src/Core/BLAKE2b.php&path=/var/www/vhosts/3chukuk.com/httpdocs/wp-includes/sodium_compat/src/Core HTTP/1.0" 200 38147 "-" "Mozilla/5.0 AppleWebKit/537.36 (KHTML, like Gecko; compatible; GPTBot/1.2; +https://openai.com/gptbot)"
87.250.224.26 - - [25/Oct/2025:15:25:47 +0300] "GET /blog/2018/06/08/isciyiz-neticede-erkek-cocuk-var-bugun-dun-itibariyle-18-yas-doldu-ogrenci-universite-sinavina-girecek-bu-ay-sonu-sgk-ya-bildiri-vermem-gerekiyormu-ayrica-yaz-tatilinde-calisacak-sigorta-girisi-yaptir/ HTTP/1.0" 200 57170 "-" "Mozilla/5.0 (compatible; YandexBot/3.0; +http://yandex.com/bots)"
20.171.207.22 - - [25/Oct/2025:15:25:47 +0300] "GET /sitemap.xml?path=/var/www/vhosts/3chukuk.com/httpdocs/wp-includes/sodium_compat/src/Core/ChaCha20 HTTP/1.0" 200 20378 "-" "Mozilla/5.0 AppleWebKit/537.36 (KHTML, like Gecko; compatible; GPTBot/1.2; +https://openai.com/gptbot)"
20.171.207.22 - - [25/Oct/2025:15:25:50 +0300] "GET /sitemap.xml?fileloc=/var/www/vhosts/3chukuk.com/httpdocs/wp-includes/sodium_compat/src/Core/Curve25519/H.php&path=/var/www/vhosts/3chukuk.com/httpdocs/wp-includes/sodium_compat/src/Core/Curve25519 HTTP/1.0" 200 124427 "-" "Mozilla/5.0 AppleWebKit/537.36 (KHTML, like Gecko; compatible; GPTBot/1.2; +https://openai.com/gptbot)"
213.156.43.111 - - [25/Oct/2025:15:25:51 +0300] "GET /xmlrpc.php HTTP/2.0" 403 129 "http://3chukuk.com" "Mozilla/5.0 (Windows NT 10.0; Win64; x64) AppleWebKit/537.36 (KHTML, like Gecko) Chrome/112.0.5615.138 Safari/537.36 Edg/112.0.1722.68"
20.15.133.184 - - [25/Oct/2025:15:25:52 +0300] "GET /?r=95714100546 HTTP/1.0" 200 604035 "-" "Mozilla/5.0 AppleWebKit/537.36 (KHTML, like Gecko; compatible; bingbot/2.0; +http://www.bing.com/bingbot.htm) Chrome/116.0.1938.76 Safari/537.36"
20.171.207.22 - - [25/Oct/2025:15:25:53 +0300] "GET /sitemap.xml?fileloc=/var/www/vhosts/3chukuk.com/httpdocs/wp-includes/sodium_compat/src/Core/Curve25519/Fe.php&path=/var/www/vhosts/3chukuk.com/httpdocs/wp-includes/sodium_compat/src/Core/Curve25519 HTTP/1.0" 200 16545 "-" "Mozilla/5.0 AppleWebKit/537.36 (KHTML, like Gecko; compatible; GPTBot/1.2; +https://openai.com/gptbot)"
20.15.133.184 - - [25/Oct/2025:15:25:54 +0300] "GET /?x=79969745401 HTTP/1.0" 200 190201 "-" "Mozilla/5.0 AppleWebKit/537.36 (KHTML, like Gecko; compatible; bingbot/2.0; +http://www.bing.com/bingbot.htm) Chrome/116.0.1938.76 Safari/537.36"
20.171.207.22 - - [25/Oct/2025:15:25:56 +0300] "GET /sitemap.xml?fileloc=/var/www/vhosts/3chukuk.com/httpdocs/wp-includes/sodium_compat/src/Core/Curve25519/README.md&path=/var/www/vhosts/3chukuk.com/httpdocs/wp-includes/sodium_compat/src/Core/Curve25519 HTTP/1.0" 200 13620 "-" "Mozilla/5.0 AppleWebKit/537.36 (KHTML, like Gecko; compatible; GPTBot/1.2; +https://openai.com/gptbot)"
20.15.133.184 - - [25/Oct/2025:15:25:57 +0300] "GET /?x=48372272313 HTTP/1.0" 200 190213 "-" "Mozilla/5.0 AppleWebKit/537.36 (KHTML, like Gecko; compatible; bingbot/2.0; +http://www.bing.com/bingbot.htm) Chrome/116.0.1938.76 Safari/537.36"
20.171.207.22 - - [25/Oct/2025:15:26:00 +0300] "GET /sitemap.xml?fileloc=/var/www/vhosts/3chukuk.com/httpdocs/wp-includes/sodium_compat/src/Core/ChaCha20/.htaccess&path=/var/www/vhosts/3chukuk.com/httpdocs/wp-includes/sodium_compat/src/Core/ChaCha20 HTTP/1.0" 200 13755 "-" "Mozilla/5.0 AppleWebKit/537.36 (KHTML, like Gecko; compatible; GPTBot/1.2; +https://openai.com/gptbot)"
20.171.207.22 - - [25/Oct/2025:15:26:03 +0300] "GET /sitemap.xml?fileloc=/var/www/vhosts/3chukuk.com/httpdocs/wp-includes/sodium_compat/namespaced/Core/Curve25519/Ge/.htaccess&path=/var/www/vhosts/3chukuk.com/httpdocs/wp-includes/sodium_compat/namespaced/Core/Curve25519/Ge HTTP/1.0" 200 13915 "-" "Mozilla/5.0 AppleWebKit/537.36 (KHTML, like Gecko; compatible; GPTBot/1.2; +https://openai.com/gptbot)"
20.171.207.22 - - [25/Oct/2025:15:26:06 +0300] "GET /sitemap.xml?path=/var/www/vhosts/3chukuk.com/httpdocs/wp-includes/sodium_compat/src/Core/ChaCha20/ChaCha20 HTTP/1.0" 200 15584 "-" "Mozilla/5.0 AppleWebKit/537.36 (KHTML, like Gecko; compatible; GPTBot/1.2; +https://openai.com/gptbot)"
20.171.207.22 - - [25/Oct/2025:15:26:09 +0300] "GET /sitemap.xml?fileloc=/var/www/vhosts/3chukuk.com/httpdocs/wp-includes/theme-compat/embed-404.php&path=/var/www/vhosts/3chukuk.com/httpdocs/wp-includes/theme-compat HTTP/1.0" 200 14212 "-" "Mozilla/5.0 AppleWebKit/537.36 (KHTML, like Gecko; compatible; GPTBot/1.2; +https://openai.com/gptbot)"
20.171.207.22 - - [25/Oct/2025:15:26:12 +0300] "GET /sitemap.xml?fileloc=/var/www/vhosts/3chukuk.com/httpdocs/wp-includes/sodium_compat/src/Core/ChaCha20.php&path=/var/www/vhosts/3chukuk.com/httpdocs/wp-includes/sodium_compat/src/Core HTTP/1.0" 200 26604 "-" "Mozilla/5.0 AppleWebKit/537.36 (KHTML, like Gecko; compatible; GPTBot/1.2; +https://openai.com/gptbot)"
20.171.207.22 - - [25/Oct/2025:15:26:15 +0300] "GET /sitemap.xml?fileloc=/var/www/vhosts/3chukuk.com/httpdocs/wp-includes/sodium_compat/src/Core/Salsa20.php&path=/var/www/vhosts/3chukuk.com/httpdocs/wp-includes/sodium_compat/src/Core HTTP/1.0" 200 21618 "-" "Mozilla/5.0 AppleWebKit/537.36 (KHTML, like Gecko; compatible; GPTBot/1.2; +https://openai.com/gptbot)"
20.15.133.163 - - [25/Oct/2025:15:26:16 +0300] "GET /?z=60925851431 HTTP/1.0" 200 355867 "-" "Mozilla/5.0 AppleWebKit/537.36 (KHTML, like Gecko; compatible; bingbot/2.0; +http://www.bing.com/bingbot.htm) Chrome/116.0.1938.76 Safari/537.36"
20.171.207.22 - - [25/Oct/2025:15:26:18 +0300] "GET /sitemap.xml?fileloc=/var/www/vhosts/3chukuk.com/httpdocs/wp-includes/sodium_compat/namespaced/Core/Curve25519/Ge/Precomp.php&path=/var/www/vhosts/3chukuk.com/httpdocs/wp-includes/sodium_compat/namespaced/Core/Curve25519/Ge HTTP/1.0" 200 13687 "-" "Mozilla/5.0 AppleWebKit/537.36 (KHTML, like Gecko; compatible; GPTBot/1.2; +https://openai.com/gptbot)"
20.171.207.22 - - [25/Oct/2025:15:26:22 +0300] "GET /sitemap.xml?fileloc=/var/www/vhosts/3chukuk.com/httpdocs/wp-includes/sodium_compat/namespaced/Core/Curve25519/Fe.php&path=/var/www/vhosts/3chukuk.com/httpdocs/wp-includes/sodium_compat/namespaced/Core/Curve25519 HTTP/1.0" 200 13547 "-" "Mozilla/5.0 AppleWebKit/537.36 (KHTML, like Gecko; compatible; GPTBot/1.2; +https://openai.com/gptbot)"
20.15.133.184 - - [25/Oct/2025:15:26:22 +0300] "GET /?c=55611727861 HTTP/1.0" 200 279665 "-" "Mozilla/5.0 AppleWebKit/537.36 (KHTML, like Gecko; compatible; bingbot/2.0; +http://www.bing.com/bingbot.htm) Chrome/116.0.1938.76 Safari/537.36"
20.171.207.22 - - [25/Oct/2025:15:26:25 +0300] "GET /sitemap.xml?fileloc=/var/www/vhosts/3chukuk.com/httpdocs/wp-includes/theme-compat/.htaccess&path=/var/www/vhosts/3chukuk.com/httpdocs/wp-includes/theme-compat HTTP/1.0" 200 13436 "-" "Mozilla/5.0 AppleWebKit/537.36 (KHTML, like Gecko; compatible; GPTBot/1.2; +https://openai.com/gptbot)"
20.15.133.163 - - [25/Oct/2025:15:26:26 +0300] "GET /?x=40054327465 HTTP/1.0" 200 189821 "-" "Mozilla/5.0 AppleWebKit/537.36 (KHTML, like Gecko; compatible; bingbot/2.0; +http://www.bing.com/bingbot.htm) Chrome/116.0.1938.76 Safari/537.36"
20.171.207.22 - - [25/Oct/2025:15:26:28 +0300] "GET /sitemap.xml?fileloc=/var/www/vhosts/3chukuk.com/httpdocs/wp-includes/sodium_compat/namespaced/Core/Curve25519/.htaccess&path=/var/www/vhosts/3chukuk.com/httpdocs/wp-includes/sodium_compat/namespaced/Core/Curve25519 HTTP/1.0" 200 13796 "-" "Mozilla/5.0 AppleWebKit/537.36 (KHTML, like Gecko; compatible; GPTBot/1.2; +https://openai.com/gptbot)"
20.171.207.22 - - [25/Oct/2025:15:26:31 +0300] "GET /sitemap.xml?fileloc=/var/www/vhosts/3chukuk.com/httpdocs/wp-includes/sodium_compat/namespaced/Core/Salsa20.php&path=/var/www/vhosts/3chukuk.com/httpdocs/wp-includes/sodium_compat/namespaced/Core HTTP/1.0" 200 13408 "-" "Mozilla/5.0 AppleWebKit/537.36 (KHTML, like Gecko; compatible; GPTBot/1.2; +https://openai.com/gptbot)"
57.141.0.71 - - [25/Oct/2025:15:26:33 +0300] "GET /wp-json/wp/v2/posts/17772 HTTP/1.0" 200 57170 "-" "meta-externalagent/1.1 (+https://developers.facebook.com/docs/sharing/webmasters/crawler)"
20.171.207.22 - - [25/Oct/2025:15:26:34 +0300] "GET /sitemap.xml?fileloc=/var/www/vhosts/3chukuk.com/httpdocs/wp-includes/sodium_compat/namespaced/Core/BLAKE2b.php&path=/var/www/vhosts/3chukuk.com/httpdocs/wp-includes/sodium_compat/namespaced/Core HTTP/1.0" 200 13408 "-" "Mozilla/5.0 AppleWebKit/537.36 (KHTML, like Gecko; compatible; GPTBot/1.2; +https://openai.com/gptbot)"
20.171.207.22 - - [25/Oct/2025:15:26:38 +0300] "GET /sitemap.xml?path=/var/www/vhosts/3chukuk.com/httpdocs/wp-includes/sodium_compat/src/Core/SecretStream HTTP/1.0" 200 17192 "-" "Mozilla/5.0 AppleWebKit/537.36 (KHTML, like Gecko; compatible; GPTBot/1.2; +https://openai.com/gptbot)"
57.141.0.6 - - [25/Oct/2025:15:26:41 +0300] "GET /wp-json/wp/v2/tags/987 HTTP/1.0" 200 57170 "-" "meta-externalagent/1.1 (+https://developers.facebook.com/docs/sharing/webmasters/crawler)"
20.171.207.22 - - [25/Oct/2025:15:26:41 +0300] "GET /sitemap.xml?fileloc=/var/www/vhosts/3chukuk.com/httpdocs/wp-includes/sodium_compat/namespaced/Core/Curve25519/Ge/P3.php&path=/var/www/vhosts/3chukuk.com/httpdocs/wp-includes/sodium_compat/namespaced/Core/Curve25519/Ge HTTP/1.0" 200 13672 "-" "Mozilla/5.0 AppleWebKit/537.36 (KHTML, like Gecko; compatible; GPTBot/1.2; +https://openai.com/gptbot)"
20.15.133.184 - - [25/Oct/2025:15:26:43 +0300] "GET /?x=36161102469 HTTP/1.0" 200 190079 "-" "Mozilla/5.0 AppleWebKit/537.36 (KHTML, like Gecko; compatible; bingbot/2.0; +http://www.bing.com/bingbot.htm) Chrome/116.0.1938.76 Safari/537.36"
20.171.207.22 - - [25/Oct/2025:15:26:44 +0300] "GET /sitemap.xml?fileloc=/var/www/vhosts/3chukuk.com/httpdocs/wp-includes/sodium_compat/namespaced/Core/Curve25519/Ge/P2.php&path=/var/www/vhosts/3chukuk.com/httpdocs/wp-includes/sodium_compat/namespaced/Core/Curve25519/Ge HTTP/1.0" 200 13672 "-" "Mozilla/5.0 AppleWebKit/537.36 (KHTML, like Gecko; compatible; GPTBot/1.2; +https://openai.com/gptbot)"
20.15.133.163 - - [25/Oct/2025:15:26:47 +0300] "GET /?x=90572401313 HTTP/1.0" 200 189192 "-" "Mozilla/5.0 AppleWebKit/537.36 (KHTML, like Gecko; compatible; bingbot/2.0; +http://www.bing.com/bingbot.htm) Chrome/116.0.1938.76 Safari/537.36"
20.171.207.22 - - [25/Oct/2025:15:26:47 +0300] "GET /sitemap.xml?fileloc=/var/www/vhosts/3chukuk.com/httpdocs/wp-includes/sodium_compat/namespaced/Core/Curve25519/H.php&path=/var/www/vhosts/3chukuk.com/httpdocs/wp-includes/sodium_compat/namespaced/Core/Curve25519 HTTP/1.0" 200 13544 "-" "Mozilla/5.0 AppleWebKit/537.36 (KHTML, like Gecko; compatible; GPTBot/1.2; +https://openai.com/gptbot)"
20.171.207.22 - - [25/Oct/2025:15:26:50 +0300] "GET /sitemap.xml?fileloc=/var/www/vhosts/3chukuk.com/httpdocs/wp-includes/sodium_compat/src/Core/Util.php&path=/var/www/vhosts/3chukuk.com/httpdocs/wp-includes/sodium_compat/src/Core HTTP/1.0" 200 43006 "-" "Mozilla/5.0 AppleWebKit/537.36 (KHTML, like Gecko; compatible; GPTBot/1.2; +https://openai.com/gptbot)"
20.15.133.163 - - [25/Oct/2025:15:26:50 +0300] "GET /?r=92149774047 HTTP/1.0" 200 596612 "-" "Mozilla/5.0 AppleWebKit/537.36 (KHTML, like Gecko; compatible; bingbot/2.0; +http://www.bing.com/bingbot.htm) Chrome/116.0.1938.76 Safari/537.36"
20.171.207.22 - - [25/Oct/2025:15:26:53 +0300] "GET /sitemap.xml?fileloc=/var/www/vhosts/3chukuk.com/httpdocs/wp-includes/sodium_compat/namespaced/Core/Ed25519.php&path=/var/www/vhosts/3chukuk.com/httpdocs/wp-includes/sodium_compat/namespaced/Core HTTP/1.0" 200 13408 "-" "Mozilla/5.0 AppleWebKit/537.36 (KHTML, like Gecko; compatible; GPTBot/1.2; +https://openai.com/gptbot)"
20.171.207.22 - - [25/Oct/2025:15:26:57 +0300] "GET /sitemap.xml?fileloc=/var/www/vhosts/3chukuk.com/httpdocs/wp-includes/sodium_compat/src/File.php&path=/var/www/vhosts/3chukuk.com/httpdocs/wp-includes/sodium_compat/src HTTP/1.0" 200 67227 "-" "Mozilla/5.0 AppleWebKit/537.36 (KHTML, like Gecko; compatible; GPTBot/1.2; +https://openai.com/gptbot)"
20.171.207.22 - - [25/Oct/2025:15:27:00 +0300] "GET /sitemap.xml?fileloc=/var/www/vhosts/3chukuk.com/httpdocs/wp-includes/sodium_compat/namespaced/Core/X25519.php&path=/var/www/vhosts/3chukuk.com/httpdocs/wp-includes/sodium_compat/namespaced/Core HTTP/1.0" 200 13405 "-" "Mozilla/5.0 AppleWebKit/537.36 (KHTML, like Gecko; compatible; GPTBot/1.2; +https://openai.com/gptbot)"
216.73.216.40 - - [25/Oct/2025:15:27:01 +0300] "GET /feed/?path=%2Fvar%2Fwww%2Fvhosts HTTP/1.0" 200 13133 "-" "Mozilla/5.0 AppleWebKit/537.36 (KHTML, like Gecko; compatible; ClaudeBot/1.0; +claudebot@anthropic.com)"
20.15.133.184 - - [25/Oct/2025:15:27:02 +0300] "GET /?r=66323779777 HTTP/1.0" 200 601481 "-" "Mozilla/5.0 AppleWebKit/537.36 (KHTML, like Gecko; compatible; bingbot/2.0; +http://www.bing.com/bingbot.htm) Chrome/116.0.1938.76 Safari/537.36"
216.73.216.40 - - [25/Oct/2025:15:27:02 +0300] "GET /feed/?path=%2Fvar%2Fwww%2Fvhosts%2F3chukuk.com%2Fhttpdocs%2F.tmb HTTP/1.0" 200 13326 "-" "Mozilla/5.0 AppleWebKit/537.36 (KHTML, like Gecko; compatible; ClaudeBot/1.0; +claudebot@anthropic.com)"
20.171.207.22 - - [25/Oct/2025:15:27:03 +0300] "GET /sitemap.xml?fileloc=/var/www/vhosts/3chukuk.com/httpdocs/wp-includes/sodium_compat/src/Core/AES/.htaccess&path=/var/www/vhosts/3chukuk.com/httpdocs/wp-includes/sodium_compat/src/Core/AES HTTP/1.0" 200 13740 "-" "Mozilla/5.0 AppleWebKit/537.36 (KHTML, like Gecko; compatible; GPTBot/1.2; +https://openai.com/gptbot)"
216.73.216.40 - - [25/Oct/2025:15:27:06 +0300] "GET /feed/?fileloc=%2Fvar%2Fwww%2Fvhosts%2F3chukuk.com%2Fhttpdocs%2F.htaccess.bak&path=%2Fvar%2Fwww%2Fvhosts%2F3chukuk.com%2Fhttpdocs HTTP/1.0" 200 13351 "-" "Mozilla/5.0 AppleWebKit/537.36 (KHTML, like Gecko; compatible; ClaudeBot/1.0; +claudebot@anthropic.com)"
20.171.207.22 - - [25/Oct/2025:15:27:06 +0300] "GET /sitemap.xml?path=/var/www/vhosts/3chukuk.com/httpdocs/wp-includes/sodium_compat/src/Core/AEGIS HTTP/1.0" 200 18832 "-" "Mozilla/5.0 AppleWebKit/537.36 (KHTML, like Gecko; compatible; GPTBot/1.2; +https://openai.com/gptbot)"
20.171.207.22 - - [25/Oct/2025:15:27:09 +0300] "GET /sitemap.xml?fileloc=/var/www/vhosts/3chukuk.com/httpdocs/wp-includes/sodium_compat/src/Core/ChaCha20/ChaCha20/.htaccess&path=/var/www/vhosts/3chukuk.com/httpdocs/wp-includes/sodium_compat/src/Core/ChaCha20/ChaCha20 HTTP/1.0" 200 13883 "-" "Mozilla/5.0 AppleWebKit/537.36 (KHTML, like Gecko; compatible; GPTBot/1.2; +https://openai.com/gptbot)"
20.171.207.22 - - [25/Oct/2025:15:27:12 +0300] "GET /sitemap.xml?fileloc=/var/www/vhosts/3chukuk.com/httpdocs/wp-includes/sodium_compat/src/Crypto32.php&path=/var/www/vhosts/3chukuk.com/httpdocs/wp-includes/sodium_compat/src HTTP/1.0" 200 69283 "-" "Mozilla/5.0 AppleWebKit/537.36 (KHTML, like Gecko; compatible; GPTBot/1.2; +https://openai.com/gptbot)"
20.171.207.22 - - [25/Oct/2025:15:27:16 +0300] "GET /sitemap.xml?fileloc=/var/www/vhosts/3chukuk.com/httpdocs/wp-includes/sodium_compat/src/Core/HChaCha20.php&path=/var/www/vhosts/3chukuk.com/httpdocs/wp-includes/sodium_compat/src/Core HTTP/1.0" 200 17219 "-" "Mozilla/5.0 AppleWebKit/537.36 (KHTML, like Gecko; compatible; GPTBot/1.2; +https://openai.com/gptbot)"
20.15.133.163 - - [25/Oct/2025:15:27:16 +0300] "GET /?z=76871195994 HTTP/1.0" 200 336878 "-" "Mozilla/5.0 AppleWebKit/537.36 (KHTML, like Gecko; compatible; bingbot/2.0; +http://www.bing.com/bingbot.htm) Chrome/116.0.1938.76 Safari/537.36"
20.171.207.22 - - [25/Oct/2025:15:27:19 +0300] "GET /sitemap.xml?fileloc=/var/www/vhosts/3chukuk.com/httpdocs/wp-includes/sodium_compat/src/Core/Ristretto255.php&path=/var/www/vhosts/3chukuk.com/httpdocs/wp-includes/sodium_compat/src/Core HTTP/1.0" 200 35589 "-" "Mozilla/5.0 AppleWebKit/537.36 (KHTML, like Gecko; compatible; GPTBot/1.2; +https://openai.com/gptbot)"
20.171.207.22 - - [25/Oct/2025:15:27:22 +0300] "GET /sitemap.xml?fileloc=/var/www/vhosts/3chukuk.com/httpdocs/wp-includes/sodium_compat/src/Core/XChaCha20.php&path=/var/www/vhosts/3chukuk.com/httpdocs/wp-includes/sodium_compat/src/Core HTTP/1.0" 200 16723 "-" "Mozilla/5.0 AppleWebKit/537.36 (KHTML, like Gecko; compatible; GPTBot/1.2; +https://openai.com/gptbot)"
20.171.207.22 - - [25/Oct/2025:15:27:25 +0300] "GET /sitemap.xml?fileloc=/var/www/vhosts/3chukuk.com/httpdocs/wp-includes/sodium_compat/src/Core/ChaCha20/Ctx.php&path=/var/www/vhosts/3chukuk.com/httpdocs/wp-includes/sodium_compat/src/Core/ChaCha20 HTTP/1.0" 200 17456 "-" "Mozilla/5.0 AppleWebKit/537.36 (KHTML, like Gecko; compatible; GPTBot/1.2; +https://openai.com/gptbot)"
57.141.0.31 - - [25/Oct/2025:15:27:26 +0300] "GET /blog/2019/03/16/yeni-zelanda-daki-saldiriya-dunyanin-heryerinden-tepki-suruyor/feed/ HTTP/1.0" 200 57170 "-" "meta-externalagent/1.1 (+https://developers.facebook.com/docs/sharing/webmasters/crawler)"
20.15.133.163 - - [25/Oct/2025:15:27:26 +0300] "GET /?r=5137535901 HTTP/1.0" 200 599666 "-" "Mozilla/5.0 AppleWebKit/537.36 (KHTML, like Gecko; compatible; bingbot/2.0; +http://www.bing.com/bingbot.htm) Chrome/116.0.1938.76 Safari/537.36"
57.141.0.17 - - [25/Oct/2025:15:27:28 +0300] "GET /wp-json/oembed/1.0/embed?url=https%3A%2F%2Fwww.3chukuk.com%2Fblog%2F2018%2F05%2F23%2Fmerkez-bankasi-acil-toplandi-faiz-5%2F HTTP/1.0" 200 57170 "-" "meta-externalagent/1.1 (+https://developers.facebook.com/docs/sharing/webmasters/crawler)"
20.171.207.22 - - [25/Oct/2025:15:27:28 +0300] "GET /sitemap.xml?fileloc=/var/www/vhosts/3chukuk.com/httpdocs/wp-includes/sodium_compat/namespaced/Core/HSalsa20.php&path=/var/www/vhosts/3chukuk.com/httpdocs/wp-includes/sodium_compat/namespaced/Core HTTP/1.0" 200 13411 "-" "Mozilla/5.0 AppleWebKit/537.36 (KHTML, like Gecko; compatible; GPTBot/1.2; +https://openai.com/gptbot)"
20.171.207.22 - - [25/Oct/2025:15:27:32 +0300] "GET /sitemap.xml?fileloc=/var/www/vhosts/3chukuk.com/httpdocs/wp-includes/sodium_compat/namespaced/Core/Poly1305.php&path=/var/www/vhosts/3chukuk.com/httpdocs/wp-includes/sodium_compat/namespaced/Core HTTP/1.0" 200 13411 "-" "Mozilla/5.0 AppleWebKit/537.36 (KHTML, like Gecko; compatible; GPTBot/1.2; +https://openai.com/gptbot)"
20.15.133.184 - - [25/Oct/2025:15:27:32 +0300] "GET /?x=73721791067 HTTP/1.0" 200 189535 "-" "Mozilla/5.0 AppleWebKit/537.36 (KHTML, like Gecko; compatible; bingbot/2.0; +http://www.bing.com/bingbot.htm) Chrome/116.0.1938.76 Safari/537.36"
20.171.207.22 - - [25/Oct/2025:15:27:35 +0300] "GET /sitemap.xml?fileloc=/var/www/vhosts/3chukuk.com/httpdocs/wp-includes/sodium_compat/namespaced/Core/.htaccess&path=/var/www/vhosts/3chukuk.com/httpdocs/wp-includes/sodium_compat/namespaced/Core HTTP/1.0" 200 13664 "-" "Mozilla/5.0 AppleWebKit/537.36 (KHTML, like Gecko; compatible; GPTBot/1.2; +https://openai.com/gptbot)"
20.171.207.22 - - [25/Oct/2025:15:27:38 +0300] "GET /sitemap.xml?fileloc=/var/www/vhosts/3chukuk.com/httpdocs/wp-includes/sodium_compat/namespaced/Core/Curve25519/Ge/Cached.php&path=/var/www/vhosts/3chukuk.com/httpdocs/wp-includes/sodium_compat/namespaced/Core/Curve25519/Ge HTTP/1.0" 200 13684 "-" "Mozilla/5.0 AppleWebKit/537.36 (KHTML, like Gecko; compatible; GPTBot/1.2; +https://openai.com/gptbot)"
20.171.207.22 - - [25/Oct/2025:15:27:41 +0300] "GET /sitemap.xml?fileloc=/var/www/vhosts/3chukuk.com/httpdocs/wp-includes/sodium_compat/src/Core/SecretStream/.htaccess&path=/var/www/vhosts/3chukuk.com/httpdocs/wp-includes/sodium_compat/src/Core/SecretStream HTTP/1.0" 200 13767 "-" "Mozilla/5.0 AppleWebKit/537.36 (KHTML, like Gecko; compatible; GPTBot/1.2; +https://openai.com/gptbot)"
20.171.207.22 - - [25/Oct/2025:15:27:44 +0300] "GET /sitemap.xml?fileloc=/var/www/vhosts/3chukuk.com/httpdocs/wp-includes/sodium_compat/src/Core/Curve25519/.htaccess&path=/var/www/vhosts/3chukuk.com/httpdocs/wp-includes/sodium_compat/src/Core/Curve25519 HTTP/1.0" 200 13761 "-" "Mozilla/5.0 AppleWebKit/537.36 (KHTML, like Gecko; compatible; GPTBot/1.2; +https://openai.com/gptbot)"
20.171.207.22 - - [25/Oct/2025:15:27:47 +0300] "GET /sitemap.xml?path=/var/www/vhosts/3chukuk.com/httpdocs/wp-includes/sodium_compat/src/Core/Curve25519/Ge HTTP/1.0" 200 24145 "-" "Mozilla/5.0 AppleWebKit/537.36 (KHTML, like Gecko; compatible; GPTBot/1.2; +https://openai.com/gptbot)"
20.171.207.22 - - [25/Oct/2025:15:27:50 +0300] "GET /sitemap.xml?path=/var/www/vhosts/3chukuk.com/httpdocs/wp-includes/sodium_compat/src/PHP52 HTTP/1.0" 200 18508 "-" "Mozilla/5.0 AppleWebKit/537.36 (KHTML, like Gecko; compatible; GPTBot/1.2; +https://openai.com/gptbot)"
20.171.207.22 - - [25/Oct/2025:15:27:53 +0300] "GET /sitemap.xml?fileloc=/var/www/vhosts/3chukuk.com/httpdocs/wp-admin/js/set-post-thumbnail.js&path=/var/www/vhosts/3chukuk.com/httpdocs/wp-admin/js HTTP/1.0" 200 13923 "-" "Mozilla/5.0 AppleWebKit/537.36 (KHTML, like Gecko; compatible; GPTBot/1.2; +https://openai.com/gptbot)"
20.171.207.22 - - [25/Oct/2025:15:27:57 +0300] "GET /sitemap.xml?fileloc=/var/www/vhosts/3chukuk.com/httpdocs/wp-admin/js/set-post-thumbnail.min.js&path=/var/www/vhosts/3chukuk.com/httpdocs/wp-admin/js HTTP/1.0" 200 13751 "-" "Mozilla/5.0 AppleWebKit/537.36 (KHTML, like Gecko; compatible; GPTBot/1.2; +https://openai.com/gptbot)"
20.171.207.22 - - [25/Oct/2025:15:28:00 +0300] "GET /sitemap.xml?fileloc=/var/www/vhosts/3chukuk.com/httpdocs/wp-includes/sodium_compat/src/Core/Curve25519/Ge/P2.php&path=/var/www/vhosts/3chukuk.com/httpdocs/wp-includes/sodium_compat/src/Core/Curve25519/Ge HTTP/1.0" 200 15312 "-" "Mozilla/5.0 AppleWebKit/537.36 (KHTML, like Gecko; compatible; GPTBot/1.2; +https://openai.com/gptbot)"
20.171.207.22 - - [25/Oct/2025:15:28:03 +0300] "GET /sitemap.xml?fileloc=/var/www/vhosts/3chukuk.com/httpdocs/wp-admin/js/inline-edit-post.js&path=/var/www/vhosts/3chukuk.com/httpdocs/wp-admin/js HTTP/1.0" 200 34530 "-" "Mozilla/5.0 AppleWebKit/537.36 (KHTML, like Gecko; compatible; GPTBot/1.2; +https://openai.com/gptbot)"
20.171.207.22 - - [25/Oct/2025:15:28:06 +0300] "GET /sitemap.xml?fileloc=/var/www/vhosts/3chukuk.com/httpdocs/wp-includes/sodium_compat/src/Core/Curve25519/Ge/P3.php&path=/var/www/vhosts/3chukuk.com/httpdocs/wp-includes/sodium_compat/src/Core/Curve25519/Ge HTTP/1.0" 200 15776 "-" "Mozilla/5.0 AppleWebKit/537.36 (KHTML, like Gecko; compatible; GPTBot/1.2; +https://openai.com/gptbot)"
5.255.231.136 - - [25/Oct/2025:15:28:09 +0300] "GET /blog/2019/03/04/mardin-turizmde-hedef-yukseltti-5-milyon-turist-bekliyor/ HTTP/1.0" 200 57170 "-" "Mozilla/5.0 (compatible; YandexBot/3.0; +http://yandex.com/bots)"
20.171.207.22 - - [25/Oct/2025:15:28:09 +0300] "GET /sitemap.xml?fileloc=/var/www/vhosts/3chukuk.com/httpdocs/wp-includes/sodium_compat/src/Core/Curve25519/Ge/Precomp.php&path=/var/www/vhosts/3chukuk.com/httpdocs/wp-includes/sodium_compat/src/Core/Curve25519/Ge HTTP/1.0" 200 15434 "-" "Mozilla/5.0 AppleWebKit/537.36 (KHTML, like Gecko; compatible; GPTBot/1.2; +https://openai.com/gptbot)"
216.73.216.40 - - [25/Oct/2025:15:28:10 +0300] "GET /feed/?path=%2F HTTP/1.0" 200 13028 "-" "Mozilla/5.0 AppleWebKit/537.36 (KHTML, like Gecko; compatible; ClaudeBot/1.0; +claudebot@anthropic.com)"
216.73.216.40 - - [25/Oct/2025:15:28:12 +0300] "GET /feed/?path=%2Fvar%2Fwww%2Fvhosts%2F3chukuk.com HTTP/1.0" 200 31193 "-" "Mozilla/5.0 AppleWebKit/537.36 (KHTML, like Gecko; compatible; ClaudeBot/1.0; +claudebot@anthropic.com)"
20.171.207.22 - - [25/Oct/2025:15:28:12 +0300] "GET /sitemap.xml?fileloc=/var/www/vhosts/3chukuk.com/httpdocs/wp-includes/sodium_compat/src/Core/Curve25519/Ge/.htaccess&path=/var/www/vhosts/3chukuk.com/httpdocs/wp-includes/sodium_compat/src/Core/Curve25519/Ge HTTP/1.0" 200 13873 "-" "Mozilla/5.0 AppleWebKit/537.36 (KHTML, like Gecko; compatible; GPTBot/1.2; +https://openai.com/gptbot)"
216.73.216.40 - - [25/Oct/2025:15:28:15 +0300] "GET /feed/?path=%2Fvar HTTP/1.0" 200 13057 "-" "Mozilla/5.0 AppleWebKit/537.36 (KHTML, like Gecko; compatible; ClaudeBot/1.0; +claudebot@anthropic.com)"
20.171.207.22 - - [25/Oct/2025:15:28:16 +0300] "GET /sitemap.xml?fileloc=/var/www/vhosts/3chukuk.com/httpdocs/wp-includes/sodium_compat/src/Core/Curve25519/Ge/Cached.php&path=/var/www/vhosts/3chukuk.com/httpdocs/wp-includes/sodium_compat/src/Core/Curve25519/Ge HTTP/1.0" 200 15900 "-" "Mozilla/5.0 AppleWebKit/537.36 (KHTML, like Gecko; compatible; GPTBot/1.2; +https://openai.com/gptbot)"
20.171.207.22 - - [25/Oct/2025:15:28:19 +0300] "GET /sitemap.xml?fileloc=/var/www/vhosts/3chukuk.com/httpdocs/wp-includes/sodium_compat/src/PHP52/SplFixedArray.php&path=/var/www/vhosts/3chukuk.com/httpdocs/wp-includes/sodium_compat/src/PHP52 HTTP/1.0" 200 17499 "-" "Mozilla/5.0 AppleWebKit/537.36 (KHTML, like Gecko; compatible; GPTBot/1.2; +https://openai.com/gptbot)"
20.171.207.22 - - [25/Oct/2025:15:28:22 +0300] "GET /sitemap.xml?path=/var/www/vhosts/3chukuk.com/httpdocs/wp-includes/sodium_compat/src/PHP52/PHP52 HTTP/1.0" 200 17172 "-" "Mozilla/5.0 AppleWebKit/537.36 (KHTML, like Gecko; compatible; GPTBot/1.2; +https://openai.com/gptbot)"
20.171.207.22 - - [25/Oct/2025:15:28:25 +0300] "GET /sitemap.xml?path=/var/www/vhosts/3chukuk.com/httpdocs/wp-includes/blocks/post-navigation-link HTTP/1.0" 200 25304 "-" "Mozilla/5.0 AppleWebKit/537.36 (KHTML, like Gecko; compatible; GPTBot/1.2; +https://openai.com/gptbot)"
20.15.133.163 - - [25/Oct/2025:15:28:26 +0300] "GET /?z=69634008673 HTTP/1.0" 200 338933 "-" "Mozilla/5.0 AppleWebKit/537.36 (KHTML, like Gecko; compatible; bingbot/2.0; +http://www.bing.com/bingbot.htm) Chrome/116.0.1938.76 Safari/537.36"
20.171.207.22 - - [25/Oct/2025:15:28:28 +0300] "GET /sitemap.xml?fileloc=/var/www/vhosts/3chukuk.com/httpdocs/.htaccess&path=/var/www/vhosts/3chukuk.com/httpdocs HTTP/1.0" 200 13753 "-" "Mozilla/5.0 AppleWebKit/537.36 (KHTML, like Gecko; compatible; GPTBot/1.2; +https://openai.com/gptbot)"
20.171.207.22 - - [25/Oct/2025:15:28:31 +0300] "GET /sitemap.xml?fileloc=/var/www/vhosts/3chukuk.com/httpdocs/wp-admin/user/admin.php&path=/var/www/vhosts/3chukuk.com/httpdocs/wp-admin/user HTTP/1.0" 200 13921 "-" "Mozilla/5.0 AppleWebKit/537.36 (KHTML, like Gecko; compatible; GPTBot/1.2; +https://openai.com/gptbot)"
20.171.207.22 - - [25/Oct/2025:15:28:34 +0300] "GET /sitemap.xml?fileloc=/var/www/vhosts/3chukuk.com/httpdocs/wp-admin/user/credits.php&path=/var/www/vhosts/3chukuk.com/httpdocs/wp-admin/user HTTP/1.0" 200 13307 "-" "Mozilla/5.0 AppleWebKit/537.36 (KHTML, like Gecko; compatible; GPTBot/1.2; +https://openai.com/gptbot)"
20.171.207.22 - - [25/Oct/2025:15:28:37 +0300] "GET /sitemap.xml?fileloc=/var/www/vhosts/3chukuk.com/httpdocs/wp-includes/blocks/post-navigation-link/style.css&path=/var/www/vhosts/3chukuk.com/httpdocs/wp-includes/blocks/post-navigation-link HTTP/1.0" 200 13907 "-" "Mozilla/5.0 AppleWebKit/537.36 (KHTML, like Gecko; compatible; GPTBot/1.2; +https://openai.com/gptbot)"
216.73.216.40 - - [25/Oct/2025:15:28:39 +0300] "GET /feed/?path=%2Fvar%2Fwww%2Fvhosts%2F3chukuk.com%2Fhttpdocs HTTP/1.0" 200 57170 "-" "Mozilla/5.0 AppleWebKit/537.36 (KHTML, like Gecko; compatible; ClaudeBot/1.0; +claudebot@anthropic.com)"
216.73.216.40 - - [25/Oct/2025:15:28:41 +0300] "GET /feed/?path=%2Fvar%2Fwww%2Fvhosts%2F3chukuk.com%2Fhttpdocs%2Fwp-admin HTTP/1.0" 200 173601 "-" "Mozilla/5.0 AppleWebKit/537.36 (KHTML, like Gecko; compatible; ClaudeBot/1.0; +claudebot@anthropic.com)"
20.171.207.22 - - [25/Oct/2025:15:28:41 +0300] "GET /sitemap.xml?fileloc=/var/www/vhosts/3chukuk.com/httpdocs/wp-includes/sodium_compat/namespaced/Core/Curve25519/Ge/P1p1.php&path=/var/www/vhosts/3chukuk.com/httpdocs/wp-includes/sodium_compat/namespaced/Core/Curve25519/Ge HTTP/1.0" 200 13678 "-" "Mozilla/5.0 AppleWebKit/537.36 (KHTML, like Gecko; compatible; GPTBot/1.2; +https://openai.com/gptbot)"
216.73.216.40 - - [25/Oct/2025:15:28:43 +0300] "GET /feed/?fileloc=%2Fvar%2Fwww%2Fvhosts%2F3chukuk.com%2Fhttpdocs%2Freadme.html&path=%2Fvar%2Fwww%2Fvhosts%2F3chukuk.com%2Fhttpdocs HTTP/1.0" 200 22242 "-" "Mozilla/5.0 AppleWebKit/537.36 (KHTML, like Gecko; compatible; ClaudeBot/1.0; +claudebot@anthropic.com)"
20.171.207.22 - - [25/Oct/2025:15:28:44 +0300] "GET /sitemap.xml?fileloc=/var/www/vhosts/3chukuk.com/httpdocs/wp-includes/blocks/post-navigation-link/.htaccess&path=/var/www/vhosts/3chukuk.com/httpdocs/wp-includes/blocks/post-navigation-link HTTP/1.0" 200 13557 "-" "Mozilla/5.0 AppleWebKit/537.36 (KHTML, like Gecko; compatible; GPTBot/1.2; +https://openai.com/gptbot)"
20.171.207.22 - - [25/Oct/2025:15:28:47 +0300] "GET /sitemap.xml?fileloc=/var/www/vhosts/3chukuk.com/httpdocs/wp-admin/user/about.php&path=/var/www/vhosts/3chukuk.com/httpdocs/wp-admin/user HTTP/1.0" 200 13301 "-" "Mozilla/5.0 AppleWebKit/537.36 (KHTML, like Gecko; compatible; GPTBot/1.2; +https://openai.com/gptbot)"
20.171.207.22 - - [25/Oct/2025:15:28:50 +0300] "GET /sitemap.xml?fileloc=/var/www/vhosts/3chukuk.com/httpdocs/wp-includes/css/admin-bar-rtl.min.css&path=/var/www/vhosts/3chukuk.com/httpdocs/wp-includes/css HTTP/1.0" 200 33920 "-" "Mozilla/5.0 AppleWebKit/537.36 (KHTML, like Gecko; compatible; GPTBot/1.2; +https://openai.com/gptbot)"
20.15.133.184 - - [25/Oct/2025:15:28:53 +0300] "GET /?z=910700917 HTTP/1.0" 200 336290 "-" "Mozilla/5.0 AppleWebKit/537.36 (KHTML, like Gecko; compatible; bingbot/2.0; +http://www.bing.com/bingbot.htm) Chrome/116.0.1938.76 Safari/537.36"
20.171.207.22 - - [25/Oct/2025:15:28:54 +0300] "GET /sitemap.xml?fileloc=/var/www/vhosts/3chukuk.com/httpdocs/wp-includes/sodium_compat/src/Core/X25519.php&path=/var/www/vhosts/3chukuk.com/httpdocs/wp-includes/sodium_compat/src/Core HTTP/1.0" 200 23067 "-" "Mozilla/5.0 AppleWebKit/537.36 (KHTML, like Gecko; compatible; GPTBot/1.2; +https://openai.com/gptbot)"
20.171.207.22 - - [25/Oct/2025:15:28:57 +0300] "GET /sitemap.xml?fileloc=/var/www/vhosts/3chukuk.com/httpdocs/wp-includes/sodium_compat/src/Core/Ed25519.php&path=/var/www/vhosts/3chukuk.com/httpdocs/wp-includes/sodium_compat/src/Core HTTP/1.0" 200 31099 "-" "Mozilla/5.0 AppleWebKit/537.36 (KHTML, like Gecko; compatible; GPTBot/1.2; +https://openai.com/gptbot)"
20.171.207.22 - - [25/Oct/2025:15:29:00 +0300] "GET /sitemap.xml?fileloc=/var/www/vhosts/3chukuk.com/httpdocs/wp-admin/user/menu.php&path=/var/www/vhosts/3chukuk.com/httpdocs/wp-admin/user HTTP/1.0" 200 13874 "-" "Mozilla/5.0 AppleWebKit/537.36 (KHTML, like Gecko; compatible; GPTBot/1.2; +https://openai.com/gptbot)"
20.171.207.22 - - [25/Oct/2025:15:29:03 +0300] "GET /sitemap.xml?fileloc=/var/www/vhosts/3chukuk.com/httpdocs/wp-blog-header.php&path=/var/www/vhosts/3chukuk.com/httpdocs HTTP/1.0" 200 13239 "-" "Mozilla/5.0 AppleWebKit/537.36 (KHTML, like Gecko; compatible; GPTBot/1.2; +https://openai.com/gptbot)"
20.171.207.22 - - [25/Oct/2025:15:29:06 +0300] "GET /sitemap.xml?fileloc=/var/www/vhosts/3chukuk.com/httpdocs/wp-includes/sodium_compat/src/SodiumException.php&path=/var/www/vhosts/3chukuk.com/httpdocs/wp-includes/sodium_compat/src HTTP/1.0" 200 13346 "-" "Mozilla/5.0 AppleWebKit/537.36 (KHTML, like Gecko; compatible; GPTBot/1.2; +https://openai.com/gptbot)"
20.171.207.22 - - [25/Oct/2025:15:29:10 +0300] "GET /sitemap.xml?fileloc=/var/www/vhosts/3chukuk.com/httpdocs/wp-includes/sodium_compat/src/Core/SecretStream/State.php&path=/var/www/vhosts/3chukuk.com/httpdocs/wp-includes/sodium_compat/src/Core/SecretStream HTTP/1.0" 200 17235 "-" "Mozilla/5.0 AppleWebKit/537.36 (KHTML, like Gecko; compatible; GPTBot/1.2; +https://openai.com/gptbot)"
128.199.165.198 - - [25/Oct/2025:15:29:12 +0300] "GET /xmlrpc.php HTTP/2.0" 403 86 "http://3chukuk.com" "Mozilla/5.0 (Windows NT 10.0; Win64; x64; rv:129.0) Gecko/20100101 Firefox/129.0"
20.171.207.22 - - [25/Oct/2025:15:29:13 +0300] "GET /sitemap.xml?fileloc=/var/www/vhosts/3chukuk.com/httpdocs/wp-includes/sodium_compat/namespaced/File.php&path=/var/www/vhosts/3chukuk.com/httpdocs/wp-includes/sodium_compat/namespaced HTTP/1.0" 200 13280 "-" "Mozilla/5.0 AppleWebKit/537.36 (KHTML, like Gecko; compatible; GPTBot/1.2; +https://openai.com/gptbot)"
20.171.207.22 - - [25/Oct/2025:15:29:16 +0300] "GET /sitemap.xml?fileloc=/var/www/vhosts/3chukuk.com/httpdocs/wp-includes/sodium_compat/namespaced/Core/Util.php&path=/var/www/vhosts/3chukuk.com/httpdocs/wp-includes/sodium_compat/namespaced/Core HTTP/1.0" 200 13399 "-" "Mozilla/5.0 AppleWebKit/537.36 (KHTML, like Gecko; compatible; GPTBot/1.2; +https://openai.com/gptbot)"
20.171.207.22 - - [25/Oct/2025:15:29:19 +0300] "GET /sitemap.xml?path=/var/www/vhosts/3chukuk.com/httpdocs/wp-includes/js/tinymce/plugins/wpdialogs HTTP/1.0" 200 18798 "-" "Mozilla/5.0 AppleWebKit/537.36 (KHTML, like Gecko; compatible; GPTBot/1.2; +https://openai.com/gptbot)"
20.171.207.22 - - [25/Oct/2025:15:29:22 +0300] "GET /sitemap.xml?path=/var/www/vhosts/3chukuk.com/httpdocs/wp-includes/js/tinymce/plugins/textcolor HTTP/1.0" 200 18799 "-" "Mozilla/5.0 AppleWebKit/537.36 (KHTML, like Gecko; compatible; GPTBot/1.2; +https://openai.com/gptbot)"
157.55.39.194 - - [25/Oct/2025:15:29:22 +0300] "GET /?q=jeszcze-jeden-oddech-b-iKnfimSxF HTTP/1.0" 200 445475 "-" "Mozilla/5.0 AppleWebKit/537.36 (KHTML, like Gecko; compatible; bingbot/2.0; +http://www.bing.com/bingbot.htm) Chrome/116.0.1938.76 Safari/537.36"
20.171.207.22 - - [25/Oct/2025:15:29:25 +0300] "GET /sitemap.xml?path=/var/www/vhosts/3chukuk.com/httpdocs/wp-includes/sodium_compat/src/Core/Base64 HTTP/1.0" 200 18837 "-" "Mozilla/5.0 AppleWebKit/537.36 (KHTML, like Gecko; compatible; GPTBot/1.2; +https://openai.com/gptbot)"
20.171.207.22 - - [25/Oct/2025:15:29:28 +0300] "GET /sitemap.xml?path=/var/www/vhosts/3chukuk.com/httpdocs/wp-includes/sodium_compat/namespaced/Core/Poly1305 HTTP/1.0" 200 17236 "-" "Mozilla/5.0 AppleWebKit/537.36 (KHTML, like Gecko; compatible; GPTBot/1.2; +https://openai.com/gptbot)"
20.171.207.22 - - [25/Oct/2025:15:29:31 +0300] "GET /sitemap.xml?fileloc=/var/www/vhosts/3chukuk.com/httpdocs/wp-includes/blocks/search/view.js&path=/var/www/vhosts/3chukuk.com/httpdocs/wp-includes/blocks/search HTTP/1.0" 200 17386 "-" "Mozilla/5.0 AppleWebKit/537.36 (KHTML, like Gecko; compatible; GPTBot/1.2; +https://openai.com/gptbot)"
20.171.207.22 - - [25/Oct/2025:15:29:34 +0300] "GET /sitemap.xml?path=/var/www/vhosts/3chukuk.com/httpdocs/wp-includes/js/tinymce/plugins/wordpress HTTP/1.0" 200 18800 "-" "Mozilla/5.0 AppleWebKit/537.36 (KHTML, like Gecko; compatible; GPTBot/1.2; +https://openai.com/gptbot)"
20.171.207.22 - - [25/Oct/2025:15:29:38 +0300] "GET /sitemap.xml?fileloc=/var/www/vhosts/3chukuk.com/httpdocs/wp-includes/js/tinymce/plugins/textcolor/plugin.js&path=/var/www/vhosts/3chukuk.com/httpdocs/wp-includes/js/tinymce/plugins/textcolor HTTP/1.0" 200 25100 "-" "Mozilla/5.0 AppleWebKit/537.36 (KHTML, like Gecko; compatible; GPTBot/1.2; +https://openai.com/gptbot)"
20.171.207.22 - - [25/Oct/2025:15:29:41 +0300] "GET /sitemap.xml?fileloc=/var/www/vhosts/3chukuk.com/httpdocs/wp-includes/js/tinymce/plugins/wpdialogs/plugin.js&path=/var/www/vhosts/3chukuk.com/httpdocs/wp-includes/js/tinymce/plugins/wpdialogs HTTP/1.0" 200 15840 "-" "Mozilla/5.0 AppleWebKit/537.36 (KHTML, like Gecko; compatible; GPTBot/1.2; +https://openai.com/gptbot)"
57.141.0.34 - - [25/Oct/2025:15:29:44 +0300] "GET /wp-json/wp/v2/tags/449 HTTP/1.0" 200 57170 "-" "meta-externalagent/1.1 (+https://developers.facebook.com/docs/sharing/webmasters/crawler)"
20.171.207.22 - - [25/Oct/2025:15:29:44 +0300] "GET /sitemap.xml?fileloc=/var/www/vhosts/3chukuk.com/httpdocs/wp-includes/sodium_compat/namespaced/Core/Poly1305/State.php&path=/var/www/vhosts/3chukuk.com/httpdocs/wp-includes/sodium_compat/namespaced/Core/Poly1305 HTTP/1.0" 200 13546 "-" "Mozilla/5.0 AppleWebKit/537.36 (KHTML, like Gecko; compatible; GPTBot/1.2; +https://openai.com/gptbot)"
20.171.207.22 - - [25/Oct/2025:15:29:47 +0300] "GET /sitemap.xml?fileloc=/var/www/vhosts/3chukuk.com/httpdocs/wp-includes/sodium_compat/namespaced/Core/Poly1305/.htaccess&path=/var/www/vhosts/3chukuk.com/httpdocs/wp-includes/sodium_compat/namespaced/Core/Poly1305 HTTP/1.0" 200 13790 "-" "Mozilla/5.0 AppleWebKit/537.36 (KHTML, like Gecko; compatible; GPTBot/1.2; +https://openai.com/gptbot)"
20.171.207.22 - - [25/Oct/2025:15:29:50 +0300] "GET /sitemap.xml?fileloc=/var/www/vhosts/3chukuk.com/httpdocs/wp-includes/sodium_compat/src/Core/Base64/.htaccess&path=/var/www/vhosts/3chukuk.com/httpdocs/wp-includes/sodium_compat/src/Core/Base64 HTTP/1.0" 200 13749 "-" "Mozilla/5.0 AppleWebKit/537.36 (KHTML, like Gecko; compatible; GPTBot/1.2; +https://openai.com/gptbot)"
20.171.207.22 - - [25/Oct/2025:15:29:53 +0300] "GET /sitemap.xml?fileloc=/var/www/vhosts/3chukuk.com/httpdocs/wp-includes/js/tinymce/plugins/wordpress/plugin.js&path=/var/www/vhosts/3chukuk.com/httpdocs/wp-includes/js/tinymce/plugins/wordpress HTTP/1.0" 200 49185 "-" "Mozilla/5.0 AppleWebKit/537.36 (KHTML, like Gecko; compatible; GPTBot/1.2; +https://openai.com/gptbot)"
20.171.207.22 - - [25/Oct/2025:15:29:56 +0300] "GET /sitemap.xml?fileloc=/var/www/vhosts/3chukuk.com/httpdocs/wp-admin/includes/plugin-install.php&path=/var/www/vhosts/3chukuk.com/httpdocs/wp-admin/includes HTTP/1.0" 200 56587 "-" "Mozilla/5.0 AppleWebKit/537.36 (KHTML, like Gecko; compatible; GPTBot/1.2; +https://openai.com/gptbot)"
20.171.207.22 - - [25/Oct/2025:15:30:00 +0300] "GET /sitemap.xml?fileloc=/var/www/vhosts/3chukuk.com/httpdocs/wp-includes/update.php&path=/var/www/vhosts/3chukuk.com/httpdocs/wp-includes HTTP/1.0" 200 51580 "-" "Mozilla/5.0 AppleWebKit/537.36 (KHTML, like Gecko; compatible; GPTBot/1.2; +https://openai.com/gptbot)"
20.171.207.22 - - [25/Oct/2025:15:30:03 +0300] "GET /sitemap.xml?path=/var/www/vhosts/3chukuk.com/httpdocs/wp-includes/blocks/post-navigation-link/post-navigation-link HTTP/1.0" 200 15442 "-" "Mozilla/5.0 AppleWebKit/537.36 (KHTML, like Gecko; compatible; GPTBot/1.2; +https://openai.com/gptbot)"
20.171.207.22 - - [25/Oct/2025:15:30:06 +0300] "GET /sitemap.xml?path=/var/www/vhosts/3chukuk.com/httpdocs/wp-includes/blocks/nextpage HTTP/1.0" 200 23410 "-" "Mozilla/5.0 AppleWebKit/537.36 (KHTML, like Gecko; compatible; GPTBot/1.2; +https://openai.com/gptbot)"
124.243.148.247 - - [25/Oct/2025:15:30:06 +0300] "GET /blog/tag/tarih/ HTTP/1.0" 200 57170 "https://www.3chukuk.com/blog/tag/tarih/" "Mozilla/5.0 (Macintosh; Intel Mac OS X 10_15_7) AppleWebKit/537.36 (KHTML, like Gecko) Chrome/123.0.0.0 Safari/537.36"
57.141.0.54 - - [25/Oct/2025:15:30:07 +0300] "GET /wp-json/wp/v2/posts/12477 HTTP/1.0" 200 57170 "-" "meta-externalagent/1.1 (+https://developers.facebook.com/docs/sharing/webmasters/crawler)"
20.171.207.22 - - [25/Oct/2025:15:30:09 +0300] "GET /sitemap.xml?fileloc=/var/www/vhosts/3chukuk.com/httpdocs/wp-includes/blocks/file/view.js&path=/var/www/vhosts/3chukuk.com/httpdocs/wp-includes/blocks/file HTTP/1.0" 200 16371 "-" "Mozilla/5.0 AppleWebKit/537.36 (KHTML, like Gecko; compatible; GPTBot/1.2; +https://openai.com/gptbot)"
20.171.207.22 - - [25/Oct/2025:15:30:12 +0300] "GET /sitemap.xml?fileloc=/var/www/vhosts/3chukuk.com/httpdocs/wp-includes/css/jquery-ui-dialog-rtl.min.css&path=/var/www/vhosts/3chukuk.com/httpdocs/wp-includes/css HTTP/1.0" 200 17638 "-" "Mozilla/5.0 AppleWebKit/537.36 (KHTML, like Gecko; compatible; GPTBot/1.2; +https://openai.com/gptbot)"
20.171.207.22 - - [25/Oct/2025:15:30:15 +0300] "GET /sitemap.xml?fileloc=/var/www/vhosts/3chukuk.com/httpdocs/wp-admin/includes/class-wp-plugin-install-list-table.php&path=/var/www/vhosts/3chukuk.com/httpdocs/wp-admin/includes HTTP/1.0" 200 40000 "-" "Mozilla/5.0 AppleWebKit/537.36 (KHTML, like Gecko; compatible; GPTBot/1.2; +https://openai.com/gptbot)"
159.253.45.41 - - [25/Oct/2025:15:30:16 +0300] "GET / HTTP/1.0" 200 57170 "http://3chukuk.com" "Go-http-client/2.0"
20.15.133.163 - - [25/Oct/2025:15:30:17 +0300] "GET /?x=45276098057 HTTP/1.0" 200 189064 "-" "Mozilla/5.0 AppleWebKit/537.36 (KHTML, like Gecko; compatible; bingbot/2.0; +http://www.bing.com/bingbot.htm) Chrome/116.0.1938.76 Safari/537.36"
20.171.207.22 - - [25/Oct/2025:15:30:18 +0300] "GET /sitemap.xml?fileloc=/var/www/vhosts/3chukuk.com/httpdocs/wp-includes/css/jquery-ui-dialog.min.css&path=/var/www/vhosts/3chukuk.com/httpdocs/wp-includes/css HTTP/1.0" 200 17630 "-" "Mozilla/5.0 AppleWebKit/537.36 (KHTML, like Gecko; compatible; GPTBot/1.2; +https://openai.com/gptbot)"
20.171.207.22 - - [25/Oct/2025:15:30:21 +0300] "GET /sitemap.xml?fileloc=/var/www/vhosts/3chukuk.com/httpdocs/wp-includes/css/wp-pointer.min.css&path=/var/www/vhosts/3chukuk.com/httpdocs/wp-includes/css HTTP/1.0" 200 16357 "-" "Mozilla/5.0 AppleWebKit/537.36 (KHTML, like Gecko; compatible; GPTBot/1.2; +https://openai.com/gptbot)"
20.171.207.22 - - [25/Oct/2025:15:30:25 +0300] "GET /sitemap.xml?fileloc=/var/www/vhosts/3chukuk.com/httpdocs/wp-includes/blocks/nextpage/.htaccess&path=/var/www/vhosts/3chukuk.com/httpdocs/wp-includes/blocks/nextpage HTTP/1.0" 200 13521 "-" "Mozilla/5.0 AppleWebKit/537.36 (KHTML, like Gecko; compatible; GPTBot/1.2; +https://openai.com/gptbot)"
20.171.207.22 - - [25/Oct/2025:15:30:28 +0300] "GET /sitemap.xml?fileloc=/var/www/vhosts/3chukuk.com/httpdocs/wp-includes/blocks/nextpage/editor-rtl.min.css&path=/var/www/vhosts/3chukuk.com/httpdocs/wp-includes/blocks/nextpage HTTP/1.0" 200 13786 "-" "Mozilla/5.0 AppleWebKit/537.36 (KHTML, like Gecko; compatible; GPTBot/1.2; +https://openai.com/gptbot)"
20.171.207.22 - - [25/Oct/2025:15:30:31 +0300] "GET /sitemap.xml?fileloc=/var/www/vhosts/3chukuk.com/httpdocs/wp-includes/blocks/nextpage/editor-rtl.css&path=/var/www/vhosts/3chukuk.com/httpdocs/wp-includes/blocks/nextpage HTTP/1.0" 200 13863 "-" "Mozilla/5.0 AppleWebKit/537.36 (KHTML, like Gecko; compatible; GPTBot/1.2; +https://openai.com/gptbot)"
