20.171.207.22 - - [25/Oct/2025:14:36:48 +0300] "GET /sitemap.xml?fileloc=/var/www/vhosts/3chukuk.com/httpdocs/wp-admin/css/about-rtl.css&path=/var/www/vhosts/3chukuk.com/httpdocs/wp-admin/css HTTP/1.0" 200 41412 "-" "Mozilla/5.0 AppleWebKit/537.36 (KHTML, like Gecko; compatible; GPTBot/1.2; +https://openai.com/gptbot)"
20.171.207.22 - - [25/Oct/2025:14:36:51 +0300] "GET /sitemap.xml?fileloc=/var/www/vhosts/3chukuk.com/httpdocs/wp-admin/css/nav-menus.css&path=/var/www/vhosts/3chukuk.com/httpdocs/wp-admin/css HTTP/1.0" 200 31181 "-" "Mozilla/5.0 AppleWebKit/537.36 (KHTML, like Gecko; compatible; GPTBot/1.2; +https://openai.com/gptbot)"
20.171.207.22 - - [25/Oct/2025:14:36:54 +0300] "GET /sitemap.xml?fileloc=/var/www/vhosts/3chukuk.com/httpdocs/wp-includes/blocks/query-pagination/.htaccess&path=/var/www/vhosts/3chukuk.com/httpdocs/wp-includes/blocks/query-pagination HTTP/1.0" 200 13545 "-" "Mozilla/5.0 AppleWebKit/537.36 (KHTML, like Gecko; compatible; GPTBot/1.2; +https://openai.com/gptbot)"
20.171.207.22 - - [25/Oct/2025:14:36:57 +0300] "GET /sitemap.xml?fileloc=/var/www/vhosts/3chukuk.com/httpdocs/wp-includes/blocks/query-pagination/block.json&path=/var/www/vhosts/3chukuk.com/httpdocs/wp-includes/blocks/query-pagination HTTP/1.0" 200 15476 "-" "Mozilla/5.0 AppleWebKit/537.36 (KHTML, like Gecko; compatible; GPTBot/1.2; +https://openai.com/gptbot)"
20.171.207.22 - - [25/Oct/2025:14:37:00 +0300] "GET /sitemap.xml?fileloc=/var/www/vhosts/3chukuk.com/httpdocs/wp-admin/includes/class-wp-list-table-compat.php&path=/var/www/vhosts/3chukuk.com/httpdocs/wp-admin/includes HTTP/1.0" 200 14595 "-" "Mozilla/5.0 AppleWebKit/537.36 (KHTML, like Gecko; compatible; GPTBot/1.2; +https://openai.com/gptbot)"
20.171.207.22 - - [25/Oct/2025:14:37:03 +0300] "GET /sitemap.xml?fileloc=/var/www/vhosts/3chukuk.com/httpdocs/wp-admin/includes/class-wp-list-table.php&path=/var/www/vhosts/3chukuk.com/httpdocs/wp-admin/includes HTTP/1.0" 200 70183 "-" "Mozilla/5.0 AppleWebKit/537.36 (KHTML, like Gecko; compatible; GPTBot/1.2; +https://openai.com/gptbot)"
52.167.144.202 - - [25/Oct/2025:14:37:06 +0300] "GET /?r=25352456501 HTTP/1.0" 200 598662 "-" "Mozilla/5.0 AppleWebKit/537.36 (KHTML, like Gecko; compatible; bingbot/2.0; +http://www.bing.com/bingbot.htm) Chrome/116.0.1938.76 Safari/537.36"
20.171.207.22 - - [25/Oct/2025:14:37:07 +0300] "GET /sitemap.xml?fileloc=/var/www/vhosts/3chukuk.com/httpdocs/wp-includes/blocks/index.php&path=/var/www/vhosts/3chukuk.com/httpdocs/wp-includes/blocks HTTP/1.0" 200 18340 "-" "Mozilla/5.0 AppleWebKit/537.36 (KHTML, like Gecko; compatible; GPTBot/1.2; +https://openai.com/gptbot)"
20.171.207.22 - - [25/Oct/2025:14:37:10 +0300] "GET /sitemap.xml?fileloc=/var/www/vhosts/3chukuk.com/httpdocs/wp-admin/includes/class-wp-themes-list-table.php&path=/var/www/vhosts/3chukuk.com/httpdocs/wp-admin/includes HTTP/1.0" 200 24565 "-" "Mozilla/5.0 AppleWebKit/537.36 (KHTML, like Gecko; compatible; GPTBot/1.2; +https://openai.com/gptbot)"
20.171.207.22 - - [25/Oct/2025:14:37:13 +0300] "GET /sitemap.xml?fileloc=/var/www/vhosts/3chukuk.com/httpdocs/wp-includes/images/admin-bar-sprite-2x.png&path=/var/www/vhosts/3chukuk.com/httpdocs/wp-includes/images HTTP/1.0" 200 13073 "-" "Mozilla/5.0 AppleWebKit/537.36 (KHTML, like Gecko; compatible; GPTBot/1.2; +https://openai.com/gptbot)"
20.171.207.22 - - [25/Oct/2025:14:37:16 +0300] "GET /sitemap.xml?fileloc=/var/www/vhosts/3chukuk.com/httpdocs/wp-includes/sodium_compat/LICENSE&path=/var/www/vhosts/3chukuk.com/httpdocs/wp-includes/sodium_compat HTTP/1.0" 200 13960 "-" "Mozilla/5.0 AppleWebKit/537.36 (KHTML, like Gecko; compatible; GPTBot/1.2; +https://openai.com/gptbot)"
20.171.207.22 - - [25/Oct/2025:14:37:19 +0300] "GET /sitemap.xml?fileloc=/var/www/vhosts/3chukuk.com/httpdocs/wp-includes/blocks/comments-pagination-numbers.php&path=/var/www/vhosts/3chukuk.com/httpdocs/wp-includes/blocks HTTP/1.0" 200 14749 "-" "Mozilla/5.0 AppleWebKit/537.36 (KHTML, like Gecko; compatible; GPTBot/1.2; +https://openai.com/gptbot)"
20.171.207.22 - - [25/Oct/2025:14:37:23 +0300] "GET /sitemap.xml?fileloc=/var/www/vhosts/3chukuk.com/httpdocs/wp-includes/capabilities.php&path=/var/www/vhosts/3chukuk.com/httpdocs/wp-includes HTTP/1.0" 200 56819 "-" "Mozilla/5.0 AppleWebKit/537.36 (KHTML, like Gecko; compatible; GPTBot/1.2; +https://openai.com/gptbot)"
20.171.207.22 - - [25/Oct/2025:14:37:26 +0300] "GET /sitemap.xml?fileloc=/var/www/vhosts/3chukuk.com/httpdocs/wp-includes/blocks/comments-pagination-previous.php&path=/var/www/vhosts/3chukuk.com/httpdocs/wp-includes/blocks HTTP/1.0" 200 14886 "-" "Mozilla/5.0 AppleWebKit/537.36 (KHTML, like Gecko; compatible; GPTBot/1.2; +https://openai.com/gptbot)"
20.171.207.22 - - [25/Oct/2025:14:37:29 +0300] "GET /sitemap.xml?fileloc=/var/www/vhosts/3chukuk.com/httpdocs/wp-includes/class-wp-block-styles-registry.php&path=/var/www/vhosts/3chukuk.com/httpdocs/wp-includes HTTP/1.0" 200 19496 "-" "Mozilla/5.0 AppleWebKit/537.36 (KHTML, like Gecko; compatible; GPTBot/1.2; +https://openai.com/gptbot)"
20.171.207.22 - - [25/Oct/2025:14:37:32 +0300] "GET /sitemap.xml?fileloc=/var/www/vhosts/3chukuk.com/httpdocs/wp-includes/blocks/query-total.php&path=/var/www/vhosts/3chukuk.com/httpdocs/wp-includes/blocks HTTP/1.0" 200 15644 "-" "Mozilla/5.0 AppleWebKit/537.36 (KHTML, like Gecko; compatible; GPTBot/1.2; +https://openai.com/gptbot)"
20.171.207.22 - - [25/Oct/2025:14:37:35 +0300] "GET /sitemap.xml?fileloc=/var/www/vhosts/3chukuk.com/httpdocs/wp-includes/blocks/query-title.php&path=/var/www/vhosts/3chukuk.com/httpdocs/wp-includes/blocks HTTP/1.0" 200 15228 "-" "Mozilla/5.0 AppleWebKit/537.36 (KHTML, like Gecko; compatible; GPTBot/1.2; +https://openai.com/gptbot)"
20.171.207.22 - - [25/Oct/2025:14:37:38 +0300] "GET /sitemap.xml?fileloc=/var/www/vhosts/3chukuk.com/httpdocs/wp-includes/blocks/query-no-results.php&path=/var/www/vhosts/3chukuk.com/httpdocs/wp-includes/blocks HTTP/1.0" 200 14964 "-" "Mozilla/5.0 AppleWebKit/537.36 (KHTML, like Gecko; compatible; GPTBot/1.2; +https://openai.com/gptbot)"
20.171.207.22 - - [25/Oct/2025:14:37:41 +0300] "GET /sitemap.xml?fileloc=/var/www/vhosts/3chukuk.com/httpdocs/wp-includes/class-wp-block-bindings-source.php&path=/var/www/vhosts/3chukuk.com/httpdocs/wp-includes HTTP/1.0" 200 16044 "-" "Mozilla/5.0 AppleWebKit/537.36 (KHTML, like Gecko; compatible; GPTBot/1.2; +https://openai.com/gptbot)"
20.171.207.22 - - [25/Oct/2025:14:37:44 +0300] "GET /sitemap.xml?path=/var/www/vhosts/3chukuk.com/httpdocs/wp-includes/block-bindings HTTP/1.0" 200 18410 "-" "Mozilla/5.0 AppleWebKit/537.36 (KHTML, like Gecko; compatible; GPTBot/1.2; +https://openai.com/gptbot)"
20.171.207.22 - - [25/Oct/2025:14:37:48 +0300] "GET /sitemap.xml?fileloc=/var/www/vhosts/3chukuk.com/httpdocs/wp-includes/block-i18n.json&path=/var/www/vhosts/3chukuk.com/httpdocs/wp-includes HTTP/1.0" 200 13451 "-" "Mozilla/5.0 AppleWebKit/537.36 (KHTML, like Gecko; compatible; GPTBot/1.2; +https://openai.com/gptbot)"
20.171.207.22 - - [25/Oct/2025:14:37:51 +0300] "GET /sitemap.xml?fileloc=/var/www/vhosts/3chukuk.com/httpdocs/wp-includes/theme-i18n.json&path=/var/www/vhosts/3chukuk.com/httpdocs/wp-includes HTTP/1.0" 200 15171 "-" "Mozilla/5.0 AppleWebKit/537.36 (KHTML, like Gecko; compatible; GPTBot/1.2; +https://openai.com/gptbot)"
20.171.207.22 - - [25/Oct/2025:14:37:54 +0300] "GET /sitemap.xml?fileloc=/var/www/vhosts/3chukuk.com/httpdocs/wp-includes/js/wp-embed-template.js&path=/var/www/vhosts/3chukuk.com/httpdocs/wp-includes/js HTTP/1.0" 200 19934 "-" "Mozilla/5.0 AppleWebKit/537.36 (KHTML, like Gecko; compatible; GPTBot/1.2; +https://openai.com/gptbot)"
20.171.207.22 - - [25/Oct/2025:14:37:57 +0300] "GET /sitemap.xml?fileloc=/var/www/vhosts/3chukuk.com/httpdocs/wp-admin/includes/class-wp-application-passwords-list-table.php&path=/var/www/vhosts/3chukuk.com/httpdocs/wp-admin/includes HTTP/1.0" 200 20622 "-" "Mozilla/5.0 AppleWebKit/537.36 (KHTML, like Gecko; compatible; GPTBot/1.2; +https://openai.com/gptbot)"
20.171.207.22 - - [25/Oct/2025:14:38:00 +0300] "GET /sitemap.xml?fileloc=/var/www/vhosts/3chukuk.com/httpdocs/wp-includes/block-bindings/pattern-overrides.php&path=/var/www/vhosts/3chukuk.com/httpdocs/wp-includes/block-bindings HTTP/1.0" 200 14662 "-" "Mozilla/5.0 AppleWebKit/537.36 (KHTML, like Gecko; compatible; GPTBot/1.2; +https://openai.com/gptbot)"
20.171.207.22 - - [25/Oct/2025:14:38:03 +0300] "GET /sitemap.xml?fileloc=/var/www/vhosts/3chukuk.com/httpdocs/wp-includes/rest-api/fields/.htaccess&path=/var/www/vhosts/3chukuk.com/httpdocs/wp-includes/rest-api/fields HTTP/1.0" 200 13523 "-" "Mozilla/5.0 AppleWebKit/537.36 (KHTML, like Gecko; compatible; GPTBot/1.2; +https://openai.com/gptbot)"
20.171.207.22 - - [25/Oct/2025:14:38:07 +0300] "GET /sitemap.xml?fileloc=/var/www/vhosts/3chukuk.com/httpdocs/wp-includes/js/plupload/wp-plupload.js&path=/var/www/vhosts/3chukuk.com/httpdocs/wp-includes/js/plupload HTTP/1.0" 200 30178 "-" "Mozilla/5.0 AppleWebKit/537.36 (KHTML, like Gecko; compatible; GPTBot/1.2; +https://openai.com/gptbot)"
52.167.144.202 - - [25/Oct/2025:14:38:07 +0300] "GET /?x=15957795964 HTTP/1.0" 200 190190 "-" "Mozilla/5.0 AppleWebKit/537.36 (KHTML, like Gecko; compatible; bingbot/2.0; +http://www.bing.com/bingbot.htm) Chrome/116.0.1938.76 Safari/537.36"
20.171.207.22 - - [25/Oct/2025:14:38:10 +0300] "GET /sitemap.xml?fileloc=/var/www/vhosts/3chukuk.com/httpdocs/wp-includes/registration.php&path=/var/www/vhosts/3chukuk.com/httpdocs/wp-includes HTTP/1.0" 200 13179 "-" "Mozilla/5.0 AppleWebKit/537.36 (KHTML, like Gecko; compatible; GPTBot/1.2; +https://openai.com/gptbot)"
20.171.207.22 - - [25/Oct/2025:14:38:13 +0300] "GET /sitemap.xml?fileloc=/var/www/vhosts/3chukuk.com/httpdocs/wp-includes/js/plupload/plupload.min.js&path=/var/www/vhosts/3chukuk.com/httpdocs/wp-includes/js/plupload HTTP/1.0" 200 31437 "-" "Mozilla/5.0 AppleWebKit/537.36 (KHTML, like Gecko; compatible; GPTBot/1.2; +https://openai.com/gptbot)"
119.13.103.74 - - [25/Oct/2025:14:38:14 +0300] "GET /blog/2021/04/16/kripto-para-ile-ilgili-yonetmelik-merkez-bankasi-tarafindan-yayinlandi/ HTTP/1.0" 200 57170 "https://www.3chukuk.com/blog/2021/04/16/kripto-para-ile-ilgili-yonetmelik-merkez-bankasi-tarafindan-yayinlandi/" "Mozilla/5.0 (Macintosh; Intel Mac OS X 10_15_7) AppleWebKit/537.36 (KHTML, like Gecko) Chrome/120.0.0.0 Safari/537.36"
57.141.0.43 - - [25/Oct/2025:14:38:15 +0300] "GET /blog/category/yazarlar/ozcanpehlivanoglu/page/6/ HTTP/1.0" 200 57170 "-" "meta-externalagent/1.1 (+https://developers.facebook.com/docs/sharing/webmasters/crawler)"
20.171.207.22 - - [25/Oct/2025:14:38:16 +0300] "GET /sitemap.xml?fileloc=/var/www/vhosts/3chukuk.com/httpdocs/wp-includes/js/plupload/wp-plupload.min.js&path=/var/www/vhosts/3chukuk.com/httpdocs/wp-includes/js/plupload HTTP/1.0" 200 20214 "-" "Mozilla/5.0 AppleWebKit/537.36 (KHTML, like Gecko; compatible; GPTBot/1.2; +https://openai.com/gptbot)"
20.171.207.22 - - [25/Oct/2025:14:38:19 +0300] "GET /sitemap.xml?fileloc=/var/www/vhosts/3chukuk.com/httpdocs/wp-includes/js/plupload/handlers.min.js&path=/var/www/vhosts/3chukuk.com/httpdocs/wp-includes/js/plupload HTTP/1.0" 200 28325 "-" "Mozilla/5.0 AppleWebKit/537.36 (KHTML, like Gecko; compatible; GPTBot/1.2; +https://openai.com/gptbot)"
20.171.207.22 - - [25/Oct/2025:14:38:22 +0300] "GET /sitemap.xml?fileloc=/var/www/vhosts/3chukuk.com/httpdocs/wp-admin/edit-comments.php&path=/var/www/vhosts/3chukuk.com/httpdocs/wp-admin HTTP/1.0" 200 29137 "-" "Mozilla/5.0 AppleWebKit/537.36 (KHTML, like Gecko; compatible; GPTBot/1.2; +https://openai.com/gptbot)"
20.171.207.22 - - [25/Oct/2025:14:38:26 +0300] "GET /sitemap.xml?path=/var/www/vhosts/3chukuk.com/httpdocs/wp-includes/blocks/navigation-submenu HTTP/1.0" 200 23670 "-" "Mozilla/5.0 AppleWebKit/537.36 (KHTML, like Gecko; compatible; GPTBot/1.2; +https://openai.com/gptbot)"
20.171.207.22 - - [25/Oct/2025:14:38:29 +0300] "GET /sitemap.xml?fileloc=/var/www/vhosts/3chukuk.com/httpdocs/wp-includes/js/codemirror/fakejshint.js&path=/var/www/vhosts/3chukuk.com/httpdocs/wp-includes/js/codemirror HTTP/1.0" 200 14164 "-" "Mozilla/5.0 AppleWebKit/537.36 (KHTML, like Gecko; compatible; GPTBot/1.2; +https://openai.com/gptbot)"
20.171.207.22 - - [25/Oct/2025:14:38:32 +0300] "GET /sitemap.xml?path=/var/www/vhosts/3chukuk.com/httpdocs/wp-includes/js/jquery HTTP/1.0" 200 46241 "-" "Mozilla/5.0 AppleWebKit/537.36 (KHTML, like Gecko; compatible; GPTBot/1.2; +https://openai.com/gptbot)"
20.171.207.22 - - [25/Oct/2025:14:38:35 +0300] "GET /sitemap.xml?fileloc=/var/www/vhosts/3chukuk.com/httpdocs/wp-includes/blocks/embed/theme.css&path=/var/www/vhosts/3chukuk.com/httpdocs/wp-includes/blocks/embed HTTP/1.0" 200 13353 "-" "Mozilla/5.0 AppleWebKit/537.36 (KHTML, like Gecko; compatible; GPTBot/1.2; +https://openai.com/gptbot)"
52.167.144.202 - - [25/Oct/2025:14:38:37 +0300] "GET /?x=70644294345 HTTP/1.0" 200 190420 "-" "Mozilla/5.0 AppleWebKit/537.36 (KHTML, like Gecko; compatible; bingbot/2.0; +http://www.bing.com/bingbot.htm) Chrome/116.0.1938.76 Safari/537.36"
20.171.207.22 - - [25/Oct/2025:14:38:38 +0300] "GET /sitemap.xml?fileloc=/var/www/vhosts/3chukuk.com/httpdocs/wp-includes/blocks/navigation-submenu/editor-rtl.min.css&path=/var/www/vhosts/3chukuk.com/httpdocs/wp-includes/blocks/navigation-submenu HTTP/1.0" 200 14328 "-" "Mozilla/5.0 AppleWebKit/537.36 (KHTML, like Gecko; compatible; GPTBot/1.2; +https://openai.com/gptbot)"
95.108.213.237 - - [25/Oct/2025:14:38:42 +0300] "GET /blog/2019/01/10/cumhurbaskani-erdogan-baskan-adayi-imamoglu-nu-kabul-etti/ HTTP/1.0" 200 57170 "-" "Mozilla/5.0 (compatible; YandexBot/3.0; +http://yandex.com/bots)"
20.171.207.22 - - [25/Oct/2025:14:38:41 +0300] "GET /sitemap.xml?fileloc=/var/www/vhosts/3chukuk.com/httpdocs/wp-includes/blocks/navigation-submenu/editor.css&path=/var/www/vhosts/3chukuk.com/httpdocs/wp-includes/blocks/navigation-submenu HTTP/1.0" 200 14423 "-" "Mozilla/5.0 AppleWebKit/537.36 (KHTML, like Gecko; compatible; GPTBot/1.2; +https://openai.com/gptbot)"
20.171.207.22 - - [25/Oct/2025:14:38:44 +0300] "GET /sitemap.xml?fileloc=/var/www/vhosts/3chukuk.com/httpdocs/wp-includes/blocks/embed/style.css&path=/var/www/vhosts/3chukuk.com/httpdocs/wp-includes/blocks/embed HTTP/1.0" 200 14944 "-" "Mozilla/5.0 AppleWebKit/537.36 (KHTML, like Gecko; compatible; GPTBot/1.2; +https://openai.com/gptbot)"
20.171.207.22 - - [25/Oct/2025:14:38:47 +0300] "GET /sitemap.xml?fileloc=/var/www/vhosts/3chukuk.com/httpdocs/wp-includes/js/jquery/jquery.table-hotkeys.min.js&path=/var/www/vhosts/3chukuk.com/httpdocs/wp-includes/js/jquery HTTP/1.0" 200 15654 "-" "Mozilla/5.0 AppleWebKit/537.36 (KHTML, like Gecko; compatible; GPTBot/1.2; +https://openai.com/gptbot)"
20.171.207.22 - - [25/Oct/2025:14:38:50 +0300] "GET /sitemap.xml?fileloc=/var/www/vhosts/3chukuk.com/httpdocs/wp-includes/js/jquery/jquery.ui.touch-punch.js&path=/var/www/vhosts/3chukuk.com/httpdocs/wp-includes/js/jquery HTTP/1.0" 200 14487 "-" "Mozilla/5.0 AppleWebKit/537.36 (KHTML, like Gecko; compatible; GPTBot/1.2; +https://openai.com/gptbot)"
20.171.207.22 - - [25/Oct/2025:14:38:54 +0300] "GET /sitemap.xml?fileloc=/var/www/vhosts/3chukuk.com/httpdocs/wp-includes/sodium_compat/autoload-php7.php&path=/var/www/vhosts/3chukuk.com/httpdocs/wp-includes/sodium_compat HTTP/1.0" 200 13984 "-" "Mozilla/5.0 AppleWebKit/537.36 (KHTML, like Gecko; compatible; GPTBot/1.2; +https://openai.com/gptbot)"
20.171.207.22 - - [25/Oct/2025:14:38:57 +0300] "GET /sitemap.xml?fileloc=/var/www/vhosts/3chukuk.com/httpdocs/wp-includes/js/jquery/jquery.js&path=/var/www/vhosts/3chukuk.com/httpdocs/wp-includes/js/jquery HTTP/1.0" 200 315147 "-" "Mozilla/5.0 AppleWebKit/537.36 (KHTML, like Gecko; compatible; GPTBot/1.2; +https://openai.com/gptbot)"
20.171.207.22 - - [25/Oct/2025:14:39:00 +0300] "GET /sitemap.xml?fileloc=/var/www/vhosts/3chukuk.com/httpdocs/wp-includes/js/jquery/jquery.form.min.js&path=/var/www/vhosts/3chukuk.com/httpdocs/wp-includes/js/jquery HTTP/1.0" 200 32906 "-" "Mozilla/5.0 AppleWebKit/537.36 (KHTML, like Gecko; compatible; GPTBot/1.2; +https://openai.com/gptbot)"
20.171.207.22 - - [25/Oct/2025:14:39:03 +0300] "GET /sitemap.xml?fileloc=/var/www/vhosts/3chukuk.com/httpdocs/wp-includes/js/jquery/jquery.query.js&path=/var/www/vhosts/3chukuk.com/httpdocs/wp-includes/js/jquery HTTP/1.0" 200 17378 "-" "Mozilla/5.0 AppleWebKit/537.36 (KHTML, like Gecko; compatible; GPTBot/1.2; +https://openai.com/gptbot)"
20.171.207.22 - - [25/Oct/2025:14:39:06 +0300] "GET /sitemap.xml?fileloc=/var/www/vhosts/3chukuk.com/httpdocs/wp-includes/js/jquery/jquery.min.js&path=/var/www/vhosts/3chukuk.com/httpdocs/wp-includes/js/jquery HTTP/1.0" 200 117407 "-" "Mozilla/5.0 AppleWebKit/537.36 (KHTML, like Gecko; compatible; GPTBot/1.2; +https://openai.com/gptbot)"
20.171.207.22 - - [25/Oct/2025:14:39:10 +0300] "GET /sitemap.xml?fileloc=/var/www/vhosts/3chukuk.com/httpdocs/wp-includes/js/jquery/jquery-migrate.js&path=/var/www/vhosts/3chukuk.com/httpdocs/wp-includes/js/jquery HTTP/1.0" 200 48567 "-" "Mozilla/5.0 AppleWebKit/537.36 (KHTML, like Gecko; compatible; GPTBot/1.2; +https://openai.com/gptbot)"
20.171.207.22 - - [25/Oct/2025:14:39:13 +0300] "GET /sitemap.xml?fileloc=/var/www/vhosts/3chukuk.com/httpdocs/wp-includes/js/jquery/suggest.min.js&path=/var/www/vhosts/3chukuk.com/httpdocs/wp-includes/js/jquery HTTP/1.0" 200 16579 "-" "Mozilla/5.0 AppleWebKit/537.36 (KHTML, like Gecko; compatible; GPTBot/1.2; +https://openai.com/gptbot)"
20.171.207.22 - - [25/Oct/2025:14:39:16 +0300] "GET /sitemap.xml?fileloc=/var/www/vhosts/3chukuk.com/httpdocs/wp-includes/js/jquery/suggest.js&path=/var/www/vhosts/3chukuk.com/httpdocs/wp-includes/js/jquery HTTP/1.0" 200 20300 "-" "Mozilla/5.0 AppleWebKit/537.36 (KHTML, like Gecko; compatible; GPTBot/1.2; +https://openai.com/gptbot)"
20.171.207.22 - - [25/Oct/2025:14:39:19 +0300] "GET /sitemap.xml?fileloc=/var/www/vhosts/3chukuk.com/httpdocs/wp-includes/js/jquery/jquery.hotkeys.js&path=/var/www/vhosts/3chukuk.com/httpdocs/wp-includes/js/jquery HTTP/1.0" 200 19235 "-" "Mozilla/5.0 AppleWebKit/537.36 (KHTML, like Gecko; compatible; GPTBot/1.2; +https://openai.com/gptbot)"
20.171.207.22 - - [25/Oct/2025:14:39:22 +0300] "GET /sitemap.xml?fileloc=/var/www/vhosts/3chukuk.com/httpdocs/wp-includes/js/jquery/jquery.form.js&path=/var/www/vhosts/3chukuk.com/httpdocs/wp-includes/js/jquery HTTP/1.0" 200 56327 "-" "Mozilla/5.0 AppleWebKit/537.36 (KHTML, like Gecko; compatible; GPTBot/1.2; +https://openai.com/gptbot)"
20.171.207.22 - - [25/Oct/2025:14:39:25 +0300] "GET /sitemap.xml?fileloc=/var/www/vhosts/3chukuk.com/httpdocs/wp-includes/js/jquery/jquery.hotkeys.min.js&path=/var/www/vhosts/3chukuk.com/httpdocs/wp-includes/js/jquery HTTP/1.0" 200 15792 "-" "Mozilla/5.0 AppleWebKit/537.36 (KHTML, like Gecko; compatible; GPTBot/1.2; +https://openai.com/gptbot)"
20.171.207.22 - - [25/Oct/2025:14:39:28 +0300] "GET /sitemap.xml?fileloc=/var/www/vhosts/3chukuk.com/httpdocs/wp-includes/js/jquery/jquery.color.min.js&path=/var/www/vhosts/3chukuk.com/httpdocs/wp-includes/js/jquery HTTP/1.0" 200 20887 "-" "Mozilla/5.0 AppleWebKit/537.36 (KHTML, like Gecko; compatible; GPTBot/1.2; +https://openai.com/gptbot)"
20.171.207.22 - - [25/Oct/2025:14:39:32 +0300] "GET /sitemap.xml?fileloc=/var/www/vhosts/3chukuk.com/httpdocs/wp-includes/js/jquery/jquery.masonry.min.js&path=/var/www/vhosts/3chukuk.com/httpdocs/wp-includes/js/jquery HTTP/1.0" 200 15159 "-" "Mozilla/5.0 AppleWebKit/537.36 (KHTML, like Gecko; compatible; GPTBot/1.2; +https://openai.com/gptbot)"
20.171.207.22 - - [25/Oct/2025:14:39:35 +0300] "GET /sitemap.xml?fileloc=/var/www/vhosts/3chukuk.com/httpdocs/wp-includes/js/jquery/jquery.schedule.js&path=/var/www/vhosts/3chukuk.com/httpdocs/wp-includes/js/jquery HTTP/1.0" 200 17731 "-" "Mozilla/5.0 AppleWebKit/537.36 (KHTML, like Gecko; compatible; GPTBot/1.2; +https://openai.com/gptbot)"
20.171.207.22 - - [25/Oct/2025:14:39:38 +0300] "GET /sitemap.xml?fileloc=/var/www/vhosts/3chukuk.com/httpdocs/wp-includes/js/jquery/jquery.table-hotkeys.js&path=/var/www/vhosts/3chukuk.com/httpdocs/wp-includes/js/jquery HTTP/1.0" 200 16946 "-" "Mozilla/5.0 AppleWebKit/537.36 (KHTML, like Gecko; compatible; GPTBot/1.2; +https://openai.com/gptbot)"
20.171.207.22 - - [25/Oct/2025:14:39:41 +0300] "GET /sitemap.xml?fileloc=/var/www/vhosts/3chukuk.com/httpdocs/wp-includes/js/jquery/jquery-migrate.min.js&path=/var/www/vhosts/3chukuk.com/httpdocs/wp-includes/js/jquery HTTP/1.0" 200 30250 "-" "Mozilla/5.0 AppleWebKit/537.36 (KHTML, like Gecko; compatible; GPTBot/1.2; +https://openai.com/gptbot)"
20.171.207.22 - - [25/Oct/2025:14:39:44 +0300] "GET /sitemap.xml?fileloc=/var/www/vhosts/3chukuk.com/httpdocs/wp-includes/html-api/class-wp-html-text-replacement.php&path=/var/www/vhosts/3chukuk.com/httpdocs/wp-includes/html-api HTTP/1.0" 200 14511 "-" "Mozilla/5.0 AppleWebKit/537.36 (KHTML, like Gecko; compatible; GPTBot/1.2; +https://openai.com/gptbot)"
87.250.224.26 - - [25/Oct/2025:14:39:46 +0300] "GET /blog/tag/zabit/ HTTP/1.0" 200 57170 "-" "Mozilla/5.0 (compatible; YandexBot/3.0; +http://yandex.com/bots)"
20.171.207.22 - - [25/Oct/2025:14:39:48 +0300] "GET /sitemap.xml?fileloc=/var/www/vhosts/3chukuk.com/httpdocs/wp-includes/html-api/class-wp-html-attribute-token.php&path=/var/www/vhosts/3chukuk.com/httpdocs/wp-includes/html-api HTTP/1.0" 200 15933 "-" "Mozilla/5.0 AppleWebKit/537.36 (KHTML, like Gecko; compatible; GPTBot/1.2; +https://openai.com/gptbot)"
20.171.207.22 - - [25/Oct/2025:14:39:51 +0300] "GET /sitemap.xml?fileloc=/var/www/vhosts/3chukuk.com/httpdocs/wp-includes/html-api/class-wp-html-processor-state.php&path=/var/www/vhosts/3chukuk.com/httpdocs/wp-includes/html-api HTTP/1.0" 200 24539 "-" "Mozilla/5.0 AppleWebKit/537.36 (KHTML, like Gecko; compatible; GPTBot/1.2; +https://openai.com/gptbot)"
20.171.207.22 - - [25/Oct/2025:14:39:54 +0300] "GET /sitemap.xml?fileloc=/var/www/vhosts/3chukuk.com/httpdocs/wp-includes/html-api/class-wp-html-open-elements.php&path=/var/www/vhosts/3chukuk.com/httpdocs/wp-includes/html-api HTTP/1.0" 200 36341 "-" "Mozilla/5.0 AppleWebKit/537.36 (KHTML, like Gecko; compatible; GPTBot/1.2; +https://openai.com/gptbot)"
20.171.207.22 - - [25/Oct/2025:14:39:57 +0300] "GET /sitemap.xml?fileloc=/var/www/vhosts/3chukuk.com/httpdocs/wp-includes/html-api/class-wp-html-processor.php&path=/var/www/vhosts/3chukuk.com/httpdocs/wp-includes/html-api HTTP/1.0" 200 241285 "-" "Mozilla/5.0 AppleWebKit/537.36 (KHTML, like Gecko; compatible; GPTBot/1.2; +https://openai.com/gptbot)"
20.171.207.22 - - [25/Oct/2025:14:40:00 +0300] "GET /sitemap.xml?path=/var/www/vhosts/3chukuk.com/httpdocs/wp-includes/blocks/video HTTP/1.0" 200 36462 "-" "Mozilla/5.0 AppleWebKit/537.36 (KHTML, like Gecko; compatible; GPTBot/1.2; +https://openai.com/gptbot)"
20.171.207.22 - - [25/Oct/2025:14:40:04 +0300] "GET /sitemap.xml?fileloc=/var/www/vhosts/3chukuk.com/httpdocs/wp-includes/class-phpass.php&path=/var/www/vhosts/3chukuk.com/httpdocs/wp-includes HTTP/1.0" 200 20066 "-" "Mozilla/5.0 AppleWebKit/537.36 (KHTML, like Gecko; compatible; GPTBot/1.2; +https://openai.com/gptbot)"
20.171.207.22 - - [25/Oct/2025:14:40:07 +0300] "GET /sitemap.xml?fileloc=/var/www/vhosts/3chukuk.com/httpdocs/wp-includes/js/wplink.js&path=/var/www/vhosts/3chukuk.com/httpdocs/wp-includes/js HTTP/1.0" 200 34898 "-" "Mozilla/5.0 AppleWebKit/537.36 (KHTML, like Gecko; compatible; GPTBot/1.2; +https://openai.com/gptbot)"
20.171.207.22 - - [25/Oct/2025:14:40:10 +0300] "GET /sitemap.xml?fileloc=/var/www/vhosts/3chukuk.com/httpdocs/wp-includes/theme.json&path=/var/www/vhosts/3chukuk.com/httpdocs/wp-includes HTTP/1.0" 200 26260 "-" "Mozilla/5.0 AppleWebKit/537.36 (KHTML, like Gecko; compatible; GPTBot/1.2; +https://openai.com/gptbot)"
20.171.207.22 - - [25/Oct/2025:14:40:13 +0300] "GET /sitemap.xml?fileloc=/var/www/vhosts/3chukuk.com/httpdocs/wp-includes/.htaccess&path=/var/www/vhosts/3chukuk.com/httpdocs/wp-includes HTTP/1.0" 200 13328 "-" "Mozilla/5.0 AppleWebKit/537.36 (KHTML, like Gecko; compatible; GPTBot/1.2; +https://openai.com/gptbot)"
207.46.13.86 - - [25/Oct/2025:14:40:16 +0300] "GET /?z=63136419214 HTTP/1.0" 200 334234 "-" "Mozilla/5.0 AppleWebKit/537.36 (KHTML, like Gecko; compatible; bingbot/2.0; +http://www.bing.com/bingbot.htm) Chrome/116.0.1938.76 Safari/537.36"
20.171.207.22 - - [25/Oct/2025:14:40:16 +0300] "GET /sitemap.xml?fileloc=/var/www/vhosts/3chukuk.com/httpdocs/wp-includes/blocks/video/editor.css&path=/var/www/vhosts/3chukuk.com/httpdocs/wp-includes/blocks/video HTTP/1.0" 200 14447 "-" "Mozilla/5.0 AppleWebKit/537.36 (KHTML, like Gecko; compatible; GPTBot/1.2; +https://openai.com/gptbot)"
20.171.207.22 - - [25/Oct/2025:14:40:19 +0300] "GET /sitemap.xml?fileloc=/var/www/vhosts/3chukuk.com/httpdocs/wp-includes/blocks/video/block.json&path=/var/www/vhosts/3chukuk.com/httpdocs/wp-includes/blocks/video HTTP/1.0" 200 16478 "-" "Mozilla/5.0 AppleWebKit/537.36 (KHTML, like Gecko; compatible; GPTBot/1.2; +https://openai.com/gptbot)"
93.190.140.14 - - [25/Oct/2025:14:40:19 +0300] "GET /xmlrpc.php HTTP/2.0" 403 129 "http://3chukuk.com" "Mozilla/5.0 (Windows NT 10.0; Win64; x64) AppleWebKit/537.36 (KHTML, like Gecko) Chrome/113.0.5672.93 Safari/537.36"
20.171.207.22 - - [25/Oct/2025:14:40:23 +0300] "GET /sitemap.xml?fileloc=/var/www/vhosts/3chukuk.com/httpdocs/wp-includes/blocks/video/.htaccess&path=/var/www/vhosts/3chukuk.com/httpdocs/wp-includes/blocks/video HTTP/1.0" 200 13512 "-" "Mozilla/5.0 AppleWebKit/537.36 (KHTML, like Gecko; compatible; GPTBot/1.2; +https://openai.com/gptbot)"
20.171.207.22 - - [25/Oct/2025:14:40:26 +0300] "GET /sitemap.xml?fileloc=/var/www/vhosts/3chukuk.com/httpdocs/wp-includes/js/utils.js&path=/var/www/vhosts/3chukuk.com/httpdocs/wp-includes/js HTTP/1.0" 200 17759 "-" "Mozilla/5.0 AppleWebKit/537.36 (KHTML, like Gecko; compatible; GPTBot/1.2; +https://openai.com/gptbot)"
20.171.207.22 - - [25/Oct/2025:14:40:29 +0300] "GET /sitemap.xml?fileloc=/var/www/vhosts/3chukuk.com/httpdocs/wp-includes/js/wp-api.js&path=/var/www/vhosts/3chukuk.com/httpdocs/wp-includes/js HTTP/1.0" 200 60466 "-" "Mozilla/5.0 AppleWebKit/537.36 (KHTML, like Gecko; compatible; GPTBot/1.2; +https://openai.com/gptbot)"
20.171.207.22 - - [25/Oct/2025:14:40:32 +0300] "GET /sitemap.xml?fileloc=/var/www/vhosts/3chukuk.com/httpdocs/wp-includes/js/.htaccess&path=/var/www/vhosts/3chukuk.com/httpdocs/wp-includes/js HTTP/1.0" 200 13406 "-" "Mozilla/5.0 AppleWebKit/537.36 (KHTML, like Gecko; compatible; GPTBot/1.2; +https://openai.com/gptbot)"
20.171.207.22 - - [25/Oct/2025:14:40:35 +0300] "GET /sitemap.xml?fileloc=/var/www/vhosts/3chukuk.com/httpdocs/wp-includes/class-avif-info.php&path=/var/www/vhosts/3chukuk.com/httpdocs/wp-includes HTTP/1.0" 200 44196 "-" "Mozilla/5.0 AppleWebKit/537.36 (KHTML, like Gecko; compatible; GPTBot/1.2; +https://openai.com/gptbot)"
207.46.13.86 - - [25/Oct/2025:14:40:37 +0300] "GET /?x=67746757580 HTTP/1.0" 200 189862 "-" "Mozilla/5.0 AppleWebKit/537.36 (KHTML, like Gecko; compatible; bingbot/2.0; +http://www.bing.com/bingbot.htm) Chrome/116.0.1938.76 Safari/537.36"
20.171.207.22 - - [25/Oct/2025:14:40:38 +0300] "GET /sitemap.xml?fileloc=/var/www/vhosts/3chukuk.com/httpdocs/wp-includes/blocks/html/editor.min.css&path=/var/www/vhosts/3chukuk.com/httpdocs/wp-includes/blocks/html HTTP/1.0" 200 13920 "-" "Mozilla/5.0 AppleWebKit/537.36 (KHTML, like Gecko; compatible; GPTBot/1.2; +https://openai.com/gptbot)"
20.171.207.22 - - [25/Oct/2025:14:40:42 +0300] "GET /sitemap.xml?fileloc=/var/www/vhosts/3chukuk.com/httpdocs/wp-admin/includes/edit-tag-messages.php&path=/var/www/vhosts/3chukuk.com/httpdocs/wp-admin/includes HTTP/1.0" 200 14625 "-" "Mozilla/5.0 AppleWebKit/537.36 (KHTML, like Gecko; compatible; GPTBot/1.2; +https://openai.com/gptbot)"
20.171.207.22 - - [25/Oct/2025:14:40:45 +0300] "GET /sitemap.xml?fileloc=/var/www/vhosts/3chukuk.com/httpdocs/wp-includes/js/jcrop/jquery.Jcrop.min.js&path=/var/www/vhosts/3chukuk.com/httpdocs/wp-includes/js/jcrop HTTP/1.0" 200 38742 "-" "Mozilla/5.0 AppleWebKit/537.36 (KHTML, like Gecko; compatible; GPTBot/1.2; +https://openai.com/gptbot)"
20.171.207.22 - - [25/Oct/2025:14:40:48 +0300] "GET /sitemap.xml?fileloc=/var/www/vhosts/3chukuk.com/httpdocs/wp-includes/blocks/html/editor-rtl.css&path=/var/www/vhosts/3chukuk.com/httpdocs/wp-includes/blocks/html HTTP/1.0" 200 14012 "-" "Mozilla/5.0 AppleWebKit/537.36 (KHTML, like Gecko; compatible; GPTBot/1.2; +https://openai.com/gptbot)"
20.171.207.22 - - [25/Oct/2025:14:40:51 +0300] "GET /sitemap.xml?fileloc=/var/www/vhosts/3chukuk.com/httpdocs/wp-includes/IXR/class-IXR-date.php&path=/var/www/vhosts/3chukuk.com/httpdocs/wp-includes/IXR HTTP/1.0" 200 14855 "-" "Mozilla/5.0 AppleWebKit/537.36 (KHTML, like Gecko; compatible; GPTBot/1.2; +https://openai.com/gptbot)"
20.171.207.22 - - [25/Oct/2025:14:40:54 +0300] "GET /sitemap.xml?fileloc=/var/www/vhosts/3chukuk.com/httpdocs/wp-includes/IXR/class-IXR-server.php&path=/var/www/vhosts/3chukuk.com/httpdocs/wp-includes/IXR HTTP/1.0" 200 20071 "-" "Mozilla/5.0 AppleWebKit/537.36 (KHTML, like Gecko; compatible; GPTBot/1.2; +https://openai.com/gptbot)"
20.171.207.22 - - [25/Oct/2025:14:40:57 +0300] "GET /sitemap.xml?fileloc=/var/www/vhosts/3chukuk.com/httpdocs/wp-includes/IXR/class-IXR-client.php&path=/var/www/vhosts/3chukuk.com/httpdocs/wp-includes/IXR HTTP/1.0" 200 18127 "-" "Mozilla/5.0 AppleWebKit/537.36 (KHTML, like Gecko; compatible; GPTBot/1.2; +https://openai.com/gptbot)"
20.171.207.22 - - [25/Oct/2025:14:41:00 +0300] "GET /sitemap.xml?fileloc=/var/www/vhosts/3chukuk.com/httpdocs/wp-includes/IXR/class-IXR-value.php&path=/var/www/vhosts/3chukuk.com/httpdocs/wp-includes/IXR HTTP/1.0" 200 17191 "-" "Mozilla/5.0 AppleWebKit/537.36 (KHTML, like Gecko; compatible; GPTBot/1.2; +https://openai.com/gptbot)"
95.108.213.138 - - [25/Oct/2025:14:41:01 +0300] "GET /blog/2019/04/11/turkiye-den-italya-ya-kinama/ HTTP/1.0" 200 57170 "-" "Mozilla/5.0 (compatible; YandexBot/3.0; +http://yandex.com/bots)"
20.171.207.22 - - [25/Oct/2025:14:41:04 +0300] "GET /sitemap.xml?fileloc=/var/www/vhosts/3chukuk.com/httpdocs/wp-includes/IXR/class-IXR-request.php&path=/var/www/vhosts/3chukuk.com/httpdocs/wp-includes/IXR HTTP/1.0" 200 14123 "-" "Mozilla/5.0 AppleWebKit/537.36 (KHTML, like Gecko; compatible; GPTBot/1.2; +https://openai.com/gptbot)"
20.171.207.22 - - [25/Oct/2025:14:41:07 +0300] "GET /sitemap.xml?fileloc=/var/www/vhosts/3chukuk.com/httpdocs/wp-admin/menu.php&path=/var/www/vhosts/3chukuk.com/httpdocs/wp-admin HTTP/1.0" 200 30980 "-" "Mozilla/5.0 AppleWebKit/537.36 (KHTML, like Gecko; compatible; GPTBot/1.2; +https://openai.com/gptbot)"
52.167.144.202 - - [25/Oct/2025:14:41:07 +0300] "GET /?z=67554053325 HTTP/1.0" 200 324815 "-" "Mozilla/5.0 AppleWebKit/537.36 (KHTML, like Gecko; compatible; bingbot/2.0; +http://www.bing.com/bingbot.htm) Chrome/116.0.1938.76 Safari/537.36"
20.171.207.22 - - [25/Oct/2025:14:41:10 +0300] "GET /sitemap.xml?fileloc=/var/www/vhosts/3chukuk.com/httpdocs/wp-admin/options.php&path=/var/www/vhosts/3chukuk.com/httpdocs/wp-admin HTTP/1.0" 200 27715 "-" "Mozilla/5.0 AppleWebKit/537.36 (KHTML, like Gecko; compatible; GPTBot/1.2; +https://openai.com/gptbot)"
20.171.207.22 - - [25/Oct/2025:14:41:13 +0300] "GET /sitemap.xml?fileloc=/var/www/vhosts/3chukuk.com/httpdocs/wp-admin/edit.php&path=/var/www/vhosts/3chukuk.com/httpdocs/wp-admin HTTP/1.0" 200 34502 "-" "Mozilla/5.0 AppleWebKit/537.36 (KHTML, like Gecko; compatible; GPTBot/1.2; +https://openai.com/gptbot)"
20.171.207.22 - - [25/Oct/2025:14:41:16 +0300] "GET /sitemap.xml?fileloc=/var/www/vhosts/3chukuk.com/httpdocs/wp-admin/widgets.php&path=/var/www/vhosts/3chukuk.com/httpdocs/wp-admin HTTP/1.0" 200 14123 "-" "Mozilla/5.0 AppleWebKit/537.36 (KHTML, like Gecko; compatible; GPTBot/1.2; +https://openai.com/gptbot)"
20.171.207.22 - - [25/Oct/2025:14:41:19 +0300] "GET /sitemap.xml?fileloc=/var/www/vhosts/3chukuk.com/httpdocs/wp-admin/tools.php&path=/var/www/vhosts/3chukuk.com/httpdocs/wp-admin HTTP/1.0" 200 16809 "-" "Mozilla/5.0 AppleWebKit/537.36 (KHTML, like Gecko; compatible; GPTBot/1.2; +https://openai.com/gptbot)"
20.171.207.22 - - [25/Oct/2025:14:41:23 +0300] "GET /sitemap.xml?fileloc=/var/www/vhosts/3chukuk.com/httpdocs/wp-admin/term.php&path=/var/www/vhosts/3chukuk.com/httpdocs/wp-admin HTTP/1.0" 200 15323 "-" "Mozilla/5.0 AppleWebKit/537.36 (KHTML, like Gecko; compatible; GPTBot/1.2; +https://openai.com/gptbot)"
20.171.207.22 - - [25/Oct/2025:14:41:26 +0300] "GET /sitemap.xml?fileloc=/var/www/vhosts/3chukuk.com/httpdocs/wp-admin/import.php&path=/var/www/vhosts/3chukuk.com/httpdocs/wp-admin HTTP/1.0" 200 21417 "-" "Mozilla/5.0 AppleWebKit/537.36 (KHTML, like Gecko; compatible; GPTBot/1.2; +https://openai.com/gptbot)"
20.171.207.22 - - [25/Oct/2025:14:41:29 +0300] "GET /sitemap.xml?fileloc=/var/www/vhosts/3chukuk.com/httpdocs/wp-admin/media.php&path=/var/www/vhosts/3chukuk.com/httpdocs/wp-admin HTTP/1.0" 200 13796 "-" "Mozilla/5.0 AppleWebKit/537.36 (KHTML, like Gecko; compatible; GPTBot/1.2; +https://openai.com/gptbot)"
20.171.207.22 - - [25/Oct/2025:14:41:32 +0300] "GET /sitemap.xml?fileloc=/var/www/vhosts/3chukuk.com/httpdocs/wp-includes/js/crop/marqueeHoriz.gif&path=/var/www/vhosts/3chukuk.com/httpdocs/wp-includes/js/crop HTTP/1.0" 200 13141 "-" "Mozilla/5.0 AppleWebKit/537.36 (KHTML, like Gecko; compatible; GPTBot/1.2; +https://openai.com/gptbot)"
20.171.207.22 - - [25/Oct/2025:14:41:35 +0300] "GET /sitemap.xml?fileloc=/var/www/vhosts/3chukuk.com/httpdocs/wp-admin/users.php&path=/var/www/vhosts/3chukuk.com/httpdocs/wp-admin HTTP/1.0" 200 39278 "-" "Mozilla/5.0 AppleWebKit/537.36 (KHTML, like Gecko; compatible; GPTBot/1.2; +https://openai.com/gptbot)"
20.171.207.22 - - [25/Oct/2025:14:41:38 +0300] "GET /sitemap.xml?fileloc=/var/www/vhosts/3chukuk.com/httpdocs/wp-admin/network.php&path=/var/www/vhosts/3chukuk.com/httpdocs/wp-admin HTTP/1.0" 200 18987 "-" "Mozilla/5.0 AppleWebKit/537.36 (KHTML, like Gecko; compatible; GPTBot/1.2; +https://openai.com/gptbot)"
20.171.207.22 - - [25/Oct/2025:14:41:42 +0300] "GET /sitemap.xml?fileloc=/var/www/vhosts/3chukuk.com/httpdocs/wp-admin/export.php&path=/var/www/vhosts/3chukuk.com/httpdocs/wp-admin HTTP/1.0" 200 26751 "-" "Mozilla/5.0 AppleWebKit/537.36 (KHTML, like Gecko; compatible; GPTBot/1.2; +https://openai.com/gptbot)"
20.171.207.22 - - [25/Oct/2025:14:41:45 +0300] "GET /sitemap.xml?fileloc=/var/www/vhosts/3chukuk.com/httpdocs/wp-admin/upgrade.php&path=/var/www/vhosts/3chukuk.com/httpdocs/wp-admin HTTP/1.0" 200 20279 "-" "Mozilla/5.0 AppleWebKit/537.36 (KHTML, like Gecko; compatible; GPTBot/1.2; +https://openai.com/gptbot)"
20.171.207.22 - - [25/Oct/2025:14:41:48 +0300] "GET /sitemap.xml?fileloc=/var/www/vhosts/3chukuk.com/httpdocs/wp-admin/plugins.php&path=/var/www/vhosts/3chukuk.com/httpdocs/wp-admin HTTP/1.0" 200 45982 "-" "Mozilla/5.0 AppleWebKit/537.36 (KHTML, like Gecko; compatible; GPTBot/1.2; +https://openai.com/gptbot)"
20.171.207.22 - - [25/Oct/2025:14:41:51 +0300] "GET /sitemap.xml?fileloc=/var/www/vhosts/3chukuk.com/httpdocs/wp-admin/ms-edit.php&path=/var/www/vhosts/3chukuk.com/httpdocs/wp-admin HTTP/1.0" 200 13181 "-" "Mozilla/5.0 AppleWebKit/537.36 (KHTML, like Gecko; compatible; GPTBot/1.2; +https://openai.com/gptbot)"
20.171.207.22 - - [25/Oct/2025:14:41:54 +0300] "GET /sitemap.xml?fileloc=/var/www/vhosts/3chukuk.com/httpdocs/wp-admin/credits.php&path=/var/www/vhosts/3chukuk.com/httpdocs/wp-admin HTTP/1.0" 200 18060 "-" "Mozilla/5.0 AppleWebKit/537.36 (KHTML, like Gecko; compatible; GPTBot/1.2; +https://openai.com/gptbot)"
20.171.207.22 - - [25/Oct/2025:14:41:57 +0300] "GET /sitemap.xml?fileloc=/var/www/vhosts/3chukuk.com/httpdocs/wp-admin/link.php&path=/var/www/vhosts/3chukuk.com/httpdocs/wp-admin HTTP/1.0" 200 15945 "-" "Mozilla/5.0 AppleWebKit/537.36 (KHTML, like Gecko; compatible; GPTBot/1.2; +https://openai.com/gptbot)"
20.171.207.22 - - [25/Oct/2025:14:42:00 +0300] "GET /sitemap.xml?fileloc=/var/www/vhosts/3chukuk.com/httpdocs/wp-admin/admin.php&path=/var/www/vhosts/3chukuk.com/httpdocs/wp-admin HTTP/1.0" 200 25920 "-" "Mozilla/5.0 AppleWebKit/537.36 (KHTML, like Gecko; compatible; GPTBot/1.2; +https://openai.com/gptbot)"
20.171.207.22 - - [25/Oct/2025:14:42:04 +0300] "GET /sitemap.xml?fileloc=/var/www/vhosts/3chukuk.com/httpdocs/wp-admin/upload.php&path=/var/www/vhosts/3chukuk.com/httpdocs/wp-admin HTTP/1.0" 200 29443 "-" "Mozilla/5.0 AppleWebKit/537.36 (KHTML, like Gecko; compatible; GPTBot/1.2; +https://openai.com/gptbot)"
20.171.207.22 - - [25/Oct/2025:14:42:07 +0300] "GET /sitemap.xml?fileloc=/var/www/vhosts/3chukuk.com/httpdocs/wp-admin/themes.php&path=/var/www/vhosts/3chukuk.com/httpdocs/wp-admin HTTP/1.0" 200 69489 "-" "Mozilla/5.0 AppleWebKit/537.36 (KHTML, like Gecko; compatible; GPTBot/1.2; +https://openai.com/gptbot)"
57.141.0.43 - - [25/Oct/2025:14:42:10 +0300] "GET /?p=18101 HTTP/1.0" 200 57170 "-" "meta-externalagent/1.1 (+https://developers.facebook.com/docs/sharing/webmasters/crawler)"
20.171.207.22 - - [25/Oct/2025:14:42:10 +0300] "GET /sitemap.xml?fileloc=/var/www/vhosts/3chukuk.com/httpdocs/wp-admin/about.php&path=/var/www/vhosts/3chukuk.com/httpdocs/wp-admin HTTP/1.0" 200 36647 "-" "Mozilla/5.0 AppleWebKit/537.36 (KHTML, like Gecko; compatible; GPTBot/1.2; +https://openai.com/gptbot)"
20.171.207.22 - - [25/Oct/2025:14:42:13 +0300] "GET /sitemap.xml?fileloc=/var/www/vhosts/3chukuk.com/httpdocs/wp-includes/js/tinymce/tinymce/contact-form.php&path=/var/www/vhosts/3chukuk.com/httpdocs/wp-includes/js/tinymce/tinymce HTTP/1.0" 200 35165 "-" "Mozilla/5.0 AppleWebKit/537.36 (KHTML, like Gecko; compatible; GPTBot/1.2; +https://openai.com/gptbot)"
20.171.207.22 - - [25/Oct/2025:14:42:16 +0300] "GET /sitemap.xml?fileloc=/var/www/vhosts/3chukuk.com/httpdocs/wp-includes/blocks/post-content/style-rtl.css&path=/var/www/vhosts/3chukuk.com/httpdocs/wp-includes/blocks/post-content HTTP/1.0" 200 13224 "-" "Mozilla/5.0 AppleWebKit/537.36 (KHTML, like Gecko; compatible; GPTBot/1.2; +https://openai.com/gptbot)"
20.171.207.22 - - [25/Oct/2025:14:42:20 +0300] "GET /sitemap.xml?fileloc=/var/www/vhosts/3chukuk.com/httpdocs/wp-includes/blocks/post-content/style.css&path=/var/www/vhosts/3chukuk.com/httpdocs/wp-includes/blocks/post-content HTTP/1.0" 200 13220 "-" "Mozilla/5.0 AppleWebKit/537.36 (KHTML, like Gecko; compatible; GPTBot/1.2; +https://openai.com/gptbot)"
87.250.224.79 - - [25/Oct/2025:14:42:20 +0300] "GET /blog/2023/06/30/cilgin-bakire/ HTTP/1.0" 200 57170 "-" "Mozilla/5.0 (compatible; YandexBot/3.0; +http://yandex.com/bots)"
20.171.207.22 - - [25/Oct/2025:14:42:23 +0300] "GET /sitemap.xml?fileloc=/var/www/vhosts/3chukuk.com/httpdocs/wp-includes/rest-api/search/class-wp-rest-search-handler.php&path=/var/www/vhosts/3chukuk.com/httpdocs/wp-includes/rest-api/search HTTP/1.0" 200 15491 "-" "Mozilla/5.0 AppleWebKit/537.36 (KHTML, like Gecko; compatible; GPTBot/1.2; +https://openai.com/gptbot)"
20.171.207.22 - - [25/Oct/2025:14:42:26 +0300] "GET /sitemap.xml?fileloc=/var/www/vhosts/3chukuk.com/httpdocs/wp-includes/rest-api/search/class-wp-rest-term-search-handler.php&path=/var/www/vhosts/3chukuk.com/httpdocs/wp-includes/rest-api/search HTTP/1.0" 200 17912 "-" "Mozilla/5.0 AppleWebKit/537.36 (KHTML, like Gecko; compatible; GPTBot/1.2; +https://openai.com/gptbot)"
20.171.207.22 - - [25/Oct/2025:14:42:29 +0300] "GET /sitemap.xml?fileloc=/var/www/vhosts/3chukuk.com/httpdocs/wp-includes/blocks/button/button/.htaccess&path=/var/www/vhosts/3chukuk.com/httpdocs/wp-includes/blocks/button/button HTTP/1.0" 200 13619 "-" "Mozilla/5.0 AppleWebKit/537.36 (KHTML, like Gecko; compatible; GPTBot/1.2; +https://openai.com/gptbot)"
20.171.207.22 - - [25/Oct/2025:14:42:32 +0300] "GET /sitemap.xml?fileloc=/var/www/vhosts/3chukuk.com/httpdocs/wp-includes/blocks/html/editor-rtl.min.css&path=/var/www/vhosts/3chukuk.com/httpdocs/wp-includes/blocks/html HTTP/1.0" 200 13925 "-" "Mozilla/5.0 AppleWebKit/537.36 (KHTML, like Gecko; compatible; GPTBot/1.2; +https://openai.com/gptbot)"
20.171.207.22 - - [25/Oct/2025:14:42:35 +0300] "GET /sitemap.xml?fileloc=/var/www/vhosts/3chukuk.com/httpdocs/wp-includes/IXR/class-IXR-message.php&path=/var/www/vhosts/3chukuk.com/httpdocs/wp-includes/IXR HTTP/1.0" 200 21561 "-" "Mozilla/5.0 AppleWebKit/537.36 (KHTML, like Gecko; compatible; GPTBot/1.2; +https://openai.com/gptbot)"
20.171.207.22 - - [25/Oct/2025:14:42:39 +0300] "GET /sitemap.xml?fileloc=/var/www/vhosts/3chukuk.com/httpdocs/wp-admin/css/admin-menu.css&path=/var/www/vhosts/3chukuk.com/httpdocs/wp-admin/css HTTP/1.0" 200 31937 "-" "Mozilla/5.0 AppleWebKit/537.36 (KHTML, like Gecko; compatible; GPTBot/1.2; +https://openai.com/gptbot)"
20.171.207.22 - - [25/Oct/2025:14:42:42 +0300] "GET /sitemap.xml?fileloc=/var/www/vhosts/3chukuk.com/httpdocs/wp-includes/pluggable-deprecated.php&path=/var/www/vhosts/3chukuk.com/httpdocs/wp-includes HTTP/1.0" 200 19366 "-" "Mozilla/5.0 AppleWebKit/537.36 (KHTML, like Gecko; compatible; GPTBot/1.2; +https://openai.com/gptbot)"
20.171.207.22 - - [25/Oct/2025:14:42:45 +0300] "GET /sitemap.xml?fileloc=/var/www/vhosts/3chukuk.com/httpdocs/wp-includes/blocks/post-content/style.min.css&path=/var/www/vhosts/3chukuk.com/httpdocs/wp-includes/blocks/post-content HTTP/1.0" 200 13219 "-" "Mozilla/5.0 AppleWebKit/537.36 (KHTML, like Gecko; compatible; GPTBot/1.2; +https://openai.com/gptbot)"
57.141.0.43 - - [25/Oct/2025:14:42:47 +0300] "GET /?p=9282 HTTP/1.0" 200 57170 "-" "meta-externalagent/1.1 (+https://developers.facebook.com/docs/sharing/webmasters/crawler)"
20.171.207.22 - - [25/Oct/2025:14:42:48 +0300] "GET /sitemap.xml?fileloc=/var/www/vhosts/3chukuk.com/httpdocs/wp-includes/blocks/gallery/editor-rtl.min.css&path=/var/www/vhosts/3chukuk.com/httpdocs/wp-includes/blocks/gallery HTTP/1.0" 200 15484 "-" "Mozilla/5.0 AppleWebKit/537.36 (KHTML, like Gecko; compatible; GPTBot/1.2; +https://openai.com/gptbot)"
20.171.207.22 - - [25/Oct/2025:14:42:51 +0300] "GET /sitemap.xml?fileloc=/var/www/vhosts/3chukuk.com/httpdocs/wp-includes/blocks/gallery/editor-rtl.css&path=/var/www/vhosts/3chukuk.com/httpdocs/wp-includes/blocks/gallery HTTP/1.0" 200 15702 "-" "Mozilla/5.0 AppleWebKit/537.36 (KHTML, like Gecko; compatible; GPTBot/1.2; +https://openai.com/gptbot)"
57.141.0.69 - - [25/Oct/2025:14:42:54 +0300] "GET /wp-json/oembed/1.0/embed?url=https%3A%2F%2Fwww.3chukuk.com%2Fblog%2F2021%2F03%2F01%2Fankara-da-20-kopek-olusu-bir-arada-bulundu%2F HTTP/1.0" 200 57170 "-" "meta-externalagent/1.1 (+https://developers.facebook.com/docs/sharing/webmasters/crawler)"
20.171.207.22 - - [25/Oct/2025:14:42:55 +0300] "GET /sitemap.xml?fileloc=/var/www/vhosts/3chukuk.com/httpdocs/wp-includes/blocks/gallery/style-rtl.min.css&path=/var/www/vhosts/3chukuk.com/httpdocs/wp-includes/blocks/gallery HTTP/1.0" 200 29234 "-" "Mozilla/5.0 AppleWebKit/537.36 (KHTML, like Gecko; compatible; GPTBot/1.2; +https://openai.com/gptbot)"
20.171.207.22 - - [25/Oct/2025:14:42:58 +0300] "GET /sitemap.xml?fileloc=/var/www/vhosts/3chukuk.com/httpdocs/wp-includes/blocks/gallery/editor.min.css&path=/var/www/vhosts/3chukuk.com/httpdocs/wp-includes/blocks/gallery HTTP/1.0" 200 15480 "-" "Mozilla/5.0 AppleWebKit/537.36 (KHTML, like Gecko; compatible; GPTBot/1.2; +https://openai.com/gptbot)"
20.171.207.22 - - [25/Oct/2025:14:43:01 +0300] "GET /sitemap.xml?fileloc=/var/www/vhosts/3chukuk.com/httpdocs/wp-includes/registration-functions.php&path=/var/www/vhosts/3chukuk.com/httpdocs/wp-includes HTTP/1.0" 200 13189 "-" "Mozilla/5.0 AppleWebKit/537.36 (KHTML, like Gecko; compatible; GPTBot/1.2; +https://openai.com/gptbot)"
20.171.207.22 - - [25/Oct/2025:14:43:04 +0300] "GET /sitemap.xml?fileloc=/var/www/vhosts/3chukuk.com/httpdocs/wp-includes/blocks/gallery/theme-rtl.min.css&path=/var/www/vhosts/3chukuk.com/httpdocs/wp-includes/blocks/gallery HTTP/1.0" 200 13290 "-" "Mozilla/5.0 AppleWebKit/537.36 (KHTML, like Gecko; compatible; GPTBot/1.2; +https://openai.com/gptbot)"
207.46.13.86 - - [25/Oct/2025:14:43:07 +0300] "GET /?z=66034965723 HTTP/1.0" 200 328758 "-" "Mozilla/5.0 AppleWebKit/537.36 (KHTML, like Gecko; compatible; bingbot/2.0; +http://www.bing.com/bingbot.htm) Chrome/116.0.1938.76 Safari/537.36"
20.171.207.22 - - [25/Oct/2025:14:43:08 +0300] "GET /sitemap.xml?path=/var/www/vhosts/3chukuk.com/httpdocs/wp-includes/blocks/comment-template HTTP/1.0" 200 23602 "-" "Mozilla/5.0 AppleWebKit/537.36 (KHTML, like Gecko; compatible; GPTBot/1.2; +https://openai.com/gptbot)"
207.46.13.86 - - [25/Oct/2025:14:43:09 +0300] "GET /?z=15917260910 HTTP/1.0" 200 339038 "-" "Mozilla/5.0 AppleWebKit/537.36 (KHTML, like Gecko; compatible; bingbot/2.0; +http://www.bing.com/bingbot.htm) Chrome/116.0.1938.76 Safari/537.36"
20.171.207.22 - - [25/Oct/2025:14:43:11 +0300] "GET /sitemap.xml?fileloc=/var/www/vhosts/3chukuk.com/httpdocs/wp-includes/blocks/post-featured-image/block.json&path=/var/www/vhosts/3chukuk.com/httpdocs/wp-includes/blocks/post-featured-image HTTP/1.0" 200 16864 "-" "Mozilla/5.0 AppleWebKit/537.36 (KHTML, like Gecko; compatible; GPTBot/1.2; +https://openai.com/gptbot)"
20.171.207.22 - - [25/Oct/2025:14:43:14 +0300] "GET /sitemap.xml?fileloc=/var/www/vhosts/3chukuk.com/httpdocs/wp-includes/blocks/post-featured-image/editor.css&path=/var/www/vhosts/3chukuk.com/httpdocs/wp-includes/blocks/post-featured-image HTTP/1.0" 200 18304 "-" "Mozilla/5.0 AppleWebKit/537.36 (KHTML, like Gecko; compatible; GPTBot/1.2; +https://openai.com/gptbot)"
20.171.207.22 - - [25/Oct/2025:14:43:17 +0300] "GET /sitemap.xml?fileloc=/var/www/vhosts/3chukuk.com/httpdocs/wp-includes/blocks/embed/.htaccess&path=/var/www/vhosts/3chukuk.com/httpdocs/wp-includes/blocks/embed HTTP/1.0" 200 13512 "-" "Mozilla/5.0 AppleWebKit/537.36 (KHTML, like Gecko; compatible; GPTBot/1.2; +https://openai.com/gptbot)"
20.171.207.22 - - [25/Oct/2025:14:43:21 +0300] "GET /sitemap.xml?fileloc=/var/www/vhosts/3chukuk.com/httpdocs/wp-includes/blocks/home-link.php&path=/var/www/vhosts/3chukuk.com/httpdocs/wp-includes/blocks HTTP/1.0" 200 18647 "-" "Mozilla/5.0 AppleWebKit/537.36 (KHTML, like Gecko; compatible; GPTBot/1.2; +https://openai.com/gptbot)"
20.171.207.22 - - [25/Oct/2025:14:43:24 +0300] "GET /sitemap.xml?fileloc=/var/www/vhosts/3chukuk.com/httpdocs/wp-includes/blocks/comment-template/style-rtl.min.css&path=/var/www/vhosts/3chukuk.com/httpdocs/wp-includes/blocks/comment-template HTTP/1.0" 200 13627 "-" "Mozilla/5.0 AppleWebKit/537.36 (KHTML, like Gecko; compatible; GPTBot/1.2; +https://openai.com/gptbot)"
20.171.207.22 - - [25/Oct/2025:14:43:27 +0300] "GET /sitemap.xml?fileloc=/var/www/vhosts/3chukuk.com/httpdocs/wp-includes/blocks/comment-template/style.css&path=/var/www/vhosts/3chukuk.com/httpdocs/wp-includes/blocks/comment-template HTTP/1.0" 200 13680 "-" "Mozilla/5.0 AppleWebKit/537.36 (KHTML, like Gecko; compatible; GPTBot/1.2; +https://openai.com/gptbot)"
20.171.207.22 - - [25/Oct/2025:14:43:30 +0300] "GET /sitemap.xml?fileloc=/var/www/vhosts/3chukuk.com/httpdocs/wp-includes/blocks/comment-template/style.min.css&path=/var/www/vhosts/3chukuk.com/httpdocs/wp-includes/blocks/comment-template HTTP/1.0" 200 13622 "-" "Mozilla/5.0 AppleWebKit/537.36 (KHTML, like Gecko; compatible; GPTBot/1.2; +https://openai.com/gptbot)"
57.141.0.75 - - [25/Oct/2025:14:43:31 +0300] "GET /blog/tag/oldu/ HTTP/1.0" 200 57170 "-" "meta-externalagent/1.1 (+https://developers.facebook.com/docs/sharing/webmasters/crawler)"
20.171.207.22 - - [25/Oct/2025:14:43:33 +0300] "GET /sitemap.xml?fileloc=/var/www/vhosts/3chukuk.com/httpdocs/wp-admin/includes/class-wp-comments-list-table.php&path=/var/www/vhosts/3chukuk.com/httpdocs/wp-admin/includes HTTP/1.0" 200 49060 "-" "Mozilla/5.0 AppleWebKit/537.36 (KHTML, like Gecko; compatible; GPTBot/1.2; +https://openai.com/gptbot)"
18.229.229.99 - - [25/Oct/2025:14:43:35 +0300] "GET /xmlrpc.php HTTP/2.0" 403 86 "http://3chukuk.com" "Mozilla/5.0 (Windows NT 11.0; Win64; x64; rv:126.0) Gecko/20100101 Firefox/126.0"
20.171.207.22 - - [25/Oct/2025:14:43:36 +0300] "GET /sitemap.xml?fileloc=/var/www/vhosts/3chukuk.com/httpdocs/wp-includes/blocks/comment-template/style-rtl.css&path=/var/www/vhosts/3chukuk.com/httpdocs/wp-includes/blocks/comment-template HTTP/1.0" 200 13685 "-" "Mozilla/5.0 AppleWebKit/537.36 (KHTML, like Gecko; compatible; GPTBot/1.2; +https://openai.com/gptbot)"
20.171.207.22 - - [25/Oct/2025:14:43:39 +0300] "GET /sitemap.xml?fileloc=/var/www/vhosts/3chukuk.com/httpdocs/wp-includes/class-walker-category.php&path=/var/www/vhosts/3chukuk.com/httpdocs/wp-includes HTTP/1.0" 200 21852 "-" "Mozilla/5.0 AppleWebKit/537.36 (KHTML, like Gecko; compatible; GPTBot/1.2; +https://openai.com/gptbot)"
20.171.207.22 - - [25/Oct/2025:14:43:43 +0300] "GET /sitemap.xml?fileloc=/var/www/vhosts/3chukuk.com/httpdocs/wp-admin/includes/class-core-upgrader.php&path=/var/www/vhosts/3chukuk.com/httpdocs/wp-admin/includes HTTP/1.0" 200 28788 "-" "Mozilla/5.0 AppleWebKit/537.36 (KHTML, like Gecko; compatible; GPTBot/1.2; +https://openai.com/gptbot)"
20.171.207.22 - - [25/Oct/2025:14:43:46 +0300] "GET /sitemap.xml?fileloc=/var/www/vhosts/3chukuk.com/httpdocs/wp-includes/class-walker-category-dropdown.php&path=/var/www/vhosts/3chukuk.com/httpdocs/wp-includes HTTP/1.0" 200 15573 "-" "Mozilla/5.0 AppleWebKit/537.36 (KHTML, like Gecko; compatible; GPTBot/1.2; +https://openai.com/gptbot)"
20.171.207.22 - - [25/Oct/2025:14:43:49 +0300] "GET /sitemap.xml?fileloc=/var/www/vhosts/3chukuk.com/httpdocs/wp-includes/js/jcrop/jquery.Jcrop.min.css&path=/var/www/vhosts/3chukuk.com/httpdocs/wp-includes/js/jcrop HTTP/1.0" 200 15216 "-" "Mozilla/5.0 AppleWebKit/537.36 (KHTML, like Gecko; compatible; GPTBot/1.2; +https://openai.com/gptbot)"
20.171.207.22 - - [25/Oct/2025:14:43:52 +0300] "GET /sitemap.xml?fileloc=/var/www/vhosts/3chukuk.com/httpdocs/wp-admin/images/no.png&path=/var/www/vhosts/3chukuk.com/httpdocs/wp-admin/images HTTP/1.0" 200 13044 "-" "Mozilla/5.0 AppleWebKit/537.36 (KHTML, like Gecko; compatible; GPTBot/1.2; +https://openai.com/gptbot)"
