20.171.207.22 - - [25/Oct/2025:14:22:04 +0300] "GET /sitemap.xml?path=/var/www/vhosts/3chukuk.com/httpdocs/wp-includes/blocks/cover HTTP/1.0" 200 29901 "-" "Mozilla/5.0 AppleWebKit/537.36 (KHTML, like Gecko; compatible; GPTBot/1.2; +https://openai.com/gptbot)"
20.171.207.22 - - [25/Oct/2025:14:22:07 +0300] "GET /sitemap.xml?path=/var/www/vhosts/3chukuk.com/httpdocs/wp-includes/blocks/quote HTTP/1.0" 200 29880 "-" "Mozilla/5.0 AppleWebKit/537.36 (KHTML, like Gecko; compatible; GPTBot/1.2; +https://openai.com/gptbot)"
20.171.207.22 - - [25/Oct/2025:14:22:10 +0300] "GET /sitemap.xml?path=/var/www/vhosts/3chukuk.com/httpdocs/wp-includes/js/plupload HTTP/1.0" 200 29846 "-" "Mozilla/5.0 AppleWebKit/537.36 (KHTML, like Gecko; compatible; GPTBot/1.2; +https://openai.com/gptbot)"
20.171.207.22 - - [25/Oct/2025:14:22:14 +0300] "GET /sitemap.xml?fileloc=/var/www/vhosts/3chukuk.com/httpdocs/wp-includes/blocks/code/theme-rtl.css&path=/var/www/vhosts/3chukuk.com/httpdocs/wp-includes/blocks/code HTTP/1.0" 200 13284 "-" "Mozilla/5.0 AppleWebKit/537.36 (KHTML, like Gecko; compatible; GPTBot/1.2; +https://openai.com/gptbot)"
20.171.207.22 - - [25/Oct/2025:14:22:17 +0300] "GET /sitemap.xml?fileloc=/var/www/vhosts/3chukuk.com/httpdocs/wp-includes/blocks/more/editor.css&path=/var/www/vhosts/3chukuk.com/httpdocs/wp-includes/blocks/more HTTP/1.0" 200 14007 "-" "Mozilla/5.0 AppleWebKit/537.36 (KHTML, like Gecko; compatible; GPTBot/1.2; +https://openai.com/gptbot)"
20.171.207.22 - - [25/Oct/2025:14:22:20 +0300] "GET /sitemap.xml?fileloc=/var/www/vhosts/3chukuk.com/httpdocs/wp-includes/blocks/code/style.css&path=/var/www/vhosts/3chukuk.com/httpdocs/wp-includes/blocks/code HTTP/1.0" 200 13346 "-" "Mozilla/5.0 AppleWebKit/537.36 (KHTML, like Gecko; compatible; GPTBot/1.2; +https://openai.com/gptbot)"
20.171.207.22 - - [25/Oct/2025:14:22:23 +0300] "GET /sitemap.xml?fileloc=/var/www/vhosts/3chukuk.com/httpdocs/wp-includes/blocks/cover/style.css&path=/var/www/vhosts/3chukuk.com/httpdocs/wp-includes/blocks/cover HTTP/1.0" 200 32938 "-" "Mozilla/5.0 AppleWebKit/537.36 (KHTML, like Gecko; compatible; GPTBot/1.2; +https://openai.com/gptbot)"
20.171.207.22 - - [25/Oct/2025:14:22:26 +0300] "GET /sitemap.xml?fileloc=/var/www/vhosts/3chukuk.com/httpdocs/wp-includes/blocks/code/editor.css&path=/var/www/vhosts/3chukuk.com/httpdocs/wp-includes/blocks/code HTTP/1.0" 200 13192 "-" "Mozilla/5.0 AppleWebKit/537.36 (KHTML, like Gecko; compatible; GPTBot/1.2; +https://openai.com/gptbot)"
20.171.207.22 - - [25/Oct/2025:14:22:30 +0300] "GET /sitemap.xml?fileloc=/var/www/vhosts/3chukuk.com/httpdocs/wp-includes/blocks/code/style.min.css&path=/var/www/vhosts/3chukuk.com/httpdocs/wp-includes/blocks/code HTTP/1.0" 200 13370 "-" "Mozilla/5.0 AppleWebKit/537.36 (KHTML, like Gecko; compatible; GPTBot/1.2; +https://openai.com/gptbot)"
207.46.13.124 - - [25/Oct/2025:14:22:33 +0300] "GET /?c=19132465474 HTTP/1.0" 200 282910 "-" "Mozilla/5.0 AppleWebKit/537.36 (KHTML, like Gecko; compatible; bingbot/2.0; +http://www.bing.com/bingbot.htm) Chrome/116.0.1938.76 Safari/537.36"
20.171.207.22 - - [25/Oct/2025:14:22:33 +0300] "GET /sitemap.xml?fileloc=/var/www/vhosts/3chukuk.com/httpdocs/wp-includes/blocks/quote/style.css&path=/var/www/vhosts/3chukuk.com/httpdocs/wp-includes/blocks/quote HTTP/1.0" 200 13899 "-" "Mozilla/5.0 AppleWebKit/537.36 (KHTML, like Gecko; compatible; GPTBot/1.2; +https://openai.com/gptbot)"
20.171.207.22 - - [25/Oct/2025:14:22:36 +0300] "GET /sitemap.xml?fileloc=/var/www/vhosts/3chukuk.com/httpdocs/wp-includes/blocks/code/theme.min.css&path=/var/www/vhosts/3chukuk.com/httpdocs/wp-includes/blocks/code HTTP/1.0" 200 13270 "-" "Mozilla/5.0 AppleWebKit/537.36 (KHTML, like Gecko; compatible; GPTBot/1.2; +https://openai.com/gptbot)"
20.171.207.22 - - [25/Oct/2025:14:22:39 +0300] "GET /sitemap.xml?fileloc=/var/www/vhosts/3chukuk.com/httpdocs/wp-includes/blocks/quote/theme.css&path=/var/www/vhosts/3chukuk.com/httpdocs/wp-includes/blocks/quote HTTP/1.0" 200 13701 "-" "Mozilla/5.0 AppleWebKit/537.36 (KHTML, like Gecko; compatible; GPTBot/1.2; +https://openai.com/gptbot)"
20.171.207.22 - - [25/Oct/2025:14:22:42 +0300] "GET /sitemap.xml?fileloc=/var/www/vhosts/3chukuk.com/httpdocs/wp-includes/blocks/code/style-rtl.css&path=/var/www/vhosts/3chukuk.com/httpdocs/wp-includes/blocks/code HTTP/1.0" 200 13350 "-" "Mozilla/5.0 AppleWebKit/537.36 (KHTML, like Gecko; compatible; GPTBot/1.2; +https://openai.com/gptbot)"
87.250.224.232 - - [25/Oct/2025:14:22:44 +0300] "GET /blog/2018/05/31/hesap-gunu-geldiginde/ HTTP/1.0" 200 57170 "-" "Mozilla/5.0 (compatible; YandexBot/3.0; +http://yandex.com/bots)"
20.171.207.22 - - [25/Oct/2025:14:22:45 +0300] "GET /sitemap.xml?fileloc=/var/www/vhosts/3chukuk.com/httpdocs/wp-includes/blocks/quote/style-rtl.min.css&path=/var/www/vhosts/3chukuk.com/httpdocs/wp-includes/blocks/quote HTTP/1.0" 200 13862 "-" "Mozilla/5.0 AppleWebKit/537.36 (KHTML, like Gecko; compatible; GPTBot/1.2; +https://openai.com/gptbot)"
20.171.207.22 - - [25/Oct/2025:14:22:48 +0300] "GET /sitemap.xml?fileloc=/var/www/vhosts/3chukuk.com/httpdocs/wp-includes/blocks/code/theme.css&path=/var/www/vhosts/3chukuk.com/httpdocs/wp-includes/blocks/code HTTP/1.0" 200 13280 "-" "Mozilla/5.0 AppleWebKit/537.36 (KHTML, like Gecko; compatible; GPTBot/1.2; +https://openai.com/gptbot)"
20.171.207.22 - - [25/Oct/2025:14:22:52 +0300] "GET /sitemap.xml?fileloc=/var/www/vhosts/3chukuk.com/httpdocs/wp-includes/blocks/cover/editor.css&path=/var/www/vhosts/3chukuk.com/httpdocs/wp-includes/blocks/cover HTTP/1.0" 200 15093 "-" "Mozilla/5.0 AppleWebKit/537.36 (KHTML, like Gecko; compatible; GPTBot/1.2; +https://openai.com/gptbot)"
20.171.207.22 - - [25/Oct/2025:14:22:55 +0300] "GET /sitemap.xml?path=/var/www/vhosts/3chukuk.com/httpdocs/wp-includes/blocks/audio HTTP/1.0" 200 36461 "-" "Mozilla/5.0 AppleWebKit/537.36 (KHTML, like Gecko; compatible; GPTBot/1.2; +https://openai.com/gptbot)"
52.167.144.166 - - [25/Oct/2025:14:22:55 +0300] "GET /?z=16132954753 HTTP/1.0" 200 330521 "-" "Mozilla/5.0 AppleWebKit/537.36 (KHTML, like Gecko; compatible; bingbot/2.0; +http://www.bing.com/bingbot.htm) Chrome/116.0.1938.76 Safari/537.36"
20.171.207.22 - - [25/Oct/2025:14:22:58 +0300] "GET /sitemap.xml?fileloc=/var/www/vhosts/3chukuk.com/httpdocs/wp-includes/general-template.php&path=/var/www/vhosts/3chukuk.com/httpdocs/wp-includes HTTP/1.0" 200 191631 "-" "Mozilla/5.0 AppleWebKit/537.36 (KHTML, like Gecko; compatible; GPTBot/1.2; +https://openai.com/gptbot)"
20.171.207.22 - - [25/Oct/2025:14:23:01 +0300] "GET /sitemap.xml?fileloc=/var/www/vhosts/3chukuk.com/httpdocs/wp-includes/https-detection.php&path=/var/www/vhosts/3chukuk.com/httpdocs/wp-includes HTTP/1.0" 200 18904 "-" "Mozilla/5.0 AppleWebKit/537.36 (KHTML, like Gecko; compatible; GPTBot/1.2; +https://openai.com/gptbot)"
207.46.13.124 - - [25/Oct/2025:14:23:03 +0300] "GET /?r=68016017886 HTTP/1.0" 200 598236 "-" "Mozilla/5.0 AppleWebKit/537.36 (KHTML, like Gecko; compatible; bingbot/2.0; +http://www.bing.com/bingbot.htm) Chrome/116.0.1938.76 Safari/537.36"
20.171.207.22 - - [25/Oct/2025:14:23:04 +0300] "GET /sitemap.xml?fileloc=/var/www/vhosts/3chukuk.com/httpdocs/wp-includes/class-phpmailer.php&path=/var/www/vhosts/3chukuk.com/httpdocs/wp-includes HTTP/1.0" 200 13646 "-" "Mozilla/5.0 AppleWebKit/537.36 (KHTML, like Gecko; compatible; GPTBot/1.2; +https://openai.com/gptbot)"
20.171.207.22 - - [25/Oct/2025:14:23:07 +0300] "GET /sitemap.xml?fileloc=/var/www/vhosts/3chukuk.com/httpdocs/wp-includes/class-simplepie.php&path=/var/www/vhosts/3chukuk.com/httpdocs/wp-includes HTTP/1.0" 200 13435 "-" "Mozilla/5.0 AppleWebKit/537.36 (KHTML, like Gecko; compatible; GPTBot/1.2; +https://openai.com/gptbot)"
20.171.207.22 - - [25/Oct/2025:14:23:11 +0300] "GET /sitemap.xml?fileloc=/var/www/vhosts/3chukuk.com/httpdocs/wp-includes/blocks/audio/style.css&path=/var/www/vhosts/3chukuk.com/httpdocs/wp-includes/blocks/audio HTTP/1.0" 200 13332 "-" "Mozilla/5.0 AppleWebKit/537.36 (KHTML, like Gecko; compatible; GPTBot/1.2; +https://openai.com/gptbot)"
20.171.207.22 - - [25/Oct/2025:14:23:14 +0300] "GET /sitemap.xml?fileloc=/var/www/vhosts/3chukuk.com/httpdocs/wp-includes/blocks/audio/theme.css&path=/var/www/vhosts/3chukuk.com/httpdocs/wp-includes/blocks/audio HTTP/1.0" 200 13353 "-" "Mozilla/5.0 AppleWebKit/537.36 (KHTML, like Gecko; compatible; GPTBot/1.2; +https://openai.com/gptbot)"
20.171.207.22 - - [25/Oct/2025:14:23:17 +0300] "GET /sitemap.xml?fileloc=/var/www/vhosts/3chukuk.com/httpdocs/wp-includes/template-loader.php&path=/var/www/vhosts/3chukuk.com/httpdocs/wp-includes HTTP/1.0" 200 16062 "-" "Mozilla/5.0 AppleWebKit/537.36 (KHTML, like Gecko; compatible; GPTBot/1.2; +https://openai.com/gptbot)"
20.171.207.22 - - [25/Oct/2025:14:23:20 +0300] "GET /sitemap.xml?fileloc=/var/www/vhosts/3chukuk.com/httpdocs/wp-includes/blocks/audio/editor.css&path=/var/www/vhosts/3chukuk.com/httpdocs/wp-includes/blocks/audio HTTP/1.0" 200 13402 "-" "Mozilla/5.0 AppleWebKit/537.36 (KHTML, like Gecko; compatible; GPTBot/1.2; +https://openai.com/gptbot)"
207.46.13.124 - - [25/Oct/2025:14:23:23 +0300] "GET /?z=62348470525 HTTP/1.0" 200 340664 "-" "Mozilla/5.0 AppleWebKit/537.36 (KHTML, like Gecko; compatible; bingbot/2.0; +http://www.bing.com/bingbot.htm) Chrome/116.0.1938.76 Safari/537.36"
20.171.207.22 - - [25/Oct/2025:14:23:23 +0300] "GET /sitemap.xml?fileloc=/var/www/vhosts/3chukuk.com/httpdocs/wp-includes/template-canvas.php&path=/var/www/vhosts/3chukuk.com/httpdocs/wp-includes HTTP/1.0" 200 13635 "-" "Mozilla/5.0 AppleWebKit/537.36 (KHTML, like Gecko; compatible; GPTBot/1.2; +https://openai.com/gptbot)"
20.171.207.22 - - [25/Oct/2025:14:23:26 +0300] "GET /sitemap.xml?fileloc=/var/www/vhosts/3chukuk.com/httpdocs/wp-includes/bookmark-template.php&path=/var/www/vhosts/3chukuk.com/httpdocs/wp-includes HTTP/1.0" 200 26429 "-" "Mozilla/5.0 AppleWebKit/537.36 (KHTML, like Gecko; compatible; GPTBot/1.2; +https://openai.com/gptbot)"
20.171.207.22 - - [25/Oct/2025:14:23:29 +0300] "GET /sitemap.xml?fileloc=/var/www/vhosts/3chukuk.com/httpdocs/wp-includes/https-migration.php&path=/var/www/vhosts/3chukuk.com/httpdocs/wp-includes HTTP/1.0" 200 17768 "-" "Mozilla/5.0 AppleWebKit/537.36 (KHTML, like Gecko; compatible; GPTBot/1.2; +https://openai.com/gptbot)"
20.171.207.22 - - [25/Oct/2025:14:23:33 +0300] "GET /sitemap.xml?fileloc=/var/www/vhosts/3chukuk.com/httpdocs/wp-includes/robots-template.php&path=/var/www/vhosts/3chukuk.com/httpdocs/wp-includes HTTP/1.0" 200 18235 "-" "Mozilla/5.0 AppleWebKit/537.36 (KHTML, like Gecko; compatible; GPTBot/1.2; +https://openai.com/gptbot)"
20.171.207.22 - - [25/Oct/2025:14:23:36 +0300] "GET /sitemap.xml?fileloc=/var/www/vhosts/3chukuk.com/httpdocs/wp-includes/theme-templates.php&path=/var/www/vhosts/3chukuk.com/httpdocs/wp-includes HTTP/1.0" 200 19364 "-" "Mozilla/5.0 AppleWebKit/537.36 (KHTML, like Gecko; compatible; GPTBot/1.2; +https://openai.com/gptbot)"
20.171.207.22 - - [25/Oct/2025:14:23:39 +0300] "GET /sitemap.xml?fileloc=/var/www/vhosts/3chukuk.com/httpdocs/wp-includes/css/wp-embed-template.css&path=/var/www/vhosts/3chukuk.com/httpdocs/wp-includes/css HTTP/1.0" 200 21148 "-" "Mozilla/5.0 AppleWebKit/537.36 (KHTML, like Gecko; compatible; GPTBot/1.2; +https://openai.com/gptbot)"
20.171.207.22 - - [25/Oct/2025:14:23:42 +0300] "GET /sitemap.xml?fileloc=/var/www/vhosts/3chukuk.com/httpdocs/wp-includes/css/wp-embed-template.min.css&path=/var/www/vhosts/3chukuk.com/httpdocs/wp-includes/css HTTP/1.0" 200 20092 "-" "Mozilla/5.0 AppleWebKit/537.36 (KHTML, like Gecko; compatible; GPTBot/1.2; +https://openai.com/gptbot)"
20.171.207.22 - - [25/Oct/2025:14:23:45 +0300] "GET /sitemap.xml?fileloc=/var/www/vhosts/3chukuk.com/httpdocs/wp-includes/css/wp-embed-template-ie.css&path=/var/www/vhosts/3chukuk.com/httpdocs/wp-includes/css HTTP/1.0" 200 14542 "-" "Mozilla/5.0 AppleWebKit/537.36 (KHTML, like Gecko; compatible; GPTBot/1.2; +https://openai.com/gptbot)"
20.171.207.22 - - [25/Oct/2025:14:23:49 +0300] "GET /sitemap.xml?fileloc=/var/www/vhosts/3chukuk.com/httpdocs/wp-includes/class-walker-page-dropdown.php&path=/var/www/vhosts/3chukuk.com/httpdocs/wp-includes HTTP/1.0" 200 15804 "-" "Mozilla/5.0 AppleWebKit/537.36 (KHTML, like Gecko; compatible; GPTBot/1.2; +https://openai.com/gptbot)"
20.171.207.22 - - [25/Oct/2025:14:23:52 +0300] "GET /sitemap.xml?fileloc=/var/www/vhosts/3chukuk.com/httpdocs/wp-admin/includes/options.php&path=/var/www/vhosts/3chukuk.com/httpdocs/wp-admin/includes HTTP/1.0" 200 17627 "-" "Mozilla/5.0 AppleWebKit/537.36 (KHTML, like Gecko; compatible; GPTBot/1.2; +https://openai.com/gptbot)"
20.171.207.22 - - [25/Oct/2025:14:23:55 +0300] "GET /sitemap.xml?fileloc=/var/www/vhosts/3chukuk.com/httpdocs/wp-admin/includes/widgets.php&path=/var/www/vhosts/3chukuk.com/httpdocs/wp-admin/includes HTTP/1.0" 200 25578 "-" "Mozilla/5.0 AppleWebKit/537.36 (KHTML, like Gecko; compatible; GPTBot/1.2; +https://openai.com/gptbot)"
20.171.207.22 - - [25/Oct/2025:14:23:58 +0300] "GET /sitemap.xml?fileloc=/var/www/vhosts/3chukuk.com/httpdocs/wp-admin/includes/network.php&path=/var/www/vhosts/3chukuk.com/httpdocs/wp-admin/includes HTTP/1.0" 200 44074 "-" "Mozilla/5.0 AppleWebKit/537.36 (KHTML, like Gecko; compatible; GPTBot/1.2; +https://openai.com/gptbot)"
20.171.207.22 - - [25/Oct/2025:14:24:01 +0300] "GET /sitemap.xml?fileloc=/var/www/vhosts/3chukuk.com/httpdocs/wp-admin/includes/credits.php&path=/var/www/vhosts/3chukuk.com/httpdocs/wp-admin/includes HTTP/1.0" 200 19410 "-" "Mozilla/5.0 AppleWebKit/537.36 (KHTML, like Gecko; compatible; GPTBot/1.2; +https://openai.com/gptbot)"
20.171.207.22 - - [25/Oct/2025:14:24:05 +0300] "GET /sitemap.xml?fileloc=/var/www/vhosts/3chukuk.com/httpdocs/wp-admin/css/l10n.css&path=/var/www/vhosts/3chukuk.com/httpdocs/wp-admin/css HTTP/1.0" 200 17682 "-" "Mozilla/5.0 AppleWebKit/537.36 (KHTML, like Gecko; compatible; GPTBot/1.2; +https://openai.com/gptbot)"
20.171.207.22 - - [25/Oct/2025:14:24:08 +0300] "GET /sitemap.xml?fileloc=/var/www/vhosts/3chukuk.com/httpdocs/wp-includes/blocks/search.php&path=/var/www/vhosts/3chukuk.com/httpdocs/wp-includes/blocks HTTP/1.0" 200 36825 "-" "Mozilla/5.0 AppleWebKit/537.36 (KHTML, like Gecko; compatible; GPTBot/1.2; +https://openai.com/gptbot)"
20.171.207.22 - - [25/Oct/2025:14:24:11 +0300] "GET /sitemap.xml?path=/var/www/vhosts/3chukuk.com/httpdocs/wp-includes/blocks/block HTTP/1.0" 200 16780 "-" "Mozilla/5.0 AppleWebKit/537.36 (KHTML, like Gecko; compatible; GPTBot/1.2; +https://openai.com/gptbot)"
20.171.207.22 - - [25/Oct/2025:14:24:14 +0300] "GET /sitemap.xml?fileloc=/var/www/vhosts/3chukuk.com/httpdocs/wp-admin/includes/upgrade.php&path=/var/www/vhosts/3chukuk.com/httpdocs/wp-admin/includes HTTP/1.0" 200 133829 "-" "Mozilla/5.0 AppleWebKit/537.36 (KHTML, like Gecko; compatible; GPTBot/1.2; +https://openai.com/gptbot)"
20.171.207.22 - - [25/Oct/2025:14:24:17 +0300] "GET /sitemap.xml?fileloc=/var/www/vhosts/3chukuk.com/httpdocs/wp-admin/plugin-install.php&path=/var/www/vhosts/3chukuk.com/httpdocs/wp-admin HTTP/1.0" 200 20704 "-" "Mozilla/5.0 AppleWebKit/537.36 (KHTML, like Gecko; compatible; GPTBot/1.2; +https://openai.com/gptbot)"
216.37.42.34 - - [25/Oct/2025:14:24:17 +0300] "GET /xmlrpc.php HTTP/2.0" 403 86 "http://3chukuk.com" "Mozilla/5.0 (Macintosh; Intel Mac OS X 10_15_7; rv:127.0) Gecko/20100101 Firefox/127.0"
20.171.207.22 - - [25/Oct/2025:14:24:21 +0300] "GET /sitemap.xml?fileloc=/var/www/vhosts/3chukuk.com/httpdocs/wp-admin/theme-install.php&path=/var/www/vhosts/3chukuk.com/httpdocs/wp-admin HTTP/1.0" 200 41566 "-" "Mozilla/5.0 AppleWebKit/537.36 (KHTML, like Gecko; compatible; GPTBot/1.2; +https://openai.com/gptbot)"
20.171.207.22 - - [25/Oct/2025:14:24:24 +0300] "GET /sitemap.xml?fileloc=/var/www/vhosts/3chukuk.com/httpdocs/wp-includes/blocks/table/editor-rtl.min.css&path=/var/www/vhosts/3chukuk.com/httpdocs/wp-includes/blocks/table HTTP/1.0" 200 14702 "-" "Mozilla/5.0 AppleWebKit/537.36 (KHTML, like Gecko; compatible; GPTBot/1.2; +https://openai.com/gptbot)"
40.77.167.254 - - [25/Oct/2025:14:24:25 +0300] "GET /?z=35016806991 HTTP/1.0" 200 323335 "-" "Mozilla/5.0 AppleWebKit/537.36 (KHTML, like Gecko; compatible; bingbot/2.0; +http://www.bing.com/bingbot.htm) Chrome/116.0.1938.76 Safari/537.36"
57.141.0.53 - - [25/Oct/2025:14:24:28 +0300] "GET /wp-json/oembed/1.0/embed?url=https%3A%2F%2Fwww.3chukuk.com%2Fblog%2F2018%2F04%2F07%2Fnorvec-rusya-sinirinda-savas-sireni-calinca%2F HTTP/1.0" 200 57170 "-" "meta-externalagent/1.1 (+https://developers.facebook.com/docs/sharing/webmasters/crawler)"
20.171.207.22 - - [25/Oct/2025:14:24:27 +0300] "GET /sitemap.xml?fileloc=/var/www/vhosts/3chukuk.com/httpdocs/wp-admin/install-helper.php&path=/var/www/vhosts/3chukuk.com/httpdocs/wp-admin HTTP/1.0" 200 20153 "-" "Mozilla/5.0 AppleWebKit/537.36 (KHTML, like Gecko; compatible; GPTBot/1.2; +https://openai.com/gptbot)"
20.171.207.22 - - [25/Oct/2025:14:24:30 +0300] "GET /sitemap.xml?fileloc=/var/www/vhosts/3chukuk.com/httpdocs/wp-includes/blocks/cover/editor-rtl.min.css&path=/var/www/vhosts/3chukuk.com/httpdocs/wp-includes/blocks/cover HTTP/1.0" 200 14912 "-" "Mozilla/5.0 AppleWebKit/537.36 (KHTML, like Gecko; compatible; GPTBot/1.2; +https://openai.com/gptbot)"
20.171.207.22 - - [25/Oct/2025:14:24:33 +0300] "GET /sitemap.xml?fileloc=/var/www/vhosts/3chukuk.com/httpdocs/wp-includes/blocks/audio/editor-rtl.min.css&path=/var/www/vhosts/3chukuk.com/httpdocs/wp-includes/blocks/audio HTTP/1.0" 200 13377 "-" "Mozilla/5.0 AppleWebKit/537.36 (KHTML, like Gecko; compatible; GPTBot/1.2; +https://openai.com/gptbot)"
20.171.207.22 - - [25/Oct/2025:14:24:36 +0300] "GET /sitemap.xml?fileloc=/var/www/vhosts/3chukuk.com/httpdocs/wp-includes/blocks/button/style-rtl.min.css&path=/var/www/vhosts/3chukuk.com/httpdocs/wp-includes/blocks/button HTTP/1.0" 200 15445 "-" "Mozilla/5.0 AppleWebKit/537.36 (KHTML, like Gecko; compatible; GPTBot/1.2; +https://openai.com/gptbot)"
20.171.207.22 - - [25/Oct/2025:14:24:39 +0300] "GET /sitemap.xml?fileloc=/var/www/vhosts/3chukuk.com/httpdocs/wp-includes/blocks/button/editor-rtl.min.css&path=/var/www/vhosts/3chukuk.com/httpdocs/wp-includes/blocks/button HTTP/1.0" 200 13625 "-" "Mozilla/5.0 AppleWebKit/537.36 (KHTML, like Gecko; compatible; GPTBot/1.2; +https://openai.com/gptbot)"
20.171.207.22 - - [25/Oct/2025:14:24:42 +0300] "GET /sitemap.xml?fileloc=/var/www/vhosts/3chukuk.com/httpdocs/wp-includes/blocks/spacer/style-rtl.min.css&path=/var/www/vhosts/3chukuk.com/httpdocs/wp-includes/blocks/spacer HTTP/1.0" 200 13192 "-" "Mozilla/5.0 AppleWebKit/537.36 (KHTML, like Gecko; compatible; GPTBot/1.2; +https://openai.com/gptbot)"
20.171.207.22 - - [25/Oct/2025:14:24:46 +0300] "GET /sitemap.xml?fileloc=/var/www/vhosts/3chukuk.com/httpdocs/wp-includes/blocks/avatar/editor-rtl.min.css&path=/var/www/vhosts/3chukuk.com/httpdocs/wp-includes/blocks/avatar HTTP/1.0" 200 13284 "-" "Mozilla/5.0 AppleWebKit/537.36 (KHTML, like Gecko; compatible; GPTBot/1.2; +https://openai.com/gptbot)"
20.171.207.22 - - [25/Oct/2025:14:24:49 +0300] "GET /sitemap.xml?fileloc=/var/www/vhosts/3chukuk.com/httpdocs/wp-includes/blocks/avatar/style-rtl.min.css&path=/var/www/vhosts/3chukuk.com/httpdocs/wp-includes/blocks/avatar HTTP/1.0" 200 13302 "-" "Mozilla/5.0 AppleWebKit/537.36 (KHTML, like Gecko; compatible; GPTBot/1.2; +https://openai.com/gptbot)"
20.171.207.22 - - [25/Oct/2025:14:24:52 +0300] "GET /sitemap.xml?fileloc=/var/www/vhosts/3chukuk.com/httpdocs/wp-includes/blocks/spacer/editor-rtl.min.css&path=/var/www/vhosts/3chukuk.com/httpdocs/wp-includes/blocks/spacer HTTP/1.0" 200 14133 "-" "Mozilla/5.0 AppleWebKit/537.36 (KHTML, like Gecko; compatible; GPTBot/1.2; +https://openai.com/gptbot)"
20.171.207.22 - - [25/Oct/2025:14:24:55 +0300] "GET /sitemap.xml?fileloc=/var/www/vhosts/3chukuk.com/httpdocs/wp-includes/blocks/loginout/style.min.css&path=/var/www/vhosts/3chukuk.com/httpdocs/wp-includes/blocks/loginout HTTP/1.0" 200 13207 "-" "Mozilla/5.0 AppleWebKit/537.36 (KHTML, like Gecko; compatible; GPTBot/1.2; +https://openai.com/gptbot)"
20.171.207.22 - - [25/Oct/2025:14:24:58 +0300] "GET /sitemap.xml?fileloc=/var/www/vhosts/3chukuk.com/httpdocs/wp-includes/blocks/columns/style-rtl.min.css&path=/var/www/vhosts/3chukuk.com/httpdocs/wp-includes/blocks/columns HTTP/1.0" 200 14748 "-" "Mozilla/5.0 AppleWebKit/537.36 (KHTML, like Gecko; compatible; GPTBot/1.2; +https://openai.com/gptbot)"
20.171.207.22 - - [25/Oct/2025:14:25:01 +0300] "GET /sitemap.xml?fileloc=/var/www/vhosts/3chukuk.com/httpdocs/wp-includes/blocks/buttons/editor.min.css&path=/var/www/vhosts/3chukuk.com/httpdocs/wp-includes/blocks/buttons HTTP/1.0" 200 14191 "-" "Mozilla/5.0 AppleWebKit/537.36 (KHTML, like Gecko; compatible; GPTBot/1.2; +https://openai.com/gptbot)"
20.171.207.22 - - [25/Oct/2025:14:25:04 +0300] "GET /sitemap.xml?fileloc=/var/www/vhosts/3chukuk.com/httpdocs/wp-includes/blocks/buttons/editor-rtl.css&path=/var/www/vhosts/3chukuk.com/httpdocs/wp-includes/blocks/buttons HTTP/1.0" 200 14255 "-" "Mozilla/5.0 AppleWebKit/537.36 (KHTML, like Gecko; compatible; GPTBot/1.2; +https://openai.com/gptbot)"
20.171.207.22 - - [25/Oct/2025:14:25:07 +0300] "GET /sitemap.xml?fileloc=/var/www/vhosts/3chukuk.com/httpdocs/wp-includes/blocks/columns/editor.min.css&path=/var/www/vhosts/3chukuk.com/httpdocs/wp-includes/blocks/columns HTTP/1.0" 200 13303 "-" "Mozilla/5.0 AppleWebKit/537.36 (KHTML, like Gecko; compatible; GPTBot/1.2; +https://openai.com/gptbot)"
20.171.207.22 - - [25/Oct/2025:14:25:10 +0300] "GET /sitemap.xml?fileloc=/var/www/vhosts/3chukuk.com/httpdocs/wp-includes/blocks/loginout/style-rtl.css&path=/var/www/vhosts/3chukuk.com/httpdocs/wp-includes/blocks/loginout HTTP/1.0" 200 13212 "-" "Mozilla/5.0 AppleWebKit/537.36 (KHTML, like Gecko; compatible; GPTBot/1.2; +https://openai.com/gptbot)"
20.171.207.22 - - [25/Oct/2025:14:25:13 +0300] "GET /sitemap.xml?fileloc=/var/www/vhosts/3chukuk.com/httpdocs/wp-includes/blocks/columns/editor-rtl.min.css&path=/var/www/vhosts/3chukuk.com/httpdocs/wp-includes/blocks/columns HTTP/1.0" 200 13307 "-" "Mozilla/5.0 AppleWebKit/537.36 (KHTML, like Gecko; compatible; GPTBot/1.2; +https://openai.com/gptbot)"
114.119.180.61 - - [25/Oct/2025:14:25:14 +0300] "GET /blog/2021/01/10/dunyaca-unlu-mimar-prof-dr-ahmet-vefik-alp-vefat-etti/ HTTP/1.0" 200 57170 "https://www.3chukuk.com/blog/2021/01/10/dunyaca-unlu-mimar-prof-dr-ahmet-vefik-alp-vefat-etti/" "Mozilla/5.0 (Windows NT 10.0; Win64; x64) AppleWebKit/537.36 (KHTML, like Gecko) Chrome/116.0.0.0 Safari/537.36"
20.171.207.22 - - [25/Oct/2025:14:25:17 +0300] "GET /sitemap.xml?fileloc=/var/www/vhosts/3chukuk.com/httpdocs/wp-includes/blocks/buttons/editor-rtl.min.css&path=/var/www/vhosts/3chukuk.com/httpdocs/wp-includes/blocks/buttons HTTP/1.0" 200 14195 "-" "Mozilla/5.0 AppleWebKit/537.36 (KHTML, like Gecko; compatible; GPTBot/1.2; +https://openai.com/gptbot)"
20.171.207.22 - - [25/Oct/2025:14:25:20 +0300] "GET /sitemap.xml?fileloc=/var/www/vhosts/3chukuk.com/httpdocs/wp-includes/blocks/columns/editor-rtl.css&path=/var/www/vhosts/3chukuk.com/httpdocs/wp-includes/blocks/columns HTTP/1.0" 200 13324 "-" "Mozilla/5.0 AppleWebKit/537.36 (KHTML, like Gecko; compatible; GPTBot/1.2; +https://openai.com/gptbot)"
20.171.207.22 - - [25/Oct/2025:14:25:23 +0300] "GET /sitemap.xml?fileloc=/var/www/vhosts/3chukuk.com/httpdocs/wp-includes/blocks/buttons/style-rtl.min.css&path=/var/www/vhosts/3chukuk.com/httpdocs/wp-includes/blocks/buttons HTTP/1.0" 200 14568 "-" "Mozilla/5.0 AppleWebKit/537.36 (KHTML, like Gecko; compatible; GPTBot/1.2; +https://openai.com/gptbot)"
207.46.13.124 - - [25/Oct/2025:14:25:23 +0300] "GET /blog/2017/10/01/harften-harfe/ HTTP/1.0" 200 156064 "-" "Mozilla/5.0 AppleWebKit/537.36 (KHTML, like Gecko; compatible; bingbot/2.0; +http://www.bing.com/bingbot.htm) Chrome/116.0.1938.76 Safari/537.36"
20.171.207.22 - - [25/Oct/2025:14:25:26 +0300] "GET /sitemap.xml?fileloc=/var/www/vhosts/3chukuk.com/httpdocs/wp-includes/js/codemirror/codemirror.min.css&path=/var/www/vhosts/3chukuk.com/httpdocs/wp-includes/js/codemirror HTTP/1.0" 200 29294 "-" "Mozilla/5.0 AppleWebKit/537.36 (KHTML, like Gecko; compatible; GPTBot/1.2; +https://openai.com/gptbot)"
20.171.207.22 - - [25/Oct/2025:14:25:29 +0300] "GET /sitemap.xml?path=/var/www/vhosts/3chukuk.com/httpdocs/wp-includes/js/tinymce HTTP/1.0" 200 32091 "-" "Mozilla/5.0 AppleWebKit/537.36 (KHTML, like Gecko; compatible; GPTBot/1.2; +https://openai.com/gptbot)"
20.171.207.22 - - [25/Oct/2025:14:25:32 +0300] "GET /sitemap.xml?path=/var/www/vhosts/3chukuk.com/httpdocs/wp-includes/blocks/file HTTP/1.0" 200 36394 "-" "Mozilla/5.0 AppleWebKit/537.36 (KHTML, like Gecko; compatible; GPTBot/1.2; +https://openai.com/gptbot)"
62.164.177.47 - - [25/Oct/2025:14:25:35 +0300] "GET / HTTP/1.0" 200 57170 "-" "Mozilla/5.0 (Macintosh; Intel Mac OS X 10.15; rv:135.0) Gecko/20100101 Firefox/135.0"
20.171.207.22 - - [25/Oct/2025:14:25:35 +0300] "GET /sitemap.xml?path=/var/www/vhosts/3chukuk.com/httpdocs/wp-includes/blocks/image HTTP/1.0" 200 43019 "-" "Mozilla/5.0 AppleWebKit/537.36 (KHTML, like Gecko; compatible; GPTBot/1.2; +https://openai.com/gptbot)"
20.171.207.22 - - [25/Oct/2025:14:25:39 +0300] "GET /sitemap.xml?path=/var/www/vhosts/3chukuk.com/httpdocs/wp-includes/blocks/group HTTP/1.0" 200 36461 "-" "Mozilla/5.0 AppleWebKit/537.36 (KHTML, like Gecko; compatible; GPTBot/1.2; +https://openai.com/gptbot)"
87.250.224.12 - - [25/Oct/2025:14:25:42 +0300] "GET /blog/tag/alinan/ HTTP/1.0" 200 57170 "-" "Mozilla/5.0 (compatible; YandexBot/3.0; +http://yandex.com/bots)"
20.171.207.22 - - [25/Oct/2025:14:25:42 +0300] "GET /sitemap.xml?fileloc=/var/www/vhosts/3chukuk.com/httpdocs/wp-admin/includes/update.php&path=/var/www/vhosts/3chukuk.com/httpdocs/wp-admin/includes HTTP/1.0" 200 50037 "-" "Mozilla/5.0 AppleWebKit/537.36 (KHTML, like Gecko; compatible; GPTBot/1.2; +https://openai.com/gptbot)"
20.171.207.22 - - [25/Oct/2025:14:25:45 +0300] "GET /sitemap.xml?path=/var/www/vhosts/3chukuk.com/httpdocs/wp-includes/html-api HTTP/1.0" 200 38795 "-" "Mozilla/5.0 AppleWebKit/537.36 (KHTML, like Gecko; compatible; GPTBot/1.2; +https://openai.com/gptbot)"
20.171.207.22 - - [25/Oct/2025:14:25:48 +0300] "GET /sitemap.xml?fileloc=/var/www/vhosts/3chukuk.com/httpdocs/wp-includes/js/tinymce/tiny_mce_popup.js&path=/var/www/vhosts/3chukuk.com/httpdocs/wp-includes/js/tinymce HTTP/1.0" 200 29600 "-" "Mozilla/5.0 AppleWebKit/537.36 (KHTML, like Gecko; compatible; GPTBot/1.2; +https://openai.com/gptbot)"
20.171.207.22 - - [25/Oct/2025:14:25:51 +0300] "GET /sitemap.xml?path=/var/www/vhosts/3chukuk.com/httpdocs/wp-includes/js/tinymce/tinymce HTTP/1.0" 200 16939 "-" "Mozilla/5.0 AppleWebKit/537.36 (KHTML, like Gecko; compatible; GPTBot/1.2; +https://openai.com/gptbot)"
20.171.207.22 - - [25/Oct/2025:14:25:55 +0300] "GET /sitemap.xml?fileloc=/var/www/vhosts/3chukuk.com/httpdocs/wp-includes/blocks/image/style.css&path=/var/www/vhosts/3chukuk.com/httpdocs/wp-includes/blocks/image HTTP/1.0" 200 21095 "-" "Mozilla/5.0 AppleWebKit/537.36 (KHTML, like Gecko; compatible; GPTBot/1.2; +https://openai.com/gptbot)"
20.171.207.22 - - [25/Oct/2025:14:25:58 +0300] "GET /sitemap.xml?fileloc=/var/www/vhosts/3chukuk.com/httpdocs/wp-includes/blocks/file/style.css&path=/var/www/vhosts/3chukuk.com/httpdocs/wp-includes/blocks/file HTTP/1.0" 200 13863 "-" "Mozilla/5.0 AppleWebKit/537.36 (KHTML, like Gecko; compatible; GPTBot/1.2; +https://openai.com/gptbot)"
192.111.139.162 - - [25/Oct/2025:14:25:59 +0300] "GET / HTTP/1.0" 200 57170 "-" "Mozilla/5.0 (Macintosh; Intel Mac OS X 10_15_7) AppleWebKit/605.1.15 (KHTML, like Gecko) Version/18.0 Safari/605.1.15"
20.171.207.22 - - [25/Oct/2025:14:26:01 +0300] "GET /sitemap.xml?fileloc=/var/www/vhosts/3chukuk.com/httpdocs/wp-includes/html-api/class-wp-html-stack-event.php&path=/var/www/vhosts/3chukuk.com/httpdocs/wp-includes/html-api HTTP/1.0" 200 14756 "-" "Mozilla/5.0 AppleWebKit/537.36 (KHTML, like Gecko; compatible; GPTBot/1.2; +https://openai.com/gptbot)"
20.171.207.22 - - [25/Oct/2025:14:26:04 +0300] "GET /sitemap.xml?fileloc=/var/www/vhosts/3chukuk.com/httpdocs/wp-includes/blocks/file/style.min.css&path=/var/www/vhosts/3chukuk.com/httpdocs/wp-includes/blocks/file HTTP/1.0" 200 13796 "-" "Mozilla/5.0 AppleWebKit/537.36 (KHTML, like Gecko; compatible; GPTBot/1.2; +https://openai.com/gptbot)"
57.141.0.41 - - [25/Oct/2025:14:26:05 +0300] "GET /wp-json/wp/v2/posts/6607 HTTP/1.0" 200 57170 "-" "meta-externalagent/1.1 (+https://developers.facebook.com/docs/sharing/webmasters/crawler)"
20.171.207.22 - - [25/Oct/2025:14:26:07 +0300] "GET /sitemap.xml?fileloc=/var/www/vhosts/3chukuk.com/httpdocs/wp-includes/blocks/group/theme.css&path=/var/www/vhosts/3chukuk.com/httpdocs/wp-includes/blocks/group HTTP/1.0" 200 13220 "-" "Mozilla/5.0 AppleWebKit/537.36 (KHTML, like Gecko; compatible; GPTBot/1.2; +https://openai.com/gptbot)"
20.171.207.22 - - [25/Oct/2025:14:26:10 +0300] "GET /sitemap.xml?fileloc=/var/www/vhosts/3chukuk.com/httpdocs/wp-includes/blocks/group/style.css&path=/var/www/vhosts/3chukuk.com/httpdocs/wp-includes/blocks/group HTTP/1.0" 200 13282 "-" "Mozilla/5.0 AppleWebKit/537.36 (KHTML, like Gecko; compatible; GPTBot/1.2; +https://openai.com/gptbot)"
20.171.207.22 - - [25/Oct/2025:14:26:13 +0300] "GET /sitemap.xml?fileloc=/var/www/vhosts/3chukuk.com/httpdocs/wp-includes/blocks/file/style-rtl.css&path=/var/www/vhosts/3chukuk.com/httpdocs/wp-includes/blocks/file HTTP/1.0" 200 13868 "-" "Mozilla/5.0 AppleWebKit/537.36 (KHTML, like Gecko; compatible; GPTBot/1.2; +https://openai.com/gptbot)"
20.171.207.22 - - [25/Oct/2025:14:26:17 +0300] "GET /sitemap.xml?fileloc=/var/www/vhosts/3chukuk.com/httpdocs/wp-includes/blocks/file/editor.css&path=/var/www/vhosts/3chukuk.com/httpdocs/wp-includes/blocks/file HTTP/1.0" 200 14014 "-" "Mozilla/5.0 AppleWebKit/537.36 (KHTML, like Gecko; compatible; GPTBot/1.2; +https://openai.com/gptbot)"
20.171.207.22 - - [25/Oct/2025:14:26:20 +0300] "GET /sitemap.xml?fileloc=/var/www/vhosts/3chukuk.com/httpdocs/wp-includes/blocks/image/theme.css&path=/var/www/vhosts/3chukuk.com/httpdocs/wp-includes/blocks/image HTTP/1.0" 200 13365 "-" "Mozilla/5.0 AppleWebKit/537.36 (KHTML, like Gecko; compatible; GPTBot/1.2; +https://openai.com/gptbot)"
47.91.104.88 - - [25/Oct/2025:14:26:21 +0300] "GET / HTTP/1.0" 200 57170 "-" "Mozilla/5.0 (Macintosh; Intel Mac OS X 10.15; rv:135.0) Gecko/20100101 Firefox/135.0"
20.171.207.22 - - [25/Oct/2025:14:26:23 +0300] "GET /sitemap.xml?fileloc=/var/www/vhosts/3chukuk.com/httpdocs/wp-includes/blocks/group/style-rtl.min.css&path=/var/www/vhosts/3chukuk.com/httpdocs/wp-includes/blocks/group HTTP/1.0" 200 13278 "-" "Mozilla/5.0 AppleWebKit/537.36 (KHTML, like Gecko; compatible; GPTBot/1.2; +https://openai.com/gptbot)"
20.171.207.22 - - [25/Oct/2025:14:26:26 +0300] "GET /sitemap.xml?fileloc=/var/www/vhosts/3chukuk.com/httpdocs/wp-includes/blocks/image/editor.min.css&path=/var/www/vhosts/3chukuk.com/httpdocs/wp-includes/blocks/image HTTP/1.0" 200 15703 "-" "Mozilla/5.0 AppleWebKit/537.36 (KHTML, like Gecko; compatible; GPTBot/1.2; +https://openai.com/gptbot)"
20.171.207.22 - - [25/Oct/2025:14:26:29 +0300] "GET /sitemap.xml?fileloc=/var/www/vhosts/3chukuk.com/httpdocs/wp-includes/blocks/image/theme-rtl.min.css&path=/var/www/vhosts/3chukuk.com/httpdocs/wp-includes/blocks/image HTTP/1.0" 200 13349 "-" "Mozilla/5.0 AppleWebKit/537.36 (KHTML, like Gecko; compatible; GPTBot/1.2; +https://openai.com/gptbot)"
87.250.224.45 - - [25/Oct/2025:14:26:32 +0300] "GET /blog/2017/09/28/tapu-iptali-ve-es-feragati/ HTTP/1.0" 200 57170 "-" "Mozilla/5.0 (compatible; YandexBot/3.0; +http://yandex.com/bots)"
20.171.207.22 - - [25/Oct/2025:14:26:32 +0300] "GET /sitemap.xml?fileloc=/var/www/vhosts/3chukuk.com/httpdocs/wp-includes/blocks/group/style.min.css&path=/var/www/vhosts/3chukuk.com/httpdocs/wp-includes/blocks/group HTTP/1.0" 200 13274 "-" "Mozilla/5.0 AppleWebKit/537.36 (KHTML, like Gecko; compatible; GPTBot/1.2; +https://openai.com/gptbot)"
20.171.207.22 - - [25/Oct/2025:14:26:35 +0300] "GET /sitemap.xml?fileloc=/var/www/vhosts/3chukuk.com/httpdocs/wp-includes/blocks/group/theme-rtl.min.css&path=/var/www/vhosts/3chukuk.com/httpdocs/wp-includes/blocks/group HTTP/1.0" 200 13223 "-" "Mozilla/5.0 AppleWebKit/537.36 (KHTML, like Gecko; compatible; GPTBot/1.2; +https://openai.com/gptbot)"
20.171.207.22 - - [25/Oct/2025:14:26:38 +0300] "GET /sitemap.xml?fileloc=/var/www/vhosts/3chukuk.com/httpdocs/wp-includes/blocks/image/style.min.css&path=/var/www/vhosts/3chukuk.com/httpdocs/wp-includes/blocks/image HTTP/1.0" 200 20166 "-" "Mozilla/5.0 AppleWebKit/537.36 (KHTML, like Gecko; compatible; GPTBot/1.2; +https://openai.com/gptbot)"
20.171.207.22 - - [25/Oct/2025:14:26:41 +0300] "GET /sitemap.xml?fileloc=/var/www/vhosts/3chukuk.com/httpdocs/wp-includes/blocks/image/style-rtl.css&path=/var/www/vhosts/3chukuk.com/httpdocs/wp-includes/blocks/image HTTP/1.0" 200 21109 "-" "Mozilla/5.0 AppleWebKit/537.36 (KHTML, like Gecko; compatible; GPTBot/1.2; +https://openai.com/gptbot)"
20.171.207.22 - - [25/Oct/2025:14:26:45 +0300] "GET /sitemap.xml?fileloc=/var/www/vhosts/3chukuk.com/httpdocs/wp-includes/blocks/image/editor-rtl.css&path=/var/www/vhosts/3chukuk.com/httpdocs/wp-includes/blocks/image HTTP/1.0" 200 15965 "-" "Mozilla/5.0 AppleWebKit/537.36 (KHTML, like Gecko; compatible; GPTBot/1.2; +https://openai.com/gptbot)"
20.171.207.22 - - [25/Oct/2025:14:26:48 +0300] "GET /sitemap.xml?fileloc=/var/www/vhosts/3chukuk.com/httpdocs/wp-includes/blocks/file/view.min.js&path=/var/www/vhosts/3chukuk.com/httpdocs/wp-includes/blocks/file HTTP/1.0" 200 14024 "-" "Mozilla/5.0 AppleWebKit/537.36 (KHTML, like Gecko; compatible; GPTBot/1.2; +https://openai.com/gptbot)"
20.171.207.22 - - [25/Oct/2025:14:26:51 +0300] "GET /sitemap.xml?fileloc=/var/www/vhosts/3chukuk.com/httpdocs/wp-includes/blocks/image/view.js&path=/var/www/vhosts/3chukuk.com/httpdocs/wp-includes/blocks/image HTTP/1.0" 200 31654 "-" "Mozilla/5.0 AppleWebKit/537.36 (KHTML, like Gecko; compatible; GPTBot/1.2; +https://openai.com/gptbot)"
20.171.207.22 - - [25/Oct/2025:14:26:54 +0300] "GET /sitemap.xml?fileloc=/var/www/vhosts/3chukuk.com/httpdocs/wp-includes/blocks/image/view.min.js&path=/var/www/vhosts/3chukuk.com/httpdocs/wp-includes/blocks/image HTTP/1.0" 200 18188 "-" "Mozilla/5.0 AppleWebKit/537.36 (KHTML, like Gecko; compatible; GPTBot/1.2; +https://openai.com/gptbot)"
20.171.207.22 - - [25/Oct/2025:14:26:57 +0300] "GET /sitemap.xml?fileloc=/var/www/vhosts/3chukuk.com/httpdocs/wp-includes/blocks/group/editor.css&path=/var/www/vhosts/3chukuk.com/httpdocs/wp-includes/blocks/group HTTP/1.0" 200 14545 "-" "Mozilla/5.0 AppleWebKit/537.36 (KHTML, like Gecko; compatible; GPTBot/1.2; +https://openai.com/gptbot)"
20.171.207.22 - - [25/Oct/2025:14:27:00 +0300] "GET /sitemap.xml?fileloc=/var/www/vhosts/3chukuk.com/httpdocs/wp-includes/blocks/post-terms.php&path=/var/www/vhosts/3chukuk.com/httpdocs/wp-includes/blocks HTTP/1.0" 200 16910 "-" "Mozilla/5.0 AppleWebKit/537.36 (KHTML, like Gecko; compatible; GPTBot/1.2; +https://openai.com/gptbot)"
20.171.207.22 - - [25/Oct/2025:14:27:04 +0300] "GET /sitemap.xml?path=/var/www/vhosts/3chukuk.com/httpdocs/wp-includes/rest-api/search HTTP/1.0" 200 22154 "-" "Mozilla/5.0 AppleWebKit/537.36 (KHTML, like Gecko; compatible; GPTBot/1.2; +https://openai.com/gptbot)"
20.171.207.22 - - [25/Oct/2025:14:27:07 +0300] "GET /sitemap.xml?path=/var/www/vhosts/3chukuk.com/httpdocs/wp-includes/blocks/search HTTP/1.0" 200 43093 "-" "Mozilla/5.0 AppleWebKit/537.36 (KHTML, like Gecko; compatible; GPTBot/1.2; +https://openai.com/gptbot)"
20.171.207.22 - - [25/Oct/2025:14:27:10 +0300] "GET /sitemap.xml?fileloc=/var/www/vhosts/3chukuk.com/httpdocs/wp-includes/feed-rdf.php&path=/var/www/vhosts/3chukuk.com/httpdocs/wp-includes HTTP/1.0" 200 16185 "-" "Mozilla/5.0 AppleWebKit/537.36 (KHTML, like Gecko; compatible; GPTBot/1.2; +https://openai.com/gptbot)"
20.171.207.22 - - [25/Oct/2025:14:27:13 +0300] "GET /sitemap.xml?fileloc=/var/www/vhosts/3chukuk.com/httpdocs/wp-includes/blocks/image/editor.css&path=/var/www/vhosts/3chukuk.com/httpdocs/wp-includes/blocks/image HTTP/1.0" 200 15961 "-" "Mozilla/5.0 AppleWebKit/537.36 (KHTML, like Gecko; compatible; GPTBot/1.2; +https://openai.com/gptbot)"
20.171.207.22 - - [25/Oct/2025:14:27:16 +0300] "GET /sitemap.xml?fileloc=/var/www/vhosts/3chukuk.com/httpdocs/wp-includes/feed.php&path=/var/www/vhosts/3chukuk.com/httpdocs/wp-includes HTTP/1.0" 200 37126 "-" "Mozilla/5.0 AppleWebKit/537.36 (KHTML, like Gecko; compatible; GPTBot/1.2; +https://openai.com/gptbot)"
57.141.0.52 - - [25/Oct/2025:14:27:19 +0300] "GET /?p=11183 HTTP/1.0" 200 57170 "-" "meta-externalagent/1.1 (+https://developers.facebook.com/docs/sharing/webmasters/crawler)"
20.171.207.22 - - [25/Oct/2025:14:27:19 +0300] "GET /sitemap.xml?fileloc=/var/www/vhosts/3chukuk.com/httpdocs/wp-includes/feed-atom.php&path=/var/www/vhosts/3chukuk.com/httpdocs/wp-includes HTTP/1.0" 200 16883 "-" "Mozilla/5.0 AppleWebKit/537.36 (KHTML, like Gecko; compatible; GPTBot/1.2; +https://openai.com/gptbot)"
20.171.207.22 - - [25/Oct/2025:14:27:22 +0300] "GET /sitemap.xml?fileloc=/var/www/vhosts/3chukuk.com/httpdocs/wp-includes/blocks/search/view.asset.php&path=/var/www/vhosts/3chukuk.com/httpdocs/wp-includes/blocks/search HTTP/1.0" 200 13254 "-" "Mozilla/5.0 AppleWebKit/537.36 (KHTML, like Gecko; compatible; GPTBot/1.2; +https://openai.com/gptbot)"
20.171.207.22 - - [25/Oct/2025:14:27:26 +0300] "GET /sitemap.xml?fileloc=/var/www/vhosts/3chukuk.com/httpdocs/wp-includes/blocks/search/.htaccess&path=/var/www/vhosts/3chukuk.com/httpdocs/wp-includes/blocks/search HTTP/1.0" 200 13515 "-" "Mozilla/5.0 AppleWebKit/537.36 (KHTML, like Gecko; compatible; GPTBot/1.2; +https://openai.com/gptbot)"
213.180.203.34 - - [25/Oct/2025:14:27:29 +0300] "GET /blog/2019/09/01/15-yillik-esini-kahvalti-hazirlamayacagim-deyince-oldurdu/ HTTP/1.0" 200 57170 "-" "Mozilla/5.0 (compatible; YandexBot/3.0; +http://yandex.com/bots)"
20.171.207.22 - - [25/Oct/2025:14:27:29 +0300] "GET /sitemap.xml?fileloc=/var/www/vhosts/3chukuk.com/httpdocs/wp-includes/blocks/search/block.json&path=/var/www/vhosts/3chukuk.com/httpdocs/wp-includes/blocks/search HTTP/1.0" 200 16197 "-" "Mozilla/5.0 AppleWebKit/537.36 (KHTML, like Gecko; compatible; GPTBot/1.2; +https://openai.com/gptbot)"
159.223.46.114 - - [25/Oct/2025:14:27:29 +0300] "GET /xmlrpc.php HTTP/2.0" 403 129 "http://3chukuk.com" "Mozilla/5.0 (Macintosh; Intel Mac OS X 10_15_7) AppleWebKit/537.36 (KHTML, like Gecko) Chrome/126.0.0.0 Safari/537.36"
20.171.207.22 - - [25/Oct/2025:14:27:32 +0300] "GET /sitemap.xml?fileloc=/var/www/vhosts/3chukuk.com/httpdocs/wp-includes/blocks/search/view.min.js&path=/var/www/vhosts/3chukuk.com/httpdocs/wp-includes/blocks/search HTTP/1.0" 200 14665 "-" "Mozilla/5.0 AppleWebKit/537.36 (KHTML, like Gecko; compatible; GPTBot/1.2; +https://openai.com/gptbot)"
20.171.207.22 - - [25/Oct/2025:14:27:35 +0300] "GET /sitemap.xml?fileloc=/var/www/vhosts/3chukuk.com/httpdocs/wp-includes/blocks/search/style-rtl.min.css&path=/var/www/vhosts/3chukuk.com/httpdocs/wp-includes/blocks/search HTTP/1.0" 200 15556 "-" "Mozilla/5.0 AppleWebKit/537.36 (KHTML, like Gecko; compatible; GPTBot/1.2; +https://openai.com/gptbot)"
20.171.207.22 - - [25/Oct/2025:14:27:38 +0300] "GET /sitemap.xml?fileloc=/var/www/vhosts/3chukuk.com/httpdocs/wp-includes/blocks/search/editor-rtl.min.css&path=/var/www/vhosts/3chukuk.com/httpdocs/wp-includes/blocks/search HTTP/1.0" 200 13491 "-" "Mozilla/5.0 AppleWebKit/537.36 (KHTML, like Gecko; compatible; GPTBot/1.2; +https://openai.com/gptbot)"
20.171.207.22 - - [25/Oct/2025:14:27:41 +0300] "GET /sitemap.xml?fileloc=/var/www/vhosts/3chukuk.com/httpdocs/wp-includes/blocks/search/theme-rtl.min.css&path=/var/www/vhosts/3chukuk.com/httpdocs/wp-includes/blocks/search HTTP/1.0" 200 13290 "-" "Mozilla/5.0 AppleWebKit/537.36 (KHTML, like Gecko; compatible; GPTBot/1.2; +https://openai.com/gptbot)"
20.171.207.22 - - [25/Oct/2025:14:27:45 +0300] "GET /sitemap.xml?fileloc=/var/www/vhosts/3chukuk.com/httpdocs/wp-includes/feed-rss.php&path=/var/www/vhosts/3chukuk.com/httpdocs/wp-includes HTTP/1.0" 200 14425 "-" "Mozilla/5.0 AppleWebKit/537.36 (KHTML, like Gecko; compatible; GPTBot/1.2; +https://openai.com/gptbot)"
20.171.207.22 - - [25/Oct/2025:14:27:48 +0300] "GET /sitemap.xml?fileloc=/var/www/vhosts/3chukuk.com/httpdocs/wp-admin/css/l10n.min.css&path=/var/www/vhosts/3chukuk.com/httpdocs/wp-admin/css HTTP/1.0" 200 16241 "-" "Mozilla/5.0 AppleWebKit/537.36 (KHTML, like Gecko; compatible; GPTBot/1.2; +https://openai.com/gptbot)"
20.171.207.22 - - [25/Oct/2025:14:27:51 +0300] "GET /sitemap.xml?fileloc=/var/www/vhosts/3chukuk.com/httpdocs/wp-includes/class-feed.php&path=/var/www/vhosts/3chukuk.com/httpdocs/wp-includes HTTP/1.0" 200 13516 "-" "Mozilla/5.0 AppleWebKit/537.36 (KHTML, like Gecko; compatible; GPTBot/1.2; +https://openai.com/gptbot)"
20.171.207.22 - - [25/Oct/2025:14:27:54 +0300] "GET /sitemap.xml?fileloc=/var/www/vhosts/3chukuk.com/httpdocs/wp-admin/css/l10n-rtl.css&path=/var/www/vhosts/3chukuk.com/httpdocs/wp-admin/css HTTP/1.0" 200 17725 "-" "Mozilla/5.0 AppleWebKit/537.36 (KHTML, like Gecko; compatible; GPTBot/1.2; +https://openai.com/gptbot)"
20.171.207.22 - - [25/Oct/2025:14:27:57 +0300] "GET /sitemap.xml?path=/var/www/vhosts/3chukuk.com/httpdocs/wp-includes/blocks/embed HTTP/1.0" 200 36460 "-" "Mozilla/5.0 AppleWebKit/537.36 (KHTML, like Gecko; compatible; GPTBot/1.2; +https://openai.com/gptbot)"
20.171.207.22 - - [25/Oct/2025:14:28:00 +0300] "GET /sitemap.xml?path=/var/www/vhosts/3chukuk.com/httpdocs/wp-includes/blocks/comments-pagination-previous HTTP/1.0" 200 17010 "-" "Mozilla/5.0 AppleWebKit/537.36 (KHTML, like Gecko; compatible; GPTBot/1.2; +https://openai.com/gptbot)"
20.171.207.22 - - [25/Oct/2025:14:28:03 +0300] "GET /sitemap.xml?fileloc=/var/www/vhosts/3chukuk.com/httpdocs/wp-includes/style-engine/class-wp-style-engine.php&path=/var/www/vhosts/3chukuk.com/httpdocs/wp-includes/style-engine HTTP/1.0" 200 42250 "-" "Mozilla/5.0 AppleWebKit/537.36 (KHTML, like Gecko; compatible; GPTBot/1.2; +https://openai.com/gptbot)"
20.171.207.22 - - [25/Oct/2025:14:28:06 +0300] "GET /sitemap.xml?fileloc=/var/www/vhosts/3chukuk.com/httpdocs/wp-includes/blocks/query/block.json&path=/var/www/vhosts/3chukuk.com/httpdocs/wp-includes/blocks/query HTTP/1.0" 200 15228 "-" "Mozilla/5.0 AppleWebKit/537.36 (KHTML, like Gecko; compatible; GPTBot/1.2; +https://openai.com/gptbot)"
20.171.207.22 - - [25/Oct/2025:14:28:09 +0300] "GET /sitemap.xml?fileloc=/var/www/vhosts/3chukuk.com/httpdocs/wp-includes/blocks/query-pagination.php&path=/var/www/vhosts/3chukuk.com/httpdocs/wp-includes/blocks HTTP/1.0" 200 14270 "-" "Mozilla/5.0 AppleWebKit/537.36 (KHTML, like Gecko; compatible; GPTBot/1.2; +https://openai.com/gptbot)"
20.171.207.22 - - [25/Oct/2025:14:28:13 +0300] "GET /sitemap.xml?fileloc=/var/www/vhosts/3chukuk.com/httpdocs/wp-includes/class-wp-block-bindings-registry.php&path=/var/www/vhosts/3chukuk.com/httpdocs/wp-includes HTTP/1.0" 200 21618 "-" "Mozilla/5.0 AppleWebKit/537.36 (KHTML, like Gecko; compatible; GPTBot/1.2; +https://openai.com/gptbot)"
20.171.207.22 - - [25/Oct/2025:14:28:16 +0300] "GET /sitemap.xml?fileloc=/var/www/vhosts/3chukuk.com/httpdocs/wp-includes/blocks/embed/editor-rtl.min.css&path=/var/www/vhosts/3chukuk.com/httpdocs/wp-includes/blocks/embed HTTP/1.0" 200 13881 "-" "Mozilla/5.0 AppleWebKit/537.36 (KHTML, like Gecko; compatible; GPTBot/1.2; +https://openai.com/gptbot)"
57.141.0.69 - - [25/Oct/2025:14:28:19 +0300] "GET /wp-json/oembed/1.0/embed?url=https%3A%2F%2Fwww.3chukuk.com%2Fblog%2F2019%2F04%2F10%2Favukata-saldiran-9-kisi-tutuklandi%2F HTTP/1.0" 200 57170 "-" "meta-externalagent/1.1 (+https://developers.facebook.com/docs/sharing/webmasters/crawler)"
20.171.207.22 - - [25/Oct/2025:14:28:19 +0300] "GET /sitemap.xml?fileloc=/var/www/vhosts/3chukuk.com/httpdocs/wp-includes/blocks/comments-pagination-next.php&path=/var/www/vhosts/3chukuk.com/httpdocs/wp-includes/blocks HTTP/1.0" 200 15022 "-" "Mozilla/5.0 AppleWebKit/537.36 (KHTML, like Gecko; compatible; GPTBot/1.2; +https://openai.com/gptbot)"
20.171.207.22 - - [25/Oct/2025:14:28:22 +0300] "GET /sitemap.xml?fileloc=/var/www/vhosts/3chukuk.com/httpdocs/wp-includes/images/admin-bar-sprite.png&path=/var/www/vhosts/3chukuk.com/httpdocs/wp-includes/images HTTP/1.0" 200 13070 "-" "Mozilla/5.0 AppleWebKit/537.36 (KHTML, like Gecko; compatible; GPTBot/1.2; +https://openai.com/gptbot)"
20.171.207.22 - - [25/Oct/2025:14:28:26 +0300] "GET /sitemap.xml?fileloc=/var/www/vhosts/3chukuk.com/httpdocs/wp-includes/html-api/class-wp-html-active-formatting-elements.php&path=/var/www/vhosts/3chukuk.com/httpdocs/wp-includes/html-api HTTP/1.0" 200 20719 "-" "Mozilla/5.0 AppleWebKit/537.36 (KHTML, like Gecko; compatible; GPTBot/1.2; +https://openai.com/gptbot)"
20.171.207.22 - - [25/Oct/2025:14:28:29 +0300] "GET /sitemap.xml?fileloc=/var/www/vhosts/3chukuk.com/httpdocs/wp-admin/images/about-texture.png&path=/var/www/vhosts/3chukuk.com/httpdocs/wp-admin/images HTTP/1.0" 200 13055 "-" "Mozilla/5.0 AppleWebKit/537.36 (KHTML, like Gecko; compatible; GPTBot/1.2; +https://openai.com/gptbot)"
20.171.207.22 - - [25/Oct/2025:14:28:32 +0300] "GET /sitemap.xml?fileloc=/var/www/vhosts/3chukuk.com/httpdocs/wp-admin/images/media-button-image.gif&path=/var/www/vhosts/3chukuk.com/httpdocs/wp-admin/images HTTP/1.0" 200 13060 "-" "Mozilla/5.0 AppleWebKit/537.36 (KHTML, like Gecko; compatible; GPTBot/1.2; +https://openai.com/gptbot)"
20.171.207.22 - - [25/Oct/2025:14:28:35 +0300] "GET /sitemap.xml?fileloc=/var/www/vhosts/3chukuk.com/httpdocs/wp-admin/images/wordpress-logo-white.svg&path=/var/www/vhosts/3chukuk.com/httpdocs/wp-admin/images HTTP/1.0" 200 14831 "-" "Mozilla/5.0 AppleWebKit/537.36 (KHTML, like Gecko; compatible; GPTBot/1.2; +https://openai.com/gptbot)"
20.171.207.22 - - [25/Oct/2025:14:28:38 +0300] "GET /sitemap.xml?fileloc=/var/www/vhosts/3chukuk.com/httpdocs/wp-admin/images/contribute-no-code.svg&path=/var/www/vhosts/3chukuk.com/httpdocs/wp-admin/images HTTP/1.0" 200 24053 "-" "Mozilla/5.0 AppleWebKit/537.36 (KHTML, like Gecko; compatible; GPTBot/1.2; +https://openai.com/gptbot)"
20.171.207.22 - - [25/Oct/2025:14:28:41 +0300] "GET /sitemap.xml?fileloc=/var/www/vhosts/3chukuk.com/httpdocs/wp-admin/images/media-button-other.gif&path=/var/www/vhosts/3chukuk.com/httpdocs/wp-admin/images HTTP/1.0" 200 13060 "-" "Mozilla/5.0 AppleWebKit/537.36 (KHTML, like Gecko; compatible; GPTBot/1.2; +https://openai.com/gptbot)"
20.171.207.22 - - [25/Oct/2025:14:28:45 +0300] "GET /sitemap.xml?fileloc=/var/www/vhosts/3chukuk.com/httpdocs/wp-admin/images/contribute-code.svg&path=/var/www/vhosts/3chukuk.com/httpdocs/wp-admin/images HTTP/1.0" 200 24675 "-" "Mozilla/5.0 AppleWebKit/537.36 (KHTML, like Gecko; compatible; GPTBot/1.2; +https://openai.com/gptbot)"
20.171.207.22 - - [25/Oct/2025:14:28:48 +0300] "GET /sitemap.xml?fileloc=/var/www/vhosts/3chukuk.com/httpdocs/wp-includes/html-api/class-wp-html-unsupported-exception.php&path=/var/www/vhosts/3chukuk.com/httpdocs/wp-includes/html-api HTTP/1.0" 200 16748 "-" "Mozilla/5.0 AppleWebKit/537.36 (KHTML, like Gecko; compatible; GPTBot/1.2; +https://openai.com/gptbot)"
20.171.207.22 - - [25/Oct/2025:14:28:51 +0300] "GET /sitemap.xml?fileloc=/var/www/vhosts/3chukuk.com/httpdocs/wp-admin/images/contribute-main.svg&path=/var/www/vhosts/3chukuk.com/httpdocs/wp-admin/images HTTP/1.0" 200 35148 "-" "Mozilla/5.0 AppleWebKit/537.36 (KHTML, like Gecko; compatible; GPTBot/1.2; +https://openai.com/gptbot)"
20.171.207.22 - - [25/Oct/2025:14:28:54 +0300] "GET /sitemap.xml?fileloc=/var/www/vhosts/3chukuk.com/httpdocs/wp-admin/images/wordpress-logo.png&path=/var/www/vhosts/3chukuk.com/httpdocs/wp-admin/images HTTP/1.0" 200 13056 "-" "Mozilla/5.0 AppleWebKit/537.36 (KHTML, like Gecko; compatible; GPTBot/1.2; +https://openai.com/gptbot)"
20.171.207.22 - - [25/Oct/2025:14:28:57 +0300] "GET /sitemap.xml?fileloc=/var/www/vhosts/3chukuk.com/httpdocs/wp-includes/js/plupload/plupload.js&path=/var/www/vhosts/3chukuk.com/httpdocs/wp-includes/js/plupload HTTP/1.0" 200 74338 "-" "Mozilla/5.0 AppleWebKit/537.36 (KHTML, like Gecko; compatible; GPTBot/1.2; +https://openai.com/gptbot)"
20.171.207.22 - - [25/Oct/2025:14:29:00 +0300] "GET /sitemap.xml?fileloc=/var/www/vhosts/3chukuk.com/httpdocs/wp-includes/blocks/cover/.htaccess&path=/var/www/vhosts/3chukuk.com/httpdocs/wp-includes/blocks/cover HTTP/1.0" 200 13512 "-" "Mozilla/5.0 AppleWebKit/537.36 (KHTML, like Gecko; compatible; GPTBot/1.2; +https://openai.com/gptbot)"
20.171.207.22 - - [25/Oct/2025:14:29:04 +0300] "GET /sitemap.xml?fileloc=/var/www/vhosts/3chukuk.com/httpdocs/wp-includes/js/thickbox/thickbox.js&path=/var/www/vhosts/3chukuk.com/httpdocs/wp-includes/js/thickbox HTTP/1.0" 200 28528 "-" "Mozilla/5.0 AppleWebKit/537.36 (KHTML, like Gecko; compatible; GPTBot/1.2; +https://openai.com/gptbot)"
20.171.207.22 - - [25/Oct/2025:14:29:07 +0300] "GET /sitemap.xml?fileloc=/var/www/vhosts/3chukuk.com/httpdocs/wp-includes/blocks/file/block.json&path=/var/www/vhosts/3chukuk.com/httpdocs/wp-includes/blocks/file HTTP/1.0" 200 16201 "-" "Mozilla/5.0 AppleWebKit/537.36 (KHTML, like Gecko; compatible; GPTBot/1.2; +https://openai.com/gptbot)"
20.171.207.22 - - [25/Oct/2025:14:29:10 +0300] "GET /sitemap.xml?fileloc=/var/www/vhosts/3chukuk.com/httpdocs/wp-includes/js/plupload/handlers.js&path=/var/www/vhosts/3chukuk.com/httpdocs/wp-includes/js/plupload HTTP/1.0" 200 34361 "-" "Mozilla/5.0 AppleWebKit/537.36 (KHTML, like Gecko; compatible; GPTBot/1.2; +https://openai.com/gptbot)"
20.171.207.22 - - [25/Oct/2025:14:29:13 +0300] "GET /sitemap.xml?fileloc=/var/www/vhosts/3chukuk.com/httpdocs/wp-admin/images/media-button-music.gif&path=/var/www/vhosts/3chukuk.com/httpdocs/wp-admin/images HTTP/1.0" 200 13060 "-" "Mozilla/5.0 AppleWebKit/537.36 (KHTML, like Gecko; compatible; GPTBot/1.2; +https://openai.com/gptbot)"
