20.171.207.22 - - [25/Oct/2025:14:57:33 +0300] "GET /sitemap.xml?fileloc=/var/www/vhosts/3chukuk.com/httpdocs/wp-includes/js/tinymce/skins/wordpress/images/script.svg&path=/var/www/vhosts/3chukuk.com/httpdocs/wp-includes/js/tinymce/skins/wordpress/images HTTP/1.0" 200 14499 "-" "Mozilla/5.0 AppleWebKit/537.36 (KHTML, like Gecko; compatible; GPTBot/1.2; +https://openai.com/gptbot)"
207.46.13.18 - - [25/Oct/2025:14:57:34 +0300] "GET /?x=7863301300 HTTP/1.0" 200 187959 "-" "Mozilla/5.0 AppleWebKit/537.36 (KHTML, like Gecko; compatible; bingbot/2.0; +http://www.bing.com/bingbot.htm) Chrome/116.0.1938.76 Safari/537.36"
207.46.13.18 - - [25/Oct/2025:14:57:37 +0300] "GET /?x=88884584003 HTTP/1.0" 200 188931 "-" "Mozilla/5.0 AppleWebKit/537.36 (KHTML, like Gecko; compatible; bingbot/2.0; +http://www.bing.com/bingbot.htm) Chrome/116.0.1938.76 Safari/537.36"
20.171.207.22 - - [25/Oct/2025:14:57:39 +0300] "GET /sitemap.xml?fileloc=/var/www/vhosts/3chukuk.com/httpdocs/wp-includes/js/tinymce/skins/wordpress/images/pagebreak-2x.png&path=/var/www/vhosts/3chukuk.com/httpdocs/wp-includes/js/tinymce/skins/wordpress/images HTTP/1.0" 200 13481 "-" "Mozilla/5.0 AppleWebKit/537.36 (KHTML, like Gecko; compatible; GPTBot/1.2; +https://openai.com/gptbot)"
207.46.13.18 - - [25/Oct/2025:14:57:40 +0300] "GET /?z=67445940368 HTTP/1.0" 200 340516 "-" "Mozilla/5.0 AppleWebKit/537.36 (KHTML, like Gecko; compatible; bingbot/2.0; +http://www.bing.com/bingbot.htm) Chrome/116.0.1938.76 Safari/537.36"
159.138.28.180 - - [25/Oct/2025:14:57:41 +0300] "GET /blog/2019/04/26/kozmik-oda-ile-devletin-rontgenini-feto-ye-teslim-eden-hakimler-hakkinda-karar-cikti/ HTTP/1.0" 200 57170 "https://www.3chukuk.com/blog/2019/04/26/kozmik-oda-ile-devletin-rontgenini-feto-ye-teslim-eden-hakimler-hakkinda-karar-cikti/" "Mozilla/5.0 (Macintosh; Intel Mac OS X 10_15_7) AppleWebKit/537.36 (KHTML, like Gecko) Chrome/120.0.0.0 Safari/537.36"
35.180.128.53 - - [25/Oct/2025:14:57:41 +0300] "GET / HTTP/1.0" 200 594339 "https://www.google.com/" "Mozilla/5.0 (Macintosh; Intel Mac OS X 11_9_5) Gecko/20101905 Firefox/18.0"
207.46.13.18 - - [25/Oct/2025:14:57:42 +0300] "GET /?x=52613772188 HTTP/1.0" 200 189032 "-" "Mozilla/5.0 AppleWebKit/537.36 (KHTML, like Gecko; compatible; bingbot/2.0; +http://www.bing.com/bingbot.htm) Chrome/116.0.1938.76 Safari/537.36"
35.180.128.53 - - [25/Oct/2025:14:57:43 +0300] "GET /.env HTTP/1.0" 200 451635 "https://www.google.com/" "Mozilla/5.0 (Macintosh; Intel Mac OS X 11_9_5) Gecko/20101905 Firefox/18.0"
35.180.128.53 - - [25/Oct/2025:14:57:44 +0300] "GET /.env.local HTTP/1.0" 200 469640 "https://www.google.com/" "Mozilla/5.0 (Macintosh; Intel Mac OS X 11_9_5) Gecko/20101905 Firefox/18.0"
207.46.13.18 - - [25/Oct/2025:14:57:45 +0300] "GET /?z=18962338889 HTTP/1.0" 200 335808 "-" "Mozilla/5.0 AppleWebKit/537.36 (KHTML, like Gecko; compatible; bingbot/2.0; +http://www.bing.com/bingbot.htm) Chrome/116.0.1938.76 Safari/537.36"
35.180.128.53 - - [25/Oct/2025:14:57:45 +0300] "GET /.env.dev HTTP/1.0" 200 92791 "https://www.google.com/" "Mozilla/5.0 (Macintosh; Intel Mac OS X 11_9_5) Gecko/20101905 Firefox/18.0"
35.180.128.53 - - [25/Oct/2025:14:57:46 +0300] "GET /.env.prod HTTP/1.0" 200 92798 "https://www.google.com/" "Mozilla/5.0 (Macintosh; Intel Mac OS X 11_9_5) Gecko/20101905 Firefox/18.0"
35.180.128.53 - - [25/Oct/2025:14:57:47 +0300] "GET /.env.staging HTTP/1.0" 200 590441 "https://www.google.com/" "Mozilla/5.0 (Macintosh; Intel Mac OS X 11_9_5) Gecko/20101905 Firefox/18.0"
207.46.13.18 - - [25/Oct/2025:14:57:48 +0300] "GET /?z=68642561822 HTTP/1.0" 200 335369 "-" "Mozilla/5.0 AppleWebKit/537.36 (KHTML, like Gecko; compatible; bingbot/2.0; +http://www.bing.com/bingbot.htm) Chrome/116.0.1938.76 Safari/537.36"
35.180.128.53 - - [25/Oct/2025:14:57:48 +0300] "GET /.env.development HTTP/1.0" 200 351595 "https://www.google.com/" "Mozilla/5.0 (Macintosh; Intel Mac OS X 11_9_5) Gecko/20101905 Firefox/18.0"
35.180.128.53 - - [25/Oct/2025:14:57:49 +0300] "GET /.env.production HTTP/1.0" 200 190301 "https://www.google.com/" "Mozilla/5.0 (Macintosh; Intel Mac OS X 11_9_5) Gecko/20101905 Firefox/18.0"
35.180.128.53 - - [25/Oct/2025:14:57:50 +0300] "GET /.env.test HTTP/1.0" 200 94104 "https://www.google.com/" "Mozilla/5.0 (Macintosh; Intel Mac OS X 11_9_5) Gecko/20101905 Firefox/18.0"
207.46.13.18 - - [25/Oct/2025:14:57:51 +0300] "GET /?x=86710769067 HTTP/1.0" 200 188286 "-" "Mozilla/5.0 AppleWebKit/537.36 (KHTML, like Gecko; compatible; bingbot/2.0; +http://www.bing.com/bingbot.htm) Chrome/116.0.1938.76 Safari/537.36"
35.180.128.53 - - [25/Oct/2025:14:57:51 +0300] "GET /.env.backup HTTP/1.0" 200 840629 "https://www.google.com/" "Mozilla/5.0 (Macintosh; Intel Mac OS X 11_9_5) Gecko/20101905 Firefox/18.0"
35.180.128.53 - - [25/Oct/2025:14:57:52 +0300] "GET /.env.example HTTP/1.0" 200 100440 "https://www.google.com/" "Mozilla/5.0 (Macintosh; Intel Mac OS X 11_9_5) Gecko/20101905 Firefox/18.0"
35.180.128.53 - - [25/Oct/2025:14:57:53 +0300] "GET /.env.sample HTTP/1.0" 200 639732 "https://www.google.com/" "Mozilla/5.0 (Macintosh; Intel Mac OS X 11_9_5) Gecko/20101905 Firefox/18.0"
35.180.128.53 - - [25/Oct/2025:14:57:54 +0300] "GET /.env.old HTTP/1.0" 200 82624 "https://www.google.com/" "Mozilla/5.0 (Macintosh; Intel Mac OS X 11_9_5) Gecko/20101905 Firefox/18.0"
207.46.13.18 - - [25/Oct/2025:14:57:54 +0300] "GET /?z=65079492428 HTTP/1.0" 200 332466 "-" "Mozilla/5.0 AppleWebKit/537.36 (KHTML, like Gecko; compatible; bingbot/2.0; +http://www.bing.com/bingbot.htm) Chrome/116.0.1938.76 Safari/537.36"
35.180.128.53 - - [25/Oct/2025:14:57:54 +0300] "GET /.env.bak HTTP/1.0" 200 57170 "https://www.google.com/" "Mozilla/5.0 (Macintosh; Intel Mac OS X 11_9_5) Gecko/20101905 Firefox/18.0"
35.180.128.53 - - [25/Oct/2025:14:57:55 +0300] "GET /.env.save HTTP/1.0" 200 189240 "https://www.google.com/" "Mozilla/5.0 (Macintosh; Intel Mac OS X 11_9_5) Gecko/20101905 Firefox/18.0"
35.180.128.53 - - [25/Oct/2025:14:57:56 +0300] "GET /.env.orig HTTP/1.0" 200 604792 "https://www.google.com/" "Mozilla/5.0 (Macintosh; Intel Mac OS X 11_9_5) Gecko/20101905 Firefox/18.0"
35.180.128.53 - - [25/Oct/2025:14:57:57 +0300] "GET /.env.swp HTTP/1.0" 200 334815 "https://www.google.com/" "Mozilla/5.0 (Macintosh; Intel Mac OS X 11_9_5) Gecko/20101905 Firefox/18.0"
207.46.13.18 - - [25/Oct/2025:14:57:57 +0300] "GET /?z=61283268377 HTTP/1.0" 200 335999 "-" "Mozilla/5.0 AppleWebKit/537.36 (KHTML, like Gecko; compatible; bingbot/2.0; +http://www.bing.com/bingbot.htm) Chrome/116.0.1938.76 Safari/537.36"
5.255.231.124 - - [25/Oct/2025:14:57:58 +0300] "GET /blog/2019/01/27/irak-in-kuzeyinde-turk-us-bolgesine-saldiriya-canak-tutan-pkk-yanlisi-tv-kanal-ofisi-kapatisdi/ HTTP/1.0" 200 57170 "-" "Mozilla/5.0 (compatible; YandexBot/3.0; +http://yandex.com/bots)"
35.180.128.53 - - [25/Oct/2025:14:57:58 +0300] "GET /.env~ HTTP/1.0" 200 836489 "https://www.google.com/" "Mozilla/5.0 (Macintosh; Intel Mac OS X 11_9_5) Gecko/20101905 Firefox/18.0"
35.180.128.53 - - [25/Oct/2025:14:57:59 +0300] "GET /.env.tmp HTTP/1.0" 200 189821 "https://www.google.com/" "Mozilla/5.0 (Macintosh; Intel Mac OS X 11_9_5) Gecko/20101905 Firefox/18.0"
35.180.128.53 - - [25/Oct/2025:14:58:00 +0300] "GET /.env.dist HTTP/1.0" 200 102199 "https://www.google.com/" "Mozilla/5.0 (Macintosh; Intel Mac OS X 11_9_5) Gecko/20101905 Firefox/18.0"
207.46.13.18 - - [25/Oct/2025:14:58:00 +0300] "GET /?z=65923029990 HTTP/1.0" 200 334953 "-" "Mozilla/5.0 AppleWebKit/537.36 (KHTML, like Gecko; compatible; bingbot/2.0; +http://www.bing.com/bingbot.htm) Chrome/116.0.1938.76 Safari/537.36"
35.180.128.53 - - [25/Oct/2025:14:58:01 +0300] "GET /admin/.env HTTP/1.0" 200 279290 "https://www.google.com/" "Mozilla/5.0 (Macintosh; Intel Mac OS X 11_9_5) Gecko/20101905 Firefox/18.0"
35.180.128.53 - - [25/Oct/2025:14:58:02 +0300] "GET /admin/.env.save HTTP/1.0" 200 468240 "https://www.google.com/" "Mozilla/5.0 (Macintosh; Intel Mac OS X 11_9_5) Gecko/20101905 Firefox/18.0"
35.180.128.53 - - [25/Oct/2025:14:58:03 +0300] "GET /admin/.env.bak HTTP/1.0" 200 57170 "https://www.google.com/" "Mozilla/5.0 (Macintosh; Intel Mac OS X 11_9_5) Gecko/20101905 Firefox/18.0"
20.171.207.22 - - [25/Oct/2025:14:58:02 +0300] "GET /sitemap.xml?fileloc=/var/www/vhosts/3chukuk.com/httpdocs/wp-includes/js/tinymce/skins/wordpress/images/playlist-video.png&path=/var/www/vhosts/3chukuk.com/httpdocs/wp-includes/js/tinymce/skins/wordpress/images HTTP/1.0" 200 13483 "-" "Mozilla/5.0 AppleWebKit/537.36 (KHTML, like Gecko; compatible; GPTBot/1.2; +https://openai.com/gptbot)"
35.180.128.53 - - [25/Oct/2025:14:58:03 +0300] "GET /admin/.env.old HTTP/1.0" 200 279310 "https://www.google.com/" "Mozilla/5.0 (Macintosh; Intel Mac OS X 11_9_5) Gecko/20101905 Firefox/18.0"
207.46.13.18 - - [25/Oct/2025:14:58:03 +0300] "GET /?x=74554196353 HTTP/1.0" 200 190308 "-" "Mozilla/5.0 AppleWebKit/537.36 (KHTML, like Gecko; compatible; bingbot/2.0; +http://www.bing.com/bingbot.htm) Chrome/116.0.1938.76 Safari/537.36"
35.180.128.53 - - [25/Oct/2025:14:58:04 +0300] "GET /api/.env HTTP/1.0" 200 602712 "https://www.google.com/" "Mozilla/5.0 (Macintosh; Intel Mac OS X 11_9_5) Gecko/20101905 Firefox/18.0"
35.180.128.53 - - [25/Oct/2025:14:58:05 +0300] "GET /api/.env.save HTTP/1.0" 200 280486 "https://www.google.com/" "Mozilla/5.0 (Macintosh; Intel Mac OS X 11_9_5) Gecko/20101905 Firefox/18.0"
35.180.128.53 - - [25/Oct/2025:14:58:06 +0300] "GET /api/.env.bak HTTP/1.0" 200 57170 "https://www.google.com/" "Mozilla/5.0 (Macintosh; Intel Mac OS X 11_9_5) Gecko/20101905 Firefox/18.0"
207.46.13.18 - - [25/Oct/2025:14:58:06 +0300] "GET /?x=3121601870 HTTP/1.0" 200 188355 "-" "Mozilla/5.0 AppleWebKit/537.36 (KHTML, like Gecko; compatible; bingbot/2.0; +http://www.bing.com/bingbot.htm) Chrome/116.0.1938.76 Safari/537.36"
35.180.128.53 - - [25/Oct/2025:14:58:07 +0300] "GET /api/.env.old HTTP/1.0" 200 86965 "https://www.google.com/" "Mozilla/5.0 (Macintosh; Intel Mac OS X 11_9_5) Gecko/20101905 Firefox/18.0"
35.180.128.53 - - [25/Oct/2025:14:58:07 +0300] "GET /app/.env HTTP/1.0" 200 837691 "https://www.google.com/" "Mozilla/5.0 (Macintosh; Intel Mac OS X 11_9_5) Gecko/20101905 Firefox/18.0"
35.180.128.53 - - [25/Oct/2025:14:58:09 +0300] "GET /app/.env.save HTTP/1.0" 200 345583 "https://www.google.com/" "Mozilla/5.0 (Macintosh; Intel Mac OS X 11_9_5) Gecko/20101905 Firefox/18.0"
207.46.13.18 - - [25/Oct/2025:14:58:09 +0300] "GET /?z=63472125601 HTTP/1.0" 200 345617 "-" "Mozilla/5.0 AppleWebKit/537.36 (KHTML, like Gecko; compatible; bingbot/2.0; +http://www.bing.com/bingbot.htm) Chrome/116.0.1938.76 Safari/537.36"
35.180.128.53 - - [25/Oct/2025:14:58:10 +0300] "GET /app/.env.bak HTTP/1.0" 200 57170 "https://www.google.com/" "Mozilla/5.0 (Macintosh; Intel Mac OS X 11_9_5) Gecko/20101905 Firefox/18.0"
35.180.128.53 - - [25/Oct/2025:14:58:10 +0300] "GET /app/.env.old HTTP/1.0" 200 99570 "https://www.google.com/" "Mozilla/5.0 (Macintosh; Intel Mac OS X 11_9_5) Gecko/20101905 Firefox/18.0"
35.180.128.53 - - [25/Oct/2025:14:58:10 +0300] "GET /config/.env HTTP/1.0" 200 638288 "https://www.google.com/" "Mozilla/5.0 (Macintosh; Intel Mac OS X 11_9_5) Gecko/20101905 Firefox/18.0"
35.180.128.53 - - [25/Oct/2025:14:58:12 +0300] "GET /config/.env.save HTTP/1.0" 200 97283 "https://www.google.com/" "Mozilla/5.0 (Macintosh; Intel Mac OS X 11_9_5) Gecko/20101905 Firefox/18.0"
35.180.128.53 - - [25/Oct/2025:14:58:12 +0300] "GET /config/.env.bak HTTP/1.0" 200 57170 "https://www.google.com/" "Mozilla/5.0 (Macintosh; Intel Mac OS X 11_9_5) Gecko/20101905 Firefox/18.0"
207.46.13.18 - - [25/Oct/2025:14:58:12 +0300] "GET /?x=6948338127 HTTP/1.0" 200 189671 "-" "Mozilla/5.0 AppleWebKit/537.36 (KHTML, like Gecko; compatible; bingbot/2.0; +http://www.bing.com/bingbot.htm) Chrome/116.0.1938.76 Safari/537.36"
35.180.128.53 - - [25/Oct/2025:14:58:13 +0300] "GET /config/.env.old HTTP/1.0" 200 188889 "https://www.google.com/" "Mozilla/5.0 (Macintosh; Intel Mac OS X 11_9_5) Gecko/20101905 Firefox/18.0"
35.180.128.53 - - [25/Oct/2025:14:58:14 +0300] "GET /src/.env HTTP/1.0" 200 846452 "https://www.google.com/" "Mozilla/5.0 (Macintosh; Intel Mac OS X 11_9_5) Gecko/20101905 Firefox/18.0"
35.180.128.53 - - [25/Oct/2025:14:58:15 +0300] "GET /src/.env.save HTTP/1.0" 200 95808 "https://www.google.com/" "Mozilla/5.0 (Macintosh; Intel Mac OS X 11_9_5) Gecko/20101905 Firefox/18.0"
207.46.13.18 - - [25/Oct/2025:14:58:15 +0300] "GET /?x=46528387422 HTTP/1.0" 200 190056 "-" "Mozilla/5.0 AppleWebKit/537.36 (KHTML, like Gecko; compatible; bingbot/2.0; +http://www.bing.com/bingbot.htm) Chrome/116.0.1938.76 Safari/537.36"
35.180.128.53 - - [25/Oct/2025:14:58:16 +0300] "GET /src/.env.bak HTTP/1.0" 200 57170 "https://www.google.com/" "Mozilla/5.0 (Macintosh; Intel Mac OS X 11_9_5) Gecko/20101905 Firefox/18.0"
35.180.128.53 - - [25/Oct/2025:14:58:16 +0300] "GET /src/.env.old HTTP/1.0" 200 113082 "https://www.google.com/" "Mozilla/5.0 (Macintosh; Intel Mac OS X 11_9_5) Gecko/20101905 Firefox/18.0"
35.180.128.53 - - [25/Oct/2025:14:58:16 +0300] "GET /public/.env HTTP/1.0" 200 601536 "https://www.google.com/" "Mozilla/5.0 (Macintosh; Intel Mac OS X 11_9_5) Gecko/20101905 Firefox/18.0"
35.180.128.53 - - [25/Oct/2025:14:58:18 +0300] "GET /public/.env.save HTTP/1.0" 200 189629 "https://www.google.com/" "Mozilla/5.0 (Macintosh; Intel Mac OS X 11_9_5) Gecko/20101905 Firefox/18.0"
35.180.128.53 - - [25/Oct/2025:14:58:18 +0300] "GET /public/.env.bak HTTP/1.0" 200 57170 "https://www.google.com/" "Mozilla/5.0 (Macintosh; Intel Mac OS X 11_9_5) Gecko/20101905 Firefox/18.0"
207.46.13.18 - - [25/Oct/2025:14:58:18 +0300] "GET /?z=14500665740 HTTP/1.0" 200 352390 "-" "Mozilla/5.0 AppleWebKit/537.36 (KHTML, like Gecko; compatible; bingbot/2.0; +http://www.bing.com/bingbot.htm) Chrome/116.0.1938.76 Safari/537.36"
35.180.128.53 - - [25/Oct/2025:14:58:19 +0300] "GET /public/.env.old HTTP/1.0" 200 86416 "https://www.google.com/" "Mozilla/5.0 (Macintosh; Intel Mac OS X 11_9_5) Gecko/20101905 Firefox/18.0"
35.180.128.53 - - [25/Oct/2025:14:58:19 +0300] "GET /assets/.env HTTP/1.0" 200 93835 "https://www.google.com/" "Mozilla/5.0 (Macintosh; Intel Mac OS X 11_9_5) Gecko/20101905 Firefox/18.0"
35.180.128.53 - - [25/Oct/2025:14:58:20 +0300] "GET /assets/.env.save HTTP/1.0" 200 470304 "https://www.google.com/" "Mozilla/5.0 (Macintosh; Intel Mac OS X 11_9_5) Gecko/20101905 Firefox/18.0"
35.180.128.53 - - [25/Oct/2025:14:58:21 +0300] "GET /assets/.env.bak HTTP/1.0" 200 57170 "https://www.google.com/" "Mozilla/5.0 (Macintosh; Intel Mac OS X 11_9_5) Gecko/20101905 Firefox/18.0"
207.46.13.18 - - [25/Oct/2025:14:58:21 +0300] "GET /?x=89566856051 HTTP/1.0" 200 190064 "-" "Mozilla/5.0 AppleWebKit/537.36 (KHTML, like Gecko; compatible; bingbot/2.0; +http://www.bing.com/bingbot.htm) Chrome/116.0.1938.76 Safari/537.36"
35.180.128.53 - - [25/Oct/2025:14:58:21 +0300] "GET /assets/.env.old HTTP/1.0" 200 337604 "https://www.google.com/" "Mozilla/5.0 (Macintosh; Intel Mac OS X 11_9_5) Gecko/20101905 Firefox/18.0"
35.180.128.53 - - [25/Oct/2025:14:58:22 +0300] "GET /includes/.env HTTP/1.0" 200 129650 "https://www.google.com/" "Mozilla/5.0 (Macintosh; Intel Mac OS X 11_9_5) Gecko/20101905 Firefox/18.0"
35.180.128.53 - - [25/Oct/2025:14:58:23 +0300] "GET /includes/.env.save HTTP/1.0" 200 100377 "https://www.google.com/" "Mozilla/5.0 (Macintosh; Intel Mac OS X 11_9_5) Gecko/20101905 Firefox/18.0"
35.180.128.53 - - [25/Oct/2025:14:58:24 +0300] "GET /includes/.env.bak HTTP/1.0" 200 57170 "https://www.google.com/" "Mozilla/5.0 (Macintosh; Intel Mac OS X 11_9_5) Gecko/20101905 Firefox/18.0"
207.46.13.18 - - [25/Oct/2025:14:58:24 +0300] "GET /?x=97450544070 HTTP/1.0" 200 189368 "-" "Mozilla/5.0 AppleWebKit/537.36 (KHTML, like Gecko; compatible; bingbot/2.0; +http://www.bing.com/bingbot.htm) Chrome/116.0.1938.76 Safari/537.36"
35.180.128.53 - - [25/Oct/2025:14:58:24 +0300] "GET /includes/.env.old HTTP/1.0" 200 589125 "https://www.google.com/" "Mozilla/5.0 (Macintosh; Intel Mac OS X 11_9_5) Gecko/20101905 Firefox/18.0"
35.180.128.53 - - [25/Oct/2025:14:58:25 +0300] "GET /lib/.env HTTP/1.0" 200 129600 "https://www.google.com/" "Mozilla/5.0 (Macintosh; Intel Mac OS X 11_9_5) Gecko/20101905 Firefox/18.0"
35.180.128.53 - - [25/Oct/2025:14:58:26 +0300] "GET /lib/.env.save HTTP/1.0" 200 589113 "https://www.google.com/" "Mozilla/5.0 (Macintosh; Intel Mac OS X 11_9_5) Gecko/20101905 Firefox/18.0"
35.180.128.53 - - [25/Oct/2025:14:58:27 +0300] "GET /lib/.env.bak HTTP/1.0" 200 57170 "https://www.google.com/" "Mozilla/5.0 (Macintosh; Intel Mac OS X 11_9_5) Gecko/20101905 Firefox/18.0"
35.180.128.53 - - [25/Oct/2025:14:58:27 +0300] "GET /lib/.env.old HTTP/1.0" 200 86458 "https://www.google.com/" "Mozilla/5.0 (Macintosh; Intel Mac OS X 11_9_5) Gecko/20101905 Firefox/18.0"
35.180.128.53 - - [25/Oct/2025:14:58:28 +0300] "GET /application/.env HTTP/1.0" 200 324523 "https://www.google.com/" "Mozilla/5.0 (Macintosh; Intel Mac OS X 11_9_5) Gecko/20101905 Firefox/18.0"
40.77.167.24 - - [25/Oct/2025:14:58:28 +0300] "GET /?r=11408644124 HTTP/1.0" 200 600419 "-" "Mozilla/5.0 AppleWebKit/537.36 (KHTML, like Gecko; compatible; bingbot/2.0; +http://www.bing.com/bingbot.htm) Chrome/116.0.1938.76 Safari/537.36"
35.180.128.53 - - [25/Oct/2025:14:58:29 +0300] "GET /application/.env.save HTTP/1.0" 200 639648 "https://www.google.com/" "Mozilla/5.0 (Macintosh; Intel Mac OS X 11_9_5) Gecko/20101905 Firefox/18.0"
35.180.128.53 - - [25/Oct/2025:14:58:30 +0300] "GET /application/.env.bak HTTP/1.0" 200 57170 "https://www.google.com/" "Mozilla/5.0 (Macintosh; Intel Mac OS X 11_9_5) Gecko/20101905 Firefox/18.0"
35.180.128.53 - - [25/Oct/2025:14:58:30 +0300] "GET /application/.env.old HTTP/1.0" 200 84753 "https://www.google.com/" "Mozilla/5.0 (Macintosh; Intel Mac OS X 11_9_5) Gecko/20101905 Firefox/18.0"
40.77.167.24 - - [25/Oct/2025:14:58:31 +0300] "GET /?z=69507112870 HTTP/1.0" 200 343129 "-" "Mozilla/5.0 AppleWebKit/537.36 (KHTML, like Gecko; compatible; bingbot/2.0; +http://www.bing.com/bingbot.htm) Chrome/116.0.1938.76 Safari/537.36"
35.180.128.53 - - [25/Oct/2025:14:58:31 +0300] "GET /system/.env HTTP/1.0" 200 600791 "https://www.google.com/" "Mozilla/5.0 (Macintosh; Intel Mac OS X 11_9_5) Gecko/20101905 Firefox/18.0"
35.180.128.53 - - [25/Oct/2025:14:58:32 +0300] "GET /system/.env.save HTTP/1.0" 200 155959 "https://www.google.com/" "Mozilla/5.0 (Macintosh; Intel Mac OS X 11_9_5) Gecko/20101905 Firefox/18.0"
35.180.128.53 - - [25/Oct/2025:14:58:33 +0300] "GET /system/.env.bak HTTP/1.0" 200 57170 "https://www.google.com/" "Mozilla/5.0 (Macintosh; Intel Mac OS X 11_9_5) Gecko/20101905 Firefox/18.0"
35.180.128.53 - - [25/Oct/2025:14:58:33 +0300] "GET /system/.env.old HTTP/1.0" 200 452322 "https://www.google.com/" "Mozilla/5.0 (Macintosh; Intel Mac OS X 11_9_5) Gecko/20101905 Firefox/18.0"
40.77.167.24 - - [25/Oct/2025:14:58:35 +0300] "GET /?x=4942207050 HTTP/1.0" 200 189933 "-" "Mozilla/5.0 AppleWebKit/537.36 (KHTML, like Gecko; compatible; bingbot/2.0; +http://www.bing.com/bingbot.htm) Chrome/116.0.1938.76 Safari/537.36"
35.180.128.53 - - [25/Oct/2025:14:58:34 +0300] "GET /core/.env HTTP/1.0" 200 840659 "https://www.google.com/" "Mozilla/5.0 (Macintosh; Intel Mac OS X 11_9_5) Gecko/20101905 Firefox/18.0"
35.180.128.53 - - [25/Oct/2025:14:58:36 +0300] "GET /core/.env.save HTTP/1.0" 200 281585 "https://www.google.com/" "Mozilla/5.0 (Macintosh; Intel Mac OS X 11_9_5) Gecko/20101905 Firefox/18.0"
40.77.167.24 - - [25/Oct/2025:14:58:36 +0300] "GET /?x=41820665114 HTTP/1.0" 200 191573 "-" "Mozilla/5.0 AppleWebKit/537.36 (KHTML, like Gecko; compatible; bingbot/2.0; +http://www.bing.com/bingbot.htm) Chrome/116.0.1938.76 Safari/537.36"
35.180.128.53 - - [25/Oct/2025:14:58:37 +0300] "GET /core/.env.bak HTTP/1.0" 200 57170 "https://www.google.com/" "Mozilla/5.0 (Macintosh; Intel Mac OS X 11_9_5) Gecko/20101905 Firefox/18.0"
35.180.128.53 - - [25/Oct/2025:14:58:37 +0300] "GET /core/.env.old HTTP/1.0" 200 281581 "https://www.google.com/" "Mozilla/5.0 (Macintosh; Intel Mac OS X 11_9_5) Gecko/20101905 Firefox/18.0"
35.180.128.53 - - [25/Oct/2025:14:58:38 +0300] "GET /modules/.env HTTP/1.0" 200 116869 "https://www.google.com/" "Mozilla/5.0 (Macintosh; Intel Mac OS X 11_9_5) Gecko/20101905 Firefox/18.0"
17.22.245.107 - - [25/Oct/2025:14:58:39 +0300] "GET /wp-content/uploads/2018/12/FB_IMG_1545349887915-100x70.jpg HTTP/1.0" 200 435 "-" "Mozilla/5.0 (Macintosh; Intel Mac OS X 10_15_7) AppleWebKit/605.1.15 (KHTML, like Gecko) Version/17.4 Safari/605.1.15 (Applebot/0.1; +http://www.apple.com/go/applebot)"
35.180.128.53 - - [25/Oct/2025:14:58:39 +0300] "GET /modules/.env.save HTTP/1.0" 200 189761 "https://www.google.com/" "Mozilla/5.0 (Macintosh; Intel Mac OS X 11_9_5) Gecko/20101905 Firefox/18.0"
17.22.245.107 - - [25/Oct/2025:14:58:39 +0300] "GET /wp-content/uploads/2018/12/FB_IMG_1545349887915-100x70.jpg HTTP/1.1" 200 2860 "-" "Mozilla/5.0 (Macintosh; Intel Mac OS X 10_15_7) AppleWebKit/605.1.15 (KHTML, like Gecko) Version/17.4 Safari/605.1.15 (Applebot/0.1; +http://www.apple.com/go/applebot)"
35.180.128.53 - - [25/Oct/2025:14:58:40 +0300] "GET /modules/.env.bak HTTP/1.0" 200 57170 "https://www.google.com/" "Mozilla/5.0 (Macintosh; Intel Mac OS X 11_9_5) Gecko/20101905 Firefox/18.0"
40.77.167.24 - - [25/Oct/2025:14:58:40 +0300] "GET /?z=63312517977 HTTP/1.0" 200 340796 "-" "Mozilla/5.0 AppleWebKit/537.36 (KHTML, like Gecko; compatible; bingbot/2.0; +http://www.bing.com/bingbot.htm) Chrome/116.0.1938.76 Safari/537.36"
35.180.128.53 - - [25/Oct/2025:14:58:40 +0300] "GET /modules/.env.old HTTP/1.0" 200 156488 "https://www.google.com/" "Mozilla/5.0 (Macintosh; Intel Mac OS X 11_9_5) Gecko/20101905 Firefox/18.0"
35.180.128.53 - - [25/Oct/2025:14:58:41 +0300] "GET /plugins/.env HTTP/1.0" 200 156459 "https://www.google.com/" "Mozilla/5.0 (Macintosh; Intel Mac OS X 11_9_5) Gecko/20101905 Firefox/18.0"
35.180.128.53 - - [25/Oct/2025:14:58:42 +0300] "GET /plugins/.env.save HTTP/1.0" 200 331263 "https://www.google.com/" "Mozilla/5.0 (Macintosh; Intel Mac OS X 11_9_5) Gecko/20101905 Firefox/18.0"
40.77.167.24 - - [25/Oct/2025:14:58:42 +0300] "GET /?x=69610584427 HTTP/1.0" 200 189677 "-" "Mozilla/5.0 AppleWebKit/537.36 (KHTML, like Gecko; compatible; bingbot/2.0; +http://www.bing.com/bingbot.htm) Chrome/116.0.1938.76 Safari/537.36"
35.180.128.53 - - [25/Oct/2025:14:58:43 +0300] "GET /plugins/.env.bak HTTP/1.0" 200 57170 "https://www.google.com/" "Mozilla/5.0 (Macintosh; Intel Mac OS X 11_9_5) Gecko/20101905 Firefox/18.0"
35.180.128.53 - - [25/Oct/2025:14:58:43 +0300] "GET /plugins/.env.old HTTP/1.0" 200 85771 "https://www.google.com/" "Mozilla/5.0 (Macintosh; Intel Mac OS X 11_9_5) Gecko/20101905 Firefox/18.0"
35.180.128.53 - - [25/Oct/2025:14:58:44 +0300] "GET /themes/.env HTTP/1.0" 200 590428 "https://www.google.com/" "Mozilla/5.0 (Macintosh; Intel Mac OS X 11_9_5) Gecko/20101905 Firefox/18.0"
20.171.207.22 - - [25/Oct/2025:14:58:44 +0300] "GET /sitemap.xml?fileloc=/var/www/vhosts/3chukuk.com/httpdocs/wp-includes/js/tinymce/skins/wordpress/images/more-2x.png&path=/var/www/vhosts/3chukuk.com/httpdocs/wp-includes/js/tinymce/skins/wordpress/images HTTP/1.0" 200 13476 "-" "Mozilla/5.0 AppleWebKit/537.36 (KHTML, like Gecko; compatible; GPTBot/1.2; +https://openai.com/gptbot)"
40.77.167.24 - - [25/Oct/2025:14:58:45 +0300] "GET /?x=69953075642 HTTP/1.0" 200 189469 "-" "Mozilla/5.0 AppleWebKit/537.36 (KHTML, like Gecko; compatible; bingbot/2.0; +http://www.bing.com/bingbot.htm) Chrome/116.0.1938.76 Safari/537.36"
35.180.128.53 - - [25/Oct/2025:14:58:45 +0300] "GET /themes/.env.save HTTP/1.0" 200 638079 "https://www.google.com/" "Mozilla/5.0 (Macintosh; Intel Mac OS X 11_9_5) Gecko/20101905 Firefox/18.0"
35.180.128.53 - - [25/Oct/2025:14:58:46 +0300] "GET /themes/.env.bak HTTP/1.0" 200 57170 "https://www.google.com/" "Mozilla/5.0 (Macintosh; Intel Mac OS X 11_9_5) Gecko/20101905 Firefox/18.0"
35.180.128.53 - - [25/Oct/2025:14:58:46 +0300] "GET /themes/.env.old HTTP/1.0" 200 86381 "https://www.google.com/" "Mozilla/5.0 (Macintosh; Intel Mac OS X 11_9_5) Gecko/20101905 Firefox/18.0"
35.180.128.53 - - [25/Oct/2025:14:58:47 +0300] "GET /vendor/.env HTTP/1.0" 200 336326 "https://www.google.com/" "Mozilla/5.0 (Macintosh; Intel Mac OS X 11_9_5) Gecko/20101905 Firefox/18.0"
40.77.167.24 - - [25/Oct/2025:14:58:48 +0300] "GET /?z=63232204630 HTTP/1.0" 200 331451 "-" "Mozilla/5.0 AppleWebKit/537.36 (KHTML, like Gecko; compatible; bingbot/2.0; +http://www.bing.com/bingbot.htm) Chrome/116.0.1938.76 Safari/537.36"
35.180.128.53 - - [25/Oct/2025:14:58:48 +0300] "GET /vendor/.env.save HTTP/1.0" 200 284925 "https://www.google.com/" "Mozilla/5.0 (Macintosh; Intel Mac OS X 11_9_5) Gecko/20101905 Firefox/18.0"
35.180.128.53 - - [25/Oct/2025:14:58:49 +0300] "GET /vendor/.env.bak HTTP/1.0" 200 57170 "https://www.google.com/" "Mozilla/5.0 (Macintosh; Intel Mac OS X 11_9_5) Gecko/20101905 Firefox/18.0"
20.171.207.22 - - [25/Oct/2025:14:58:48 +0300] "GET /sitemap.xml?fileloc=/var/www/vhosts/3chukuk.com/httpdocs/wp-includes/blocks/social-link/.htaccess&path=/var/www/vhosts/3chukuk.com/httpdocs/wp-includes/blocks/social-link HTTP/1.0" 200 13530 "-" "Mozilla/5.0 AppleWebKit/537.36 (KHTML, like Gecko; compatible; GPTBot/1.2; +https://openai.com/gptbot)"
35.180.128.53 - - [25/Oct/2025:14:58:49 +0300] "GET /vendor/.env.old HTTP/1.0" 200 336375 "https://www.google.com/" "Mozilla/5.0 (Macintosh; Intel Mac OS X 11_9_5) Gecko/20101905 Firefox/18.0"
35.180.128.53 - - [25/Oct/2025:14:58:50 +0300] "GET /storage/.env HTTP/1.0" 200 284905 "https://www.google.com/" "Mozilla/5.0 (Macintosh; Intel Mac OS X 11_9_5) Gecko/20101905 Firefox/18.0"
35.180.128.53 - - [25/Oct/2025:14:58:51 +0300] "GET /storage/.env.save HTTP/1.0" 200 189713 "https://www.google.com/" "Mozilla/5.0 (Macintosh; Intel Mac OS X 11_9_5) Gecko/20101905 Firefox/18.0"
40.77.167.24 - - [25/Oct/2025:14:58:51 +0300] "GET /?x=33311126453 HTTP/1.0" 200 189246 "-" "Mozilla/5.0 AppleWebKit/537.36 (KHTML, like Gecko; compatible; bingbot/2.0; +http://www.bing.com/bingbot.htm) Chrome/116.0.1938.76 Safari/537.36"
35.180.128.53 - - [25/Oct/2025:14:58:52 +0300] "GET /storage/.env.bak HTTP/1.0" 200 57170 "https://www.google.com/" "Mozilla/5.0 (Macintosh; Intel Mac OS X 11_9_5) Gecko/20101905 Firefox/18.0"
20.171.207.22 - - [25/Oct/2025:14:58:51 +0300] "GET /sitemap.xml?fileloc=/var/www/vhosts/3chukuk.com/httpdocs/wp-admin/.htaccess&path=/var/www/vhosts/3chukuk.com/httpdocs/wp-admin HTTP/1.0" 200 14866 "-" "Mozilla/5.0 AppleWebKit/537.36 (KHTML, like Gecko; compatible; GPTBot/1.2; +https://openai.com/gptbot)"
35.180.128.53 - - [25/Oct/2025:14:58:52 +0300] "GET /storage/.env.old HTTP/1.0" 200 130465 "https://www.google.com/" "Mozilla/5.0 (Macintosh; Intel Mac OS X 11_9_5) Gecko/20101905 Firefox/18.0"
35.180.128.53 - - [25/Oct/2025:14:58:53 +0300] "GET /.env HTTP/1.0" 200 189665 "https://www.google.com/" "Mozilla/5.0 (Macintosh; Intel Mac OS X 11_9_5) Gecko/20101905 Firefox/18.0"
35.180.128.53 - - [25/Oct/2025:14:58:54 +0300] "GET /.env.local HTTP/1.0" 200 91954 "https://www.google.com/" "Mozilla/5.0 (Macintosh; Intel Mac OS X 11_9_5) Gecko/20101905 Firefox/18.0"
40.77.167.24 - - [25/Oct/2025:14:58:54 +0300] "GET /?z=17503113071 HTTP/1.0" 200 332833 "-" "Mozilla/5.0 AppleWebKit/537.36 (KHTML, like Gecko; compatible; bingbot/2.0; +http://www.bing.com/bingbot.htm) Chrome/116.0.1938.76 Safari/537.36"
35.180.128.53 - - [25/Oct/2025:14:58:54 +0300] "GET /.env.dev HTTP/1.0" 200 189154 "https://www.google.com/" "Mozilla/5.0 (Macintosh; Intel Mac OS X 11_9_5) Gecko/20101905 Firefox/18.0"
20.171.207.22 - - [25/Oct/2025:14:58:55 +0300] "GET /sitemap.xml?fileloc=/var/www/vhosts/3chukuk.com/httpdocs/wp-includes/blocks/navigation-submenu/editor-rtl.css&path=/var/www/vhosts/3chukuk.com/httpdocs/wp-includes/blocks/navigation-submenu HTTP/1.0" 200 14428 "-" "Mozilla/5.0 AppleWebKit/537.36 (KHTML, like Gecko; compatible; GPTBot/1.2; +https://openai.com/gptbot)"
35.180.128.53 - - [25/Oct/2025:14:58:55 +0300] "GET /.env.prod HTTP/1.0" 200 448243 "https://www.google.com/" "Mozilla/5.0 (Macintosh; Intel Mac OS X 11_9_5) Gecko/20101905 Firefox/18.0"
35.180.128.53 - - [25/Oct/2025:14:58:55 +0300] "GET /.env.staging HTTP/1.0" 200 156723 "https://www.google.com/" "Mozilla/5.0 (Macintosh; Intel Mac OS X 11_9_5) Gecko/20101905 Firefox/18.0"
87.250.224.35 - - [25/Oct/2025:14:58:56 +0300] "GET /blog/2018/06/30/8465/ HTTP/1.0" 200 57170 "-" "Mozilla/5.0 (compatible; YandexBot/3.0; +http://yandex.com/bots)"
35.180.128.53 - - [25/Oct/2025:14:58:56 +0300] "GET /.env.development HTTP/1.0" 200 839843 "https://www.google.com/" "Mozilla/5.0 (Macintosh; Intel Mac OS X 11_9_5) Gecko/20101905 Firefox/18.0"
40.77.167.24 - - [25/Oct/2025:14:58:57 +0300] "GET /?z=66079825621 HTTP/1.0" 200 339892 "-" "Mozilla/5.0 AppleWebKit/537.36 (KHTML, like Gecko; compatible; bingbot/2.0; +http://www.bing.com/bingbot.htm) Chrome/116.0.1938.76 Safari/537.36"
35.180.128.53 - - [25/Oct/2025:14:58:57 +0300] "GET /.env.production HTTP/1.0" 200 189829 "https://www.google.com/" "Mozilla/5.0 (Macintosh; Intel Mac OS X 11_9_5) Gecko/20101905 Firefox/18.0"
35.180.128.53 - - [25/Oct/2025:14:58:58 +0300] "GET /.env.test HTTP/1.0" 200 336556 "https://www.google.com/" "Mozilla/5.0 (Macintosh; Intel Mac OS X 11_9_5) Gecko/20101905 Firefox/18.0"
20.171.207.22 - - [25/Oct/2025:14:58:58 +0300] "GET /sitemap.xml?fileloc=/var/www/vhosts/3chukuk.com/httpdocs/wp-includes/blocks/loginout/style.css&path=/var/www/vhosts/3chukuk.com/httpdocs/wp-includes/blocks/loginout HTTP/1.0" 200 13208 "-" "Mozilla/5.0 AppleWebKit/537.36 (KHTML, like Gecko; compatible; GPTBot/1.2; +https://openai.com/gptbot)"
35.180.128.53 - - [25/Oct/2025:14:58:58 +0300] "GET /.env.backup HTTP/1.0" 200 452795 "https://www.google.com/" "Mozilla/5.0 (Macintosh; Intel Mac OS X 11_9_5) Gecko/20101905 Firefox/18.0"
35.180.128.53 - - [25/Oct/2025:14:58:59 +0300] "GET /.env.example HTTP/1.0" 200 453705 "https://www.google.com/" "Mozilla/5.0 (Macintosh; Intel Mac OS X 11_9_5) Gecko/20101905 Firefox/18.0"
35.180.128.53 - - [25/Oct/2025:14:59:00 +0300] "GET /.env.sample HTTP/1.0" 200 83962 "https://www.google.com/" "Mozilla/5.0 (Macintosh; Intel Mac OS X 11_9_5) Gecko/20101905 Firefox/18.0"
35.180.128.53 - - [25/Oct/2025:14:59:00 +0300] "GET /.env.old HTTP/1.0" 200 100541 "https://www.google.com/" "Mozilla/5.0 (Macintosh; Intel Mac OS X 11_9_5) Gecko/20101905 Firefox/18.0"
35.180.128.53 - - [25/Oct/2025:14:59:01 +0300] "GET /.env.bak HTTP/1.0" 200 57170 "https://www.google.com/" "Mozilla/5.0 (Macintosh; Intel Mac OS X 11_9_5) Gecko/20101905 Firefox/18.0"
40.77.167.24 - - [25/Oct/2025:14:59:00 +0300] "GET /?x=47302672020 HTTP/1.0" 200 187302 "-" "Mozilla/5.0 AppleWebKit/537.36 (KHTML, like Gecko; compatible; bingbot/2.0; +http://www.bing.com/bingbot.htm) Chrome/116.0.1938.76 Safari/537.36"
35.180.128.53 - - [25/Oct/2025:14:59:01 +0300] "GET /.env.save HTTP/1.0" 200 129628 "https://www.google.com/" "Mozilla/5.0 (Macintosh; Intel Mac OS X 11_9_5) Gecko/20101905 Firefox/18.0"
20.171.207.22 - - [25/Oct/2025:14:59:01 +0300] "GET /sitemap.xml?fileloc=/var/www/vhosts/3chukuk.com/httpdocs/wp-includes/class-wp-embed.php&path=/var/www/vhosts/3chukuk.com/httpdocs/wp-includes HTTP/1.0" 200 29405 "-" "Mozilla/5.0 AppleWebKit/537.36 (KHTML, like Gecko; compatible; GPTBot/1.2; +https://openai.com/gptbot)"
35.180.128.53 - - [25/Oct/2025:14:59:01 +0300] "GET /.env.orig HTTP/1.0" 200 589728 "https://www.google.com/" "Mozilla/5.0 (Macintosh; Intel Mac OS X 11_9_5) Gecko/20101905 Firefox/18.0"
35.180.128.53 - - [25/Oct/2025:14:59:02 +0300] "GET /.env.swp HTTP/1.0" 200 156101 "https://www.google.com/" "Mozilla/5.0 (Macintosh; Intel Mac OS X 11_9_5) Gecko/20101905 Firefox/18.0"
35.180.128.53 - - [25/Oct/2025:14:59:03 +0300] "GET /.env~ HTTP/1.0" 200 100530 "https://www.google.com/" "Mozilla/5.0 (Macintosh; Intel Mac OS X 11_9_5) Gecko/20101905 Firefox/18.0"
40.77.167.24 - - [25/Oct/2025:14:59:03 +0300] "GET /?x=77186381515 HTTP/1.0" 200 189571 "-" "Mozilla/5.0 AppleWebKit/537.36 (KHTML, like Gecko; compatible; bingbot/2.0; +http://www.bing.com/bingbot.htm) Chrome/116.0.1938.76 Safari/537.36"
35.180.128.53 - - [25/Oct/2025:14:59:03 +0300] "GET /.env.tmp HTTP/1.0" 200 93980 "https://www.google.com/" "Mozilla/5.0 (Macintosh; Intel Mac OS X 11_9_5) Gecko/20101905 Firefox/18.0"
35.180.128.53 - - [25/Oct/2025:14:59:04 +0300] "GET /.env.dist HTTP/1.0" 200 641239 "https://www.google.com/" "Mozilla/5.0 (Macintosh; Intel Mac OS X 11_9_5) Gecko/20101905 Firefox/18.0"
20.171.207.22 - - [25/Oct/2025:14:59:04 +0300] "GET /sitemap.xml?fileloc=/var/www/vhosts/3chukuk.com/httpdocs/wp-admin/includes/nav-menu.php&path=/var/www/vhosts/3chukuk.com/httpdocs/wp-admin/includes HTTP/1.0" 200 67356 "-" "Mozilla/5.0 AppleWebKit/537.36 (KHTML, like Gecko; compatible; GPTBot/1.2; +https://openai.com/gptbot)"
35.180.128.53 - - [25/Oct/2025:14:59:04 +0300] "GET /admin/.env HTTP/1.0" 200 84987 "https://www.google.com/" "Mozilla/5.0 (Macintosh; Intel Mac OS X 11_9_5) Gecko/20101905 Firefox/18.0"
35.180.128.53 - - [25/Oct/2025:14:59:06 +0300] "GET /admin/.env.save HTTP/1.0" 200 348302 "https://www.google.com/" "Mozilla/5.0 (Macintosh; Intel Mac OS X 11_9_5) Gecko/20101905 Firefox/18.0"
35.180.128.53 - - [25/Oct/2025:14:59:06 +0300] "GET /admin/.env.bak HTTP/1.0" 200 57170 "https://www.google.com/" "Mozilla/5.0 (Macintosh; Intel Mac OS X 11_9_5) Gecko/20101905 Firefox/18.0"
40.77.167.24 - - [25/Oct/2025:14:59:06 +0300] "GET /?x=50172010210 HTTP/1.0" 200 190333 "-" "Mozilla/5.0 AppleWebKit/537.36 (KHTML, like Gecko; compatible; bingbot/2.0; +http://www.bing.com/bingbot.htm) Chrome/116.0.1938.76 Safari/537.36"
35.180.128.53 - - [25/Oct/2025:14:59:06 +0300] "GET /admin/.env.old HTTP/1.0" 200 85006 "https://www.google.com/" "Mozilla/5.0 (Macintosh; Intel Mac OS X 11_9_5) Gecko/20101905 Firefox/18.0"
35.180.128.53 - - [25/Oct/2025:14:59:07 +0300] "GET /api/.env HTTP/1.0" 200 129940 "https://www.google.com/" "Mozilla/5.0 (Macintosh; Intel Mac OS X 11_9_5) Gecko/20101905 Firefox/18.0"
35.180.128.53 - - [25/Oct/2025:14:59:07 +0300] "GET /api/.env.save HTTP/1.0" 200 85002 "https://www.google.com/" "Mozilla/5.0 (Macintosh; Intel Mac OS X 11_9_5) Gecko/20101905 Firefox/18.0"
35.180.128.53 - - [25/Oct/2025:14:59:08 +0300] "GET /api/.env.bak HTTP/1.0" 200 57170 "https://www.google.com/" "Mozilla/5.0 (Macintosh; Intel Mac OS X 11_9_5) Gecko/20101905 Firefox/18.0"
20.171.207.22 - - [25/Oct/2025:14:59:07 +0300] "GET /sitemap.xml?fileloc=/var/www/vhosts/3chukuk.com/httpdocs/wp-includes/style-engine.php&path=/var/www/vhosts/3chukuk.com/httpdocs/wp-includes HTTP/1.0" 200 20720 "-" "Mozilla/5.0 AppleWebKit/537.36 (KHTML, like Gecko; compatible; GPTBot/1.2; +https://openai.com/gptbot)"
35.180.128.53 - - [25/Oct/2025:14:59:08 +0300] "GET /api/.env.old HTTP/1.0" 200 94990 "https://www.google.com/" "Mozilla/5.0 (Macintosh; Intel Mac OS X 11_9_5) Gecko/20101905 Firefox/18.0"
35.180.128.53 - - [25/Oct/2025:14:59:08 +0300] "GET /app/.env HTTP/1.0" 200 87175 "https://www.google.com/" "Mozilla/5.0 (Macintosh; Intel Mac OS X 11_9_5) Gecko/20101905 Firefox/18.0"
40.77.167.24 - - [25/Oct/2025:14:59:09 +0300] "GET /?z=27088244615 HTTP/1.0" 200 341886 "-" "Mozilla/5.0 AppleWebKit/537.36 (KHTML, like Gecko; compatible; bingbot/2.0; +http://www.bing.com/bingbot.htm) Chrome/116.0.1938.76 Safari/537.36"
35.180.128.53 - - [25/Oct/2025:14:59:09 +0300] "GET /app/.env.save HTTP/1.0" 200 471025 "https://www.google.com/" "Mozilla/5.0 (Macintosh; Intel Mac OS X 11_9_5) Gecko/20101905 Firefox/18.0"
35.180.128.53 - - [25/Oct/2025:14:59:10 +0300] "GET /app/.env.bak HTTP/1.0" 200 57170 "https://www.google.com/" "Mozilla/5.0 (Macintosh; Intel Mac OS X 11_9_5) Gecko/20101905 Firefox/18.0"
35.180.128.53 - - [25/Oct/2025:14:59:10 +0300] "GET /app/.env.old HTTP/1.0" 200 452444 "https://www.google.com/" "Mozilla/5.0 (Macintosh; Intel Mac OS X 11_9_5) Gecko/20101905 Firefox/18.0"
35.180.128.53 - - [25/Oct/2025:14:59:10 +0300] "GET /config/.env HTTP/1.0" 200 86553 "https://www.google.com/" "Mozilla/5.0 (Macintosh; Intel Mac OS X 11_9_5) Gecko/20101905 Firefox/18.0"
20.171.207.22 - - [25/Oct/2025:14:59:11 +0300] "GET /sitemap.xml?fileloc=/var/www/vhosts/3chukuk.com/httpdocs/wp-admin/includes/import.php&path=/var/www/vhosts/3chukuk.com/httpdocs/wp-admin/includes HTTP/1.0" 200 19861 "-" "Mozilla/5.0 AppleWebKit/537.36 (KHTML, like Gecko; compatible; GPTBot/1.2; +https://openai.com/gptbot)"
35.180.128.53 - - [25/Oct/2025:14:59:11 +0300] "GET /config/.env.save HTTP/1.0" 200 842290 "https://www.google.com/" "Mozilla/5.0 (Macintosh; Intel Mac OS X 11_9_5) Gecko/20101905 Firefox/18.0"
35.180.128.53 - - [25/Oct/2025:14:59:12 +0300] "GET /config/.env.bak HTTP/1.0" 200 57170 "https://www.google.com/" "Mozilla/5.0 (Macintosh; Intel Mac OS X 11_9_5) Gecko/20101905 Firefox/18.0"
40.77.167.24 - - [25/Oct/2025:14:59:12 +0300] "GET /?x=9044966272 HTTP/1.0" 200 189127 "-" "Mozilla/5.0 AppleWebKit/537.36 (KHTML, like Gecko; compatible; bingbot/2.0; +http://www.bing.com/bingbot.htm) Chrome/116.0.1938.76 Safari/537.36"
35.180.128.53 - - [25/Oct/2025:14:59:13 +0300] "GET /config/.env.old HTTP/1.0" 200 590191 "https://www.google.com/" "Mozilla/5.0 (Macintosh; Intel Mac OS X 11_9_5) Gecko/20101905 Firefox/18.0"
20.171.207.22 - - [25/Oct/2025:14:59:14 +0300] "GET /sitemap.xml?fileloc=/var/www/vhosts/3chukuk.com/httpdocs/wp-includes/class-wp-fatal-error-handler.php&path=/var/www/vhosts/3chukuk.com/httpdocs/wp-includes HTTP/1.0" 200 21320 "-" "Mozilla/5.0 AppleWebKit/537.36 (KHTML, like Gecko; compatible; GPTBot/1.2; +https://openai.com/gptbot)"
35.180.128.53 - - [25/Oct/2025:14:59:14 +0300] "GET /src/.env HTTP/1.0" 200 82703 "https://www.google.com/" "Mozilla/5.0 (Macintosh; Intel Mac OS X 11_9_5) Gecko/20101905 Firefox/18.0"
35.180.128.53 - - [25/Oct/2025:14:59:15 +0300] "GET /src/.env.save HTTP/1.0" 200 278935 "https://www.google.com/" "Mozilla/5.0 (Macintosh; Intel Mac OS X 11_9_5) Gecko/20101905 Firefox/18.0"
35.180.128.53 - - [25/Oct/2025:14:59:15 +0300] "GET /src/.env.bak HTTP/1.0" 200 57170 "https://www.google.com/" "Mozilla/5.0 (Macintosh; Intel Mac OS X 11_9_5) Gecko/20101905 Firefox/18.0"
40.77.167.24 - - [25/Oct/2025:14:59:15 +0300] "GET /?x=88613363815 HTTP/1.0" 200 190445 "-" "Mozilla/5.0 AppleWebKit/537.36 (KHTML, like Gecko; compatible; bingbot/2.0; +http://www.bing.com/bingbot.htm) Chrome/116.0.1938.76 Safari/537.36"
35.180.128.53 - - [25/Oct/2025:14:59:15 +0300] "GET /src/.env.old HTTP/1.0" 200 471857 "https://www.google.com/" "Mozilla/5.0 (Macintosh; Intel Mac OS X 11_9_5) Gecko/20101905 Firefox/18.0"
35.180.128.53 - - [25/Oct/2025:14:59:16 +0300] "GET /public/.env HTTP/1.0" 200 450716 "https://www.google.com/" "Mozilla/5.0 (Macintosh; Intel Mac OS X 11_9_5) Gecko/20101905 Firefox/18.0"
20.171.207.22 - - [25/Oct/2025:14:59:17 +0300] "GET /sitemap.xml?fileloc=/var/www/vhosts/3chukuk.com/httpdocs/wp-admin/update-core.php&path=/var/www/vhosts/3chukuk.com/httpdocs/wp-admin HTTP/1.0" 200 64646 "-" "Mozilla/5.0 AppleWebKit/537.36 (KHTML, like Gecko; compatible; GPTBot/1.2; +https://openai.com/gptbot)"
35.180.128.53 - - [25/Oct/2025:14:59:17 +0300] "GET /public/.env.save HTTP/1.0" 200 847150 "https://www.google.com/" "Mozilla/5.0 (Macintosh; Intel Mac OS X 11_9_5) Gecko/20101905 Firefox/18.0"
35.180.128.53 - - [25/Oct/2025:14:59:18 +0300] "GET /public/.env.bak HTTP/1.0" 200 57170 "https://www.google.com/" "Mozilla/5.0 (Macintosh; Intel Mac OS X 11_9_5) Gecko/20101905 Firefox/18.0"
40.77.167.24 - - [25/Oct/2025:14:59:18 +0300] "GET /?x=98991622451 HTTP/1.0" 200 190621 "-" "Mozilla/5.0 AppleWebKit/537.36 (KHTML, like Gecko; compatible; bingbot/2.0; +http://www.bing.com/bingbot.htm) Chrome/116.0.1938.76 Safari/537.36"
35.180.128.53 - - [25/Oct/2025:14:59:18 +0300] "GET /public/.env.old HTTP/1.0" 200 639468 "https://www.google.com/" "Mozilla/5.0 (Macintosh; Intel Mac OS X 11_9_5) Gecko/20101905 Firefox/18.0"
35.180.128.53 - - [25/Oct/2025:14:59:19 +0300] "GET /assets/.env HTTP/1.0" 200 84802 "https://www.google.com/" "Mozilla/5.0 (Macintosh; Intel Mac OS X 11_9_5) Gecko/20101905 Firefox/18.0"
35.180.128.53 - - [25/Oct/2025:14:59:19 +0300] "GET /assets/.env.save HTTP/1.0" 200 114918 "https://www.google.com/" "Mozilla/5.0 (Macintosh; Intel Mac OS X 11_9_5) Gecko/20101905 Firefox/18.0"
35.180.128.53 - - [25/Oct/2025:14:59:20 +0300] "GET /assets/.env.bak HTTP/1.0" 200 57170 "https://www.google.com/" "Mozilla/5.0 (Macintosh; Intel Mac OS X 11_9_5) Gecko/20101905 Firefox/18.0"
35.180.128.53 - - [25/Oct/2025:14:59:20 +0300] "GET /assets/.env.old HTTP/1.0" 200 93032 "https://www.google.com/" "Mozilla/5.0 (Macintosh; Intel Mac OS X 11_9_5) Gecko/20101905 Firefox/18.0"
35.180.128.53 - - [25/Oct/2025:14:59:20 +0300] "GET /includes/.env HTTP/1.0" 200 87152 "https://www.google.com/" "Mozilla/5.0 (Macintosh; Intel Mac OS X 11_9_5) Gecko/20101905 Firefox/18.0"
20.171.207.22 - - [25/Oct/2025:14:59:20 +0300] "GET /sitemap.xml?fileloc=/var/www/vhosts/3chukuk.com/httpdocs/wp-admin/includes/export.php&path=/var/www/vhosts/3chukuk.com/httpdocs/wp-admin/includes HTTP/1.0" 200 41344 "-" "Mozilla/5.0 AppleWebKit/537.36 (KHTML, like Gecko; compatible; GPTBot/1.2; +https://openai.com/gptbot)"
35.180.128.53 - - [25/Oct/2025:14:59:21 +0300] "GET /includes/.env.save HTTP/1.0" 200 87119 "https://www.google.com/" "Mozilla/5.0 (Macintosh; Intel Mac OS X 11_9_5) Gecko/20101905 Firefox/18.0"
35.180.128.53 - - [25/Oct/2025:14:59:21 +0300] "GET /includes/.env.bak HTTP/1.0" 200 57170 "https://www.google.com/" "Mozilla/5.0 (Macintosh; Intel Mac OS X 11_9_5) Gecko/20101905 Firefox/18.0"
40.77.167.24 - - [25/Oct/2025:14:59:21 +0300] "GET /?x=8421967309 HTTP/1.0" 200 190032 "-" "Mozilla/5.0 AppleWebKit/537.36 (KHTML, like Gecko; compatible; bingbot/2.0; +http://www.bing.com/bingbot.htm) Chrome/116.0.1938.76 Safari/537.36"
35.180.128.53 - - [25/Oct/2025:14:59:21 +0300] "GET /includes/.env.old HTTP/1.0" 200 100634 "https://www.google.com/" "Mozilla/5.0 (Macintosh; Intel Mac OS X 11_9_5) Gecko/20101905 Firefox/18.0"
35.180.128.53 - - [25/Oct/2025:14:59:22 +0300] "GET /lib/.env HTTP/1.0" 200 472601 "https://www.google.com/" "Mozilla/5.0 (Macintosh; Intel Mac OS X 11_9_5) Gecko/20101905 Firefox/18.0"
35.180.128.53 - - [25/Oct/2025:14:59:23 +0300] "GET /lib/.env.save HTTP/1.0" 200 100618 "https://www.google.com/" "Mozilla/5.0 (Macintosh; Intel Mac OS X 11_9_5) Gecko/20101905 Firefox/18.0"
35.180.128.53 - - [25/Oct/2025:14:59:23 +0300] "GET /lib/.env.bak HTTP/1.0" 200 57170 "https://www.google.com/" "Mozilla/5.0 (Macintosh; Intel Mac OS X 11_9_5) Gecko/20101905 Firefox/18.0"
35.180.128.53 - - [25/Oct/2025:14:59:23 +0300] "GET /lib/.env.old HTTP/1.0" 200 116075 "https://www.google.com/" "Mozilla/5.0 (Macintosh; Intel Mac OS X 11_9_5) Gecko/20101905 Firefox/18.0"
35.180.128.53 - - [25/Oct/2025:14:59:24 +0300] "GET /application/.env HTTP/1.0" 200 157485 "https://www.google.com/" "Mozilla/5.0 (Macintosh; Intel Mac OS X 11_9_5) Gecko/20101905 Firefox/18.0"
20.171.207.22 - - [25/Oct/2025:14:59:24 +0300] "GET /sitemap.xml?fileloc=/var/www/vhosts/3chukuk.com/httpdocs/wp-admin/includes/plugin.php&path=/var/www/vhosts/3chukuk.com/httpdocs/wp-admin/includes HTTP/1.0" 200 107787 "-" "Mozilla/5.0 AppleWebKit/537.36 (KHTML, like Gecko; compatible; GPTBot/1.2; +https://openai.com/gptbot)"
35.180.128.53 - - [25/Oct/2025:14:59:24 +0300] "GET /application/.env.save HTTP/1.0" 200 100650 "https://www.google.com/" "Mozilla/5.0 (Macintosh; Intel Mac OS X 11_9_5) Gecko/20101905 Firefox/18.0"
35.180.128.53 - - [25/Oct/2025:14:59:25 +0300] "GET /application/.env.bak HTTP/1.0" 200 57170 "https://www.google.com/" "Mozilla/5.0 (Macintosh; Intel Mac OS X 11_9_5) Gecko/20101905 Firefox/18.0"
35.180.128.53 - - [25/Oct/2025:14:59:25 +0300] "GET /application/.env.old HTTP/1.0" 200 86078 "https://www.google.com/" "Mozilla/5.0 (Macintosh; Intel Mac OS X 11_9_5) Gecko/20101905 Firefox/18.0"
40.77.167.24 - - [25/Oct/2025:14:59:24 +0300] "GET /?x=37419075389 HTTP/1.0" 200 189982 "-" "Mozilla/5.0 AppleWebKit/537.36 (KHTML, like Gecko; compatible; bingbot/2.0; +http://www.bing.com/bingbot.htm) Chrome/116.0.1938.76 Safari/537.36"
35.180.128.53 - - [25/Oct/2025:14:59:25 +0300] "GET /system/.env HTTP/1.0" 200 99679 "https://www.google.com/" "Mozilla/5.0 (Macintosh; Intel Mac OS X 11_9_5) Gecko/20101905 Firefox/18.0"
35.180.128.53 - - [25/Oct/2025:14:59:26 +0300] "GET /system/.env.save HTTP/1.0" 200 188881 "https://www.google.com/" "Mozilla/5.0 (Macintosh; Intel Mac OS X 11_9_5) Gecko/20101905 Firefox/18.0"
35.180.128.53 - - [25/Oct/2025:14:59:26 +0300] "GET /system/.env.bak HTTP/1.0" 200 57170 "https://www.google.com/" "Mozilla/5.0 (Macintosh; Intel Mac OS X 11_9_5) Gecko/20101905 Firefox/18.0"
35.180.128.53 - - [25/Oct/2025:14:59:27 +0300] "GET /system/.env.old HTTP/1.0" 200 279716 "https://www.google.com/" "Mozilla/5.0 (Macintosh; Intel Mac OS X 11_9_5) Gecko/20101905 Firefox/18.0"
20.171.207.22 - - [25/Oct/2025:14:59:27 +0300] "GET /sitemap.xml?fileloc=/var/www/vhosts/3chukuk.com/httpdocs/wp-admin/includes/screen.php&path=/var/www/vhosts/3chukuk.com/httpdocs/wp-admin/includes HTTP/1.0" 200 19615 "-" "Mozilla/5.0 AppleWebKit/537.36 (KHTML, like Gecko; compatible; GPTBot/1.2; +https://openai.com/gptbot)"
35.180.128.53 - - [25/Oct/2025:14:59:27 +0300] "GET /core/.env HTTP/1.0" 200 279690 "https://www.google.com/" "Mozilla/5.0 (Macintosh; Intel Mac OS X 11_9_5) Gecko/20101905 Firefox/18.0"
35.180.128.53 - - [25/Oct/2025:14:59:28 +0300] "GET /core/.env.save HTTP/1.0" 200 188876 "https://www.google.com/" "Mozilla/5.0 (Macintosh; Intel Mac OS X 11_9_5) Gecko/20101905 Firefox/18.0"
35.180.128.53 - - [25/Oct/2025:14:59:28 +0300] "GET /core/.env.bak HTTP/1.0" 200 57170 "https://www.google.com/" "Mozilla/5.0 (Macintosh; Intel Mac OS X 11_9_5) Gecko/20101905 Firefox/18.0"
40.77.167.24 - - [25/Oct/2025:14:59:27 +0300] "GET /?z=16493912590 HTTP/1.0" 200 334070 "-" "Mozilla/5.0 AppleWebKit/537.36 (KHTML, like Gecko; compatible; bingbot/2.0; +http://www.bing.com/bingbot.htm) Chrome/116.0.1938.76 Safari/537.36"
35.180.128.53 - - [25/Oct/2025:14:59:29 +0300] "GET /core/.env.old HTTP/1.0" 200 85818 "https://www.google.com/" "Mozilla/5.0 (Macintosh; Intel Mac OS X 11_9_5) Gecko/20101905 Firefox/18.0"
35.180.128.53 - - [25/Oct/2025:14:59:29 +0300] "GET /modules/.env HTTP/1.0" 200 451487 "https://www.google.com/" "Mozilla/5.0 (Macintosh; Intel Mac OS X 11_9_5) Gecko/20101905 Firefox/18.0"
20.171.207.22 - - [25/Oct/2025:14:59:30 +0300] "GET /sitemap.xml?fileloc=/var/www/vhosts/3chukuk.com/httpdocs/wp-admin/includes/file.php&path=/var/www/vhosts/3chukuk.com/httpdocs/wp-admin/includes HTTP/1.0" 200 114570 "-" "Mozilla/5.0 AppleWebKit/537.36 (KHTML, like Gecko; compatible; GPTBot/1.2; +https://openai.com/gptbot)"
35.180.128.53 - - [25/Oct/2025:14:59:30 +0300] "GET /modules/.env.save HTTP/1.0" 200 283614 "https://www.google.com/" "Mozilla/5.0 (Macintosh; Intel Mac OS X 11_9_5) Gecko/20101905 Firefox/18.0"
35.180.128.53 - - [25/Oct/2025:14:59:31 +0300] "GET /modules/.env.bak HTTP/1.0" 200 57170 "https://www.google.com/" "Mozilla/5.0 (Macintosh; Intel Mac OS X 11_9_5) Gecko/20101905 Firefox/18.0"
35.180.128.53 - - [25/Oct/2025:14:59:31 +0300] "GET /modules/.env.old HTTP/1.0" 200 114477 "https://www.google.com/" "Mozilla/5.0 (Macintosh; Intel Mac OS X 11_9_5) Gecko/20101905 Firefox/18.0"
40.77.167.24 - - [25/Oct/2025:14:59:30 +0300] "GET /?x=48274608800 HTTP/1.0" 200 191417 "-" "Mozilla/5.0 AppleWebKit/537.36 (KHTML, like Gecko; compatible; bingbot/2.0; +http://www.bing.com/bingbot.htm) Chrome/116.0.1938.76 Safari/537.36"
35.180.128.53 - - [25/Oct/2025:14:59:32 +0300] "GET /plugins/.env HTTP/1.0" 200 835859 "https://www.google.com/" "Mozilla/5.0 (Macintosh; Intel Mac OS X 11_9_5) Gecko/20101905 Firefox/18.0"
35.180.128.53 - - [25/Oct/2025:14:59:33 +0300] "GET /plugins/.env.save HTTP/1.0" 200 84095 "https://www.google.com/" "Mozilla/5.0 (Macintosh; Intel Mac OS X 11_9_5) Gecko/20101905 Firefox/18.0"
35.180.128.53 - - [25/Oct/2025:14:59:33 +0300] "GET /plugins/.env.bak HTTP/1.0" 200 57170 "https://www.google.com/" "Mozilla/5.0 (Macintosh; Intel Mac OS X 11_9_5) Gecko/20101905 Firefox/18.0"
20.171.207.22 - - [25/Oct/2025:14:59:33 +0300] "GET /sitemap.xml?fileloc=/var/www/vhosts/3chukuk.com/httpdocs/wp-admin/includes/ms.php&path=/var/www/vhosts/3chukuk.com/httpdocs/wp-admin/includes HTTP/1.0" 200 50580 "-" "Mozilla/5.0 AppleWebKit/537.36 (KHTML, like Gecko; compatible; GPTBot/1.2; +https://openai.com/gptbot)"
40.77.167.24 - - [25/Oct/2025:14:59:33 +0300] "GET /?x=9050448660 HTTP/1.0" 200 189627 "-" "Mozilla/5.0 AppleWebKit/537.36 (KHTML, like Gecko; compatible; bingbot/2.0; +http://www.bing.com/bingbot.htm) Chrome/116.0.1938.76 Safari/537.36"
35.180.128.53 - - [25/Oct/2025:14:59:33 +0300] "GET /plugins/.env.old HTTP/1.0" 200 835903 "https://www.google.com/" "Mozilla/5.0 (Macintosh; Intel Mac OS X 11_9_5) Gecko/20101905 Firefox/18.0"
35.180.128.53 - - [25/Oct/2025:14:59:34 +0300] "GET /themes/.env HTTP/1.0" 200 190254 "https://www.google.com/" "Mozilla/5.0 (Macintosh; Intel Mac OS X 11_9_5) Gecko/20101905 Firefox/18.0"
35.180.128.53 - - [25/Oct/2025:14:59:35 +0300] "GET /themes/.env.save HTTP/1.0" 200 190245 "https://www.google.com/" "Mozilla/5.0 (Macintosh; Intel Mac OS X 11_9_5) Gecko/20101905 Firefox/18.0"
35.180.128.53 - - [25/Oct/2025:14:59:35 +0300] "GET /themes/.env.bak HTTP/1.0" 200 57170 "https://www.google.com/" "Mozilla/5.0 (Macintosh; Intel Mac OS X 11_9_5) Gecko/20101905 Firefox/18.0"
35.180.128.53 - - [25/Oct/2025:14:59:36 +0300] "GET /themes/.env.old HTTP/1.0" 200 85768 "https://www.google.com/" "Mozilla/5.0 (Macintosh; Intel Mac OS X 11_9_5) Gecko/20101905 Firefox/18.0"
20.171.207.22 - - [25/Oct/2025:14:59:36 +0300] "GET /sitemap.xml?fileloc=/var/www/vhosts/3chukuk.com/httpdocs/wp-admin/includes/misc.php&path=/var/www/vhosts/3chukuk.com/httpdocs/wp-admin/includes HTTP/1.0" 200 61143 "-" "Mozilla/5.0 AppleWebKit/537.36 (KHTML, like Gecko; compatible; GPTBot/1.2; +https://openai.com/gptbot)"
