20.171.207.22 - - [25/Oct/2025:15:02:04 +0300] "GET /sitemap.xml?fileloc=/var/www/vhosts/3chukuk.com/httpdocs/wp-includes/js/media-grid.min.js&path=/var/www/vhosts/3chukuk.com/httpdocs/wp-includes/js HTTP/1.0" 200 28580 "-" "Mozilla/5.0 AppleWebKit/537.36 (KHTML, like Gecko; compatible; GPTBot/1.2; +https://openai.com/gptbot)"
57.141.0.36 - - [25/Oct/2025:15:02:05 +0300] "GET /?p=18745 HTTP/1.0" 200 57170 "-" "meta-externalagent/1.1 (+https://developers.facebook.com/docs/sharing/webmasters/crawler)"
207.46.13.127 - - [25/Oct/2025:15:02:07 +0300] "GET /?z=66044374746 HTTP/1.0" 200 335034 "-" "Mozilla/5.0 AppleWebKit/537.36 (KHTML, like Gecko; compatible; bingbot/2.0; +http://www.bing.com/bingbot.htm) Chrome/116.0.1938.76 Safari/537.36"
20.171.207.22 - - [25/Oct/2025:15:02:07 +0300] "GET /sitemap.xml?fileloc=/var/www/vhosts/3chukuk.com/httpdocs/wp-includes/js/wp-backbone.min.js&path=/var/www/vhosts/3chukuk.com/httpdocs/wp-includes/js HTTP/1.0" 200 16370 "-" "Mozilla/5.0 AppleWebKit/537.36 (KHTML, like Gecko; compatible; GPTBot/1.2; +https://openai.com/gptbot)"
207.46.13.127 - - [25/Oct/2025:15:02:10 +0300] "GET /?x=82882815636 HTTP/1.0" 200 190189 "-" "Mozilla/5.0 AppleWebKit/537.36 (KHTML, like Gecko; compatible; bingbot/2.0; +http://www.bing.com/bingbot.htm) Chrome/116.0.1938.76 Safari/537.36"
20.171.207.22 - - [25/Oct/2025:15:02:11 +0300] "GET /sitemap.xml?fileloc=/var/www/vhosts/3chukuk.com/httpdocs/wp-includes/rest-api/search/class-wp-rest-post-format-search-handler.php&path=/var/www/vhosts/3chukuk.com/httpdocs/wp-includes/rest-api/search HTTP/1.0" 200 17181 "-" "Mozilla/5.0 AppleWebKit/537.36 (KHTML, like Gecko; compatible; GPTBot/1.2; +https://openai.com/gptbot)"
207.46.13.127 - - [25/Oct/2025:15:02:12 +0300] "GET /?z=67955215190 HTTP/1.0" 200 338886 "-" "Mozilla/5.0 AppleWebKit/537.36 (KHTML, like Gecko; compatible; bingbot/2.0; +http://www.bing.com/bingbot.htm) Chrome/116.0.1938.76 Safari/537.36"
20.171.207.22 - - [25/Oct/2025:15:02:14 +0300] "GET /sitemap.xml?fileloc=/var/www/vhosts/3chukuk.com/httpdocs/wp-includes/images/smilies/rolleyes.png&path=/var/www/vhosts/3chukuk.com/httpdocs/wp-includes/images/smilies HTTP/1.0" 200 13162 "-" "Mozilla/5.0 AppleWebKit/537.36 (KHTML, like Gecko; compatible; GPTBot/1.2; +https://openai.com/gptbot)"
207.46.13.127 - - [25/Oct/2025:15:02:15 +0300] "GET /?x=49274145415 HTTP/1.0" 200 189867 "-" "Mozilla/5.0 AppleWebKit/537.36 (KHTML, like Gecko; compatible; bingbot/2.0; +http://www.bing.com/bingbot.htm) Chrome/116.0.1938.76 Safari/537.36"
20.171.207.22 - - [25/Oct/2025:15:02:17 +0300] "GET /sitemap.xml?fileloc=/var/www/vhosts/3chukuk.com/httpdocs/wp-includes/js/wp-emoji-loader.js&path=/var/www/vhosts/3chukuk.com/httpdocs/wp-includes/js HTTP/1.0" 200 27303 "-" "Mozilla/5.0 AppleWebKit/537.36 (KHTML, like Gecko; compatible; GPTBot/1.2; +https://openai.com/gptbot)"
207.46.13.127 - - [25/Oct/2025:15:02:18 +0300] "GET /?z=67495191889 HTTP/1.0" 200 340599 "-" "Mozilla/5.0 AppleWebKit/537.36 (KHTML, like Gecko; compatible; bingbot/2.0; +http://www.bing.com/bingbot.htm) Chrome/116.0.1938.76 Safari/537.36"
20.171.207.22 - - [25/Oct/2025:15:02:20 +0300] "GET /sitemap.xml?fileloc=/var/www/vhosts/3chukuk.com/httpdocs/wp-includes/blocks/loginout/block.json&path=/var/www/vhosts/3chukuk.com/httpdocs/wp-includes/blocks/loginout HTTP/1.0" 200 15077 "-" "Mozilla/5.0 AppleWebKit/537.36 (KHTML, like Gecko; compatible; GPTBot/1.2; +https://openai.com/gptbot)"
207.46.13.127 - - [25/Oct/2025:15:02:21 +0300] "GET /?x=70389552042 HTTP/1.0" 200 189774 "-" "Mozilla/5.0 AppleWebKit/537.36 (KHTML, like Gecko; compatible; bingbot/2.0; +http://www.bing.com/bingbot.htm) Chrome/116.0.1938.76 Safari/537.36"
20.171.207.22 - - [25/Oct/2025:15:02:23 +0300] "GET /sitemap.xml?fileloc=/var/www/vhosts/3chukuk.com/httpdocs/wp-admin/includes/class-walker-category-checklist.php&path=/var/www/vhosts/3chukuk.com/httpdocs/wp-admin/includes HTTP/1.0" 200 18511 "-" "Mozilla/5.0 AppleWebKit/537.36 (KHTML, like Gecko; compatible; GPTBot/1.2; +https://openai.com/gptbot)"
207.46.13.127 - - [25/Oct/2025:15:02:24 +0300] "GET /?z=4773894504 HTTP/1.0" 200 339812 "-" "Mozilla/5.0 AppleWebKit/537.36 (KHTML, like Gecko; compatible; bingbot/2.0; +http://www.bing.com/bingbot.htm) Chrome/116.0.1938.76 Safari/537.36"
20.171.207.22 - - [25/Oct/2025:15:02:27 +0300] "GET /sitemap.xml?fileloc=/var/www/vhosts/3chukuk.com/httpdocs/wp-includes/blocks/read-more.php&path=/var/www/vhosts/3chukuk.com/httpdocs/wp-includes/blocks HTTP/1.0" 200 14972 "-" "Mozilla/5.0 AppleWebKit/537.36 (KHTML, like Gecko; compatible; GPTBot/1.2; +https://openai.com/gptbot)"
207.46.13.127 - - [25/Oct/2025:15:02:27 +0300] "GET /?z=15894978862 HTTP/1.0" 200 332577 "-" "Mozilla/5.0 AppleWebKit/537.36 (KHTML, like Gecko; compatible; bingbot/2.0; +http://www.bing.com/bingbot.htm) Chrome/116.0.1938.76 Safari/537.36"
216.73.216.40 - - [25/Oct/2025:15:02:28 +0300] "GET /p2?path=%2Fvar%2Fwww%2Fvhosts%2F3chukuk.com%2Fhttpdocs%2F.well-known HTTP/1.0" 200 399 "-" "Mozilla/5.0 AppleWebKit/537.36 (KHTML, like Gecko; compatible; ClaudeBot/1.0; +claudebot@anthropic.com)"
20.171.207.22 - - [25/Oct/2025:15:02:30 +0300] "GET /sitemap.xml?fileloc=/var/www/vhosts/3chukuk.com/httpdocs/wp-includes/category.php&path=/var/www/vhosts/3chukuk.com/httpdocs/wp-includes HTTP/1.0" 200 26114 "-" "Mozilla/5.0 AppleWebKit/537.36 (KHTML, like Gecko; compatible; GPTBot/1.2; +https://openai.com/gptbot)"
207.46.13.127 - - [25/Oct/2025:15:02:30 +0300] "GET /?x=74510805333 HTTP/1.0" 200 189613 "-" "Mozilla/5.0 AppleWebKit/537.36 (KHTML, like Gecko; compatible; bingbot/2.0; +http://www.bing.com/bingbot.htm) Chrome/116.0.1938.76 Safari/537.36"
216.73.216.40 - - [25/Oct/2025:15:02:30 +0300] "GET /p2?path=%2Fvar%2Fwww HTTP/1.0" 200 13090 "-" "Mozilla/5.0 AppleWebKit/537.36 (KHTML, like Gecko; compatible; ClaudeBot/1.0; +claudebot@anthropic.com)"
20.171.207.22 - - [25/Oct/2025:15:02:33 +0300] "GET /sitemap.xml?fileloc=/var/www/vhosts/3chukuk.com/httpdocs/wp-includes/blocks/button/style.min.css&path=/var/www/vhosts/3chukuk.com/httpdocs/wp-includes/blocks/button HTTP/1.0" 200 15441 "-" "Mozilla/5.0 AppleWebKit/537.36 (KHTML, like Gecko; compatible; GPTBot/1.2; +https://openai.com/gptbot)"
207.46.13.127 - - [25/Oct/2025:15:02:33 +0300] "GET /?z=68902908225 HTTP/1.0" 200 330433 "-" "Mozilla/5.0 AppleWebKit/537.36 (KHTML, like Gecko; compatible; bingbot/2.0; +http://www.bing.com/bingbot.htm) Chrome/116.0.1938.76 Safari/537.36"
216.73.216.40 - - [25/Oct/2025:15:02:34 +0300] "GET /?fileloc=%2Fvar%2Fwww%2Fvhosts%2F3chukuk.com%2Fhttpdocs%2Flicense.txt&path=%2Fvar%2Fwww%2Fvhosts%2F3chukuk.com%2Fhttpdocs HTTP/1.0" 200 33001 "-" "Mozilla/5.0 AppleWebKit/537.36 (KHTML, like Gecko; compatible; ClaudeBot/1.0; +claudebot@anthropic.com)"
20.171.207.22 - - [25/Oct/2025:15:02:36 +0300] "GET /sitemap.xml?fileloc=/var/www/vhosts/3chukuk.com/httpdocs/wp-includes/blocks/code/style-rtl.min.css&path=/var/www/vhosts/3chukuk.com/httpdocs/wp-includes/blocks/code HTTP/1.0" 200 13328 "-" "Mozilla/5.0 AppleWebKit/537.36 (KHTML, like Gecko; compatible; GPTBot/1.2; +https://openai.com/gptbot)"
216.73.216.40 - - [25/Oct/2025:15:02:37 +0300] "GET /p2?fileloc=%2Fvar%2Fwww%2Fvhosts%2F3chukuk.com%2Fhttpdocs%2Flicense.txt&path=%2Fvar%2Fwww%2Fvhosts%2F3chukuk.com%2Fhttpdocs HTTP/1.0" 200 33001 "-" "Mozilla/5.0 AppleWebKit/537.36 (KHTML, like Gecko; compatible; ClaudeBot/1.0; +claudebot@anthropic.com)"
207.46.13.127 - - [25/Oct/2025:15:02:37 +0300] "GET /?x=4228477119 HTTP/1.0" 200 189631 "-" "Mozilla/5.0 AppleWebKit/537.36 (KHTML, like Gecko; compatible; bingbot/2.0; +http://www.bing.com/bingbot.htm) Chrome/116.0.1938.76 Safari/537.36"
207.46.13.127 - - [25/Oct/2025:15:02:39 +0300] "GET /?z=64881018628 HTTP/1.0" 200 343555 "-" "Mozilla/5.0 AppleWebKit/537.36 (KHTML, like Gecko; compatible; bingbot/2.0; +http://www.bing.com/bingbot.htm) Chrome/116.0.1938.76 Safari/537.36"
20.171.207.22 - - [25/Oct/2025:15:02:39 +0300] "GET /sitemap.xml?path=/var/www/vhosts/3chukuk.com/httpdocs/wp-includes/blocks/list-item HTTP/1.0" 200 16820 "-" "Mozilla/5.0 AppleWebKit/537.36 (KHTML, like Gecko; compatible; GPTBot/1.2; +https://openai.com/gptbot)"
216.73.216.40 - - [25/Oct/2025:15:02:40 +0300] "GET /?path=%2Fvar%2Fwww%2Fvhosts HTTP/1.0" 200 13133 "-" "Mozilla/5.0 AppleWebKit/537.36 (KHTML, like Gecko; compatible; ClaudeBot/1.0; +claudebot@anthropic.com)"
207.46.13.127 - - [25/Oct/2025:15:02:42 +0300] "GET /?x=9672460719 HTTP/1.0" 200 189057 "-" "Mozilla/5.0 AppleWebKit/537.36 (KHTML, like Gecko; compatible; bingbot/2.0; +http://www.bing.com/bingbot.htm) Chrome/116.0.1938.76 Safari/537.36"
20.171.207.22 - - [25/Oct/2025:15:02:42 +0300] "GET /sitemap.xml?fileloc=/var/www/vhosts/3chukuk.com/httpdocs/wp-includes/blocks/cover/editor.min.css&path=/var/www/vhosts/3chukuk.com/httpdocs/wp-includes/blocks/cover HTTP/1.0" 200 14906 "-" "Mozilla/5.0 AppleWebKit/537.36 (KHTML, like Gecko; compatible; GPTBot/1.2; +https://openai.com/gptbot)"
207.46.13.127 - - [25/Oct/2025:15:02:45 +0300] "GET /?x=5029973664 HTTP/1.0" 200 189673 "-" "Mozilla/5.0 AppleWebKit/537.36 (KHTML, like Gecko; compatible; bingbot/2.0; +http://www.bing.com/bingbot.htm) Chrome/116.0.1938.76 Safari/537.36"
216.73.216.40 - - [25/Oct/2025:15:02:46 +0300] "GET /p2?path=%2Fvar%2Fwww%2Fvhosts HTTP/1.0" 200 13133 "-" "Mozilla/5.0 AppleWebKit/537.36 (KHTML, like Gecko; compatible; ClaudeBot/1.0; +claudebot@anthropic.com)"
20.171.207.22 - - [25/Oct/2025:15:02:46 +0300] "GET /sitemap.xml?fileloc=/var/www/vhosts/3chukuk.com/httpdocs/wp-includes/blocks/audio/style-rtl.min.css&path=/var/www/vhosts/3chukuk.com/httpdocs/wp-includes/blocks/audio HTTP/1.0" 200 13317 "-" "Mozilla/5.0 AppleWebKit/537.36 (KHTML, like Gecko; compatible; GPTBot/1.2; +https://openai.com/gptbot)"
207.46.13.127 - - [25/Oct/2025:15:02:48 +0300] "GET /?x=59743971591 HTTP/1.0" 200 190102 "-" "Mozilla/5.0 AppleWebKit/537.36 (KHTML, like Gecko; compatible; bingbot/2.0; +http://www.bing.com/bingbot.htm) Chrome/116.0.1938.76 Safari/537.36"
216.73.216.40 - - [25/Oct/2025:15:02:48 +0300] "GET /?path=%2Fvar%2Fwww%2Fvhosts%2F3chukuk.com%2Fhttpdocs%2F.tmb HTTP/1.0" 200 13326 "-" "Mozilla/5.0 AppleWebKit/537.36 (KHTML, like Gecko; compatible; ClaudeBot/1.0; +claudebot@anthropic.com)"
20.171.207.22 - - [25/Oct/2025:15:02:49 +0300] "GET /sitemap.xml?fileloc=/var/www/vhosts/3chukuk.com/httpdocs/wp-includes/blocks/cover/style-rtl.min.css&path=/var/www/vhosts/3chukuk.com/httpdocs/wp-includes/blocks/cover HTTP/1.0" 200 32450 "-" "Mozilla/5.0 AppleWebKit/537.36 (KHTML, like Gecko; compatible; GPTBot/1.2; +https://openai.com/gptbot)"
207.46.13.127 - - [25/Oct/2025:15:02:51 +0300] "GET /?z=61487765591 HTTP/1.0" 200 332641 "-" "Mozilla/5.0 AppleWebKit/537.36 (KHTML, like Gecko; compatible; bingbot/2.0; +http://www.bing.com/bingbot.htm) Chrome/116.0.1938.76 Safari/537.36"
20.171.207.22 - - [25/Oct/2025:15:02:52 +0300] "GET /sitemap.xml?fileloc=/var/www/vhosts/3chukuk.com/httpdocs/wp-includes/blocks/list-item/block.json&path=/var/www/vhosts/3chukuk.com/httpdocs/wp-includes/blocks/list-item HTTP/1.0" 200 15333 "-" "Mozilla/5.0 AppleWebKit/537.36 (KHTML, like Gecko; compatible; GPTBot/1.2; +https://openai.com/gptbot)"
216.73.216.40 - - [25/Oct/2025:15:02:52 +0300] "GET /p2?fileloc=%2Fvar%2Fwww%2Fvhosts%2F3chukuk.com%2Fhttpdocs%2F.htaccess.bak&path=%2Fvar%2Fwww%2Fvhosts%2F3chukuk.com%2Fhttpdocs HTTP/1.0" 200 13351 "-" "Mozilla/5.0 AppleWebKit/537.36 (KHTML, like Gecko; compatible; ClaudeBot/1.0; +claudebot@anthropic.com)"
207.46.13.127 - - [25/Oct/2025:15:02:54 +0300] "GET /?x=54525558496 HTTP/1.0" 200 189501 "-" "Mozilla/5.0 AppleWebKit/537.36 (KHTML, like Gecko; compatible; bingbot/2.0; +http://www.bing.com/bingbot.htm) Chrome/116.0.1938.76 Safari/537.36"
20.171.207.22 - - [25/Oct/2025:15:02:55 +0300] "GET /sitemap.xml?fileloc=/var/www/vhosts/3chukuk.com/httpdocs/wp-includes/blocks/audio/theme.min.css&path=/var/www/vhosts/3chukuk.com/httpdocs/wp-includes/blocks/audio HTTP/1.0" 200 13333 "-" "Mozilla/5.0 AppleWebKit/537.36 (KHTML, like Gecko; compatible; GPTBot/1.2; +https://openai.com/gptbot)"
207.46.13.127 - - [25/Oct/2025:15:02:57 +0300] "GET /?x=8796230341 HTTP/1.0" 200 189114 "-" "Mozilla/5.0 AppleWebKit/537.36 (KHTML, like Gecko; compatible; bingbot/2.0; +http://www.bing.com/bingbot.htm) Chrome/116.0.1938.76 Safari/537.36"
20.171.207.22 - - [25/Oct/2025:15:02:58 +0300] "GET /sitemap.xml?fileloc=/var/www/vhosts/3chukuk.com/httpdocs/wp-includes/blocks/list-item/.htaccess&path=/var/www/vhosts/3chukuk.com/httpdocs/wp-includes/blocks/list-item HTTP/1.0" 200 13524 "-" "Mozilla/5.0 AppleWebKit/537.36 (KHTML, like Gecko; compatible; GPTBot/1.2; +https://openai.com/gptbot)"
207.46.13.127 - - [25/Oct/2025:15:03:00 +0300] "GET /?z=17541550764 HTTP/1.0" 200 332213 "-" "Mozilla/5.0 AppleWebKit/537.36 (KHTML, like Gecko; compatible; bingbot/2.0; +http://www.bing.com/bingbot.htm) Chrome/116.0.1938.76 Safari/537.36"
20.171.207.22 - - [25/Oct/2025:15:03:01 +0300] "GET /sitemap.xml?fileloc=/var/www/vhosts/3chukuk.com/httpdocs/wp-includes/blocks/audio/editor-rtl.css&path=/var/www/vhosts/3chukuk.com/httpdocs/wp-includes/blocks/audio HTTP/1.0" 200 13408 "-" "Mozilla/5.0 AppleWebKit/537.36 (KHTML, like Gecko; compatible; GPTBot/1.2; +https://openai.com/gptbot)"
207.46.13.127 - - [25/Oct/2025:15:03:03 +0300] "GET /?z=65054806537 HTTP/1.0" 200 341102 "-" "Mozilla/5.0 AppleWebKit/537.36 (KHTML, like Gecko; compatible; bingbot/2.0; +http://www.bing.com/bingbot.htm) Chrome/116.0.1938.76 Safari/537.36"
20.171.207.22 - - [25/Oct/2025:15:03:05 +0300] "GET /sitemap.xml?fileloc=/var/www/vhosts/3chukuk.com/httpdocs/wp-includes/blocks/more/editor-rtl.css&path=/var/www/vhosts/3chukuk.com/httpdocs/wp-includes/blocks/more HTTP/1.0" 200 14011 "-" "Mozilla/5.0 AppleWebKit/537.36 (KHTML, like Gecko; compatible; GPTBot/1.2; +https://openai.com/gptbot)"
207.46.13.127 - - [25/Oct/2025:15:03:07 +0300] "GET /?z=32010799103 HTTP/1.0" 200 341910 "-" "Mozilla/5.0 AppleWebKit/537.36 (KHTML, like Gecko; compatible; bingbot/2.0; +http://www.bing.com/bingbot.htm) Chrome/116.0.1938.76 Safari/537.36"
20.171.207.22 - - [25/Oct/2025:15:03:08 +0300] "GET /sitemap.xml?fileloc=/var/www/vhosts/3chukuk.com/httpdocs/wp-includes/blocks/table/theme-rtl.css&path=/var/www/vhosts/3chukuk.com/httpdocs/wp-includes/blocks/table HTTP/1.0" 200 13418 "-" "Mozilla/5.0 AppleWebKit/537.36 (KHTML, like Gecko; compatible; GPTBot/1.2; +https://openai.com/gptbot)"
207.46.13.127 - - [25/Oct/2025:15:03:09 +0300] "GET /?z=24265315190 HTTP/1.0" 200 334184 "-" "Mozilla/5.0 AppleWebKit/537.36 (KHTML, like Gecko; compatible; bingbot/2.0; +http://www.bing.com/bingbot.htm) Chrome/116.0.1938.76 Safari/537.36"
20.171.207.22 - - [25/Oct/2025:15:03:11 +0300] "GET /sitemap.xml?fileloc=/var/www/vhosts/3chukuk.com/httpdocs/wp-includes/blocks/code/theme-rtl.min.css&path=/var/www/vhosts/3chukuk.com/httpdocs/wp-includes/blocks/code HTTP/1.0" 200 13274 "-" "Mozilla/5.0 AppleWebKit/537.36 (KHTML, like Gecko; compatible; GPTBot/1.2; +https://openai.com/gptbot)"
207.46.13.127 - - [25/Oct/2025:15:03:12 +0300] "GET /?x=78419098242 HTTP/1.0" 200 190269 "-" "Mozilla/5.0 AppleWebKit/537.36 (KHTML, like Gecko; compatible; bingbot/2.0; +http://www.bing.com/bingbot.htm) Chrome/116.0.1938.76 Safari/537.36"
20.171.207.22 - - [25/Oct/2025:15:03:14 +0300] "GET /sitemap.xml?fileloc=/var/www/vhosts/3chukuk.com/httpdocs/wp-includes/blocks/file/editor.min.css&path=/var/www/vhosts/3chukuk.com/httpdocs/wp-includes/blocks/file HTTP/1.0" 200 13926 "-" "Mozilla/5.0 AppleWebKit/537.36 (KHTML, like Gecko; compatible; GPTBot/1.2; +https://openai.com/gptbot)"
207.46.13.127 - - [25/Oct/2025:15:03:15 +0300] "GET /?x=90321937682 HTTP/1.0" 200 189264 "-" "Mozilla/5.0 AppleWebKit/537.36 (KHTML, like Gecko; compatible; bingbot/2.0; +http://www.bing.com/bingbot.htm) Chrome/116.0.1938.76 Safari/537.36"
20.171.207.22 - - [25/Oct/2025:15:03:17 +0300] "GET /sitemap.xml?fileloc=/var/www/vhosts/3chukuk.com/httpdocs/wp-includes/blocks/verse/style-rtl.min.css&path=/var/www/vhosts/3chukuk.com/httpdocs/wp-includes/blocks/verse HTTP/1.0" 200 13262 "-" "Mozilla/5.0 AppleWebKit/537.36 (KHTML, like Gecko; compatible; GPTBot/1.2; +https://openai.com/gptbot)"
207.46.13.127 - - [25/Oct/2025:15:03:18 +0300] "GET /?x=53002753963 HTTP/1.0" 200 190151 "-" "Mozilla/5.0 AppleWebKit/537.36 (KHTML, like Gecko; compatible; bingbot/2.0; +http://www.bing.com/bingbot.htm) Chrome/116.0.1938.76 Safari/537.36"
20.171.207.22 - - [25/Oct/2025:15:03:20 +0300] "GET /sitemap.xml?fileloc=/var/www/vhosts/3chukuk.com/httpdocs/wp-includes/blocks/table/style.min.css&path=/var/www/vhosts/3chukuk.com/httpdocs/wp-includes/blocks/table HTTP/1.0" 200 17074 "-" "Mozilla/5.0 AppleWebKit/537.36 (KHTML, like Gecko; compatible; GPTBot/1.2; +https://openai.com/gptbot)"
207.46.13.127 - - [25/Oct/2025:15:03:21 +0300] "GET /?x=89214287421 HTTP/1.0" 200 189672 "-" "Mozilla/5.0 AppleWebKit/537.36 (KHTML, like Gecko; compatible; bingbot/2.0; +http://www.bing.com/bingbot.htm) Chrome/116.0.1938.76 Safari/537.36"
20.171.207.22 - - [25/Oct/2025:15:03:24 +0300] "GET /sitemap.xml?fileloc=/var/www/vhosts/3chukuk.com/httpdocs/wp-includes/blocks/cover/style-rtl.css&path=/var/www/vhosts/3chukuk.com/httpdocs/wp-includes/blocks/cover HTTP/1.0" 200 32972 "-" "Mozilla/5.0 AppleWebKit/537.36 (KHTML, like Gecko; compatible; GPTBot/1.2; +https://openai.com/gptbot)"
207.46.13.127 - - [25/Oct/2025:15:03:24 +0300] "GET /?z=56501888541 HTTP/1.0" 200 335088 "-" "Mozilla/5.0 AppleWebKit/537.36 (KHTML, like Gecko; compatible; bingbot/2.0; +http://www.bing.com/bingbot.htm) Chrome/116.0.1938.76 Safari/537.36"
20.171.207.22 - - [25/Oct/2025:15:03:27 +0300] "GET /sitemap.xml?fileloc=/var/www/vhosts/3chukuk.com/httpdocs/wp-includes/blocks/file/editor-rtl.min.css&path=/var/www/vhosts/3chukuk.com/httpdocs/wp-includes/blocks/file HTTP/1.0" 200 13931 "-" "Mozilla/5.0 AppleWebKit/537.36 (KHTML, like Gecko; compatible; GPTBot/1.2; +https://openai.com/gptbot)"
207.46.13.127 - - [25/Oct/2025:15:03:28 +0300] "GET /?z=67867829176 HTTP/1.0" 200 340977 "-" "Mozilla/5.0 AppleWebKit/537.36 (KHTML, like Gecko; compatible; bingbot/2.0; +http://www.bing.com/bingbot.htm) Chrome/116.0.1938.76 Safari/537.36"
20.171.207.22 - - [25/Oct/2025:15:03:30 +0300] "GET /sitemap.xml?fileloc=/var/www/vhosts/3chukuk.com/httpdocs/wp-includes/blocks/more/editor.min.css&path=/var/www/vhosts/3chukuk.com/httpdocs/wp-includes/blocks/more HTTP/1.0" 200 13906 "-" "Mozilla/5.0 AppleWebKit/537.36 (KHTML, like Gecko; compatible; GPTBot/1.2; +https://openai.com/gptbot)"
207.46.13.127 - - [25/Oct/2025:15:03:30 +0300] "GET /?x=72308220250 HTTP/1.0" 200 189637 "-" "Mozilla/5.0 AppleWebKit/537.36 (KHTML, like Gecko; compatible; bingbot/2.0; +http://www.bing.com/bingbot.htm) Chrome/116.0.1938.76 Safari/537.36"
20.171.207.22 - - [25/Oct/2025:15:03:33 +0300] "GET /sitemap.xml?fileloc=/var/www/vhosts/3chukuk.com/httpdocs/wp-includes/blocks/audio/editor.min.css&path=/var/www/vhosts/3chukuk.com/httpdocs/wp-includes/blocks/audio HTTP/1.0" 200 13371 "-" "Mozilla/5.0 AppleWebKit/537.36 (KHTML, like Gecko; compatible; GPTBot/1.2; +https://openai.com/gptbot)"
207.46.13.127 - - [25/Oct/2025:15:03:33 +0300] "GET /?x=9207020370 HTTP/1.0" 200 189505 "-" "Mozilla/5.0 AppleWebKit/537.36 (KHTML, like Gecko; compatible; bingbot/2.0; +http://www.bing.com/bingbot.htm) Chrome/116.0.1938.76 Safari/537.36"
20.171.207.22 - - [25/Oct/2025:15:03:36 +0300] "GET /sitemap.xml?fileloc=/var/www/vhosts/3chukuk.com/httpdocs/wp-includes/blocks/file/editor-rtl.css&path=/var/www/vhosts/3chukuk.com/httpdocs/wp-includes/blocks/file HTTP/1.0" 200 14019 "-" "Mozilla/5.0 AppleWebKit/537.36 (KHTML, like Gecko; compatible; GPTBot/1.2; +https://openai.com/gptbot)"
207.46.13.127 - - [25/Oct/2025:15:03:38 +0300] "GET /?x=5266094753 HTTP/1.0" 200 188960 "-" "Mozilla/5.0 AppleWebKit/537.36 (KHTML, like Gecko; compatible; bingbot/2.0; +http://www.bing.com/bingbot.htm) Chrome/116.0.1938.76 Safari/537.36"
207.46.13.127 - - [25/Oct/2025:15:03:39 +0300] "GET /?x=70816364447 HTTP/1.0" 200 186658 "-" "Mozilla/5.0 AppleWebKit/537.36 (KHTML, like Gecko; compatible; bingbot/2.0; +http://www.bing.com/bingbot.htm) Chrome/116.0.1938.76 Safari/537.36"
20.171.207.22 - - [25/Oct/2025:15:03:40 +0300] "GET /sitemap.xml?fileloc=/var/www/vhosts/3chukuk.com/httpdocs/wp-includes/blocks/cover/editor-rtl.css&path=/var/www/vhosts/3chukuk.com/httpdocs/wp-includes/blocks/cover HTTP/1.0" 200 15099 "-" "Mozilla/5.0 AppleWebKit/537.36 (KHTML, like Gecko; compatible; GPTBot/1.2; +https://openai.com/gptbot)"
207.46.13.127 - - [25/Oct/2025:15:03:42 +0300] "GET /?x=57816098545 HTTP/1.0" 200 189604 "-" "Mozilla/5.0 AppleWebKit/537.36 (KHTML, like Gecko; compatible; bingbot/2.0; +http://www.bing.com/bingbot.htm) Chrome/116.0.1938.76 Safari/537.36"
20.171.207.22 - - [25/Oct/2025:15:03:43 +0300] "GET /sitemap.xml?fileloc=/var/www/vhosts/3chukuk.com/httpdocs/wp-includes/blocks/table/style-rtl.min.css&path=/var/www/vhosts/3chukuk.com/httpdocs/wp-includes/blocks/table HTTP/1.0" 200 17078 "-" "Mozilla/5.0 AppleWebKit/537.36 (KHTML, like Gecko; compatible; GPTBot/1.2; +https://openai.com/gptbot)"
207.46.13.127 - - [25/Oct/2025:15:03:45 +0300] "GET /?x=3396862747 HTTP/1.0" 200 189901 "-" "Mozilla/5.0 AppleWebKit/537.36 (KHTML, like Gecko; compatible; bingbot/2.0; +http://www.bing.com/bingbot.htm) Chrome/116.0.1938.76 Safari/537.36"
20.171.207.22 - - [25/Oct/2025:15:03:46 +0300] "GET /sitemap.xml?fileloc=/var/www/vhosts/3chukuk.com/httpdocs/wp-includes/blocks/table/theme-rtl.min.css&path=/var/www/vhosts/3chukuk.com/httpdocs/wp-includes/blocks/table HTTP/1.0" 200 13393 "-" "Mozilla/5.0 AppleWebKit/537.36 (KHTML, like Gecko; compatible; GPTBot/1.2; +https://openai.com/gptbot)"
207.46.13.127 - - [25/Oct/2025:15:03:48 +0300] "GET /?x=39872681872 HTTP/1.0" 200 189331 "-" "Mozilla/5.0 AppleWebKit/537.36 (KHTML, like Gecko; compatible; bingbot/2.0; +http://www.bing.com/bingbot.htm) Chrome/116.0.1938.76 Safari/537.36"
20.171.207.22 - - [25/Oct/2025:15:03:49 +0300] "GET /sitemap.xml?fileloc=/var/www/vhosts/3chukuk.com/httpdocs/wp-includes/blocks/audio/style.min.css&path=/var/www/vhosts/3chukuk.com/httpdocs/wp-includes/blocks/audio HTTP/1.0" 200 13313 "-" "Mozilla/5.0 AppleWebKit/537.36 (KHTML, like Gecko; compatible; GPTBot/1.2; +https://openai.com/gptbot)"
207.46.13.127 - - [25/Oct/2025:15:03:51 +0300] "GET /?z=99992280418 HTTP/1.0" 200 337396 "-" "Mozilla/5.0 AppleWebKit/537.36 (KHTML, like Gecko; compatible; bingbot/2.0; +http://www.bing.com/bingbot.htm) Chrome/116.0.1938.76 Safari/537.36"
20.171.207.22 - - [25/Oct/2025:15:03:52 +0300] "GET /sitemap.xml?fileloc=/var/www/vhosts/3chukuk.com/httpdocs/wp-includes/blocks/audio/theme-rtl.min.css&path=/var/www/vhosts/3chukuk.com/httpdocs/wp-includes/blocks/audio HTTP/1.0" 200 13337 "-" "Mozilla/5.0 AppleWebKit/537.36 (KHTML, like Gecko; compatible; GPTBot/1.2; +https://openai.com/gptbot)"
207.46.13.127 - - [25/Oct/2025:15:03:54 +0300] "GET /?x=96988735626 HTTP/1.0" 200 190517 "-" "Mozilla/5.0 AppleWebKit/537.36 (KHTML, like Gecko; compatible; bingbot/2.0; +http://www.bing.com/bingbot.htm) Chrome/116.0.1938.76 Safari/537.36"
20.171.207.22 - - [25/Oct/2025:15:03:55 +0300] "GET /sitemap.xml?fileloc=/var/www/vhosts/3chukuk.com/httpdocs/wp-includes/blocks/table/editor.min.css&path=/var/www/vhosts/3chukuk.com/httpdocs/wp-includes/blocks/table HTTP/1.0" 200 14698 "-" "Mozilla/5.0 AppleWebKit/537.36 (KHTML, like Gecko; compatible; GPTBot/1.2; +https://openai.com/gptbot)"
95.108.213.202 - - [25/Oct/2025:15:03:56 +0300] "GET /blog/2019/03/14/kasikci-cinayeti-ile-ilgili-20-suudi-vatandasi-hakkinda-interpol-arama-karari-cikartildi/ HTTP/1.0" 200 57170 "-" "Mozilla/5.0 (compatible; YandexBot/3.0; +http://yandex.com/bots)"
207.46.13.127 - - [25/Oct/2025:15:03:57 +0300] "GET /?r=76036636483 HTTP/1.0" 200 599043 "-" "Mozilla/5.0 AppleWebKit/537.36 (KHTML, like Gecko; compatible; bingbot/2.0; +http://www.bing.com/bingbot.htm) Chrome/116.0.1938.76 Safari/537.36"
20.171.207.22 - - [25/Oct/2025:15:03:58 +0300] "GET /sitemap.xml?fileloc=/var/www/vhosts/3chukuk.com/httpdocs/wp-includes/blocks/table/theme.min.css&path=/var/www/vhosts/3chukuk.com/httpdocs/wp-includes/blocks/table HTTP/1.0" 200 13389 "-" "Mozilla/5.0 AppleWebKit/537.36 (KHTML, like Gecko; compatible; GPTBot/1.2; +https://openai.com/gptbot)"
207.46.13.127 - - [25/Oct/2025:15:04:01 +0300] "GET /?x=6986907674 HTTP/1.0" 200 190109 "-" "Mozilla/5.0 AppleWebKit/537.36 (KHTML, like Gecko; compatible; bingbot/2.0; +http://www.bing.com/bingbot.htm) Chrome/116.0.1938.76 Safari/537.36"
20.171.207.22 - - [25/Oct/2025:15:04:02 +0300] "GET /sitemap.xml?fileloc=/var/www/vhosts/3chukuk.com/httpdocs/wp-includes/blocks/rss/style-rtl.min.css&path=/var/www/vhosts/3chukuk.com/httpdocs/wp-includes/blocks/rss HTTP/1.0" 200 13807 "-" "Mozilla/5.0 AppleWebKit/537.36 (KHTML, like Gecko; compatible; GPTBot/1.2; +https://openai.com/gptbot)"
207.46.13.127 - - [25/Oct/2025:15:04:03 +0300] "GET /?z=68885300026 HTTP/1.0" 200 348060 "-" "Mozilla/5.0 AppleWebKit/537.36 (KHTML, like Gecko; compatible; bingbot/2.0; +http://www.bing.com/bingbot.htm) Chrome/116.0.1938.76 Safari/537.36"
20.171.207.22 - - [25/Oct/2025:15:04:05 +0300] "GET /sitemap.xml?fileloc=/var/www/vhosts/3chukuk.com/httpdocs/wp-includes/blocks/spacer/style-rtl.css&path=/var/www/vhosts/3chukuk.com/httpdocs/wp-includes/blocks/spacer HTTP/1.0" 200 13193 "-" "Mozilla/5.0 AppleWebKit/537.36 (KHTML, like Gecko; compatible; GPTBot/1.2; +https://openai.com/gptbot)"
207.46.13.127 - - [25/Oct/2025:15:04:07 +0300] "GET /?x=9782864938 HTTP/1.0" 200 190104 "-" "Mozilla/5.0 AppleWebKit/537.36 (KHTML, like Gecko; compatible; bingbot/2.0; +http://www.bing.com/bingbot.htm) Chrome/116.0.1938.76 Safari/537.36"
20.171.207.22 - - [25/Oct/2025:15:04:08 +0300] "GET /sitemap.xml?fileloc=/var/www/vhosts/3chukuk.com/httpdocs/wp-includes/blocks/group/theme.min.css&path=/var/www/vhosts/3chukuk.com/httpdocs/wp-includes/blocks/group HTTP/1.0" 200 13219 "-" "Mozilla/5.0 AppleWebKit/537.36 (KHTML, like Gecko; compatible; GPTBot/1.2; +https://openai.com/gptbot)"
159.138.23.191 - - [25/Oct/2025:15:04:09 +0300] "GET /blog/tag/efsanebaskan/ HTTP/1.0" 200 57170 "https://www.3chukuk.com/blog/tag/efsanebaskan/" "Mozilla/5.0 (Macintosh; Intel Mac OS X 10_15_7) AppleWebKit/537.36 (KHTML, like Gecko) Chrome/120.0.0.0 Safari/537.36"
207.46.13.127 - - [25/Oct/2025:15:04:10 +0300] "GET /?x=37144923415 HTTP/1.0" 200 190525 "-" "Mozilla/5.0 AppleWebKit/537.36 (KHTML, like Gecko; compatible; bingbot/2.0; +http://www.bing.com/bingbot.htm) Chrome/116.0.1938.76 Safari/537.36"
20.171.207.22 - - [25/Oct/2025:15:04:11 +0300] "GET /sitemap.xml?fileloc=/var/www/vhosts/3chukuk.com/httpdocs/wp-includes/blocks/code/editor-rtl.css&path=/var/www/vhosts/3chukuk.com/httpdocs/wp-includes/blocks/code HTTP/1.0" 200 13196 "-" "Mozilla/5.0 AppleWebKit/537.36 (KHTML, like Gecko; compatible; GPTBot/1.2; +https://openai.com/gptbot)"
207.46.13.127 - - [25/Oct/2025:15:04:13 +0300] "GET /?x=3910832522 HTTP/1.0" 200 189763 "-" "Mozilla/5.0 AppleWebKit/537.36 (KHTML, like Gecko; compatible; bingbot/2.0; +http://www.bing.com/bingbot.htm) Chrome/116.0.1938.76 Safari/537.36"
20.171.207.22 - - [25/Oct/2025:15:04:14 +0300] "GET /sitemap.xml?fileloc=/var/www/vhosts/3chukuk.com/httpdocs/wp-includes/blocks/group/theme-rtl.css&path=/var/www/vhosts/3chukuk.com/httpdocs/wp-includes/blocks/group HTTP/1.0" 200 13224 "-" "Mozilla/5.0 AppleWebKit/537.36 (KHTML, like Gecko; compatible; GPTBot/1.2; +https://openai.com/gptbot)"
207.46.13.127 - - [25/Oct/2025:15:04:16 +0300] "GET /?x=88576884190 HTTP/1.0" 200 188840 "-" "Mozilla/5.0 AppleWebKit/537.36 (KHTML, like Gecko; compatible; bingbot/2.0; +http://www.bing.com/bingbot.htm) Chrome/116.0.1938.76 Safari/537.36"
20.171.207.22 - - [25/Oct/2025:15:04:17 +0300] "GET /sitemap.xml?fileloc=/var/www/vhosts/3chukuk.com/httpdocs/wp-includes/blocks/avatar/style.min.css&path=/var/www/vhosts/3chukuk.com/httpdocs/wp-includes/blocks/avatar HTTP/1.0" 200 13298 "-" "Mozilla/5.0 AppleWebKit/537.36 (KHTML, like Gecko; compatible; GPTBot/1.2; +https://openai.com/gptbot)"
216.73.216.40 - - [25/Oct/2025:15:04:19 +0300] "GET /?path=%2Fvar%2Fwww%2Fvhosts%2F3chukuk.com%2Fhttpdocs HTTP/1.0" 200 57170 "-" "Mozilla/5.0 AppleWebKit/537.36 (KHTML, like Gecko; compatible; ClaudeBot/1.0; +claudebot@anthropic.com)"
207.46.13.127 - - [25/Oct/2025:15:04:19 +0300] "GET /?x=86933354231 HTTP/1.0" 200 191221 "-" "Mozilla/5.0 AppleWebKit/537.36 (KHTML, like Gecko; compatible; bingbot/2.0; +http://www.bing.com/bingbot.htm) Chrome/116.0.1938.76 Safari/537.36"
20.171.207.22 - - [25/Oct/2025:15:04:21 +0300] "GET /sitemap.xml?fileloc=/var/www/vhosts/3chukuk.com/httpdocs/wp-includes/blocks/more/editor-rtl.min.css&path=/var/www/vhosts/3chukuk.com/httpdocs/wp-includes/blocks/more HTTP/1.0" 200 13910 "-" "Mozilla/5.0 AppleWebKit/537.36 (KHTML, like Gecko; compatible; GPTBot/1.2; +https://openai.com/gptbot)"
216.73.216.40 - - [25/Oct/2025:15:04:21 +0300] "GET /p2?fileloc=%2Fvar%2Fwww%2Fvhosts%2F3chukuk.com%2Fhttpdocs%2Freadme.html&path=%2Fvar%2Fwww%2Fvhosts%2F3chukuk.com%2Fhttpdocs HTTP/1.0" 200 22242 "-" "Mozilla/5.0 AppleWebKit/537.36 (KHTML, like Gecko; compatible; ClaudeBot/1.0; +claudebot@anthropic.com)"
207.46.13.127 - - [25/Oct/2025:15:04:22 +0300] "GET /?x=73821631622 HTTP/1.0" 200 190133 "-" "Mozilla/5.0 AppleWebKit/537.36 (KHTML, like Gecko; compatible; bingbot/2.0; +http://www.bing.com/bingbot.htm) Chrome/116.0.1938.76 Safari/537.36"
216.73.216.40 - - [25/Oct/2025:15:04:23 +0300] "GET /p2?fileloc=%2Fvar%2Fwww%2Fvhosts%2F3chukuk.com%2Fhttpdocs%2Frobots.txt&path=%2Fvar%2Fwww%2Fvhosts%2F3chukuk.com%2Fhttpdocs HTTP/1.0" 200 12957 "-" "Mozilla/5.0 AppleWebKit/537.36 (KHTML, like Gecko; compatible; ClaudeBot/1.0; +claudebot@anthropic.com)"
20.171.207.22 - - [25/Oct/2025:15:04:24 +0300] "GET /sitemap.xml?fileloc=/var/www/vhosts/3chukuk.com/httpdocs/wp-includes/blocks/quote/theme-rtl.min.css&path=/var/www/vhosts/3chukuk.com/httpdocs/wp-includes/blocks/quote HTTP/1.0" 200 13656 "-" "Mozilla/5.0 AppleWebKit/537.36 (KHTML, like Gecko; compatible; GPTBot/1.2; +https://openai.com/gptbot)"
207.46.13.127 - - [25/Oct/2025:15:04:25 +0300] "GET /?z=37561734444 HTTP/1.0" 200 351112 "-" "Mozilla/5.0 AppleWebKit/537.36 (KHTML, like Gecko; compatible; bingbot/2.0; +http://www.bing.com/bingbot.htm) Chrome/116.0.1938.76 Safari/537.36"
216.73.216.40 - - [25/Oct/2025:15:04:26 +0300] "GET /?path=%2Fvar%2Fwww%2Fvhosts%2F3chukuk.com%2Fhttpdocs%2Fwp-admin HTTP/1.0" 200 173601 "-" "Mozilla/5.0 AppleWebKit/537.36 (KHTML, like Gecko; compatible; ClaudeBot/1.0; +claudebot@anthropic.com)"
207.46.13.127 - - [25/Oct/2025:15:04:27 +0300] "GET /?x=5880766846 HTTP/1.0" 200 189933 "-" "Mozilla/5.0 AppleWebKit/537.36 (KHTML, like Gecko; compatible; bingbot/2.0; +http://www.bing.com/bingbot.htm) Chrome/116.0.1938.76 Safari/537.36"
95.108.213.125 - - [25/Oct/2025:15:04:27 +0300] "GET /blog/2018/05/05/uluslararasi-gen-hukuku-sempozyumu-yapildi/ HTTP/1.0" 200 57170 "-" "Mozilla/5.0 (compatible; YandexBot/3.0; +http://yandex.com/bots)"
20.171.207.22 - - [25/Oct/2025:15:04:27 +0300] "GET /sitemap.xml?fileloc=/var/www/vhosts/3chukuk.com/httpdocs/wp-includes/blocks/table/editor-rtl.css&path=/var/www/vhosts/3chukuk.com/httpdocs/wp-includes/blocks/table HTTP/1.0" 200 14796 "-" "Mozilla/5.0 AppleWebKit/537.36 (KHTML, like Gecko; compatible; GPTBot/1.2; +https://openai.com/gptbot)"
216.73.216.40 - - [25/Oct/2025:15:04:29 +0300] "GET /p2?path=%2Fvar%2Fwww%2Fvhosts%2F3chukuk.com%2Fhttpdocs HTTP/1.0" 200 57170 "-" "Mozilla/5.0 AppleWebKit/537.36 (KHTML, like Gecko; compatible; ClaudeBot/1.0; +claudebot@anthropic.com)"
207.46.13.127 - - [25/Oct/2025:15:04:30 +0300] "GET /?r=42237331202 HTTP/1.0" 200 598216 "-" "Mozilla/5.0 AppleWebKit/537.36 (KHTML, like Gecko; compatible; bingbot/2.0; +http://www.bing.com/bingbot.htm) Chrome/116.0.1938.76 Safari/537.36"
20.171.207.22 - - [25/Oct/2025:15:04:30 +0300] "GET /sitemap.xml?fileloc=/var/www/vhosts/3chukuk.com/httpdocs/wp-includes/blocks/verse/style-rtl.css&path=/var/www/vhosts/3chukuk.com/httpdocs/wp-includes/blocks/verse HTTP/1.0" 200 13273 "-" "Mozilla/5.0 AppleWebKit/537.36 (KHTML, like Gecko; compatible; GPTBot/1.2; +https://openai.com/gptbot)"
216.73.216.40 - - [25/Oct/2025:15:04:32 +0300] "GET /?fileloc=%2Fvar%2Fwww%2Fvhosts%2F3chukuk.com%2Fhttpdocs%2Freadme.html&path=%2Fvar%2Fwww%2Fvhosts%2F3chukuk.com%2Fhttpdocs HTTP/1.0" 200 22242 "-" "Mozilla/5.0 AppleWebKit/537.36 (KHTML, like Gecko; compatible; ClaudeBot/1.0; +claudebot@anthropic.com)"
20.171.207.22 - - [25/Oct/2025:15:04:33 +0300] "GET /sitemap.xml?fileloc=/var/www/vhosts/3chukuk.com/httpdocs/wp-includes/blocks/button/style-rtl.css&path=/var/www/vhosts/3chukuk.com/httpdocs/wp-includes/blocks/button HTTP/1.0" 200 15604 "-" "Mozilla/5.0 AppleWebKit/537.36 (KHTML, like Gecko; compatible; GPTBot/1.2; +https://openai.com/gptbot)"
40.77.167.24 - - [25/Oct/2025:15:04:34 +0300] "GET /?x=88296296771 HTTP/1.0" 200 189187 "-" "Mozilla/5.0 AppleWebKit/537.36 (KHTML, like Gecko; compatible; bingbot/2.0; +http://www.bing.com/bingbot.htm) Chrome/116.0.1938.76 Safari/537.36"
216.73.216.40 - - [25/Oct/2025:15:04:35 +0300] "GET /p2?path=%2Fvar%2Fwww%2Fvhosts%2F3chukuk.com%2Fhttpdocs%2Fwp-admin HTTP/1.0" 200 173601 "-" "Mozilla/5.0 AppleWebKit/537.36 (KHTML, like Gecko; compatible; ClaudeBot/1.0; +claudebot@anthropic.com)"
40.77.167.24 - - [25/Oct/2025:15:04:36 +0300] "GET /?x=37975133191 HTTP/1.0" 200 190127 "-" "Mozilla/5.0 AppleWebKit/537.36 (KHTML, like Gecko; compatible; bingbot/2.0; +http://www.bing.com/bingbot.htm) Chrome/116.0.1938.76 Safari/537.36"
20.171.207.22 - - [25/Oct/2025:15:04:37 +0300] "GET /sitemap.xml?fileloc=/var/www/vhosts/3chukuk.com/httpdocs/wp-includes/blocks/image/theme-rtl.css&path=/var/www/vhosts/3chukuk.com/httpdocs/wp-includes/blocks/image HTTP/1.0" 200 13369 "-" "Mozilla/5.0 AppleWebKit/537.36 (KHTML, like Gecko; compatible; GPTBot/1.2; +https://openai.com/gptbot)"
216.73.216.40 - - [25/Oct/2025:15:04:39 +0300] "GET /?fileloc=%2Fvar%2Fwww%2Fvhosts%2F3chukuk.com%2Fhttpdocs%2Frobots.txt&path=%2Fvar%2Fwww%2Fvhosts%2F3chukuk.com%2Fhttpdocs HTTP/1.0" 200 12957 "-" "Mozilla/5.0 AppleWebKit/537.36 (KHTML, like Gecko; compatible; ClaudeBot/1.0; +claudebot@anthropic.com)"
20.171.207.22 - - [25/Oct/2025:15:04:40 +0300] "GET /sitemap.xml?fileloc=/var/www/vhosts/3chukuk.com/httpdocs/wp-includes/blocks/audio/style-rtl.css&path=/var/www/vhosts/3chukuk.com/httpdocs/wp-includes/blocks/audio HTTP/1.0" 200 13336 "-" "Mozilla/5.0 AppleWebKit/537.36 (KHTML, like Gecko; compatible; GPTBot/1.2; +https://openai.com/gptbot)"
40.77.167.24 - - [25/Oct/2025:15:04:40 +0300] "GET /blog/category/divan/ HTTP/1.0" 200 449339 "-" "Mozilla/5.0 AppleWebKit/537.36 (KHTML, like Gecko; compatible; bingbot/2.0; +http://www.bing.com/bingbot.htm) Chrome/116.0.1938.76 Safari/537.36"
20.171.207.22 - - [25/Oct/2025:15:04:43 +0300] "GET /sitemap.xml?fileloc=/var/www/vhosts/3chukuk.com/httpdocs/wp-includes/blocks/quote/theme.min.css&path=/var/www/vhosts/3chukuk.com/httpdocs/wp-includes/blocks/quote HTTP/1.0" 200 13649 "-" "Mozilla/5.0 AppleWebKit/537.36 (KHTML, like Gecko; compatible; GPTBot/1.2; +https://openai.com/gptbot)"
20.171.207.22 - - [25/Oct/2025:15:04:46 +0300] "GET /sitemap.xml?fileloc=/var/www/vhosts/3chukuk.com/httpdocs/wp-includes/blocks/rss/editor-rtl.min.css&path=/var/www/vhosts/3chukuk.com/httpdocs/wp-includes/blocks/rss HTTP/1.0" 200 13335 "-" "Mozilla/5.0 AppleWebKit/537.36 (KHTML, like Gecko; compatible; GPTBot/1.2; +https://openai.com/gptbot)"
20.171.207.22 - - [25/Oct/2025:15:04:49 +0300] "GET /sitemap.xml?fileloc=/var/www/vhosts/3chukuk.com/httpdocs/wp-includes/blocks/group/style-rtl.css&path=/var/www/vhosts/3chukuk.com/httpdocs/wp-includes/blocks/group HTTP/1.0" 200 13286 "-" "Mozilla/5.0 AppleWebKit/537.36 (KHTML, like Gecko; compatible; GPTBot/1.2; +https://openai.com/gptbot)"
20.171.207.22 - - [25/Oct/2025:15:04:52 +0300] "GET /sitemap.xml?fileloc=/var/www/vhosts/3chukuk.com/httpdocs/wp-includes/blocks/quote/theme-rtl.css&path=/var/www/vhosts/3chukuk.com/httpdocs/wp-includes/blocks/quote HTTP/1.0" 200 13708 "-" "Mozilla/5.0 AppleWebKit/537.36 (KHTML, like Gecko; compatible; GPTBot/1.2; +https://openai.com/gptbot)"
20.171.207.22 - - [25/Oct/2025:15:04:55 +0300] "GET /sitemap.xml?fileloc=/var/www/vhosts/3chukuk.com/httpdocs/wp-includes/blocks/file/style-rtl.min.css&path=/var/www/vhosts/3chukuk.com/httpdocs/wp-includes/blocks/file HTTP/1.0" 200 13801 "-" "Mozilla/5.0 AppleWebKit/537.36 (KHTML, like Gecko; compatible; GPTBot/1.2; +https://openai.com/gptbot)"
20.171.207.22 - - [25/Oct/2025:15:04:58 +0300] "GET /sitemap.xml?fileloc=/var/www/vhosts/3chukuk.com/httpdocs/wp-includes/blocks/code/editor-rtl.min.css&path=/var/www/vhosts/3chukuk.com/httpdocs/wp-includes/blocks/code HTTP/1.0" 200 13195 "-" "Mozilla/5.0 AppleWebKit/537.36 (KHTML, like Gecko; compatible; GPTBot/1.2; +https://openai.com/gptbot)"
20.171.207.22 - - [25/Oct/2025:15:05:02 +0300] "GET /sitemap.xml?fileloc=/var/www/vhosts/3chukuk.com/httpdocs/wp-includes/blocks/code/editor.min.css&path=/var/www/vhosts/3chukuk.com/httpdocs/wp-includes/blocks/code HTTP/1.0" 200 13191 "-" "Mozilla/5.0 AppleWebKit/537.36 (KHTML, like Gecko; compatible; GPTBot/1.2; +https://openai.com/gptbot)"
20.171.207.22 - - [25/Oct/2025:15:05:05 +0300] "GET /sitemap.xml?fileloc=/var/www/vhosts/3chukuk.com/httpdocs/wp-includes/blocks/avatar/style-rtl.css&path=/var/www/vhosts/3chukuk.com/httpdocs/wp-includes/blocks/avatar HTTP/1.0" 200 13315 "-" "Mozilla/5.0 AppleWebKit/537.36 (KHTML, like Gecko; compatible; GPTBot/1.2; +https://openai.com/gptbot)"
20.171.207.22 - - [25/Oct/2025:15:05:08 +0300] "GET /sitemap.xml?fileloc=/var/www/vhosts/3chukuk.com/httpdocs/wp-includes/blocks/quote/style.min.css&path=/var/www/vhosts/3chukuk.com/httpdocs/wp-includes/blocks/quote HTTP/1.0" 200 13859 "-" "Mozilla/5.0 AppleWebKit/537.36 (KHTML, like Gecko; compatible; GPTBot/1.2; +https://openai.com/gptbot)"
20.171.207.22 - - [25/Oct/2025:15:05:11 +0300] "GET /sitemap.xml?fileloc=/var/www/vhosts/3chukuk.com/httpdocs/wp-includes/blocks/table/style-rtl.css&path=/var/www/vhosts/3chukuk.com/httpdocs/wp-includes/blocks/table HTTP/1.0" 200 17271 "-" "Mozilla/5.0 AppleWebKit/537.36 (KHTML, like Gecko; compatible; GPTBot/1.2; +https://openai.com/gptbot)"
20.171.207.22 - - [25/Oct/2025:15:05:14 +0300] "GET /sitemap.xml?fileloc=/var/www/vhosts/3chukuk.com/httpdocs/wp-includes/blocks/cover/style.min.css&path=/var/www/vhosts/3chukuk.com/httpdocs/wp-includes/blocks/cover HTTP/1.0" 200 32418 "-" "Mozilla/5.0 AppleWebKit/537.36 (KHTML, like Gecko; compatible; GPTBot/1.2; +https://openai.com/gptbot)"
20.171.207.22 - - [25/Oct/2025:15:05:18 +0300] "GET /sitemap.xml?fileloc=/var/www/vhosts/3chukuk.com/httpdocs/wp-includes/blocks/group/editor-rtl.css&path=/var/www/vhosts/3chukuk.com/httpdocs/wp-includes/blocks/group HTTP/1.0" 200 14549 "-" "Mozilla/5.0 AppleWebKit/537.36 (KHTML, like Gecko; compatible; GPTBot/1.2; +https://openai.com/gptbot)"
20.171.207.22 - - [25/Oct/2025:15:05:21 +0300] "GET /sitemap.xml?fileloc=/var/www/vhosts/3chukuk.com/httpdocs/wp-includes/blocks/spacer/style.min.css&path=/var/www/vhosts/3chukuk.com/httpdocs/wp-includes/blocks/spacer HTTP/1.0" 200 13188 "-" "Mozilla/5.0 AppleWebKit/537.36 (KHTML, like Gecko; compatible; GPTBot/1.2; +https://openai.com/gptbot)"
20.171.207.22 - - [25/Oct/2025:15:05:24 +0300] "GET /sitemap.xml?fileloc=/var/www/vhosts/3chukuk.com/httpdocs/wp-includes/blocks/quote/style-rtl.css&path=/var/www/vhosts/3chukuk.com/httpdocs/wp-includes/blocks/quote HTTP/1.0" 200 13902 "-" "Mozilla/5.0 AppleWebKit/537.36 (KHTML, like Gecko; compatible; GPTBot/1.2; +https://openai.com/gptbot)"
20.171.207.22 - - [25/Oct/2025:15:05:27 +0300] "GET /sitemap.xml?fileloc=/var/www/vhosts/3chukuk.com/httpdocs/wp-includes/blocks/image/theme.min.css&path=/var/www/vhosts/3chukuk.com/httpdocs/wp-includes/blocks/image HTTP/1.0" 200 13345 "-" "Mozilla/5.0 AppleWebKit/537.36 (KHTML, like Gecko; compatible; GPTBot/1.2; +https://openai.com/gptbot)"
20.171.207.22 - - [25/Oct/2025:15:05:30 +0300] "GET /sitemap.xml?fileloc=/var/www/vhosts/3chukuk.com/httpdocs/wp-includes/blocks/audio/theme-rtl.css&path=/var/www/vhosts/3chukuk.com/httpdocs/wp-includes/blocks/audio HTTP/1.0" 200 13357 "-" "Mozilla/5.0 AppleWebKit/537.36 (KHTML, like Gecko; compatible; GPTBot/1.2; +https://openai.com/gptbot)"
20.171.207.22 - - [25/Oct/2025:15:05:33 +0300] "GET /sitemap.xml?fileloc=/var/www/vhosts/3chukuk.com/httpdocs/wp-includes/blocks/rss/block.json&path=/var/www/vhosts/3chukuk.com/httpdocs/wp-includes/blocks/rss HTTP/1.0" 200 15212 "-" "Mozilla/5.0 AppleWebKit/537.36 (KHTML, like Gecko; compatible; GPTBot/1.2; +https://openai.com/gptbot)"
20.171.207.22 - - [25/Oct/2025:15:05:37 +0300] "GET /sitemap.xml?fileloc=/var/www/vhosts/3chukuk.com/httpdocs/wp-includes/blocks/group/editor.min.css&path=/var/www/vhosts/3chukuk.com/httpdocs/wp-includes/blocks/group HTTP/1.0" 200 14470 "-" "Mozilla/5.0 AppleWebKit/537.36 (KHTML, like Gecko; compatible; GPTBot/1.2; +https://openai.com/gptbot)"
20.171.207.22 - - [25/Oct/2025:15:05:40 +0300] "GET /sitemap.xml?fileloc=/var/www/vhosts/3chukuk.com/httpdocs/wp-includes/js/tinymce/.htaccess&path=/var/www/vhosts/3chukuk.com/httpdocs/wp-includes/js/tinymce HTTP/1.0" 200 13502 "-" "Mozilla/5.0 AppleWebKit/537.36 (KHTML, like Gecko; compatible; GPTBot/1.2; +https://openai.com/gptbot)"
20.171.207.22 - - [25/Oct/2025:15:05:43 +0300] "GET /sitemap.xml?fileloc=/var/www/vhosts/3chukuk.com/httpdocs/wp-includes/js/customize-models.js&path=/var/www/vhosts/3chukuk.com/httpdocs/wp-includes/js HTTP/1.0" 200 19964 "-" "Mozilla/5.0 AppleWebKit/537.36 (KHTML, like Gecko; compatible; GPTBot/1.2; +https://openai.com/gptbot)"
20.171.207.22 - - [25/Oct/2025:15:05:46 +0300] "GET /sitemap.xml?fileloc=/var/www/vhosts/3chukuk.com/httpdocs/wp-includes/js/thickbox/.htaccess&path=/var/www/vhosts/3chukuk.com/httpdocs/wp-includes/js/thickbox HTTP/1.0" 200 13505 "-" "Mozilla/5.0 AppleWebKit/537.36 (KHTML, like Gecko; compatible; GPTBot/1.2; +https://openai.com/gptbot)"
20.171.207.22 - - [25/Oct/2025:15:05:49 +0300] "GET /sitemap.xml?fileloc=/var/www/vhosts/3chukuk.com/httpdocs/wp-includes/blocks/code/.htaccess&path=/var/www/vhosts/3chukuk.com/httpdocs/wp-includes/blocks/code HTTP/1.0" 200 13509 "-" "Mozilla/5.0 AppleWebKit/537.36 (KHTML, like Gecko; compatible; GPTBot/1.2; +https://openai.com/gptbot)"
40.77.167.24 - - [25/Oct/2025:15:05:50 +0300] "GET /?z=30516634094 HTTP/1.0" 200 335038 "-" "Mozilla/5.0 AppleWebKit/537.36 (KHTML, like Gecko; compatible; bingbot/2.0; +http://www.bing.com/bingbot.htm) Chrome/116.0.1938.76 Safari/537.36"
20.171.207.22 - - [25/Oct/2025:15:05:53 +0300] "GET /sitemap.xml?fileloc=/var/www/vhosts/3chukuk.com/httpdocs/wp-includes/js/plupload/moxie.js&path=/var/www/vhosts/3chukuk.com/httpdocs/wp-includes/js/plupload HTTP/1.0" 200 274382 "-" "Mozilla/5.0 AppleWebKit/537.36 (KHTML, like Gecko; compatible; GPTBot/1.2; +https://openai.com/gptbot)"
20.171.207.22 - - [25/Oct/2025:15:05:56 +0300] "GET /sitemap.xml?fileloc=/var/www/vhosts/3chukuk.com/httpdocs/wp-includes/blocks/more/.htaccess&path=/var/www/vhosts/3chukuk.com/httpdocs/wp-includes/blocks/more HTTP/1.0" 200 13509 "-" "Mozilla/5.0 AppleWebKit/537.36 (KHTML, like Gecko; compatible; GPTBot/1.2; +https://openai.com/gptbot)"
216.73.216.40 - - [25/Oct/2025:15:05:59 +0300] "GET /p2?fileloc=%2Fvar%2Fwww%2Fvhosts%2F3chukuk.com%2Fhttpdocs%2F.htaccess&path=%2Fvar%2Fwww%2Fvhosts%2F3chukuk.com%2Fhttpdocs HTTP/1.0" 200 13753 "-" "Mozilla/5.0 AppleWebKit/537.36 (KHTML, like Gecko; compatible; ClaudeBot/1.0; +claudebot@anthropic.com)"
20.171.207.22 - - [25/Oct/2025:15:05:59 +0300] "GET /sitemap.xml?fileloc=/var/www/vhosts/3chukuk.com/httpdocs/wp-includes/rest-api/.htaccess&path=/var/www/vhosts/3chukuk.com/httpdocs/wp-includes/rest-api HTTP/1.0" 200 13424 "-" "Mozilla/5.0 AppleWebKit/537.36 (KHTML, like Gecko; compatible; GPTBot/1.2; +https://openai.com/gptbot)"
5.255.231.84 - - [25/Oct/2025:15:06:02 +0300] "GET /blog/2018/09/07/tesadufzincir-cinayetleri-ortaya-koydu/ HTTP/1.0" 200 57170 "-" "Mozilla/5.0 (compatible; YandexBot/3.0; +http://yandex.com/bots)"
216.73.216.40 - - [25/Oct/2025:15:06:02 +0300] "GET /?fileloc=%2Fvar%2Fwww%2Fvhosts%2F3chukuk.com%2Fhttpdocs%2F.htaccess.bak&path=%2Fvar%2Fwww%2Fvhosts%2F3chukuk.com%2Fhttpdocs HTTP/1.0" 200 13351 "-" "Mozilla/5.0 AppleWebKit/537.36 (KHTML, like Gecko; compatible; ClaudeBot/1.0; +claudebot@anthropic.com)"
20.171.207.22 - - [25/Oct/2025:15:06:02 +0300] "GET /sitemap.xml?fileloc=/var/www/vhosts/3chukuk.com/httpdocs/wp-includes/blocks/rss/.htaccess&path=/var/www/vhosts/3chukuk.com/httpdocs/wp-includes/blocks/rss HTTP/1.0" 200 13506 "-" "Mozilla/5.0 AppleWebKit/537.36 (KHTML, like Gecko; compatible; GPTBot/1.2; +https://openai.com/gptbot)"
216.73.216.40 - - [25/Oct/2025:15:06:05 +0300] "GET /?fileloc=%2Fvar%2Fwww%2Fvhosts%2F3chukuk.com%2Fhttpdocs%2F.htaccess&path=%2Fvar%2Fwww%2Fvhosts%2F3chukuk.com%2Fhttpdocs HTTP/1.0" 200 13753 "-" "Mozilla/5.0 AppleWebKit/537.36 (KHTML, like Gecko; compatible; ClaudeBot/1.0; +claudebot@anthropic.com)"
20.171.207.22 - - [25/Oct/2025:15:06:05 +0300] "GET /sitemap.xml?fileloc=/var/www/vhosts/3chukuk.com/httpdocs/wp-includes/js/tinymce/license.txt&path=/var/www/vhosts/3chukuk.com/httpdocs/wp-includes/js/tinymce HTTP/1.0" 200 39965 "-" "Mozilla/5.0 AppleWebKit/537.36 (KHTML, like Gecko; compatible; GPTBot/1.2; +https://openai.com/gptbot)"
216.73.216.40 - - [25/Oct/2025:15:06:07 +0300] "GET /p2?path=%2Fvar%2Fwww%2Fvhosts%2F3chukuk.com%2Fhttpdocs%2F.tmb HTTP/1.0" 200 13326 "-" "Mozilla/5.0 AppleWebKit/537.36 (KHTML, like Gecko; compatible; ClaudeBot/1.0; +claudebot@anthropic.com)"
20.171.207.22 - - [25/Oct/2025:15:06:09 +0300] "GET /sitemap.xml?fileloc=/var/www/vhosts/3chukuk.com/httpdocs/wp-includes/js/crop/cropper.js&path=/var/www/vhosts/3chukuk.com/httpdocs/wp-includes/js/crop HTTP/1.0" 200 31684 "-" "Mozilla/5.0 AppleWebKit/537.36 (KHTML, like Gecko; compatible; GPTBot/1.2; +https://openai.com/gptbot)"
216.73.216.40 - - [25/Oct/2025:15:06:10 +0300] "GET /p2?fileloc=%2Fvar%2Fwww%2Fvhosts%2F3chukuk.com%2Fhttpdocs%2F5PJcpMFsD8B.php&path=%2Fvar%2Fwww%2Fvhosts%2F3chukuk.com%2Fhttpdocs HTTP/1.0" 200 58628 "-" "Mozilla/5.0 AppleWebKit/537.36 (KHTML, like Gecko; compatible; ClaudeBot/1.0; +claudebot@anthropic.com)"
20.171.207.22 - - [25/Oct/2025:15:06:12 +0300] "GET /sitemap.xml?fileloc=/var/www/vhosts/3chukuk.com/httpdocs/wp-includes/js/plupload/.htaccess&path=/var/www/vhosts/3chukuk.com/httpdocs/wp-includes/js/plupload HTTP/1.0" 200 13505 "-" "Mozilla/5.0 AppleWebKit/537.36 (KHTML, like Gecko; compatible; GPTBot/1.2; +https://openai.com/gptbot)"
132.145.155.93 - - [25/Oct/2025:15:06:12 +0300] "GET /xmlrpc.php HTTP/2.0" 403 86 "http://3chukuk.com" "Mozilla/5.0 (Windows NT 10.0; Win64; x64; rv:129.0) Gecko/20100101 Firefox/129.0"
216.73.216.40 - - [25/Oct/2025:15:06:13 +0300] "GET /?fileloc=%2Fvar%2Fwww%2Fvhosts%2F3chukuk.com%2Fhttpdocs%2F5PJcpMFsD8B.php&path=%2Fvar%2Fwww%2Fvhosts%2F3chukuk.com%2Fhttpdocs HTTP/1.0" 200 58599 "-" "Mozilla/5.0 AppleWebKit/537.36 (KHTML, like Gecko; compatible; ClaudeBot/1.0; +claudebot@anthropic.com)"
20.171.207.22 - - [25/Oct/2025:15:06:15 +0300] "GET /sitemap.xml?fileloc=/var/www/vhosts/3chukuk.com/httpdocs/wp-includes/blocks/file/.htaccess&path=/var/www/vhosts/3chukuk.com/httpdocs/wp-includes/blocks/file HTTP/1.0" 200 13509 "-" "Mozilla/5.0 AppleWebKit/537.36 (KHTML, like Gecko; compatible; GPTBot/1.2; +https://openai.com/gptbot)"
216.73.216.40 - - [25/Oct/2025:15:06:16 +0300] "GET /p2?fileloc=%2Fvar%2Fwww%2Fvhosts%2F3chukuk.com%2Fhttpdocs%2Fgooglebf7834f6af5a35b1.html&path=%2Fvar%2Fwww%2Fvhosts%2F3chukuk.com%2Fhttpdocs HTTP/1.0" 200 12947 "-" "Mozilla/5.0 AppleWebKit/537.36 (KHTML, like Gecko; compatible; ClaudeBot/1.0; +claudebot@anthropic.com)"
20.171.207.22 - - [25/Oct/2025:15:06:18 +0300] "GET /sitemap.xml?fileloc=/var/www/vhosts/3chukuk.com/httpdocs/wp-includes/js/media-audiovideo.js&path=/var/www/vhosts/3chukuk.com/httpdocs/wp-includes/js HTTP/1.0" 200 38199 "-" "Mozilla/5.0 AppleWebKit/537.36 (KHTML, like Gecko; compatible; GPTBot/1.2; +https://openai.com/gptbot)"
216.73.216.40 - - [25/Oct/2025:15:06:19 +0300] "GET /?fileloc=%2Fvar%2Fwww%2Fvhosts%2F3chukuk.com%2Fhttpdocs%2Fgooglebf7834f6af5a35b1.html&path=%2Fvar%2Fwww%2Fvhosts%2F3chukuk.com%2Fhttpdocs HTTP/1.0" 200 12947 "-" "Mozilla/5.0 AppleWebKit/537.36 (KHTML, like Gecko; compatible; ClaudeBot/1.0; +claudebot@anthropic.com)"
20.171.207.22 - - [25/Oct/2025:15:06:21 +0300] "GET /sitemap.xml?fileloc=/var/www/vhosts/3chukuk.com/httpdocs/wp-includes/js/plupload/moxie.min.js&path=/var/www/vhosts/3chukuk.com/httpdocs/wp-includes/js/plupload HTTP/1.0" 200 117910 "-" "Mozilla/5.0 AppleWebKit/537.36 (KHTML, like Gecko; compatible; GPTBot/1.2; +https://openai.com/gptbot)"
20.171.207.22 - - [25/Oct/2025:15:06:24 +0300] "GET /sitemap.xml?fileloc=/var/www/vhosts/3chukuk.com/httpdocs/wp-admin/images/post-formats32-vs.png&path=/var/www/vhosts/3chukuk.com/httpdocs/wp-admin/images HTTP/1.0" 200 13059 "-" "Mozilla/5.0 AppleWebKit/537.36 (KHTML, like Gecko; compatible; GPTBot/1.2; +https://openai.com/gptbot)"
20.171.207.22 - - [25/Oct/2025:15:06:27 +0300] "GET /sitemap.xml?fileloc=/var/www/vhosts/3chukuk.com/httpdocs/wp-admin/images/post-formats32.png&path=/var/www/vhosts/3chukuk.com/httpdocs/wp-admin/images HTTP/1.0" 200 13056 "-" "Mozilla/5.0 AppleWebKit/537.36 (KHTML, like Gecko; compatible; GPTBot/1.2; +https://openai.com/gptbot)"
20.171.207.22 - - [25/Oct/2025:15:06:31 +0300] "GET /sitemap.xml?fileloc=/var/www/vhosts/3chukuk.com/httpdocs/wp-includes/js/jcrop/.htaccess&path=/var/www/vhosts/3chukuk.com/httpdocs/wp-includes/js/jcrop HTTP/1.0" 200 13496 "-" "Mozilla/5.0 AppleWebKit/537.36 (KHTML, like Gecko; compatible; GPTBot/1.2; +https://openai.com/gptbot)"
