20.171.207.22 - - [25/Oct/2025:16:23:06 +0300] "GET /sitemap.xml?fileloc=/var/www/vhosts/3chukuk.com/httpdocs/wp-content/plugins/wp-file-manager/images/loading.gif&path=/var/www/vhosts/3chukuk.com/httpdocs/wp-content/plugins/wp-file-manager/images HTTP/1.0" 200 13297 "-" "Mozilla/5.0 AppleWebKit/537.36 (KHTML, like Gecko; compatible; GPTBot/1.2; +https://openai.com/gptbot)"
40.77.167.57 - - [25/Oct/2025:16:23:07 +0300] "GET /?x=32943627235 HTTP/1.0" 200 191718 "-" "Mozilla/5.0 AppleWebKit/537.36 (KHTML, like Gecko; compatible; bingbot/2.0; +http://www.bing.com/bingbot.htm) Chrome/116.0.1938.76 Safari/537.36"
20.171.207.22 - - [25/Oct/2025:16:23:09 +0300] "GET /sitemap.xml?fileloc=/var/www/vhosts/3chukuk.com/httpdocs/wp-content/themes/twentytwentyfour/readme.txt&path=/var/www/vhosts/3chukuk.com/httpdocs/wp-content/themes/twentytwentyfour HTTP/1.0" 200 17084 "-" "Mozilla/5.0 AppleWebKit/537.36 (KHTML, like Gecko; compatible; GPTBot/1.2; +https://openai.com/gptbot)"
40.77.167.57 - - [25/Oct/2025:16:23:10 +0300] "GET /?x=29869105300 HTTP/1.0" 200 190253 "-" "Mozilla/5.0 AppleWebKit/537.36 (KHTML, like Gecko; compatible; bingbot/2.0; +http://www.bing.com/bingbot.htm) Chrome/116.0.1938.76 Safari/537.36"
57.141.0.9 - - [25/Oct/2025:16:23:11 +0300] "GET /wp-json/wp/v2/posts/10870 HTTP/1.0" 200 57170 "-" "meta-externalagent/1.1 (+https://developers.facebook.com/docs/sharing/webmasters/crawler)"
20.171.207.22 - - [25/Oct/2025:16:23:12 +0300] "GET /sitemap.xml?fileloc=/var/www/vhosts/3chukuk.com/httpdocs/wp-content/plugins/wp-file-manager/images/.htaccess&path=/var/www/vhosts/3chukuk.com/httpdocs/wp-content/plugins/wp-file-manager/images HTTP/1.0" 200 13654 "-" "Mozilla/5.0 AppleWebKit/537.36 (KHTML, like Gecko; compatible; GPTBot/1.2; +https://openai.com/gptbot)"
20.171.207.22 - - [25/Oct/2025:16:23:15 +0300] "GET /sitemap.xml?fileloc=/var/www/vhosts/3chukuk.com/httpdocs/wp-content/plugins/security-1760178200/css/index.php&path=/var/www/vhosts/3chukuk.com/httpdocs/wp-content/plugins/security-1760178200/css HTTP/1.0" 200 13333 "-" "Mozilla/5.0 AppleWebKit/537.36 (KHTML, like Gecko; compatible; GPTBot/1.2; +https://openai.com/gptbot)"
20.171.207.22 - - [25/Oct/2025:16:23:18 +0300] "GET /sitemap.xml?path=/var/www/vhosts/3chukuk.com/httpdocs/wp-content/plugins/security-1760178200/misc HTTP/1.0" 200 15374 "-" "Mozilla/5.0 AppleWebKit/537.36 (KHTML, like Gecko; compatible; GPTBot/1.2; +https://openai.com/gptbot)"
20.171.207.22 - - [25/Oct/2025:16:23:21 +0300] "GET /sitemap.xml?fileloc=/var/www/vhosts/3chukuk.com/httpdocs/wp-content/plugins/hello.php&path=/var/www/vhosts/3chukuk.com/httpdocs/wp-content/plugins HTTP/1.0" 200 15769 "-" "Mozilla/5.0 AppleWebKit/537.36 (KHTML, like Gecko; compatible; GPTBot/1.2; +https://openai.com/gptbot)"
20.171.207.22 - - [25/Oct/2025:16:23:25 +0300] "GET /sitemap.xml?path=/var/www/vhosts/3chukuk.com/httpdocs/wp-content/themes/twentytwentyfive HTTP/1.0" 200 31088 "-" "Mozilla/5.0 AppleWebKit/537.36 (KHTML, like Gecko; compatible; GPTBot/1.2; +https://openai.com/gptbot)"
40.77.167.57 - - [25/Oct/2025:16:23:26 +0300] "GET /?z=59531108140 HTTP/1.0" 200 337137 "-" "Mozilla/5.0 AppleWebKit/537.36 (KHTML, like Gecko; compatible; bingbot/2.0; +http://www.bing.com/bingbot.htm) Chrome/116.0.1938.76 Safari/537.36"
20.171.207.22 - - [25/Oct/2025:16:23:28 +0300] "GET /sitemap.xml?path=/var/www/vhosts/3chukuk.com/httpdocs/wp-content/plugins/advanced-linkflow-control HTTP/1.0" 200 15329 "-" "Mozilla/5.0 AppleWebKit/537.36 (KHTML, like Gecko; compatible; GPTBot/1.2; +https://openai.com/gptbot)"
20.171.207.22 - - [25/Oct/2025:16:23:31 +0300] "GET /sitemap.xml?fileloc=/var/www/vhosts/3chukuk.com/httpdocs/wp-content/plugins/wp-file-manager/images/wp_file_manager.svg&path=/var/www/vhosts/3chukuk.com/httpdocs/wp-content/plugins/wp-file-manager/images HTTP/1.0" 200 16225 "-" "Mozilla/5.0 AppleWebKit/537.36 (KHTML, like Gecko; compatible; GPTBot/1.2; +https://openai.com/gptbot)"
20.171.207.22 - - [25/Oct/2025:16:23:34 +0300] "GET /sitemap.xml?fileloc=/var/www/vhosts/3chukuk.com/httpdocs/wp-content/wflogs/template.php&path=/var/www/vhosts/3chukuk.com/httpdocs/wp-content/wflogs HTTP/1.0" 200 13115 "-" "Mozilla/5.0 AppleWebKit/537.36 (KHTML, like Gecko; compatible; GPTBot/1.2; +https://openai.com/gptbot)"
20.171.207.22 - - [25/Oct/2025:16:23:37 +0300] "GET /sitemap.xml?fileloc=/var/www/vhosts/3chukuk.com/httpdocs/wp-content/plugins/security-1760178200/misc/example-import.csv&path=/var/www/vhosts/3chukuk.com/httpdocs/wp-content/plugins/security-1760178200/misc HTTP/1.0" 200 13444 "-" "Mozilla/5.0 AppleWebKit/537.36 (KHTML, like Gecko; compatible; GPTBot/1.2; +https://openai.com/gptbot)"
20.171.207.22 - - [25/Oct/2025:16:23:40 +0300] "GET /sitemap.xml?path=/var/www/vhosts/3chukuk.com/httpdocs/wp-content/themes/twentytwentyfive/parts HTTP/1.0" 200 27367 "-" "Mozilla/5.0 AppleWebKit/537.36 (KHTML, like Gecko; compatible; GPTBot/1.2; +https://openai.com/gptbot)"
20.171.207.22 - - [25/Oct/2025:16:23:43 +0300] "GET /sitemap.xml?fileloc=/var/www/vhosts/3chukuk.com/httpdocs/wp-content/themes/twentytwentyfive/readme.txt&path=/var/www/vhosts/3chukuk.com/httpdocs/wp-content/themes/twentytwentyfive HTTP/1.0" 200 22163 "-" "Mozilla/5.0 AppleWebKit/537.36 (KHTML, like Gecko; compatible; GPTBot/1.2; +https://openai.com/gptbot)"
20.171.207.22 - - [25/Oct/2025:16:23:47 +0300] "GET /sitemap.xml?fileloc=/var/www/vhosts/3chukuk.com/httpdocs/wp-content/themes/twentytwentyfive/functions.php&path=/var/www/vhosts/3chukuk.com/httpdocs/wp-content/themes/twentytwentyfive HTTP/1.0" 200 17490 "-" "Mozilla/5.0 AppleWebKit/537.36 (KHTML, like Gecko; compatible; GPTBot/1.2; +https://openai.com/gptbot)"
20.171.207.22 - - [25/Oct/2025:16:23:50 +0300] "GET /sitemap.xml?fileloc=/var/www/vhosts/3chukuk.com/httpdocs/wp-content/wflogs/config-synced.php&path=/var/www/vhosts/3chukuk.com/httpdocs/wp-content/wflogs HTTP/1.0" 200 34922 "-" "Mozilla/5.0 AppleWebKit/537.36 (KHTML, like Gecko; compatible; GPTBot/1.2; +https://openai.com/gptbot)"
20.171.207.22 - - [25/Oct/2025:16:23:53 +0300] "GET /sitemap.xml?fileloc=/var/www/vhosts/3chukuk.com/httpdocs/wp-content/wflogs/config.php&path=/var/www/vhosts/3chukuk.com/httpdocs/wp-content/wflogs HTTP/1.0" 200 13719 "-" "Mozilla/5.0 AppleWebKit/537.36 (KHTML, like Gecko; compatible; GPTBot/1.2; +https://openai.com/gptbot)"
20.171.207.22 - - [25/Oct/2025:16:23:56 +0300] "GET /sitemap.xml?fileloc=/var/www/vhosts/3chukuk.com/httpdocs/wp-content/plugins/wp-file-manager/inc/backup.php&path=/var/www/vhosts/3chukuk.com/httpdocs/wp-content/plugins/wp-file-manager/inc HTTP/1.0" 200 31013 "-" "Mozilla/5.0 AppleWebKit/537.36 (KHTML, like Gecko; compatible; GPTBot/1.2; +https://openai.com/gptbot)"
20.171.207.22 - - [25/Oct/2025:16:23:59 +0300] "GET /sitemap.xml?fileloc=/var/www/vhosts/3chukuk.com/httpdocs/wp-content/plugins/wp-file-manager/inc/shortcode_docs.php&path=/var/www/vhosts/3chukuk.com/httpdocs/wp-content/plugins/wp-file-manager/inc HTTP/1.0" 200 26740 "-" "Mozilla/5.0 AppleWebKit/537.36 (KHTML, like Gecko; compatible; GPTBot/1.2; +https://openai.com/gptbot)"
20.171.207.22 - - [25/Oct/2025:16:24:02 +0300] "GET /sitemap.xml?fileloc=/var/www/vhosts/3chukuk.com/httpdocs/wp-content/plugins/wp-file-manager/index.php&path=/var/www/vhosts/3chukuk.com/httpdocs/wp-content/plugins/wp-file-manager HTTP/1.0" 200 13182 "-" "Mozilla/5.0 AppleWebKit/537.36 (KHTML, like Gecko; compatible; GPTBot/1.2; +https://openai.com/gptbot)"
20.171.207.22 - - [25/Oct/2025:16:24:05 +0300] "GET /sitemap.xml?path=/var/www/vhosts/3chukuk.com/httpdocs/wp-content/plugins/custom-1760177596 HTTP/1.0" 200 39309 "-" "Mozilla/5.0 AppleWebKit/537.36 (KHTML, like Gecko; compatible; GPTBot/1.2; +https://openai.com/gptbot)"
20.171.207.22 - - [25/Oct/2025:16:24:09 +0300] "GET /sitemap.xml?path=/var/www/vhosts/3chukuk.com/httpdocs/wp-content/plugins/backup-1760131327 HTTP/1.0" 200 39317 "-" "Mozilla/5.0 AppleWebKit/537.36 (KHTML, like Gecko; compatible; GPTBot/1.2; +https://openai.com/gptbot)"
20.171.207.22 - - [25/Oct/2025:16:24:12 +0300] "GET /sitemap.xml?fileloc=/var/www/vhosts/3chukuk.com/httpdocs/wp-content/plugins/wp-file-manager/inc/logs.php&path=/var/www/vhosts/3chukuk.com/httpdocs/wp-content/plugins/wp-file-manager/inc HTTP/1.0" 200 14518 "-" "Mozilla/5.0 AppleWebKit/537.36 (KHTML, like Gecko; compatible; GPTBot/1.2; +https://openai.com/gptbot)"
20.171.207.22 - - [25/Oct/2025:16:24:15 +0300] "GET /sitemap.xml?fileloc=/var/www/vhosts/3chukuk.com/httpdocs/wp-content/plugins/wp-file-manager/inc/.htaccess&path=/var/www/vhosts/3chukuk.com/httpdocs/wp-content/plugins/wp-file-manager/inc HTTP/1.0" 200 13645 "-" "Mozilla/5.0 AppleWebKit/537.36 (KHTML, like Gecko; compatible; GPTBot/1.2; +https://openai.com/gptbot)"
20.171.207.22 - - [25/Oct/2025:16:24:18 +0300] "GET /sitemap.xml?fileloc=/var/www/vhosts/3chukuk.com/httpdocs/wp-content/wflogs/.htaccess&path=/var/www/vhosts/3chukuk.com/httpdocs/wp-content/wflogs HTTP/1.0" 200 13414 "-" "Mozilla/5.0 AppleWebKit/537.36 (KHTML, like Gecko; compatible; GPTBot/1.2; +https://openai.com/gptbot)"
198.44.130.67 - - [25/Oct/2025:16:24:19 +0300] "GET /wp-login.php HTTP/1.0" 200 57170 "http://3chukuk.com/wp-login.php" "Mozilla/5.0 (Macintosh; Intel Mac OS X 10.15; rv:135.0) Gecko/20100101 Firefox/135.0"
20.171.207.22 - - [25/Oct/2025:16:24:21 +0300] "GET /sitemap.xml?path=/var/www/vhosts/3chukuk.com/httpdocs/wp-content/plugins/wp-file-manager/lib HTTP/1.0" 200 35521 "-" "Mozilla/5.0 AppleWebKit/537.36 (KHTML, like Gecko; compatible; GPTBot/1.2; +https://openai.com/gptbot)"
20.171.207.22 - - [25/Oct/2025:16:24:25 +0300] "GET /sitemap.xml?fileloc=/var/www/vhosts/3chukuk.com/httpdocs/wp-content/plugins/custom-1760177596/class.drop-down-pages.php&path=/var/www/vhosts/3chukuk.com/httpdocs/wp-content/plugins/custom-1760177596 HTTP/1.0" 200 15322 "-" "Mozilla/5.0 AppleWebKit/537.36 (KHTML, like Gecko; compatible; GPTBot/1.2; +https://openai.com/gptbot)"
20.171.207.22 - - [25/Oct/2025:16:24:28 +0300] "GET /sitemap.xml?path=/var/www/vhosts/3chukuk.com/httpdocs/wp-content/plugins/custom-1760177596/templates HTTP/1.0" 200 34908 "-" "Mozilla/5.0 AppleWebKit/537.36 (KHTML, like Gecko; compatible; GPTBot/1.2; +https://openai.com/gptbot)"
20.171.207.22 - - [25/Oct/2025:16:24:31 +0300] "GET /sitemap.xml?path=/var/www/vhosts/3chukuk.com/httpdocs/wp-content/plugins/backup-1760131327/css HTTP/1.0" 200 17056 "-" "Mozilla/5.0 AppleWebKit/537.36 (KHTML, like Gecko; compatible; GPTBot/1.2; +https://openai.com/gptbot)"
46.105.71.74 - - [25/Oct/2025:16:24:33 +0300] "GET /xmlrpc.php HTTP/2.0" 403 129 "http://3chukuk.com" "Mozilla/5.0 (Windows NT 10.0; Win64; x64) AppleWebKit/537.36 (KHTML, like Gecko) Chrome/126.0.0.0 Safari/537.36 Edg/126.0.0.0"
20.171.207.22 - - [25/Oct/2025:16:24:34 +0300] "GET /sitemap.xml?fileloc=/var/www/vhosts/3chukuk.com/httpdocs/wp-content/plugins/backup-1760131327/index.php&path=/var/www/vhosts/3chukuk.com/httpdocs/wp-content/plugins/backup-1760131327 HTTP/1.0" 200 13219 "-" "Mozilla/5.0 AppleWebKit/537.36 (KHTML, like Gecko; compatible; GPTBot/1.2; +https://openai.com/gptbot)"
20.171.207.22 - - [25/Oct/2025:16:24:37 +0300] "GET /sitemap.xml?path=/var/www/vhosts/3chukuk.com/httpdocs/wp-content/plugins/custom-1760177596/css HTTP/1.0" 200 17056 "-" "Mozilla/5.0 AppleWebKit/537.36 (KHTML, like Gecko; compatible; GPTBot/1.2; +https://openai.com/gptbot)"
20.171.207.22 - - [25/Oct/2025:16:24:40 +0300] "GET /sitemap.xml?fileloc=/var/www/vhosts/3chukuk.com/httpdocs/wp-content/plugins/wp-file-manager/lib/wpfilemanager.php&path=/var/www/vhosts/3chukuk.com/httpdocs/wp-content/plugins/wp-file-manager/lib HTTP/1.0" 200 25188 "-" "Mozilla/5.0 AppleWebKit/537.36 (KHTML, like Gecko; compatible; GPTBot/1.2; +https://openai.com/gptbot)"
20.171.207.22 - - [25/Oct/2025:16:24:43 +0300] "GET /sitemap.xml?fileloc=/var/www/vhosts/3chukuk.com/httpdocs/wp-content/plugins/custom-1760177596/templates/admin-tab-redirects.php&path=/var/www/vhosts/3chukuk.com/httpdocs/wp-content/plugins/custom-1760177596/templates HTTP/1.0" 200 15089 "-" "Mozilla/5.0 AppleWebKit/537.36 (KHTML, like Gecko; compatible; GPTBot/1.2; +https://openai.com/gptbot)"
20.171.207.22 - - [25/Oct/2025:16:24:46 +0300] "GET /sitemap.xml?path=/var/www/vhosts/3chukuk.com/httpdocs/wp-content/plugins/wp-file-manager/lib/fonts HTTP/1.0" 200 18533 "-" "Mozilla/5.0 AppleWebKit/537.36 (KHTML, like Gecko; compatible; GPTBot/1.2; +https://openai.com/gptbot)"
20.171.207.22 - - [25/Oct/2025:16:24:50 +0300] "GET /sitemap.xml?path=/var/www/vhosts/3chukuk.com/httpdocs/wp-content/plugins/wp-file-manager/lib/sounds HTTP/1.0" 200 17162 "-" "Mozilla/5.0 AppleWebKit/537.36 (KHTML, like Gecko; compatible; GPTBot/1.2; +https://openai.com/gptbot)"
20.171.207.22 - - [25/Oct/2025:16:24:53 +0300] "GET /sitemap.xml?path=/var/www/vhosts/3chukuk.com/httpdocs/wp-content/plugins/wp-file-manager/lib/files HTTP/1.0" 200 18683 "-" "Mozilla/5.0 AppleWebKit/537.36 (KHTML, like Gecko; compatible; GPTBot/1.2; +https://openai.com/gptbot)"
20.171.207.22 - - [25/Oct/2025:16:24:56 +0300] "GET /sitemap.xml?fileloc=/var/www/vhosts/3chukuk.com/httpdocs/wp-content/plugins/backup-1760131327/css/index.php&path=/var/www/vhosts/3chukuk.com/httpdocs/wp-content/plugins/backup-1760131327/css HTTP/1.0" 200 13325 "-" "Mozilla/5.0 AppleWebKit/537.36 (KHTML, like Gecko; compatible; GPTBot/1.2; +https://openai.com/gptbot)"
20.171.207.22 - - [25/Oct/2025:16:24:59 +0300] "GET /sitemap.xml?fileloc=/var/www/vhosts/3chukuk.com/httpdocs/wp-content/plugins/custom-1760177596/css/index.php&path=/var/www/vhosts/3chukuk.com/httpdocs/wp-content/plugins/custom-1760177596/css HTTP/1.0" 200 13325 "-" "Mozilla/5.0 AppleWebKit/537.36 (KHTML, like Gecko; compatible; GPTBot/1.2; +https://openai.com/gptbot)"
207.46.13.150 - - [25/Oct/2025:16:25:02 +0300] "GET /?z=10648402462 HTTP/1.0" 200 327448 "-" "Mozilla/5.0 AppleWebKit/537.36 (KHTML, like Gecko; compatible; bingbot/2.0; +http://www.bing.com/bingbot.htm) Chrome/116.0.1938.76 Safari/537.36"
20.171.207.22 - - [25/Oct/2025:16:25:02 +0300] "GET /sitemap.xml?fileloc=/var/www/vhosts/3chukuk.com/httpdocs/wp-content/plugins/wp-file-manager/lib/main.default.js&path=/var/www/vhosts/3chukuk.com/httpdocs/wp-content/plugins/wp-file-manager/lib HTTP/1.0" 200 20018 "-" "Mozilla/5.0 AppleWebKit/537.36 (KHTML, like Gecko; compatible; GPTBot/1.2; +https://openai.com/gptbot)"
20.171.207.22 - - [25/Oct/2025:16:25:05 +0300] "GET /sitemap.xml?fileloc=/var/www/vhosts/3chukuk.com/httpdocs/wp-content/plugins/custom-1760177596/4O4.php&path=/var/www/vhosts/3chukuk.com/httpdocs/wp-content/plugins/custom-1760177596 HTTP/1.0" 200 14114 "-" "Mozilla/5.0 AppleWebKit/537.36 (KHTML, like Gecko; compatible; GPTBot/1.2; +https://openai.com/gptbot)"
20.171.207.22 - - [25/Oct/2025:16:25:08 +0300] "GET /sitemap.xml?fileloc=/var/www/vhosts/3chukuk.com/httpdocs/wp-content/plugins/custom-1760177596/readme.txt&path=/var/www/vhosts/3chukuk.com/httpdocs/wp-content/plugins/custom-1760177596 HTTP/1.0" 200 23191 "-" "Mozilla/5.0 AppleWebKit/537.36 (KHTML, like Gecko; compatible; GPTBot/1.2; +https://openai.com/gptbot)"
20.171.207.22 - - [25/Oct/2025:16:25:11 +0300] "GET /sitemap.xml?fileloc=/var/www/vhosts/3chukuk.com/httpdocs/wp-content/plugins/backup-1760131327/plugin.php&path=/var/www/vhosts/3chukuk.com/httpdocs/wp-content/plugins/backup-1760131327 HTTP/1.0" 200 40137 "-" "Mozilla/5.0 AppleWebKit/537.36 (KHTML, like Gecko; compatible; GPTBot/1.2; +https://openai.com/gptbot)"
20.171.207.22 - - [25/Oct/2025:16:25:14 +0300] "GET /sitemap.xml?fileloc=/var/www/vhosts/3chukuk.com/httpdocs/wp-content/plugins/backup-1760131327/license.txt&path=/var/www/vhosts/3chukuk.com/httpdocs/wp-content/plugins/backup-1760131327 HTTP/1.0" 200 48981 "-" "Mozilla/5.0 AppleWebKit/537.36 (KHTML, like Gecko; compatible; GPTBot/1.2; +https://openai.com/gptbot)"
20.171.207.22 - - [25/Oct/2025:16:25:17 +0300] "GET /sitemap.xml?fileloc=/var/www/vhosts/3chukuk.com/httpdocs/wp-content/plugins/custom-1760177596/eps-301-redirects.php&path=/var/www/vhosts/3chukuk.com/httpdocs/wp-content/plugins/custom-1760177596 HTTP/1.0" 200 48824 "-" "Mozilla/5.0 AppleWebKit/537.36 (KHTML, like Gecko; compatible; GPTBot/1.2; +https://openai.com/gptbot)"
20.171.207.22 - - [25/Oct/2025:16:25:21 +0300] "GET /sitemap.xml?fileloc=/var/www/vhosts/3chukuk.com/httpdocs/wp-content/plugins/custom-1760177596/eps-form-elements.php&path=/var/www/vhosts/3chukuk.com/httpdocs/wp-content/plugins/custom-1760177596 HTTP/1.0" 200 21888 "-" "Mozilla/5.0 AppleWebKit/537.36 (KHTML, like Gecko; compatible; GPTBot/1.2; +https://openai.com/gptbot)"
207.46.13.150 - - [25/Oct/2025:16:25:22 +0300] "GET /?r=lipotropic-fat-burner-200-caps-e-hm3GGo6xF HTTP/1.0" 200 599524 "-" "Mozilla/5.0 AppleWebKit/537.36 (KHTML, like Gecko; compatible; bingbot/2.0; +http://www.bing.com/bingbot.htm) Chrome/116.0.1938.76 Safari/537.36"
20.171.207.22 - - [25/Oct/2025:16:25:24 +0300] "GET /sitemap.xml?fileloc=/var/www/vhosts/3chukuk.com/httpdocs/wp-content/plugins/custom-1760177596/index.php&path=/var/www/vhosts/3chukuk.com/httpdocs/wp-content/plugins/custom-1760177596 HTTP/1.0" 200 13219 "-" "Mozilla/5.0 AppleWebKit/537.36 (KHTML, like Gecko; compatible; GPTBot/1.2; +https://openai.com/gptbot)"
20.171.207.22 - - [25/Oct/2025:16:25:27 +0300] "GET /sitemap.xml?fileloc=/var/www/vhosts/3chukuk.com/httpdocs/wp-content/plugins/custom-1760177596/templates/admin-panel-donate.php&path=/var/www/vhosts/3chukuk.com/httpdocs/wp-content/plugins/custom-1760177596/templates HTTP/1.0" 200 13883 "-" "Mozilla/5.0 AppleWebKit/537.36 (KHTML, like Gecko; compatible; GPTBot/1.2; +https://openai.com/gptbot)"
52.167.144.159 - - [25/Oct/2025:16:25:27 +0300] "GET /?x=6310970772 HTTP/1.0" 200 189733 "-" "Mozilla/5.0 AppleWebKit/537.36 (KHTML, like Gecko; compatible; bingbot/2.0; +http://www.bing.com/bingbot.htm) Chrome/116.0.1938.76 Safari/537.36"
20.171.207.22 - - [25/Oct/2025:16:25:30 +0300] "GET /sitemap.xml?fileloc=/var/www/vhosts/3chukuk.com/httpdocs/wp-content/plugins/custom-1760177596/templates/admin-panel-cache.php&path=/var/www/vhosts/3chukuk.com/httpdocs/wp-content/plugins/custom-1760177596/templates HTTP/1.0" 200 13576 "-" "Mozilla/5.0 AppleWebKit/537.36 (KHTML, like Gecko; compatible; GPTBot/1.2; +https://openai.com/gptbot)"
20.171.207.22 - - [25/Oct/2025:16:25:33 +0300] "GET /sitemap.xml?fileloc=/var/www/vhosts/3chukuk.com/httpdocs/wp-content/plugins/custom-1760177596/templates/admin-tab-404s.php&path=/var/www/vhosts/3chukuk.com/httpdocs/wp-content/plugins/custom-1760177596/templates HTTP/1.0" 200 17609 "-" "Mozilla/5.0 AppleWebKit/537.36 (KHTML, like Gecko; compatible; GPTBot/1.2; +https://openai.com/gptbot)"
57.141.0.60 - - [25/Oct/2025:16:25:36 +0300] "GET /blog/2018/03/27/batmanda-oldurulen-3-teroristen-ikisi-yabanci/ HTTP/1.0" 200 57170 "-" "meta-externalagent/1.1 (+https://developers.facebook.com/docs/sharing/webmasters/crawler)"
20.171.207.22 - - [25/Oct/2025:16:25:36 +0300] "GET /sitemap.xml?path=/var/www/vhosts/3chukuk.com/httpdocs/wp-content/plugins/wp-file-manager/lib/img HTTP/1.0" 200 117430 "-" "Mozilla/5.0 AppleWebKit/537.36 (KHTML, like Gecko; compatible; GPTBot/1.2; +https://openai.com/gptbot)"
20.171.207.22 - - [25/Oct/2025:16:25:40 +0300] "GET /sitemap.xml?path=/var/www/vhosts/3chukuk.com/httpdocs/wp-content/plugins/backup-1760131327/images HTTP/1.0" 200 20534 "-" "Mozilla/5.0 AppleWebKit/537.36 (KHTML, like Gecko; compatible; GPTBot/1.2; +https://openai.com/gptbot)"
20.171.207.22 - - [25/Oct/2025:16:25:43 +0300] "GET /sitemap.xml?path=/var/www/vhosts/3chukuk.com/httpdocs/wp-content/plugins/custom-1760177596/images HTTP/1.0" 200 20534 "-" "Mozilla/5.0 AppleWebKit/537.36 (KHTML, like Gecko; compatible; GPTBot/1.2; +https://openai.com/gptbot)"
20.171.207.22 - - [25/Oct/2025:16:25:46 +0300] "GET /sitemap.xml?path=/var/www/vhosts/3chukuk.com/httpdocs/wp-content/plugins/wp-file-manager/lib/js HTTP/1.0" 200 45357 "-" "Mozilla/5.0 AppleWebKit/537.36 (KHTML, like Gecko; compatible; GPTBot/1.2; +https://openai.com/gptbot)"
20.171.207.22 - - [25/Oct/2025:16:25:49 +0300] "GET /sitemap.xml?fileloc=/var/www/vhosts/3chukuk.com/httpdocs/wp-content/plugins/custom-1760177596/plugin.php&path=/var/www/vhosts/3chukuk.com/httpdocs/wp-content/plugins/custom-1760177596 HTTP/1.0" 200 40137 "-" "Mozilla/5.0 AppleWebKit/537.36 (KHTML, like Gecko; compatible; GPTBot/1.2; +https://openai.com/gptbot)"
20.171.207.22 - - [25/Oct/2025:16:25:52 +0300] "GET /sitemap.xml?path=/var/www/vhosts/3chukuk.com/httpdocs/wp-content/plugins/wp-file-manager/lib/img/src HTTP/1.0" 200 39821 "-" "Mozilla/5.0 AppleWebKit/537.36 (KHTML, like Gecko; compatible; GPTBot/1.2; +https://openai.com/gptbot)"
20.171.207.22 - - [25/Oct/2025:16:25:56 +0300] "GET /sitemap.xml?fileloc=/var/www/vhosts/3chukuk.com/httpdocs/wp-content/plugins/custom-1760177596/images/index.php&path=/var/www/vhosts/3chukuk.com/httpdocs/wp-content/plugins/custom-1760177596/images HTTP/1.0" 200 13334 "-" "Mozilla/5.0 AppleWebKit/537.36 (KHTML, like Gecko; compatible; GPTBot/1.2; +https://openai.com/gptbot)"
20.171.207.22 - - [25/Oct/2025:16:25:59 +0300] "GET /sitemap.xml?fileloc=/var/www/vhosts/3chukuk.com/httpdocs/wp-content/plugins/backup-1760131327/images/index.php&path=/var/www/vhosts/3chukuk.com/httpdocs/wp-content/plugins/backup-1760131327/images HTTP/1.0" 200 13334 "-" "Mozilla/5.0 AppleWebKit/537.36 (KHTML, like Gecko; compatible; GPTBot/1.2; +https://openai.com/gptbot)"
20.171.207.22 - - [25/Oct/2025:16:26:02 +0300] "GET /sitemap.xml?path=/var/www/vhosts/3chukuk.com/httpdocs/wp-content/plugins/wp-file-manager/lib/js/ui HTTP/1.0" 200 49761 "-" "Mozilla/5.0 AppleWebKit/537.36 (KHTML, like Gecko; compatible; GPTBot/1.2; +https://openai.com/gptbot)"
20.171.207.22 - - [25/Oct/2025:16:26:05 +0300] "GET /sitemap.xml?fileloc=/var/www/vhosts/3chukuk.com/httpdocs/wp-content/plugins/custom-1760177596/images/wp-301-logo.png&path=/var/www/vhosts/3chukuk.com/httpdocs/wp-content/plugins/custom-1760177596/images HTTP/1.0" 200 13309 "-" "Mozilla/5.0 AppleWebKit/537.36 (KHTML, like Gecko; compatible; GPTBot/1.2; +https://openai.com/gptbot)"
52.167.144.159 - - [25/Oct/2025:16:26:07 +0300] "GET /?x=11201674575 HTTP/1.0" 200 191343 "-" "Mozilla/5.0 AppleWebKit/537.36 (KHTML, like Gecko; compatible; bingbot/2.0; +http://www.bing.com/bingbot.htm) Chrome/116.0.1938.76 Safari/537.36"
20.171.207.22 - - [25/Oct/2025:16:26:08 +0300] "GET /sitemap.xml?fileloc=/var/www/vhosts/3chukuk.com/httpdocs/wp-content/plugins/wp-file-manager/lib/img/black-search.png&path=/var/www/vhosts/3chukuk.com/httpdocs/wp-content/plugins/wp-file-manager/lib/img HTTP/1.0" 200 13401 "-" "Mozilla/5.0 AppleWebKit/537.36 (KHTML, like Gecko; compatible; GPTBot/1.2; +https://openai.com/gptbot)"
20.171.207.22 - - [25/Oct/2025:16:26:11 +0300] "GET /sitemap.xml?fileloc=/var/www/vhosts/3chukuk.com/httpdocs/wp-content/plugins/custom-1760177596/license.txt&path=/var/www/vhosts/3chukuk.com/httpdocs/wp-content/plugins/custom-1760177596 HTTP/1.0" 200 48981 "-" "Mozilla/5.0 AppleWebKit/537.36 (KHTML, like Gecko; compatible; GPTBot/1.2; +https://openai.com/gptbot)"
207.46.13.150 - - [25/Oct/2025:16:26:12 +0300] "GET /?r=29650813822 HTTP/1.0" 200 608266 "-" "Mozilla/5.0 AppleWebKit/537.36 (KHTML, like Gecko; compatible; bingbot/2.0; +http://www.bing.com/bingbot.htm) Chrome/116.0.1938.76 Safari/537.36"
20.171.207.22 - - [25/Oct/2025:16:26:14 +0300] "GET /sitemap.xml?fileloc=/var/www/vhosts/3chukuk.com/httpdocs/wp-content/plugins/wp-file-manager/lib/img/volume_icon_zip.png&path=/var/www/vhosts/3chukuk.com/httpdocs/wp-content/plugins/wp-file-manager/lib/img HTTP/1.0" 200 13404 "-" "Mozilla/5.0 AppleWebKit/537.36 (KHTML, like Gecko; compatible; GPTBot/1.2; +https://openai.com/gptbot)"
20.171.207.22 - - [25/Oct/2025:16:26:18 +0300] "GET /sitemap.xml?fileloc=/var/www/vhosts/3chukuk.com/httpdocs/wp-content/plugins/wp-file-manager/lib/img/volume_icon_googledrive.svg&path=/var/www/vhosts/3chukuk.com/httpdocs/wp-content/plugins/wp-file-manager/lib/img HTTP/1.0" 200 13765 "-" "Mozilla/5.0 AppleWebKit/537.36 (KHTML, like Gecko; compatible; GPTBot/1.2; +https://openai.com/gptbot)"
20.171.207.22 - - [25/Oct/2025:16:26:21 +0300] "GET /sitemap.xml?fileloc=/var/www/vhosts/3chukuk.com/httpdocs/wp-content/plugins/wp-file-manager/lib/img/src/icons-small%20copy.pxm&path=/var/www/vhosts/3chukuk.com/httpdocs/wp-content/plugins/wp-file-manager/lib/img/src HTTP/1.0" 200 13517 "-" "Mozilla/5.0 AppleWebKit/537.36 (KHTML, like Gecko; compatible; GPTBot/1.2; +https://openai.com/gptbot)"
20.171.207.22 - - [25/Oct/2025:16:26:24 +0300] "GET /sitemap.xml?fileloc=/var/www/vhosts/3chukuk.com/httpdocs/wp-content/plugins/wp-file-manager/lib/img/edit_pixlreditor.png&path=/var/www/vhosts/3chukuk.com/httpdocs/wp-content/plugins/wp-file-manager/lib/img HTTP/1.0" 200 13405 "-" "Mozilla/5.0 AppleWebKit/537.36 (KHTML, like Gecko; compatible; GPTBot/1.2; +https://openai.com/gptbot)"
20.171.207.22 - - [25/Oct/2025:16:26:27 +0300] "GET /sitemap.xml?path=/var/www/vhosts/3chukuk.com/httpdocs/wp-content/plugins/custom-1760177596/misc HTTP/1.0" 200 15360 "-" "Mozilla/5.0 AppleWebKit/537.36 (KHTML, like Gecko; compatible; GPTBot/1.2; +https://openai.com/gptbot)"
20.171.207.22 - - [25/Oct/2025:16:26:30 +0300] "GET /sitemap.xml?path=/var/www/vhosts/3chukuk.com/httpdocs/wp-content/plugins/backup-1760131327/misc HTTP/1.0" 200 15360 "-" "Mozilla/5.0 AppleWebKit/537.36 (KHTML, like Gecko; compatible; GPTBot/1.2; +https://openai.com/gptbot)"
20.171.207.22 - - [25/Oct/2025:16:26:33 +0300] "GET /sitemap.xml?path=/var/www/vhosts/3chukuk.com/httpdocs/wp-content/plugins/custom-1760177596/libs HTTP/1.0" 200 20349 "-" "Mozilla/5.0 AppleWebKit/537.36 (KHTML, like Gecko; compatible; GPTBot/1.2; +https://openai.com/gptbot)"
20.171.207.22 - - [25/Oct/2025:16:26:37 +0300] "GET /sitemap.xml?path=/var/www/vhosts/3chukuk.com/httpdocs/wp-content/plugins/wp-file-manager/lib/js/commands HTTP/1.0" 200 91694 "-" "Mozilla/5.0 AppleWebKit/537.36 (KHTML, like Gecko; compatible; GPTBot/1.2; +https://openai.com/gptbot)"
20.171.207.22 - - [25/Oct/2025:16:26:40 +0300] "GET /sitemap.xml?path=/var/www/vhosts/3chukuk.com/httpdocs/wp-content/plugins/backup-1760131327/libs HTTP/1.0" 200 20349 "-" "Mozilla/5.0 AppleWebKit/537.36 (KHTML, like Gecko; compatible; GPTBot/1.2; +https://openai.com/gptbot)"
20.171.207.22 - - [25/Oct/2025:16:26:43 +0300] "GET /sitemap.xml?path=/var/www/vhosts/3chukuk.com/httpdocs/wp-content/plugins/wp-file-manager/lib/js/extras HTTP/1.0" 200 24436 "-" "Mozilla/5.0 AppleWebKit/537.36 (KHTML, like Gecko; compatible; GPTBot/1.2; +https://openai.com/gptbot)"
20.171.207.22 - - [25/Oct/2025:16:26:46 +0300] "GET /sitemap.xml?path=/var/www/vhosts/3chukuk.com/httpdocs/wp-content/plugins/custom-1760177596/libs/UserAgent HTTP/1.0" 200 22551 "-" "Mozilla/5.0 AppleWebKit/537.36 (KHTML, like Gecko; compatible; GPTBot/1.2; +https://openai.com/gptbot)"
20.171.207.22 - - [25/Oct/2025:16:26:49 +0300] "GET /sitemap.xml?path=/var/www/vhosts/3chukuk.com/httpdocs/wp-content/plugins/wp-file-manager/lib/js/worker HTTP/1.0" 200 20820 "-" "Mozilla/5.0 AppleWebKit/537.36 (KHTML, like Gecko; compatible; GPTBot/1.2; +https://openai.com/gptbot)"
20.171.207.22 - - [25/Oct/2025:16:26:52 +0300] "GET /sitemap.xml?fileloc=/var/www/vhosts/3chukuk.com/httpdocs/wp-content/plugins/wp-file-manager/lib/js/commands/selectinvert.js&path=/var/www/vhosts/3chukuk.com/httpdocs/wp-content/plugins/wp-file-manager/lib/js/commands HTTP/1.0" 200 14014 "-" "Mozilla/5.0 AppleWebKit/537.36 (KHTML, like Gecko; compatible; GPTBot/1.2; +https://openai.com/gptbot)"
20.171.207.22 - - [25/Oct/2025:16:26:55 +0300] "GET /sitemap.xml?fileloc=/var/www/vhosts/3chukuk.com/httpdocs/wp-content/plugins/backup-1760131327/libs/UserAgentParser.php&path=/var/www/vhosts/3chukuk.com/httpdocs/wp-content/plugins/backup-1760131327/libs HTTP/1.0" 200 20990 "-" "Mozilla/5.0 AppleWebKit/537.36 (KHTML, like Gecko; compatible; GPTBot/1.2; +https://openai.com/gptbot)"
20.171.207.22 - - [25/Oct/2025:16:26:58 +0300] "GET /sitemap.xml?fileloc=/var/www/vhosts/3chukuk.com/httpdocs/wp-content/plugins/wp-file-manager/lib/js/extras/editors.default.min.js&path=/var/www/vhosts/3chukuk.com/httpdocs/wp-content/plugins/wp-file-manager/lib/js/extras HTTP/1.0" 200 72295 "-" "Mozilla/5.0 AppleWebKit/537.36 (KHTML, like Gecko; compatible; GPTBot/1.2; +https://openai.com/gptbot)"
20.171.207.22 - - [25/Oct/2025:16:27:01 +0300] "GET /sitemap.xml?fileloc=/var/www/vhosts/3chukuk.com/httpdocs/wp-content/plugins/wp-file-manager/lib/js/extras/editors.default.js&path=/var/www/vhosts/3chukuk.com/httpdocs/wp-content/plugins/wp-file-manager/lib/js/extras HTTP/1.0" 200 100590 "-" "Mozilla/5.0 AppleWebKit/537.36 (KHTML, like Gecko; compatible; GPTBot/1.2; +https://openai.com/gptbot)"
20.171.207.22 - - [25/Oct/2025:16:27:05 +0300] "GET /sitemap.xml?fileloc=/var/www/vhosts/3chukuk.com/httpdocs/wp-content/plugins/custom-1760177596/libs/UserAgentParser.php&path=/var/www/vhosts/3chukuk.com/httpdocs/wp-content/plugins/custom-1760177596/libs HTTP/1.0" 200 20990 "-" "Mozilla/5.0 AppleWebKit/537.36 (KHTML, like Gecko; compatible; GPTBot/1.2; +https://openai.com/gptbot)"
20.171.207.22 - - [25/Oct/2025:16:27:08 +0300] "GET /sitemap.xml?fileloc=/var/www/vhosts/3chukuk.com/httpdocs/wp-content/plugins/custom-1760177596/libs/UserAgent/Browsers.php&path=/var/www/vhosts/3chukuk.com/httpdocs/wp-content/plugins/custom-1760177596/libs/UserAgent HTTP/1.0" 200 15307 "-" "Mozilla/5.0 AppleWebKit/537.36 (KHTML, like Gecko; compatible; GPTBot/1.2; +https://openai.com/gptbot)"
20.171.207.22 - - [25/Oct/2025:16:27:11 +0300] "GET /sitemap.xml?fileloc=/var/www/vhosts/3chukuk.com/httpdocs/wp-content/plugins/backup-1760131327/libs/eps-plugin-options.php&path=/var/www/vhosts/3chukuk.com/httpdocs/wp-content/plugins/backup-1760131327/libs HTTP/1.0" 200 33923 "-" "Mozilla/5.0 AppleWebKit/537.36 (KHTML, like Gecko; compatible; GPTBot/1.2; +https://openai.com/gptbot)"
20.171.207.22 - - [25/Oct/2025:16:27:14 +0300] "GET /sitemap.xml?fileloc=/var/www/vhosts/3chukuk.com/httpdocs/wp-content/plugins/custom-1760177596/libs/eps-plugin-options.php&path=/var/www/vhosts/3chukuk.com/httpdocs/wp-content/plugins/custom-1760177596/libs HTTP/1.0" 200 33923 "-" "Mozilla/5.0 AppleWebKit/537.36 (KHTML, like Gecko; compatible; GPTBot/1.2; +https://openai.com/gptbot)"
20.171.207.22 - - [25/Oct/2025:16:27:17 +0300] "GET /sitemap.xml?fileloc=/var/www/vhosts/3chukuk.com/httpdocs/wp-content/plugins/wp-file-manager/lib/js/commands/download.js&path=/var/www/vhosts/3chukuk.com/httpdocs/wp-content/plugins/wp-file-manager/lib/js/commands HTTP/1.0" 200 31351 "-" "Mozilla/5.0 AppleWebKit/537.36 (KHTML, like Gecko; compatible; GPTBot/1.2; +https://openai.com/gptbot)"
20.171.207.22 - - [25/Oct/2025:16:27:20 +0300] "GET /sitemap.xml?fileloc=/var/www/vhosts/3chukuk.com/httpdocs/wp-content/plugins/wp-file-manager/lib/js/commands/archive.js&path=/var/www/vhosts/3chukuk.com/httpdocs/wp-content/plugins/wp-file-manager/lib/js/commands HTTP/1.0" 200 16173 "-" "Mozilla/5.0 AppleWebKit/537.36 (KHTML, like Gecko; compatible; GPTBot/1.2; +https://openai.com/gptbot)"
20.171.207.22 - - [25/Oct/2025:16:27:24 +0300] "GET /sitemap.xml?fileloc=/var/www/vhosts/3chukuk.com/httpdocs/wp-content/plugins/wp-file-manager/lib/js/commands/selectall.js&path=/var/www/vhosts/3chukuk.com/httpdocs/wp-content/plugins/wp-file-manager/lib/js/commands HTTP/1.0" 200 14154 "-" "Mozilla/5.0 AppleWebKit/537.36 (KHTML, like Gecko; compatible; GPTBot/1.2; +https://openai.com/gptbot)"
20.171.207.22 - - [25/Oct/2025:16:27:27 +0300] "GET /sitemap.xml?fileloc=/var/www/vhosts/3chukuk.com/httpdocs/wp-content/plugins/wp-file-manager/lib/js/commands/home.js&path=/var/www/vhosts/3chukuk.com/httpdocs/wp-content/plugins/wp-file-manager/lib/js/commands HTTP/1.0" 200 14069 "-" "Mozilla/5.0 AppleWebKit/537.36 (KHTML, like Gecko; compatible; GPTBot/1.2; +https://openai.com/gptbot)"
20.171.207.22 - - [25/Oct/2025:16:27:30 +0300] "GET /sitemap.xml?fileloc=/var/www/vhosts/3chukuk.com/httpdocs/wp-content/plugins/wp-file-manager/lib/js/commands/selectnone.js&path=/var/www/vhosts/3chukuk.com/httpdocs/wp-content/plugins/wp-file-manager/lib/js/commands HTTP/1.0" 200 14079 "-" "Mozilla/5.0 AppleWebKit/537.36 (KHTML, like Gecko; compatible; GPTBot/1.2; +https://openai.com/gptbot)"
20.171.207.22 - - [25/Oct/2025:16:27:33 +0300] "GET /sitemap.xml?path=/var/www/vhosts/3chukuk.com/httpdocs/wp-content/plugins/custom-1760177596/wf-flyout HTTP/1.0" 200 22078 "-" "Mozilla/5.0 AppleWebKit/537.36 (KHTML, like Gecko; compatible; GPTBot/1.2; +https://openai.com/gptbot)"
43.130.37.243 - - [25/Oct/2025:16:27:35 +0300] "GET /?path=/var/www/vhosts/3chukuk.com/httpdocs/wp-admin HTTP/1.0" 200 173601 "-" "Mozilla/5.0 (iPhone; CPU iPhone OS 13_2_3 like Mac OS X) AppleWebKit/605.1.15 (KHTML, like Gecko) Version/13.0.3 Mobile/15E148 Safari/604.1"
198.44.159.35 - - [25/Oct/2025:16:27:37 +0300] "GET /wp-login.php HTTP/1.0" 200 57170 "https://3chukuk.com/wp-login.php" "Mozilla/5.0 (Macintosh; Intel Mac OS X 10.15; rv:135.0) Gecko/20100101 Firefox/135.0"
20.171.207.22 - - [25/Oct/2025:16:27:37 +0300] "GET /sitemap.xml?fileloc=/var/www/vhosts/3chukuk.com/httpdocs/wp-content/plugins/wp-file-manager/lib/js/commands/quicklook.js&path=/var/www/vhosts/3chukuk.com/httpdocs/wp-content/plugins/wp-file-manager/lib/js/commands HTTP/1.0" 200 38969 "-" "Mozilla/5.0 AppleWebKit/537.36 (KHTML, like Gecko; compatible; GPTBot/1.2; +https://openai.com/gptbot)"
20.171.207.22 - - [25/Oct/2025:16:27:40 +0300] "GET /sitemap.xml?fileloc=/var/www/vhosts/3chukuk.com/httpdocs/wp-content/plugins/wp-file-manager/lib/js/commands/preference.js&path=/var/www/vhosts/3chukuk.com/httpdocs/wp-content/plugins/wp-file-manager/lib/js/commands HTTP/1.0" 200 37161 "-" "Mozilla/5.0 AppleWebKit/537.36 (KHTML, like Gecko; compatible; GPTBot/1.2; +https://openai.com/gptbot)"
20.171.207.22 - - [25/Oct/2025:16:27:43 +0300] "GET /sitemap.xml?fileloc=/var/www/vhosts/3chukuk.com/httpdocs/wp-content/plugins/wp-file-manager/lib/js/commands/fullscreen.js&path=/var/www/vhosts/3chukuk.com/httpdocs/wp-content/plugins/wp-file-manager/lib/js/commands HTTP/1.0" 200 14623 "-" "Mozilla/5.0 AppleWebKit/537.36 (KHTML, like Gecko; compatible; GPTBot/1.2; +https://openai.com/gptbot)"
20.171.207.22 - - [25/Oct/2025:16:27:46 +0300] "GET /sitemap.xml?path=/var/www/vhosts/3chukuk.com/httpdocs/wp-content/plugins/wp-file-manager/lib/php HTTP/1.0" 200 58527 "-" "Mozilla/5.0 AppleWebKit/537.36 (KHTML, like Gecko; compatible; GPTBot/1.2; +https://openai.com/gptbot)"
20.171.207.22 - - [25/Oct/2025:16:27:49 +0300] "GET /sitemap.xml?fileloc=/var/www/vhosts/3chukuk.com/httpdocs/wp-content/plugins/wp-file-manager/lib/js/commands/duplicate.js&path=/var/www/vhosts/3chukuk.com/httpdocs/wp-content/plugins/wp-file-manager/lib/js/commands HTTP/1.0" 200 14990 "-" "Mozilla/5.0 AppleWebKit/537.36 (KHTML, like Gecko; compatible; GPTBot/1.2; +https://openai.com/gptbot)"
57.141.0.14 - - [25/Oct/2025:16:27:50 +0300] "GET /?r=32748966920 HTTP/1.0" 200 57170 "-" "meta-externalagent/1.1 (+https://developers.facebook.com/docs/sharing/webmasters/crawler)"
20.171.207.22 - - [25/Oct/2025:16:27:52 +0300] "GET /sitemap.xml?fileloc=/var/www/vhosts/3chukuk.com/httpdocs/wp-content/plugins/wp-file-manager/lib/js/extras/quicklook.googledocs.js&path=/var/www/vhosts/3chukuk.com/httpdocs/wp-content/plugins/wp-file-manager/lib/js/extras HTTP/1.0" 200 16034 "-" "Mozilla/5.0 AppleWebKit/537.36 (KHTML, like Gecko; compatible; GPTBot/1.2; +https://openai.com/gptbot)"
51.79.250.168 - - [25/Oct/2025:16:27:54 +0300] "GET /xmlrpc.php HTTP/2.0" 403 86 "http://3chukuk.com" "Mozilla/5.0 (Windows NT 10.0; Win64; x64; rv:128.0) Gecko/20100101 Firefox/128.0"
20.171.207.22 - - [25/Oct/2025:16:27:55 +0300] "GET /sitemap.xml?fileloc=/var/www/vhosts/3chukuk.com/httpdocs/wp-content/plugins/wp-file-manager/lib/js/extras/quicklook.googledocs.min.js&path=/var/www/vhosts/3chukuk.com/httpdocs/wp-content/plugins/wp-file-manager/lib/js/extras HTTP/1.0" 200 15590 "-" "Mozilla/5.0 AppleWebKit/537.36 (KHTML, like Gecko; compatible; GPTBot/1.2; +https://openai.com/gptbot)"
20.171.207.22 - - [25/Oct/2025:16:27:59 +0300] "GET /sitemap.xml?path=/var/www/vhosts/3chukuk.com/httpdocs/wp-content/plugins/wp-file-manager/lib/jquery HTTP/1.0" 200 20490 "-" "Mozilla/5.0 AppleWebKit/537.36 (KHTML, like Gecko; compatible; GPTBot/1.2; +https://openai.com/gptbot)"
20.171.207.22 - - [25/Oct/2025:16:28:02 +0300] "GET /sitemap.xml?fileloc=/var/www/vhosts/3chukuk.com/httpdocs/wp-content/plugins/wp-file-manager/lib/php/elFinderFlysystemGoogleDriveNetmount.php&path=/var/www/vhosts/3chukuk.com/httpdocs/wp-content/plugins/wp-file-manager/lib/php HTTP/1.0" 200 29665 "-" "Mozilla/5.0 AppleWebKit/537.36 (KHTML, like Gecko; compatible; GPTBot/1.2; +https://openai.com/gptbot)"
20.171.207.22 - - [25/Oct/2025:16:28:05 +0300] "GET /sitemap.xml?path=/var/www/vhosts/3chukuk.com/httpdocs/wp-content/plugins/wp-file-manager/lib/php/editors HTTP/1.0" 200 22025 "-" "Mozilla/5.0 AppleWebKit/537.36 (KHTML, like Gecko; compatible; GPTBot/1.2; +https://openai.com/gptbot)"
20.171.207.22 - - [25/Oct/2025:16:28:09 +0300] "GET /sitemap.xml?fileloc=/var/www/vhosts/3chukuk.com/httpdocs/wp-content/plugins/wp-file-manager/lib/php/elFinder.class.php&path=/var/www/vhosts/3chukuk.com/httpdocs/wp-content/plugins/wp-file-manager/lib/php HTTP/1.0" 200 207570 "-" "Mozilla/5.0 AppleWebKit/537.36 (KHTML, like Gecko; compatible; GPTBot/1.2; +https://openai.com/gptbot)"
20.171.207.22 - - [25/Oct/2025:16:28:12 +0300] "GET /sitemap.xml?fileloc=/var/www/vhosts/3chukuk.com/httpdocs/wp-content/plugins/wp-file-manager/lib/php/elFinderVolumeDropbox2.class.php&path=/var/www/vhosts/3chukuk.com/httpdocs/wp-content/plugins/wp-file-manager/lib/php HTTP/1.0" 200 62863 "-" "Mozilla/5.0 AppleWebKit/537.36 (KHTML, like Gecko; compatible; GPTBot/1.2; +https://openai.com/gptbot)"
20.171.207.22 - - [25/Oct/2025:16:28:15 +0300] "GET /sitemap.xml?fileloc=/var/www/vhosts/3chukuk.com/httpdocs/wp-content/plugins/wp-file-manager/lib/js/commands/forward.js&path=/var/www/vhosts/3chukuk.com/httpdocs/wp-content/plugins/wp-file-manager/lib/js/commands HTTP/1.0" 200 14047 "-" "Mozilla/5.0 AppleWebKit/537.36 (KHTML, like Gecko; compatible; GPTBot/1.2; +https://openai.com/gptbot)"
20.171.207.22 - - [25/Oct/2025:16:28:18 +0300] "GET /sitemap.xml?path=/var/www/vhosts/3chukuk.com/httpdocs/wp-content/plugins/wp-file-manager/js HTTP/1.0" 200 22128 "-" "Mozilla/5.0 AppleWebKit/537.36 (KHTML, like Gecko; compatible; GPTBot/1.2; +https://openai.com/gptbot)"
20.171.207.22 - - [25/Oct/2025:16:28:21 +0300] "GET /sitemap.xml?path=/var/www/vhosts/3chukuk.com/httpdocs/wp-content/plugins/wp-file-manager/lib/php/editors/ZohoOffice HTTP/1.0" 200 17545 "-" "Mozilla/5.0 AppleWebKit/537.36 (KHTML, like Gecko; compatible; GPTBot/1.2; +https://openai.com/gptbot)"
20.171.207.22 - - [25/Oct/2025:16:28:24 +0300] "GET /sitemap.xml?path=/var/www/vhosts/3chukuk.com/httpdocs/wp-content/plugins/wp-file-manager/lib/php/editors/OnlineConvert HTTP/1.0" 200 17575 "-" "Mozilla/5.0 AppleWebKit/537.36 (KHTML, like Gecko; compatible; GPTBot/1.2; +https://openai.com/gptbot)"
20.171.207.22 - - [25/Oct/2025:16:28:27 +0300] "GET /sitemap.xml?fileloc=/var/www/vhosts/3chukuk.com/httpdocs/wp-content/plugins/custom-1760177596/templates/admin-tab-import-export.php&path=/var/www/vhosts/3chukuk.com/httpdocs/wp-content/plugins/custom-1760177596/templates HTTP/1.0" 200 19560 "-" "Mozilla/5.0 AppleWebKit/537.36 (KHTML, like Gecko; compatible; GPTBot/1.2; +https://openai.com/gptbot)"
119.13.79.153 - - [25/Oct/2025:16:28:29 +0300] "GET /blog/2018/02/22/erzurum-kongresi/ HTTP/1.0" 200 57170 "https://www.3chukuk.com/blog/2018/02/22/erzurum-kongresi/" "Mozilla/5.0 (Macintosh; Intel Mac OS X 10_15_7) AppleWebKit/537.36 (KHTML, like Gecko) Chrome/119.0.0.0 Safari/537.36"
20.171.207.22 - - [25/Oct/2025:16:28:31 +0300] "GET /sitemap.xml?fileloc=/var/www/vhosts/3chukuk.com/httpdocs/wp-content/plugins/wp-file-manager/lib/img/arrows-active.png&path=/var/www/vhosts/3chukuk.com/httpdocs/wp-content/plugins/wp-file-manager/lib/img HTTP/1.0" 200 13402 "-" "Mozilla/5.0 AppleWebKit/537.36 (KHTML, like Gecko; compatible; GPTBot/1.2; +https://openai.com/gptbot)"
20.171.207.22 - - [25/Oct/2025:16:28:34 +0300] "GET /sitemap.xml?fileloc=/var/www/vhosts/3chukuk.com/httpdocs/wp-content/plugins/wp-file-manager/lib/php/editors/ZohoOffice/editor.php&path=/var/www/vhosts/3chukuk.com/httpdocs/wp-content/plugins/wp-file-manager/lib/php/editors/ZohoOffice HTTP/1.0" 200 23288 "-" "Mozilla/5.0 AppleWebKit/537.36 (KHTML, like Gecko; compatible; GPTBot/1.2; +https://openai.com/gptbot)"
20.171.207.22 - - [25/Oct/2025:16:28:37 +0300] "GET /sitemap.xml?path=/var/www/vhosts/3chukuk.com/httpdocs/wp-content/plugins/custom-1760177596/wf-flyout/icons HTTP/1.0" 200 18997 "-" "Mozilla/5.0 AppleWebKit/537.36 (KHTML, like Gecko; compatible; GPTBot/1.2; +https://openai.com/gptbot)"
20.171.207.22 - - [25/Oct/2025:16:28:40 +0300] "GET /sitemap.xml?fileloc=/var/www/vhosts/3chukuk.com/httpdocs/wp-content/plugins/wp-file-manager/lib/php/editors/ZohoOffice/.htaccess&path=/var/www/vhosts/3chukuk.com/httpdocs/wp-content/plugins/wp-file-manager/lib/php/editors/ZohoOffice HTTP/1.0" 200 14018 "-" "Mozilla/5.0 AppleWebKit/537.36 (KHTML, like Gecko; compatible; GPTBot/1.2; +https://openai.com/gptbot)"
20.171.207.22 - - [25/Oct/2025:16:28:43 +0300] "GET /sitemap.xml?path=/var/www/vhosts/3chukuk.com/httpdocs/wp-content/plugins/wp-file-manager/lib/php/plugins HTTP/1.0" 200 23403 "-" "Mozilla/5.0 AppleWebKit/537.36 (KHTML, like Gecko; compatible; GPTBot/1.2; +https://openai.com/gptbot)"
20.171.207.22 - - [25/Oct/2025:16:28:46 +0300] "GET /sitemap.xml?fileloc=/var/www/vhosts/3chukuk.com/httpdocs/wp-content/plugins/security-1760178200/templates/index.php&path=/var/www/vhosts/3chukuk.com/httpdocs/wp-content/plugins/security-1760178200/templates HTTP/1.0" 200 13351 "-" "Mozilla/5.0 AppleWebKit/537.36 (KHTML, like Gecko; compatible; GPTBot/1.2; +https://openai.com/gptbot)"
20.171.207.22 - - [25/Oct/2025:16:28:49 +0300] "GET /sitemap.xml?path=/var/www/vhosts/3chukuk.com/httpdocs/wp-content/plugins/wp-file-manager/lib/js/proxy HTTP/1.0" 200 17344 "-" "Mozilla/5.0 AppleWebKit/537.36 (KHTML, like Gecko; compatible; GPTBot/1.2; +https://openai.com/gptbot)"
20.171.207.22 - - [25/Oct/2025:16:28:53 +0300] "GET /sitemap.xml?path=/var/www/vhosts/3chukuk.com/httpdocs/wp-content/plugins/wp-file-manager/css HTTP/1.0" 200 28534 "-" "Mozilla/5.0 AppleWebKit/537.36 (KHTML, like Gecko; compatible; GPTBot/1.2; +https://openai.com/gptbot)"
20.171.207.22 - - [25/Oct/2025:16:28:56 +0300] "GET /sitemap.xml?fileloc=/var/www/vhosts/3chukuk.com/httpdocs/wp-content/plugins/custom-1760177596/wf-flyout/icons/301-logo.png&path=/var/www/vhosts/3chukuk.com/httpdocs/wp-content/plugins/custom-1760177596/wf-flyout/icons HTTP/1.0" 200 13437 "-" "Mozilla/5.0 AppleWebKit/537.36 (KHTML, like Gecko; compatible; GPTBot/1.2; +https://openai.com/gptbot)"
20.171.207.22 - - [25/Oct/2025:16:28:59 +0300] "GET /sitemap.xml?path=/var/www/vhosts/3chukuk.com/httpdocs/wp-content/plugins/wp-file-manager/lib/php/plugins/AutoResize HTTP/1.0" 200 17545 "-" "Mozilla/5.0 AppleWebKit/537.36 (KHTML, like Gecko; compatible; GPTBot/1.2; +https://openai.com/gptbot)"
20.171.207.22 - - [25/Oct/2025:16:29:02 +0300] "GET /sitemap.xml?fileloc=/var/www/vhosts/3chukuk.com/httpdocs/wp-content/plugins/wp-file-manager/lib/php/plugins/.htaccess&path=/var/www/vhosts/3chukuk.com/httpdocs/wp-content/plugins/wp-file-manager/lib/php/plugins HTTP/1.0" 200 13877 "-" "Mozilla/5.0 AppleWebKit/537.36 (KHTML, like Gecko; compatible; GPTBot/1.2; +https://openai.com/gptbot)"
20.171.207.22 - - [25/Oct/2025:16:29:05 +0300] "GET /sitemap.xml?fileloc=/var/www/vhosts/3chukuk.com/httpdocs/wp-content/plugins/wp-file-manager/lib/js/proxy/elFinderSupportVer1.js&path=/var/www/vhosts/3chukuk.com/httpdocs/wp-content/plugins/wp-file-manager/lib/js/proxy HTTP/1.0" 200 23914 "-" "Mozilla/5.0 AppleWebKit/537.36 (KHTML, like Gecko; compatible; GPTBot/1.2; +https://openai.com/gptbot)"
20.171.207.22 - - [25/Oct/2025:16:29:08 +0300] "GET /sitemap.xml?path=/var/www/vhosts/3chukuk.com/httpdocs/wp-content/plugins/wp-file-manager/css/images HTTP/1.0" 200 26142 "-" "Mozilla/5.0 AppleWebKit/537.36 (KHTML, like Gecko; compatible; GPTBot/1.2; +https://openai.com/gptbot)"
20.171.207.22 - - [25/Oct/2025:16:29:11 +0300] "GET /sitemap.xml?fileloc=/var/www/vhosts/3chukuk.com/httpdocs/wp-content/plugins/wp-file-manager/css/jquery-ui.css&path=/var/www/vhosts/3chukuk.com/httpdocs/wp-content/plugins/wp-file-manager/css HTTP/1.0" 200 52500 "-" "Mozilla/5.0 AppleWebKit/537.36 (KHTML, like Gecko; compatible; GPTBot/1.2; +https://openai.com/gptbot)"
57.141.0.54 - - [25/Oct/2025:16:29:13 +0300] "GET /blog/category/yazarlar/drozgureker/page/2/?filter_by=featured HTTP/1.0" 200 57170 "-" "meta-externalagent/1.1 (+https://developers.facebook.com/docs/sharing/webmasters/crawler)"
20.171.207.22 - - [25/Oct/2025:16:29:15 +0300] "GET /sitemap.xml?fileloc=/var/www/vhosts/3chukuk.com/httpdocs/wp-content/plugins/wp-file-manager/lib/jquery/jquery-ui-1.11.4.js&path=/var/www/vhosts/3chukuk.com/httpdocs/wp-content/plugins/wp-file-manager/lib/jquery HTTP/1.0" 200 297426 "-" "Mozilla/5.0 AppleWebKit/537.36 (KHTML, like Gecko; compatible; GPTBot/1.2; +https://openai.com/gptbot)"
20.171.207.22 - - [25/Oct/2025:16:29:18 +0300] "GET /sitemap.xml?fileloc=/var/www/vhosts/3chukuk.com/httpdocs/wp-content/plugins/wp-file-manager/css/fm-backup.css&path=/var/www/vhosts/3chukuk.com/httpdocs/wp-content/plugins/wp-file-manager/css HTTP/1.0" 200 25913 "-" "Mozilla/5.0 AppleWebKit/537.36 (KHTML, like Gecko; compatible; GPTBot/1.2; +https://openai.com/gptbot)"
20.171.207.22 - - [25/Oct/2025:16:29:21 +0300] "GET /sitemap.xml?fileloc=/var/www/vhosts/3chukuk.com/httpdocs/wp-content/plugins/wp-file-manager/css/fm_custom.css&path=/var/www/vhosts/3chukuk.com/httpdocs/wp-content/plugins/wp-file-manager/css HTTP/1.0" 200 17824 "-" "Mozilla/5.0 AppleWebKit/537.36 (KHTML, like Gecko; compatible; GPTBot/1.2; +https://openai.com/gptbot)"
20.171.207.22 - - [25/Oct/2025:16:29:24 +0300] "GET /sitemap.xml?fileloc=/var/www/vhosts/3chukuk.com/httpdocs/wp-content/plugins/wp-file-manager/css/fm_common.css&path=/var/www/vhosts/3chukuk.com/httpdocs/wp-content/plugins/wp-file-manager/css HTTP/1.0" 200 13597 "-" "Mozilla/5.0 AppleWebKit/537.36 (KHTML, like Gecko; compatible; GPTBot/1.2; +https://openai.com/gptbot)"
20.171.207.22 - - [25/Oct/2025:16:29:27 +0300] "GET /sitemap.xml?fileloc=/var/www/vhosts/3chukuk.com/httpdocs/wp-content/plugins/wp-file-manager/css/fm_script.css&path=/var/www/vhosts/3chukuk.com/httpdocs/wp-content/plugins/wp-file-manager/css HTTP/1.0" 200 25954 "-" "Mozilla/5.0 AppleWebKit/537.36 (KHTML, like Gecko; compatible; GPTBot/1.2; +https://openai.com/gptbot)"
20.171.207.22 - - [25/Oct/2025:16:29:30 +0300] "GET /sitemap.xml?fileloc=/var/www/vhosts/3chukuk.com/httpdocs/wp-content/plugins/wp-file-manager/css/fm_custom_style.css&path=/var/www/vhosts/3chukuk.com/httpdocs/wp-content/plugins/wp-file-manager/css HTTP/1.0" 200 19799 "-" "Mozilla/5.0 AppleWebKit/537.36 (KHTML, like Gecko; compatible; GPTBot/1.2; +https://openai.com/gptbot)"
20.171.207.22 - - [25/Oct/2025:16:29:33 +0300] "GET /sitemap.xml?fileloc=/var/www/vhosts/3chukuk.com/httpdocs/wp-content/plugins/wp-file-manager/css/images/ui-icons_777620_256x240.png&path=/var/www/vhosts/3chukuk.com/httpdocs/wp-content/plugins/wp-file-manager/css/images HTTP/1.0" 200 13421 "-" "Mozilla/5.0 AppleWebKit/537.36 (KHTML, like Gecko; compatible; GPTBot/1.2; +https://openai.com/gptbot)"
20.171.207.22 - - [25/Oct/2025:16:29:36 +0300] "GET /sitemap.xml?fileloc=/var/www/vhosts/3chukuk.com/httpdocs/wp-content/plugins/wp-file-manager/css/images/ui-icons_cc0000_256x240.png&path=/var/www/vhosts/3chukuk.com/httpdocs/wp-content/plugins/wp-file-manager/css/images HTTP/1.0" 200 13421 "-" "Mozilla/5.0 AppleWebKit/537.36 (KHTML, like Gecko; compatible; GPTBot/1.2; +https://openai.com/gptbot)"
20.171.207.22 - - [25/Oct/2025:16:29:40 +0300] "GET /sitemap.xml?fileloc=/var/www/vhosts/3chukuk.com/httpdocs/wp-content/plugins/wp-file-manager/css/images/ui-icons_444444_256x240.png&path=/var/www/vhosts/3chukuk.com/httpdocs/wp-content/plugins/wp-file-manager/css/images HTTP/1.0" 200 13421 "-" "Mozilla/5.0 AppleWebKit/537.36 (KHTML, like Gecko; compatible; GPTBot/1.2; +https://openai.com/gptbot)"
20.171.207.22 - - [25/Oct/2025:16:29:43 +0300] "GET /sitemap.xml?fileloc=/var/www/vhosts/3chukuk.com/httpdocs/wp-content/plugins/wp-file-manager/css/images/ui-icons_777777_256x240.png&path=/var/www/vhosts/3chukuk.com/httpdocs/wp-content/plugins/wp-file-manager/css/images HTTP/1.0" 200 13421 "-" "Mozilla/5.0 AppleWebKit/537.36 (KHTML, like Gecko; compatible; GPTBot/1.2; +https://openai.com/gptbot)"
20.171.207.22 - - [25/Oct/2025:16:29:46 +0300] "GET /sitemap.xml?fileloc=/var/www/vhosts/3chukuk.com/httpdocs/wp-content/plugins/wp-file-manager/css/images/ui-icons_555555_256x240.png&path=/var/www/vhosts/3chukuk.com/httpdocs/wp-content/plugins/wp-file-manager/css/images HTTP/1.0" 200 13421 "-" "Mozilla/5.0 AppleWebKit/537.36 (KHTML, like Gecko; compatible; GPTBot/1.2; +https://openai.com/gptbot)"
20.171.207.22 - - [25/Oct/2025:16:29:49 +0300] "GET /sitemap.xml?fileloc=/var/www/vhosts/3chukuk.com/httpdocs/wp-content/plugins/wp-file-manager/lib/php/plugins/AutoResize/.htaccess&path=/var/www/vhosts/3chukuk.com/httpdocs/wp-content/plugins/wp-file-manager/lib/php/plugins/AutoResize HTTP/1.0" 200 14018 "-" "Mozilla/5.0 AppleWebKit/537.36 (KHTML, like Gecko; compatible; GPTBot/1.2; +https://openai.com/gptbot)"
20.171.207.22 - - [25/Oct/2025:16:29:53 +0300] "GET /sitemap.xml?fileloc=/var/www/vhosts/3chukuk.com/httpdocs/wp-content/plugins/wp-file-manager/css/.htaccess&path=/var/www/vhosts/3chukuk.com/httpdocs/wp-content/plugins/wp-file-manager/css HTTP/1.0" 200 13645 "-" "Mozilla/5.0 AppleWebKit/537.36 (KHTML, like Gecko; compatible; GPTBot/1.2; +https://openai.com/gptbot)"
