35.180.128.53 - - [25/Oct/2025:14:59:36 +0300] "GET /vendor/.env HTTP/1.0" 200 114542 "https://www.google.com/" "Mozilla/5.0 (Macintosh; Intel Mac OS X 11_9_5) Gecko/20101905 Firefox/18.0"
35.180.128.53 - - [25/Oct/2025:14:59:37 +0300] "GET /vendor/.env.save HTTP/1.0" 200 282766 "https://www.google.com/" "Mozilla/5.0 (Macintosh; Intel Mac OS X 11_9_5) Gecko/20101905 Firefox/18.0"
35.180.128.53 - - [25/Oct/2025:14:59:37 +0300] "GET /vendor/.env.bak HTTP/1.0" 200 57170 "https://www.google.com/" "Mozilla/5.0 (Macintosh; Intel Mac OS X 11_9_5) Gecko/20101905 Firefox/18.0"
40.77.167.24 - - [25/Oct/2025:14:59:36 +0300] "GET /?x=4994821414 HTTP/1.0" 200 189579 "-" "Mozilla/5.0 AppleWebKit/537.36 (KHTML, like Gecko; compatible; bingbot/2.0; +http://www.bing.com/bingbot.htm) Chrome/116.0.1938.76 Safari/537.36"
107.180.224.51 - - [25/Oct/2025:14:59:37 +0300] "GET /xmlrpc.php HTTP/2.0" 403 129 "http://3chukuk.com" "Mozilla/5.0 (Windows NT 10.0; Win64; x64) AppleWebKit/537.36 (KHTML, like Gecko) Chrome/126.0.0.0 Safari/537.36 Edg/126.0.0.0"
35.180.128.53 - - [25/Oct/2025:14:59:38 +0300] "GET /vendor/.env.old HTTP/1.0" 200 87911 "https://www.google.com/" "Mozilla/5.0 (Macintosh; Intel Mac OS X 11_9_5) Gecko/20101905 Firefox/18.0"
35.180.128.53 - - [25/Oct/2025:14:59:38 +0300] "GET /storage/.env HTTP/1.0" 200 114518 "https://www.google.com/" "Mozilla/5.0 (Macintosh; Intel Mac OS X 11_9_5) Gecko/20101905 Firefox/18.0"
35.180.128.53 - - [25/Oct/2025:14:59:39 +0300] "GET /storage/.env.save HTTP/1.0" 200 99220 "https://www.google.com/" "Mozilla/5.0 (Macintosh; Intel Mac OS X 11_9_5) Gecko/20101905 Firefox/18.0"
35.180.128.53 - - [25/Oct/2025:14:59:39 +0300] "GET /storage/.env.bak HTTP/1.0" 200 57170 "https://www.google.com/" "Mozilla/5.0 (Macintosh; Intel Mac OS X 11_9_5) Gecko/20101905 Firefox/18.0"
20.171.207.22 - - [25/Oct/2025:14:59:39 +0300] "GET /sitemap.xml?fileloc=/var/www/vhosts/3chukuk.com/httpdocs/wp-admin/includes/admin.php&path=/var/www/vhosts/3chukuk.com/httpdocs/wp-admin/includes HTTP/1.0" 200 16713 "-" "Mozilla/5.0 AppleWebKit/537.36 (KHTML, like Gecko; compatible; GPTBot/1.2; +https://openai.com/gptbot)"
35.180.128.53 - - [25/Oct/2025:14:59:39 +0300] "GET /storage/.env.old HTTP/1.0" 200 115060 "https://www.google.com/" "Mozilla/5.0 (Macintosh; Intel Mac OS X 11_9_5) Gecko/20101905 Firefox/18.0"
35.180.128.53 - - [25/Oct/2025:14:59:40 +0300] "GET /phpinfo.php HTTP/1.0" 403 1229 "https://www.google.com/" "Mozilla/5.0 (Macintosh; Intel Mac OS X 11_9_5) Gecko/20101905 Firefox/18.0"
213.180.203.216 - - [25/Oct/2025:14:59:40 +0300] "GET /blog/2019/01/01/atli-polis-ilk-kez-taksim-de/ HTTP/1.0" 200 57170 "-" "Mozilla/5.0 (compatible; YandexBot/3.0; +http://yandex.com/bots)"
35.180.128.53 - - [25/Oct/2025:14:59:40 +0300] "GET /info.php HTTP/1.0" 403 1229 "https://www.google.com/" "Mozilla/5.0 (Macintosh; Intel Mac OS X 11_9_5) Gecko/20101905 Firefox/18.0"
35.180.128.53 - - [25/Oct/2025:14:59:41 +0300] "GET /php_info.php HTTP/1.0" 403 1229 "https://www.google.com/" "Mozilla/5.0 (Macintosh; Intel Mac OS X 11_9_5) Gecko/20101905 Firefox/18.0"
40.77.167.24 - - [25/Oct/2025:14:59:39 +0300] "GET /?z=68421978570 HTTP/1.0" 200 330625 "-" "Mozilla/5.0 AppleWebKit/537.36 (KHTML, like Gecko; compatible; bingbot/2.0; +http://www.bing.com/bingbot.htm) Chrome/116.0.1938.76 Safari/537.36"
40.77.167.24 - - [25/Oct/2025:14:59:42 +0300] "GET /?x=4762687756 HTTP/1.0" 200 190693 "-" "Mozilla/5.0 AppleWebKit/537.36 (KHTML, like Gecko; compatible; bingbot/2.0; +http://www.bing.com/bingbot.htm) Chrome/116.0.1938.76 Safari/537.36"
35.180.128.53 - - [25/Oct/2025:14:59:47 +0300] "GET /test.php HTTP/1.0" 403 1229 "https://www.google.com/" "Mozilla/5.0 (Macintosh; Intel Mac OS X 11_9_5) Gecko/20101905 Firefox/18.0"
35.180.128.53 - - [25/Oct/2025:14:59:47 +0300] "GET /info1.php HTTP/1.0" 403 1229 "https://www.google.com/" "Mozilla/5.0 (Macintosh; Intel Mac OS X 11_9_5) Gecko/20101905 Firefox/18.0"
35.180.128.53 - - [25/Oct/2025:14:59:47 +0300] "GET /info2.php HTTP/1.0" 403 1229 "https://www.google.com/" "Mozilla/5.0 (Macintosh; Intel Mac OS X 11_9_5) Gecko/20101905 Firefox/18.0"
35.180.128.53 - - [25/Oct/2025:14:59:47 +0300] "GET /php.php HTTP/1.0" 403 1229 "https://www.google.com/" "Mozilla/5.0 (Macintosh; Intel Mac OS X 11_9_5) Gecko/20101905 Firefox/18.0"
35.180.128.53 - - [25/Oct/2025:14:59:48 +0300] "GET /pi.php HTTP/1.0" 403 1229 "https://www.google.com/" "Mozilla/5.0 (Macintosh; Intel Mac OS X 11_9_5) Gecko/20101905 Firefox/18.0"
20.171.207.22 - - [25/Oct/2025:14:59:42 +0300] "GET /sitemap.xml?fileloc=/var/www/vhosts/3chukuk.com/httpdocs/wp-admin/includes/image.php&path=/var/www/vhosts/3chukuk.com/httpdocs/wp-admin/includes HTTP/1.0" 200 56538 "-" "Mozilla/5.0 AppleWebKit/537.36 (KHTML, like Gecko; compatible; GPTBot/1.2; +https://openai.com/gptbot)"
35.180.128.53 - - [25/Oct/2025:14:59:48 +0300] "GET /i.php HTTP/1.0" 403 1229 "https://www.google.com/" "Mozilla/5.0 (Macintosh; Intel Mac OS X 11_9_5) Gecko/20101905 Firefox/18.0"
35.180.128.53 - - [25/Oct/2025:14:59:48 +0300] "GET /phpversion.php HTTP/1.0" 403 1229 "https://www.google.com/" "Mozilla/5.0 (Macintosh; Intel Mac OS X 11_9_5) Gecko/20101905 Firefox/18.0"
35.180.128.53 - - [25/Oct/2025:14:59:41 +0300] "GET /phpinfo HTTP/1.0" 200 101586 "https://www.google.com/" "Mozilla/5.0 (Macintosh; Intel Mac OS X 11_9_5) Gecko/20101905 Firefox/18.0"
35.180.128.53 - - [25/Oct/2025:14:59:49 +0300] "GET /php_version.php HTTP/1.0" 403 1229 "https://www.google.com/" "Mozilla/5.0 (Macintosh; Intel Mac OS X 11_9_5) Gecko/20101905 Firefox/18.0"
35.180.128.53 - - [25/Oct/2025:14:59:49 +0300] "GET /serverinfo.php HTTP/1.0" 403 1229 "https://www.google.com/" "Mozilla/5.0 (Macintosh; Intel Mac OS X 11_9_5) Gecko/20101905 Firefox/18.0"
40.77.167.24 - - [25/Oct/2025:14:59:47 +0300] "GET /?x=60405269230 HTTP/1.0" 200 189693 "-" "Mozilla/5.0 AppleWebKit/537.36 (KHTML, like Gecko; compatible; bingbot/2.0; +http://www.bing.com/bingbot.htm) Chrome/116.0.1938.76 Safari/537.36"
20.171.207.22 - - [25/Oct/2025:14:59:48 +0300] "GET /sitemap.xml?fileloc=/var/www/vhosts/3chukuk.com/httpdocs/wp-includes/customize/class-wp-customize-upload-control.php&path=/var/www/vhosts/3chukuk.com/httpdocs/wp-includes/customize HTTP/1.0" 200 14302 "-" "Mozilla/5.0 AppleWebKit/537.36 (KHTML, like Gecko; compatible; GPTBot/1.2; +https://openai.com/gptbot)"
35.180.128.53 - - [25/Oct/2025:14:59:49 +0300] "GET /server.php HTTP/1.0" 403 1229 "https://www.google.com/" "Mozilla/5.0 (Macintosh; Intel Mac OS X 11_9_5) Gecko/20101905 Firefox/18.0"
35.180.128.53 - - [25/Oct/2025:14:59:49 +0300] "GET /debug.php HTTP/1.0" 403 1229 "https://www.google.com/" "Mozilla/5.0 (Macintosh; Intel Mac OS X 11_9_5) Gecko/20101905 Firefox/18.0"
35.180.128.53 - - [25/Oct/2025:14:59:50 +0300] "GET /diagnostic.php HTTP/1.0" 403 1229 "https://www.google.com/" "Mozilla/5.0 (Macintosh; Intel Mac OS X 11_9_5) Gecko/20101905 Firefox/18.0"
35.180.128.53 - - [25/Oct/2025:14:59:50 +0300] "GET /phptest.php HTTP/1.0" 403 1229 "https://www.google.com/" "Mozilla/5.0 (Macintosh; Intel Mac OS X 11_9_5) Gecko/20101905 Firefox/18.0"
35.180.128.53 - - [25/Oct/2025:14:59:50 +0300] "GET /check.php HTTP/1.0" 403 1229 "https://www.google.com/" "Mozilla/5.0 (Macintosh; Intel Mac OS X 11_9_5) Gecko/20101905 Firefox/18.0"
40.77.167.24 - - [25/Oct/2025:14:59:49 +0300] "GET /?z=61507515888 HTTP/1.0" 200 335222 "-" "Mozilla/5.0 AppleWebKit/537.36 (KHTML, like Gecko; compatible; bingbot/2.0; +http://www.bing.com/bingbot.htm) Chrome/116.0.1938.76 Safari/537.36"
35.180.128.53 - - [25/Oct/2025:14:59:50 +0300] "GET /phpinfo.php.save HTTP/1.0" 200 848483 "https://www.google.com/" "Mozilla/5.0 (Macintosh; Intel Mac OS X 11_9_5) Gecko/20101905 Firefox/18.0"
40.77.167.24 - - [25/Oct/2025:14:59:51 +0300] "GET /?z=64561637675 HTTP/1.0" 200 337717 "-" "Mozilla/5.0 AppleWebKit/537.36 (KHTML, like Gecko; compatible; bingbot/2.0; +http://www.bing.com/bingbot.htm) Chrome/116.0.1938.76 Safari/537.36"
35.180.128.53 - - [25/Oct/2025:14:59:51 +0300] "GET /info.php.save HTTP/1.0" 200 100162 "https://www.google.com/" "Mozilla/5.0 (Macintosh; Intel Mac OS X 11_9_5) Gecko/20101905 Firefox/18.0"
20.171.207.22 - - [25/Oct/2025:14:59:51 +0300] "GET /sitemap.xml?fileloc=/var/www/vhosts/3chukuk.com/httpdocs/wp-includes/customize/class-wp-customize-date-time-control.php&path=/var/www/vhosts/3chukuk.com/httpdocs/wp-includes/customize HTTP/1.0" 200 23814 "-" "Mozilla/5.0 AppleWebKit/537.36 (KHTML, like Gecko; compatible; GPTBot/1.2; +https://openai.com/gptbot)"
35.180.128.53 - - [25/Oct/2025:14:59:52 +0300] "GET /php_info.php.save HTTP/1.0" 200 449449 "https://www.google.com/" "Mozilla/5.0 (Macintosh; Intel Mac OS X 11_9_5) Gecko/20101905 Firefox/18.0"
35.180.128.53 - - [25/Oct/2025:14:59:53 +0300] "GET /test.php.save HTTP/1.0" 200 97135 "https://www.google.com/" "Mozilla/5.0 (Macintosh; Intel Mac OS X 11_9_5) Gecko/20101905 Firefox/18.0"
40.77.167.24 - - [25/Oct/2025:14:59:54 +0300] "GET /?z=66297128429 HTTP/1.0" 200 344495 "-" "Mozilla/5.0 AppleWebKit/537.36 (KHTML, like Gecko; compatible; bingbot/2.0; +http://www.bing.com/bingbot.htm) Chrome/116.0.1938.76 Safari/537.36"
35.180.128.53 - - [25/Oct/2025:14:59:54 +0300] "GET /phpinfo.php.bak HTTP/1.0" 200 57170 "https://www.google.com/" "Mozilla/5.0 (Macintosh; Intel Mac OS X 11_9_5) Gecko/20101905 Firefox/18.0"
35.180.128.53 - - [25/Oct/2025:14:59:56 +0300] "GET /info.php.bak HTTP/1.0" 200 57170 "https://www.google.com/" "Mozilla/5.0 (Macintosh; Intel Mac OS X 11_9_5) Gecko/20101905 Firefox/18.0"
20.171.207.22 - - [25/Oct/2025:14:59:55 +0300] "GET /sitemap.xml?fileloc=/var/www/vhosts/3chukuk.com/httpdocs/wp-includes/rest-api/endpoints/class-wp-rest-pattern-directory-controller.php&path=/var/www/vhosts/3chukuk.com/httpdocs/wp-includes/rest-api/endpoints HTTP/1.0" 200 26698 "-" "Mozilla/5.0 AppleWebKit/537.36 (KHTML, like Gecko; compatible; GPTBot/1.2; +https://openai.com/gptbot)"
35.180.128.53 - - [25/Oct/2025:14:59:57 +0300] "GET /php_info.php.bak HTTP/1.0" 200 57170 "https://www.google.com/" "Mozilla/5.0 (Macintosh; Intel Mac OS X 11_9_5) Gecko/20101905 Firefox/18.0"
35.180.128.53 - - [25/Oct/2025:14:59:57 +0300] "GET /test.php.bak HTTP/1.0" 200 57170 "https://www.google.com/" "Mozilla/5.0 (Macintosh; Intel Mac OS X 11_9_5) Gecko/20101905 Firefox/18.0"
157.55.39.197 - - [25/Oct/2025:14:59:57 +0300] "GET /?x=39725218876 HTTP/1.0" 200 191686 "-" "Mozilla/5.0 AppleWebKit/537.36 (KHTML, like Gecko; compatible; bingbot/2.0; +http://www.bing.com/bingbot.htm) Chrome/116.0.1938.76 Safari/537.36"
35.180.128.53 - - [25/Oct/2025:14:59:57 +0300] "GET /phpinfo.php.old HTTP/1.0" 200 343536 "https://www.google.com/" "Mozilla/5.0 (Macintosh; Intel Mac OS X 11_9_5) Gecko/20101905 Firefox/18.0"
20.171.207.22 - - [25/Oct/2025:14:59:58 +0300] "GET /sitemap.xml?fileloc=/var/www/vhosts/3chukuk.com/httpdocs/wp-includes/customize/class-wp-customize-themes-panel.php&path=/var/www/vhosts/3chukuk.com/httpdocs/wp-includes/customize HTTP/1.0" 200 17141 "-" "Mozilla/5.0 AppleWebKit/537.36 (KHTML, like Gecko; compatible; GPTBot/1.2; +https://openai.com/gptbot)"
35.180.128.53 - - [25/Oct/2025:14:59:58 +0300] "GET /info.php.old HTTP/1.0" 200 639091 "https://www.google.com/" "Mozilla/5.0 (Macintosh; Intel Mac OS X 11_9_5) Gecko/20101905 Firefox/18.0"
35.180.128.53 - - [25/Oct/2025:15:00:00 +0300] "GET /php_info.php.old HTTP/1.0" 200 155494 "https://www.google.com/" "Mozilla/5.0 (Macintosh; Intel Mac OS X 11_9_5) Gecko/20101905 Firefox/18.0"
157.55.39.197 - - [25/Oct/2025:15:00:00 +0300] "GET /?x=92212998544 HTTP/1.0" 200 189518 "-" "Mozilla/5.0 AppleWebKit/537.36 (KHTML, like Gecko; compatible; bingbot/2.0; +http://www.bing.com/bingbot.htm) Chrome/116.0.1938.76 Safari/537.36"
35.180.128.53 - - [25/Oct/2025:15:00:01 +0300] "GET /test.php.old HTTP/1.0" 200 99111 "https://www.google.com/" "Mozilla/5.0 (Macintosh; Intel Mac OS X 11_9_5) Gecko/20101905 Firefox/18.0"
20.171.207.22 - - [25/Oct/2025:15:00:01 +0300] "GET /sitemap.xml?fileloc=/var/www/vhosts/3chukuk.com/httpdocs/wp-includes/customize/class-wp-customize-themes-section.php&path=/var/www/vhosts/3chukuk.com/httpdocs/wp-includes/customize HTTP/1.0" 200 21399 "-" "Mozilla/5.0 AppleWebKit/537.36 (KHTML, like Gecko; compatible; GPTBot/1.2; +https://openai.com/gptbot)"
35.180.128.53 - - [25/Oct/2025:15:00:01 +0300] "GET /phpinfo.php.orig HTTP/1.0" 200 591956 "https://www.google.com/" "Mozilla/5.0 (Macintosh; Intel Mac OS X 11_9_5) Gecko/20101905 Firefox/18.0"
35.180.128.53 - - [25/Oct/2025:15:00:03 +0300] "GET /info.php.orig HTTP/1.0" 200 283535 "https://www.google.com/" "Mozilla/5.0 (Macintosh; Intel Mac OS X 11_9_5) Gecko/20101905 Firefox/18.0"
157.55.39.197 - - [25/Oct/2025:15:00:04 +0300] "GET /?x=70677569061 HTTP/1.0" 200 190615 "-" "Mozilla/5.0 AppleWebKit/537.36 (KHTML, like Gecko; compatible; bingbot/2.0; +http://www.bing.com/bingbot.htm) Chrome/116.0.1938.76 Safari/537.36"
35.180.128.53 - - [25/Oct/2025:15:00:04 +0300] "GET /php_info.php.orig HTTP/1.0" 200 283549 "https://www.google.com/" "Mozilla/5.0 (Macintosh; Intel Mac OS X 11_9_5) Gecko/20101905 Firefox/18.0"
20.171.207.22 - - [25/Oct/2025:15:00:04 +0300] "GET /sitemap.xml?fileloc=/var/www/vhosts/3chukuk.com/httpdocs/wp-includes/rest-api/endpoints/class-wp-rest-attachments-controller.php&path=/var/www/vhosts/3chukuk.com/httpdocs/wp-includes/rest-api/endpoints HTTP/1.0" 200 63825 "-" "Mozilla/5.0 AppleWebKit/537.36 (KHTML, like Gecko; compatible; GPTBot/1.2; +https://openai.com/gptbot)"
157.55.39.197 - - [25/Oct/2025:15:00:06 +0300] "GET /?x=9122712806 HTTP/1.0" 200 189303 "-" "Mozilla/5.0 AppleWebKit/537.36 (KHTML, like Gecko; compatible; bingbot/2.0; +http://www.bing.com/bingbot.htm) Chrome/116.0.1938.76 Safari/537.36"
20.171.207.22 - - [25/Oct/2025:15:00:07 +0300] "GET /sitemap.xml?fileloc=/var/www/vhosts/3chukuk.com/httpdocs/wp-includes/customize/class-wp-customize-theme-control.php&path=/var/www/vhosts/3chukuk.com/httpdocs/wp-includes/customize HTTP/1.0" 200 27019 "-" "Mozilla/5.0 AppleWebKit/537.36 (KHTML, like Gecko; compatible; GPTBot/1.2; +https://openai.com/gptbot)"
157.55.39.197 - - [25/Oct/2025:15:00:09 +0300] "GET /?x=79741075974 HTTP/1.0" 200 189432 "-" "Mozilla/5.0 AppleWebKit/537.36 (KHTML, like Gecko; compatible; bingbot/2.0; +http://www.bing.com/bingbot.htm) Chrome/116.0.1938.76 Safari/537.36"
35.180.128.53 - - [25/Oct/2025:15:00:05 +0300] "GET /test.php.orig HTTP/1.0" 200 128512 "https://www.google.com/" "Mozilla/5.0 (Macintosh; Intel Mac OS X 11_9_5) Gecko/20101905 Firefox/18.0"
35.180.128.53 - - [25/Oct/2025:15:00:11 +0300] "GET /phpinfo.php.backup HTTP/1.0" 200 128563 "https://www.google.com/" "Mozilla/5.0 (Macintosh; Intel Mac OS X 11_9_5) Gecko/20101905 Firefox/18.0"
20.171.207.22 - - [25/Oct/2025:15:00:11 +0300] "GET /sitemap.xml?fileloc=/var/www/vhosts/3chukuk.com/httpdocs/wp-includes/rest-api/endpoints/class-wp-rest-navigation-fallback-controller.php&path=/var/www/vhosts/3chukuk.com/httpdocs/wp-includes/rest-api/endpoints HTTP/1.0" 200 18558 "-" "Mozilla/5.0 AppleWebKit/537.36 (KHTML, like Gecko; compatible; GPTBot/1.2; +https://openai.com/gptbot)"
35.180.128.53 - - [25/Oct/2025:15:00:12 +0300] "GET /info.php.backup HTTP/1.0" 200 282621 "https://www.google.com/" "Mozilla/5.0 (Macintosh; Intel Mac OS X 11_9_5) Gecko/20101905 Firefox/18.0"
157.55.39.197 - - [25/Oct/2025:15:00:12 +0300] "GET /?z=67408032687 HTTP/1.0" 200 336789 "-" "Mozilla/5.0 AppleWebKit/537.36 (KHTML, like Gecko; compatible; bingbot/2.0; +http://www.bing.com/bingbot.htm) Chrome/116.0.1938.76 Safari/537.36"
35.180.128.53 - - [25/Oct/2025:15:00:13 +0300] "GET /php_info.php.backup HTTP/1.0" 200 157322 "https://www.google.com/" "Mozilla/5.0 (Macintosh; Intel Mac OS X 11_9_5) Gecko/20101905 Firefox/18.0"
20.171.207.22 - - [25/Oct/2025:15:00:14 +0300] "GET /sitemap.xml?fileloc=/var/www/vhosts/3chukuk.com/httpdocs/wp-includes/rest-api/endpoints/class-wp-rest-global-styles-revisions-controller.php&path=/var/www/vhosts/3chukuk.com/httpdocs/wp-includes/rest-api/endpoints HTTP/1.0" 200 26406 "-" "Mozilla/5.0 AppleWebKit/537.36 (KHTML, like Gecko; compatible; GPTBot/1.2; +https://openai.com/gptbot)"
35.180.128.53 - - [25/Oct/2025:15:00:14 +0300] "GET /test.php.backup HTTP/1.0" 200 637762 "https://www.google.com/" "Mozilla/5.0 (Macintosh; Intel Mac OS X 11_9_5) Gecko/20101905 Firefox/18.0"
157.55.39.197 - - [25/Oct/2025:15:00:15 +0300] "GET /?x=8072974932 HTTP/1.0" 200 190308 "-" "Mozilla/5.0 AppleWebKit/537.36 (KHTML, like Gecko; compatible; bingbot/2.0; +http://www.bing.com/bingbot.htm) Chrome/116.0.1938.76 Safari/537.36"
35.180.128.53 - - [25/Oct/2025:15:00:15 +0300] "GET /phpinfo.php~ HTTP/1.0" 200 447502 "https://www.google.com/" "Mozilla/5.0 (Macintosh; Intel Mac OS X 11_9_5) Gecko/20101905 Firefox/18.0"
159.253.45.41 - - [25/Oct/2025:15:00:16 +0300] "GET / HTTP/1.0" 200 57170 "http://3chukuk.com" "Go-http-client/2.0"
35.180.128.53 - - [25/Oct/2025:15:00:16 +0300] "GET /info.php~ HTTP/1.0" 200 640120 "https://www.google.com/" "Mozilla/5.0 (Macintosh; Intel Mac OS X 11_9_5) Gecko/20101905 Firefox/18.0"
20.171.207.22 - - [25/Oct/2025:15:00:17 +0300] "GET /sitemap.xml?fileloc=/var/www/vhosts/3chukuk.com/httpdocs/wp-includes/rest-api/endpoints/class-wp-rest-application-passwords-controller.php&path=/var/www/vhosts/3chukuk.com/httpdocs/wp-includes/rest-api/endpoints HTTP/1.0" 200 38134 "-" "Mozilla/5.0 AppleWebKit/537.36 (KHTML, like Gecko; compatible; GPTBot/1.2; +https://openai.com/gptbot)"
35.180.128.53 - - [25/Oct/2025:15:00:18 +0300] "GET /php_info.php~ HTTP/1.0" 200 84617 "https://www.google.com/" "Mozilla/5.0 (Macintosh; Intel Mac OS X 11_9_5) Gecko/20101905 Firefox/18.0"
157.55.39.197 - - [25/Oct/2025:15:00:18 +0300] "GET /?z=50978852538 HTTP/1.0" 200 341304 "-" "Mozilla/5.0 AppleWebKit/537.36 (KHTML, like Gecko; compatible; bingbot/2.0; +http://www.bing.com/bingbot.htm) Chrome/116.0.1938.76 Safari/537.36"
20.171.207.22 - - [25/Oct/2025:15:00:20 +0300] "GET /sitemap.xml?fileloc=/var/www/vhosts/3chukuk.com/httpdocs/wp-includes/customize/class-wp-customize-color-control.php&path=/var/www/vhosts/3chukuk.com/httpdocs/wp-includes/customize HTTP/1.0" 200 16443 "-" "Mozilla/5.0 AppleWebKit/537.36 (KHTML, like Gecko; compatible; GPTBot/1.2; +https://openai.com/gptbot)"
157.55.39.197 - - [25/Oct/2025:15:00:21 +0300] "GET /?x=6840484174 HTTP/1.0" 200 189605 "-" "Mozilla/5.0 AppleWebKit/537.36 (KHTML, like Gecko; compatible; bingbot/2.0; +http://www.bing.com/bingbot.htm) Chrome/116.0.1938.76 Safari/537.36"
35.180.128.53 - - [25/Oct/2025:15:00:21 +0300] "GET /test.php~ HTTP/1.0" 200 130536 "https://www.google.com/" "Mozilla/5.0 (Macintosh; Intel Mac OS X 11_9_5) Gecko/20101905 Firefox/18.0"
35.180.128.53 - - [25/Oct/2025:15:00:22 +0300] "GET /phpinfo.php.swp HTTP/1.0" 200 157202 "https://www.google.com/" "Mozilla/5.0 (Macintosh; Intel Mac OS X 11_9_5) Gecko/20101905 Firefox/18.0"
35.180.128.53 - - [25/Oct/2025:15:00:23 +0300] "GET /info.php.swp HTTP/1.0" 200 282482 "https://www.google.com/" "Mozilla/5.0 (Macintosh; Intel Mac OS X 11_9_5) Gecko/20101905 Firefox/18.0"
20.171.207.22 - - [25/Oct/2025:15:00:23 +0300] "GET /sitemap.xml?fileloc=/var/www/vhosts/3chukuk.com/httpdocs/wp-includes/customize/class-wp-customize-image-control.php&path=/var/www/vhosts/3chukuk.com/httpdocs/wp-includes/customize HTTP/1.0" 200 14309 "-" "Mozilla/5.0 AppleWebKit/537.36 (KHTML, like Gecko; compatible; GPTBot/1.2; +https://openai.com/gptbot)"
35.180.128.53 - - [25/Oct/2025:15:00:24 +0300] "GET /php_info.php.swp HTTP/1.0" 200 83127 "https://www.google.com/" "Mozilla/5.0 (Macintosh; Intel Mac OS X 11_9_5) Gecko/20101905 Firefox/18.0"
157.55.39.197 - - [25/Oct/2025:15:00:24 +0300] "GET /?x=8799008068 HTTP/1.0" 200 190012 "-" "Mozilla/5.0 AppleWebKit/537.36 (KHTML, like Gecko; compatible; bingbot/2.0; +http://www.bing.com/bingbot.htm) Chrome/116.0.1938.76 Safari/537.36"
35.180.128.53 - - [25/Oct/2025:15:00:25 +0300] "GET /test.php.swp HTTP/1.0" 200 157323 "https://www.google.com/" "Mozilla/5.0 (Macintosh; Intel Mac OS X 11_9_5) Gecko/20101905 Firefox/18.0"
35.180.128.53 - - [25/Oct/2025:15:00:26 +0300] "GET /phpinfo.php.tmp HTTP/1.0" 200 157344 "https://www.google.com/" "Mozilla/5.0 (Macintosh; Intel Mac OS X 11_9_5) Gecko/20101905 Firefox/18.0"
20.171.207.22 - - [25/Oct/2025:15:00:26 +0300] "GET /sitemap.xml?fileloc=/var/www/vhosts/3chukuk.com/httpdocs/wp-includes/customize/class-wp-customize-code-editor-control.php&path=/var/www/vhosts/3chukuk.com/httpdocs/wp-includes/customize HTTP/1.0" 200 15604 "-" "Mozilla/5.0 AppleWebKit/537.36 (KHTML, like Gecko; compatible; GPTBot/1.2; +https://openai.com/gptbot)"
35.180.128.53 - - [25/Oct/2025:15:00:27 +0300] "GET /info.php.tmp HTTP/1.0" 200 95036 "https://www.google.com/" "Mozilla/5.0 (Macintosh; Intel Mac OS X 11_9_5) Gecko/20101905 Firefox/18.0"
40.77.167.24 - - [25/Oct/2025:15:00:28 +0300] "GET /?z=10866588387 HTTP/1.0" 200 330009 "-" "Mozilla/5.0 AppleWebKit/537.36 (KHTML, like Gecko; compatible; bingbot/2.0; +http://www.bing.com/bingbot.htm) Chrome/116.0.1938.76 Safari/537.36"
35.180.128.53 - - [25/Oct/2025:15:00:28 +0300] "GET /php_info.php.tmp HTTP/1.0" 200 591121 "https://www.google.com/" "Mozilla/5.0 (Macintosh; Intel Mac OS X 11_9_5) Gecko/20101905 Firefox/18.0"
20.171.207.22 - - [25/Oct/2025:15:00:29 +0300] "GET /sitemap.xml?fileloc=/var/www/vhosts/3chukuk.com/httpdocs/wp-includes/customize/class-wp-customize-sidebar-section.php&path=/var/www/vhosts/3chukuk.com/httpdocs/wp-includes/customize HTTP/1.0" 200 14174 "-" "Mozilla/5.0 AppleWebKit/537.36 (KHTML, like Gecko; compatible; GPTBot/1.2; +https://openai.com/gptbot)"
35.180.128.53 - - [25/Oct/2025:15:00:30 +0300] "GET /test.php.tmp HTTP/1.0" 200 330607 "https://www.google.com/" "Mozilla/5.0 (Macintosh; Intel Mac OS X 11_9_5) Gecko/20101905 Firefox/18.0"
35.180.128.53 - - [25/Oct/2025:15:00:30 +0300] "GET /admin/phpinfo.php HTTP/1.0" 200 57170 "https://www.google.com/" "Mozilla/5.0 (Macintosh; Intel Mac OS X 11_9_5) Gecko/20101905 Firefox/18.0"
35.180.128.53 - - [25/Oct/2025:15:00:31 +0300] "GET /admin/info.php HTTP/1.0" 200 57170 "https://www.google.com/" "Mozilla/5.0 (Macintosh; Intel Mac OS X 11_9_5) Gecko/20101905 Firefox/18.0"
40.77.167.24 - - [25/Oct/2025:15:00:31 +0300] "GET /?x=75098201227 HTTP/1.0" 200 190177 "-" "Mozilla/5.0 AppleWebKit/537.36 (KHTML, like Gecko; compatible; bingbot/2.0; +http://www.bing.com/bingbot.htm) Chrome/116.0.1938.76 Safari/537.36"
35.180.128.53 - - [25/Oct/2025:15:00:31 +0300] "GET /admin/phpinfo.php.save HTTP/1.0" 200 156818 "https://www.google.com/" "Mozilla/5.0 (Macintosh; Intel Mac OS X 11_9_5) Gecko/20101905 Firefox/18.0"
35.180.128.53 - - [25/Oct/2025:15:00:32 +0300] "GET /admin/info.php.save HTTP/1.0" 200 114823 "https://www.google.com/" "Mozilla/5.0 (Macintosh; Intel Mac OS X 11_9_5) Gecko/20101905 Firefox/18.0"
35.180.128.53 - - [25/Oct/2025:15:00:33 +0300] "GET /test/phpinfo.php HTTP/1.0" 200 57170 "https://www.google.com/" "Mozilla/5.0 (Macintosh; Intel Mac OS X 11_9_5) Gecko/20101905 Firefox/18.0"
20.171.207.22 - - [25/Oct/2025:15:00:33 +0300] "GET /sitemap.xml?fileloc=/var/www/vhosts/3chukuk.com/httpdocs/wp-includes/customize/class-wp-customize-site-icon-control.php&path=/var/www/vhosts/3chukuk.com/httpdocs/wp-includes/customize HTTP/1.0" 200 19126 "-" "Mozilla/5.0 AppleWebKit/537.36 (KHTML, like Gecko; compatible; GPTBot/1.2; +https://openai.com/gptbot)"
35.180.128.53 - - [25/Oct/2025:15:00:33 +0300] "GET /test/info.php HTTP/1.0" 200 57170 "https://www.google.com/" "Mozilla/5.0 (Macintosh; Intel Mac OS X 11_9_5) Gecko/20101905 Firefox/18.0"
40.77.167.24 - - [25/Oct/2025:15:00:34 +0300] "GET /?x=4188594331 HTTP/1.0" 200 190321 "-" "Mozilla/5.0 AppleWebKit/537.36 (KHTML, like Gecko; compatible; bingbot/2.0; +http://www.bing.com/bingbot.htm) Chrome/116.0.1938.76 Safari/537.36"
35.180.128.53 - - [25/Oct/2025:15:00:34 +0300] "GET /test/phpinfo.php.save HTTP/1.0" 200 592791 "https://www.google.com/" "Mozilla/5.0 (Macintosh; Intel Mac OS X 11_9_5) Gecko/20101905 Firefox/18.0"
35.180.128.53 - - [25/Oct/2025:15:00:35 +0300] "GET /test/info.php.save HTTP/1.0" 200 592777 "https://www.google.com/" "Mozilla/5.0 (Macintosh; Intel Mac OS X 11_9_5) Gecko/20101905 Firefox/18.0"
20.171.207.22 - - [25/Oct/2025:15:00:36 +0300] "GET /sitemap.xml?fileloc=/var/www/vhosts/3chukuk.com/httpdocs/wp-includes/customize/class-wp-customize-nav-menu-location-control.php&path=/var/www/vhosts/3chukuk.com/httpdocs/wp-includes/customize HTTP/1.0" 200 15728 "-" "Mozilla/5.0 AppleWebKit/537.36 (KHTML, like Gecko; compatible; GPTBot/1.2; +https://openai.com/gptbot)"
35.180.128.53 - - [25/Oct/2025:15:00:36 +0300] "GET /dev/phpinfo.php HTTP/1.0" 200 57170 "https://www.google.com/" "Mozilla/5.0 (Macintosh; Intel Mac OS X 11_9_5) Gecko/20101905 Firefox/18.0"
35.180.128.53 - - [25/Oct/2025:15:00:37 +0300] "GET /dev/info.php HTTP/1.0" 200 57170 "https://www.google.com/" "Mozilla/5.0 (Macintosh; Intel Mac OS X 11_9_5) Gecko/20101905 Firefox/18.0"
40.77.167.24 - - [25/Oct/2025:15:00:37 +0300] "GET /?x=34935573361 HTTP/1.0" 200 188127 "-" "Mozilla/5.0 AppleWebKit/537.36 (KHTML, like Gecko; compatible; bingbot/2.0; +http://www.bing.com/bingbot.htm) Chrome/116.0.1938.76 Safari/537.36"
35.180.128.53 - - [25/Oct/2025:15:00:37 +0300] "GET /dev/phpinfo.php.save HTTP/1.0" 200 85385 "https://www.google.com/" "Mozilla/5.0 (Macintosh; Intel Mac OS X 11_9_5) Gecko/20101905 Firefox/18.0"
35.180.128.53 - - [25/Oct/2025:15:00:38 +0300] "GET /dev/info.php.save HTTP/1.0" 200 96123 "https://www.google.com/" "Mozilla/5.0 (Macintosh; Intel Mac OS X 11_9_5) Gecko/20101905 Firefox/18.0"
35.180.128.53 - - [25/Oct/2025:15:00:39 +0300] "GET /tmp/phpinfo.php HTTP/1.0" 200 57170 "https://www.google.com/" "Mozilla/5.0 (Macintosh; Intel Mac OS X 11_9_5) Gecko/20101905 Firefox/18.0"
35.180.128.53 - - [25/Oct/2025:15:00:39 +0300] "GET /tmp/info.php HTTP/1.0" 200 57170 "https://www.google.com/" "Mozilla/5.0 (Macintosh; Intel Mac OS X 11_9_5) Gecko/20101905 Firefox/18.0"
20.171.207.22 - - [25/Oct/2025:15:00:39 +0300] "GET /sitemap.xml?fileloc=/var/www/vhosts/3chukuk.com/httpdocs/wp-includes/customize/class-wp-customize-media-control.php&path=/var/www/vhosts/3chukuk.com/httpdocs/wp-includes/customize HTTP/1.0" 200 23846 "-" "Mozilla/5.0 AppleWebKit/537.36 (KHTML, like Gecko; compatible; GPTBot/1.2; +https://openai.com/gptbot)"
35.180.128.53 - - [25/Oct/2025:15:00:39 +0300] "GET /tmp/phpinfo.php.save HTTP/1.0" 200 469081 "https://www.google.com/" "Mozilla/5.0 (Macintosh; Intel Mac OS X 11_9_5) Gecko/20101905 Firefox/18.0"
40.77.167.24 - - [25/Oct/2025:15:00:40 +0300] "GET /?x=50722160694 HTTP/1.0" 200 190046 "-" "Mozilla/5.0 AppleWebKit/537.36 (KHTML, like Gecko; compatible; bingbot/2.0; +http://www.bing.com/bingbot.htm) Chrome/116.0.1938.76 Safari/537.36"
35.180.128.53 - - [25/Oct/2025:15:00:40 +0300] "GET /tmp/info.php.save HTTP/1.0" 200 85693 "https://www.google.com/" "Mozilla/5.0 (Macintosh; Intel Mac OS X 11_9_5) Gecko/20101905 Firefox/18.0"
35.180.128.53 - - [25/Oct/2025:15:00:41 +0300] "GET /includes/phpinfo.php HTTP/1.0" 200 57170 "https://www.google.com/" "Mozilla/5.0 (Macintosh; Intel Mac OS X 11_9_5) Gecko/20101905 Firefox/18.0"
35.180.128.53 - - [25/Oct/2025:15:00:42 +0300] "GET /includes/info.php HTTP/1.0" 200 57170 "https://www.google.com/" "Mozilla/5.0 (Macintosh; Intel Mac OS X 11_9_5) Gecko/20101905 Firefox/18.0"
20.171.207.22 - - [25/Oct/2025:15:00:42 +0300] "GET /sitemap.xml?fileloc=/var/www/vhosts/3chukuk.com/httpdocs/wp-includes/rest-api/endpoints/class-wp-rest-block-pattern-categories-controller.php&path=/var/www/vhosts/3chukuk.com/httpdocs/wp-includes/rest-api/endpoints HTTP/1.0" 200 18203 "-" "Mozilla/5.0 AppleWebKit/537.36 (KHTML, like Gecko; compatible; GPTBot/1.2; +https://openai.com/gptbot)"
35.180.128.53 - - [25/Oct/2025:15:00:42 +0300] "GET /includes/phpinfo.php.save HTTP/1.0" 200 93908 "https://www.google.com/" "Mozilla/5.0 (Macintosh; Intel Mac OS X 11_9_5) Gecko/20101905 Firefox/18.0"
40.77.167.24 - - [25/Oct/2025:15:00:43 +0300] "GET /?x=638852309 HTTP/1.0" 200 191064 "-" "Mozilla/5.0 AppleWebKit/537.36 (KHTML, like Gecko; compatible; bingbot/2.0; +http://www.bing.com/bingbot.htm) Chrome/116.0.1938.76 Safari/537.36"
35.180.128.53 - - [25/Oct/2025:15:00:43 +0300] "GET /includes/info.php.save HTTP/1.0" 200 84275 "https://www.google.com/" "Mozilla/5.0 (Macintosh; Intel Mac OS X 11_9_5) Gecko/20101905 Firefox/18.0"
35.180.128.53 - - [25/Oct/2025:15:00:44 +0300] "GET /scripts/phpinfo.php HTTP/1.0" 200 57170 "https://www.google.com/" "Mozilla/5.0 (Macintosh; Intel Mac OS X 11_9_5) Gecko/20101905 Firefox/18.0"
35.180.128.53 - - [25/Oct/2025:15:00:44 +0300] "GET /scripts/info.php HTTP/1.0" 200 57170 "https://www.google.com/" "Mozilla/5.0 (Macintosh; Intel Mac OS X 11_9_5) Gecko/20101905 Firefox/18.0"
35.180.128.53 - - [25/Oct/2025:15:00:44 +0300] "GET /scripts/phpinfo.php.save HTTP/1.0" 200 470534 "https://www.google.com/" "Mozilla/5.0 (Macintosh; Intel Mac OS X 11_9_5) Gecko/20101905 Firefox/18.0"
20.171.207.22 - - [25/Oct/2025:15:00:45 +0300] "GET /sitemap.xml?fileloc=/var/www/vhosts/3chukuk.com/httpdocs/wp-includes/customize/class-wp-customize-cropped-image-control.php&path=/var/www/vhosts/3chukuk.com/httpdocs/wp-includes/customize HTTP/1.0" 200 14589 "-" "Mozilla/5.0 AppleWebKit/537.36 (KHTML, like Gecko; compatible; GPTBot/1.2; +https://openai.com/gptbot)"
40.77.167.24 - - [25/Oct/2025:15:00:46 +0300] "GET /?x=77586366242 HTTP/1.0" 200 188871 "-" "Mozilla/5.0 AppleWebKit/537.36 (KHTML, like Gecko; compatible; bingbot/2.0; +http://www.bing.com/bingbot.htm) Chrome/116.0.1938.76 Safari/537.36"
35.180.128.53 - - [25/Oct/2025:15:00:46 +0300] "GET /scripts/info.php.save HTTP/1.0" 200 335903 "https://www.google.com/" "Mozilla/5.0 (Macintosh; Intel Mac OS X 11_9_5) Gecko/20101905 Firefox/18.0"
35.180.128.53 - - [25/Oct/2025:15:00:47 +0300] "GET /cgi-bin/phpinfo.php HTTP/1.0" 200 57170 "https://www.google.com/" "Mozilla/5.0 (Macintosh; Intel Mac OS X 11_9_5) Gecko/20101905 Firefox/18.0"
35.180.128.53 - - [25/Oct/2025:15:00:48 +0300] "GET /cgi-bin/info.php HTTP/1.0" 200 57170 "https://www.google.com/" "Mozilla/5.0 (Macintosh; Intel Mac OS X 11_9_5) Gecko/20101905 Firefox/18.0"
35.180.128.53 - - [25/Oct/2025:15:00:48 +0300] "GET /cgi-bin/phpinfo.php.save HTTP/1.0" 200 157427 "https://www.google.com/" "Mozilla/5.0 (Macintosh; Intel Mac OS X 11_9_5) Gecko/20101905 Firefox/18.0"
20.171.207.22 - - [25/Oct/2025:15:00:48 +0300] "GET /sitemap.xml?fileloc=/var/www/vhosts/3chukuk.com/httpdocs/wp-includes/customize/class-wp-customize-partial.php&path=/var/www/vhosts/3chukuk.com/httpdocs/wp-includes/customize HTTP/1.0" 200 23838 "-" "Mozilla/5.0 AppleWebKit/537.36 (KHTML, like Gecko; compatible; GPTBot/1.2; +https://openai.com/gptbot)"
40.77.167.24 - - [25/Oct/2025:15:00:49 +0300] "GET /?z=63805879520 HTTP/1.0" 200 341892 "-" "Mozilla/5.0 AppleWebKit/537.36 (KHTML, like Gecko; compatible; bingbot/2.0; +http://www.bing.com/bingbot.htm) Chrome/116.0.1938.76 Safari/537.36"
35.180.128.53 - - [25/Oct/2025:15:00:49 +0300] "GET /cgi-bin/info.php.save HTTP/1.0" 200 838651 "https://www.google.com/" "Mozilla/5.0 (Macintosh; Intel Mac OS X 11_9_5) Gecko/20101905 Firefox/18.0"
35.180.128.53 - - [25/Oct/2025:15:00:50 +0300] "GET /public/phpinfo.php HTTP/1.0" 200 57170 "https://www.google.com/" "Mozilla/5.0 (Macintosh; Intel Mac OS X 11_9_5) Gecko/20101905 Firefox/18.0"
35.180.128.53 - - [25/Oct/2025:15:00:50 +0300] "GET /public/info.php HTTP/1.0" 200 57170 "https://www.google.com/" "Mozilla/5.0 (Macintosh; Intel Mac OS X 11_9_5) Gecko/20101905 Firefox/18.0"
35.180.128.53 - - [25/Oct/2025:15:00:50 +0300] "GET /public/phpinfo.php.save HTTP/1.0" 200 837778 "https://www.google.com/" "Mozilla/5.0 (Macintosh; Intel Mac OS X 11_9_5) Gecko/20101905 Firefox/18.0"
20.171.207.22 - - [25/Oct/2025:15:00:51 +0300] "GET /sitemap.xml?fileloc=/var/www/vhosts/3chukuk.com/httpdocs/wp-includes/customize/class-wp-customize-nav-menu-locations-control.php&path=/var/www/vhosts/3chukuk.com/httpdocs/wp-includes/customize HTTP/1.0" 200 16339 "-" "Mozilla/5.0 AppleWebKit/537.36 (KHTML, like Gecko; compatible; GPTBot/1.2; +https://openai.com/gptbot)"
40.77.167.24 - - [25/Oct/2025:15:00:52 +0300] "GET /?x=73482964113 HTTP/1.0" 200 188947 "-" "Mozilla/5.0 AppleWebKit/537.36 (KHTML, like Gecko; compatible; bingbot/2.0; +http://www.bing.com/bingbot.htm) Chrome/116.0.1938.76 Safari/537.36"
35.180.128.53 - - [25/Oct/2025:15:00:52 +0300] "GET /public/info.php.save HTTP/1.0" 200 95662 "https://www.google.com/" "Mozilla/5.0 (Macintosh; Intel Mac OS X 11_9_5) Gecko/20101905 Firefox/18.0"
35.180.128.53 - - [25/Oct/2025:15:00:53 +0300] "GET /web/phpinfo.php HTTP/1.0" 200 57170 "https://www.google.com/" "Mozilla/5.0 (Macintosh; Intel Mac OS X 11_9_5) Gecko/20101905 Firefox/18.0"
35.180.128.53 - - [25/Oct/2025:15:00:53 +0300] "GET /web/info.php HTTP/1.0" 200 57170 "https://www.google.com/" "Mozilla/5.0 (Macintosh; Intel Mac OS X 11_9_5) Gecko/20101905 Firefox/18.0"
35.180.128.53 - - [25/Oct/2025:15:00:54 +0300] "GET /web/phpinfo.php.save HTTP/1.0" 200 100593 "https://www.google.com/" "Mozilla/5.0 (Macintosh; Intel Mac OS X 11_9_5) Gecko/20101905 Firefox/18.0"
40.77.167.24 - - [25/Oct/2025:15:00:54 +0300] "GET /?x=71509292544 HTTP/1.0" 200 190581 "-" "Mozilla/5.0 AppleWebKit/537.36 (KHTML, like Gecko; compatible; bingbot/2.0; +http://www.bing.com/bingbot.htm) Chrome/116.0.1938.76 Safari/537.36"
35.180.128.53 - - [25/Oct/2025:15:00:55 +0300] "GET /web/info.php.save HTTP/1.0" 200 84169 "https://www.google.com/" "Mozilla/5.0 (Macintosh; Intel Mac OS X 11_9_5) Gecko/20101905 Firefox/18.0"
20.171.207.22 - - [25/Oct/2025:15:00:55 +0300] "GET /sitemap.xml?fileloc=/var/www/vhosts/3chukuk.com/httpdocs/wp-includes/rest-api/endpoints/class-wp-rest-template-revisions-controller.php&path=/var/www/vhosts/3chukuk.com/httpdocs/wp-includes/rest-api/endpoints HTTP/1.0" 200 22381 "-" "Mozilla/5.0 AppleWebKit/537.36 (KHTML, like Gecko; compatible; GPTBot/1.2; +https://openai.com/gptbot)"
35.180.128.53 - - [25/Oct/2025:15:00:55 +0300] "GET /www/phpinfo.php HTTP/1.0" 200 57170 "https://www.google.com/" "Mozilla/5.0 (Macintosh; Intel Mac OS X 11_9_5) Gecko/20101905 Firefox/18.0"
35.180.128.53 - - [25/Oct/2025:15:00:56 +0300] "GET /www/info.php HTTP/1.0" 200 57170 "https://www.google.com/" "Mozilla/5.0 (Macintosh; Intel Mac OS X 11_9_5) Gecko/20101905 Firefox/18.0"
35.180.128.53 - - [25/Oct/2025:15:00:56 +0300] "GET /www/phpinfo.php.save HTTP/1.0" 200 93470 "https://www.google.com/" "Mozilla/5.0 (Macintosh; Intel Mac OS X 11_9_5) Gecko/20101905 Firefox/18.0"
35.180.128.53 - - [25/Oct/2025:15:00:57 +0300] "GET /www/info.php.save HTTP/1.0" 200 93451 "https://www.google.com/" "Mozilla/5.0 (Macintosh; Intel Mac OS X 11_9_5) Gecko/20101905 Firefox/18.0"
35.180.128.53 - - [25/Oct/2025:15:00:57 +0300] "GET /site/phpinfo.php HTTP/1.0" 200 57170 "https://www.google.com/" "Mozilla/5.0 (Macintosh; Intel Mac OS X 11_9_5) Gecko/20101905 Firefox/18.0"
40.77.167.24 - - [25/Oct/2025:15:00:57 +0300] "GET /?x=62451998389 HTTP/1.0" 200 190739 "-" "Mozilla/5.0 AppleWebKit/537.36 (KHTML, like Gecko; compatible; bingbot/2.0; +http://www.bing.com/bingbot.htm) Chrome/116.0.1938.76 Safari/537.36"
35.180.128.53 - - [25/Oct/2025:15:00:58 +0300] "GET /site/info.php HTTP/1.0" 200 57170 "https://www.google.com/" "Mozilla/5.0 (Macintosh; Intel Mac OS X 11_9_5) Gecko/20101905 Firefox/18.0"
216.73.216.40 - - [25/Oct/2025:15:00:58 +0300] "GET /robots.txt HTTP/1.0" 200 529 "-" "Mozilla/5.0 AppleWebKit/537.36 (KHTML, like Gecko; compatible; ClaudeBot/1.0; +claudebot@anthropic.com)"
216.73.216.40 - - [25/Oct/2025:15:00:58 +0300] "GET /p2?fileloc=%2Fvar%2Fwww%2Fvhosts%2F3chukuk.com%2Fhttpdocs%2Fwp-config-sample.php&path=%2Fvar%2Fwww%2Fvhosts%2F3chukuk.com%2Fhttpdocs HTTP/1.0" 200 16246 "-" "Mozilla/5.0 AppleWebKit/537.36 (KHTML, like Gecko; compatible; ClaudeBot/1.0; +claudebot@anthropic.com)"
35.180.128.53 - - [25/Oct/2025:15:00:58 +0300] "GET /site/phpinfo.php.save HTTP/1.0" 200 467115 "https://www.google.com/" "Mozilla/5.0 (Macintosh; Intel Mac OS X 11_9_5) Gecko/20101905 Firefox/18.0"
20.171.207.22 - - [25/Oct/2025:15:00:58 +0300] "GET /sitemap.xml?path=/var/www/vhosts/3chukuk.com/httpdocs/wp-includes/blocks/site-tagline HTTP/1.0" 200 30191 "-" "Mozilla/5.0 AppleWebKit/537.36 (KHTML, like Gecko; compatible; GPTBot/1.2; +https://openai.com/gptbot)"
35.180.128.53 - - [25/Oct/2025:15:00:59 +0300] "GET /site/info.php.save HTTP/1.0" 200 346579 "https://www.google.com/" "Mozilla/5.0 (Macintosh; Intel Mac OS X 11_9_5) Gecko/20101905 Firefox/18.0"
35.180.128.53 - - [25/Oct/2025:15:01:00 +0300] "GET /.git/config HTTP/1.0" 200 91100 "https://www.google.com/" "Mozilla/5.0 (Macintosh; Intel Mac OS X 11_9_5) Gecko/20101905 Firefox/18.0"
40.77.167.24 - - [25/Oct/2025:15:01:00 +0300] "GET /?x=9710906501 HTTP/1.0" 200 188746 "-" "Mozilla/5.0 AppleWebKit/537.36 (KHTML, like Gecko; compatible; bingbot/2.0; +http://www.bing.com/bingbot.htm) Chrome/116.0.1938.76 Safari/537.36"
35.180.128.53 - - [25/Oct/2025:15:01:01 +0300] "GET / HTTP/1.0" 200 84027 "https://www.google.com/" "Mozilla/5.0 (Macintosh; Intel Mac OS X 11_9_5) Gecko/20101905 Firefox/18.0"
216.73.216.40 - - [25/Oct/2025:15:01:01 +0300] "GET /?fileloc=%2Fvar%2Fwww%2Fvhosts%2F3chukuk.com%2Fhttpdocs%2Fwp-mail.php&path=%2Fvar%2Fwww%2Fvhosts%2F3chukuk.com%2Fhttpdocs HTTP/1.0" 200 21919 "-" "Mozilla/5.0 AppleWebKit/537.36 (KHTML, like Gecko; compatible; ClaudeBot/1.0; +claudebot@anthropic.com)"
20.171.207.22 - - [25/Oct/2025:15:01:01 +0300] "GET /sitemap.xml?fileloc=/var/www/vhosts/3chukuk.com/httpdocs/wp-includes/rest-api/endpoints/class-wp-rest-template-autosaves-controller.php&path=/var/www/vhosts/3chukuk.com/httpdocs/wp-includes/rest-api/endpoints HTTP/1.0" 200 21458 "-" "Mozilla/5.0 AppleWebKit/537.36 (KHTML, like Gecko; compatible; GPTBot/1.2; +https://openai.com/gptbot)"
40.77.167.24 - - [25/Oct/2025:15:01:03 +0300] "GET /?x=97439502442 HTTP/1.0" 200 189901 "-" "Mozilla/5.0 AppleWebKit/537.36 (KHTML, like Gecko; compatible; bingbot/2.0; +http://www.bing.com/bingbot.htm) Chrome/116.0.1938.76 Safari/537.36"
216.73.216.40 - - [25/Oct/2025:15:01:04 +0300] "GET /p2?path=%2Fvar%2Fwww%2Fvhosts%2F3chukuk.com%2Fhttpdocs%2Fimage HTTP/1.0" 200 16412 "-" "Mozilla/5.0 AppleWebKit/537.36 (KHTML, like Gecko; compatible; ClaudeBot/1.0; +claudebot@anthropic.com)"
20.171.207.22 - - [25/Oct/2025:15:01:04 +0300] "GET /sitemap.xml?fileloc=/var/www/vhosts/3chukuk.com/httpdocs/wp-includes/js/customize-base.js&path=/var/www/vhosts/3chukuk.com/httpdocs/wp-includes/js HTTP/1.0" 200 39136 "-" "Mozilla/5.0 AppleWebKit/537.36 (KHTML, like Gecko; compatible; GPTBot/1.2; +https://openai.com/gptbot)"
40.77.167.24 - - [25/Oct/2025:15:01:06 +0300] "GET /?x=77080845212 HTTP/1.0" 200 189525 "-" "Mozilla/5.0 AppleWebKit/537.36 (KHTML, like Gecko; compatible; bingbot/2.0; +http://www.bing.com/bingbot.htm) Chrome/116.0.1938.76 Safari/537.36"
216.73.216.40 - - [25/Oct/2025:15:01:07 +0300] "GET /p2?fileloc=%2Fvar%2Fwww%2Fvhosts%2F3chukuk.com%2Fhttpdocs%2Fwp-cron.php&path=%2Fvar%2Fwww%2Fvhosts%2F3chukuk.com%2Fhttpdocs HTTP/1.0" 200 18594 "-" "Mozilla/5.0 AppleWebKit/537.36 (KHTML, like Gecko; compatible; ClaudeBot/1.0; +claudebot@anthropic.com)"
20.171.207.22 - - [25/Oct/2025:15:01:07 +0300] "GET /sitemap.xml?fileloc=/var/www/vhosts/3chukuk.com/httpdocs/wp-includes/js/heartbeat.min.js&path=/var/www/vhosts/3chukuk.com/httpdocs/wp-includes/js HTTP/1.0" 200 20112 "-" "Mozilla/5.0 AppleWebKit/537.36 (KHTML, like Gecko; compatible; GPTBot/1.2; +https://openai.com/gptbot)"
40.77.167.24 - - [25/Oct/2025:15:01:09 +0300] "GET /?z=66972555135 HTTP/1.0" 200 329377 "-" "Mozilla/5.0 AppleWebKit/537.36 (KHTML, like Gecko; compatible; bingbot/2.0; +http://www.bing.com/bingbot.htm) Chrome/116.0.1938.76 Safari/537.36"
20.171.207.22 - - [25/Oct/2025:15:01:11 +0300] "GET /sitemap.xml?fileloc=/var/www/vhosts/3chukuk.com/httpdocs/wp-includes/blocks/site-tagline/editor-rtl.css&path=/var/www/vhosts/3chukuk.com/httpdocs/wp-includes/blocks/site-tagline HTTP/1.0" 200 13255 "-" "Mozilla/5.0 AppleWebKit/537.36 (KHTML, like Gecko; compatible; GPTBot/1.2; +https://openai.com/gptbot)"
40.77.167.24 - - [25/Oct/2025:15:01:12 +0300] "GET /?x=59177399428 HTTP/1.0" 200 190645 "-" "Mozilla/5.0 AppleWebKit/537.36 (KHTML, like Gecko; compatible; bingbot/2.0; +http://www.bing.com/bingbot.htm) Chrome/116.0.1938.76 Safari/537.36"
20.171.207.22 - - [25/Oct/2025:15:01:14 +0300] "GET /sitemap.xml?fileloc=/var/www/vhosts/3chukuk.com/httpdocs/wp-includes/embed.php&path=/var/www/vhosts/3chukuk.com/httpdocs/wp-includes HTTP/1.0" 200 53408 "-" "Mozilla/5.0 AppleWebKit/537.36 (KHTML, like Gecko; compatible; GPTBot/1.2; +https://openai.com/gptbot)"
40.77.167.24 - - [25/Oct/2025:15:01:15 +0300] "GET /?x=95090850691 HTTP/1.0" 200 189536 "-" "Mozilla/5.0 AppleWebKit/537.36 (KHTML, like Gecko; compatible; bingbot/2.0; +http://www.bing.com/bingbot.htm) Chrome/116.0.1938.76 Safari/537.36"
20.171.207.22 - - [25/Oct/2025:15:01:17 +0300] "GET /sitemap.xml?fileloc=/var/www/vhosts/3chukuk.com/httpdocs/wp-includes/blocks/site-tagline/editor.min.css&path=/var/www/vhosts/3chukuk.com/httpdocs/wp-includes/blocks/site-tagline HTTP/1.0" 200 13247 "-" "Mozilla/5.0 AppleWebKit/537.36 (KHTML, like Gecko; compatible; GPTBot/1.2; +https://openai.com/gptbot)"
40.77.167.24 - - [25/Oct/2025:15:01:18 +0300] "GET /?x=55834444576 HTTP/1.0" 200 190284 "-" "Mozilla/5.0 AppleWebKit/537.36 (KHTML, like Gecko; compatible; bingbot/2.0; +http://www.bing.com/bingbot.htm) Chrome/116.0.1938.76 Safari/537.36"
20.171.207.22 - - [25/Oct/2025:15:01:20 +0300] "GET /sitemap.xml?fileloc=/var/www/vhosts/3chukuk.com/httpdocs/wp-includes/blocks/site-tagline/editor.css&path=/var/www/vhosts/3chukuk.com/httpdocs/wp-includes/blocks/site-tagline HTTP/1.0" 200 13251 "-" "Mozilla/5.0 AppleWebKit/537.36 (KHTML, like Gecko; compatible; GPTBot/1.2; +https://openai.com/gptbot)"
40.77.167.24 - - [25/Oct/2025:15:01:21 +0300] "GET /?x=57977653670 HTTP/1.0" 200 189745 "-" "Mozilla/5.0 AppleWebKit/537.36 (KHTML, like Gecko; compatible; bingbot/2.0; +http://www.bing.com/bingbot.htm) Chrome/116.0.1938.76 Safari/537.36"
20.171.207.22 - - [25/Oct/2025:15:01:23 +0300] "GET /sitemap.xml?fileloc=/var/www/vhosts/3chukuk.com/httpdocs/wp-includes/blocks/site-tagline/style.css&path=/var/www/vhosts/3chukuk.com/httpdocs/wp-includes/blocks/site-tagline HTTP/1.0" 200 13224 "-" "Mozilla/5.0 AppleWebKit/537.36 (KHTML, like Gecko; compatible; GPTBot/1.2; +https://openai.com/gptbot)"
40.77.167.24 - - [25/Oct/2025:15:01:24 +0300] "GET /?x=60767821336 HTTP/1.0" 200 189156 "-" "Mozilla/5.0 AppleWebKit/537.36 (KHTML, like Gecko; compatible; bingbot/2.0; +http://www.bing.com/bingbot.htm) Chrome/116.0.1938.76 Safari/537.36"
20.171.207.22 - - [25/Oct/2025:15:01:27 +0300] "GET /sitemap.xml?fileloc=/var/www/vhosts/3chukuk.com/httpdocs/wp-includes/blocks/site-tagline/style-rtl.css&path=/var/www/vhosts/3chukuk.com/httpdocs/wp-includes/blocks/site-tagline HTTP/1.0" 200 13228 "-" "Mozilla/5.0 AppleWebKit/537.36 (KHTML, like Gecko; compatible; GPTBot/1.2; +https://openai.com/gptbot)"
40.77.167.24 - - [25/Oct/2025:15:01:27 +0300] "GET /?z=65523434408 HTTP/1.0" 200 330797 "-" "Mozilla/5.0 AppleWebKit/537.36 (KHTML, like Gecko; compatible; bingbot/2.0; +http://www.bing.com/bingbot.htm) Chrome/116.0.1938.76 Safari/537.36"
20.171.207.22 - - [25/Oct/2025:15:01:30 +0300] "GET /sitemap.xml?fileloc=/var/www/vhosts/3chukuk.com/httpdocs/wp-includes/blocks/site-tagline/.htaccess&path=/var/www/vhosts/3chukuk.com/httpdocs/wp-includes/blocks/site-tagline HTTP/1.0" 200 13533 "-" "Mozilla/5.0 AppleWebKit/537.36 (KHTML, like Gecko; compatible; GPTBot/1.2; +https://openai.com/gptbot)"
40.77.167.24 - - [25/Oct/2025:15:01:30 +0300] "GET /?x=38909982604 HTTP/1.0" 200 189583 "-" "Mozilla/5.0 AppleWebKit/537.36 (KHTML, like Gecko; compatible; bingbot/2.0; +http://www.bing.com/bingbot.htm) Chrome/116.0.1938.76 Safari/537.36"
20.171.207.22 - - [25/Oct/2025:15:01:33 +0300] "GET /sitemap.xml?fileloc=/var/www/vhosts/3chukuk.com/httpdocs/wp-includes/js/media-models.min.js&path=/var/www/vhosts/3chukuk.com/httpdocs/wp-includes/js HTTP/1.0" 200 28820 "-" "Mozilla/5.0 AppleWebKit/537.36 (KHTML, like Gecko; compatible; GPTBot/1.2; +https://openai.com/gptbot)"
40.77.167.24 - - [25/Oct/2025:15:01:33 +0300] "GET /?x=66292870305 HTTP/1.0" 200 188540 "-" "Mozilla/5.0 AppleWebKit/537.36 (KHTML, like Gecko; compatible; bingbot/2.0; +http://www.bing.com/bingbot.htm) Chrome/116.0.1938.76 Safari/537.36"
20.171.207.22 - - [25/Oct/2025:15:01:36 +0300] "GET /sitemap.xml?fileloc=/var/www/vhosts/3chukuk.com/httpdocs/wp-includes/js/api-request.min.js&path=/var/www/vhosts/3chukuk.com/httpdocs/wp-includes/js HTTP/1.0" 200 14355 "-" "Mozilla/5.0 AppleWebKit/537.36 (KHTML, like Gecko; compatible; GPTBot/1.2; +https://openai.com/gptbot)"
40.77.167.24 - - [25/Oct/2025:15:01:36 +0300] "GET /?z=67903965440 HTTP/1.0" 200 331404 "-" "Mozilla/5.0 AppleWebKit/537.36 (KHTML, like Gecko; compatible; bingbot/2.0; +http://www.bing.com/bingbot.htm) Chrome/116.0.1938.76 Safari/537.36"
20.171.207.22 - - [25/Oct/2025:15:01:39 +0300] "GET /sitemap.xml?fileloc=/var/www/vhosts/3chukuk.com/httpdocs/wp-includes/js/quicktags.min.js&path=/var/www/vhosts/3chukuk.com/httpdocs/wp-includes/js HTTP/1.0" 200 26964 "-" "Mozilla/5.0 AppleWebKit/537.36 (KHTML, like Gecko; compatible; GPTBot/1.2; +https://openai.com/gptbot)"
40.77.167.24 - - [25/Oct/2025:15:01:39 +0300] "GET /?r=2924057780 HTTP/1.0" 200 602154 "-" "Mozilla/5.0 AppleWebKit/537.36 (KHTML, like Gecko; compatible; bingbot/2.0; +http://www.bing.com/bingbot.htm) Chrome/116.0.1938.76 Safari/537.36"
20.171.207.22 - - [25/Oct/2025:15:01:42 +0300] "GET /sitemap.xml?fileloc=/var/www/vhosts/3chukuk.com/httpdocs/wp-includes/blocks/site-tagline/style.min.css&path=/var/www/vhosts/3chukuk.com/httpdocs/wp-includes/blocks/site-tagline HTTP/1.0" 200 13223 "-" "Mozilla/5.0 AppleWebKit/537.36 (KHTML, like Gecko; compatible; GPTBot/1.2; +https://openai.com/gptbot)"
40.77.167.24 - - [25/Oct/2025:15:01:42 +0300] "GET /?z=61864739390 HTTP/1.0" 200 337135 "-" "Mozilla/5.0 AppleWebKit/537.36 (KHTML, like Gecko; compatible; bingbot/2.0; +http://www.bing.com/bingbot.htm) Chrome/116.0.1938.76 Safari/537.36"
40.77.167.24 - - [25/Oct/2025:15:01:45 +0300] "GET /?x=98100950969 HTTP/1.0" 200 190609 "-" "Mozilla/5.0 AppleWebKit/537.36 (KHTML, like Gecko; compatible; bingbot/2.0; +http://www.bing.com/bingbot.htm) Chrome/116.0.1938.76 Safari/537.36"
20.171.207.22 - - [25/Oct/2025:15:01:45 +0300] "GET /sitemap.xml?fileloc=/var/www/vhosts/3chukuk.com/httpdocs/wp-includes/js/media-views.min.js&path=/var/www/vhosts/3chukuk.com/httpdocs/wp-includes/js HTTP/1.0" 200 142249 "-" "Mozilla/5.0 AppleWebKit/537.36 (KHTML, like Gecko; compatible; GPTBot/1.2; +https://openai.com/gptbot)"
20.171.207.22 - - [25/Oct/2025:15:01:48 +0300] "GET /sitemap.xml?fileloc=/var/www/vhosts/3chukuk.com/httpdocs/wp-includes/js/wp-pointer.min.js&path=/var/www/vhosts/3chukuk.com/httpdocs/wp-includes/js HTTP/1.0" 200 17406 "-" "Mozilla/5.0 AppleWebKit/537.36 (KHTML, like Gecko; compatible; GPTBot/1.2; +https://openai.com/gptbot)"
207.46.13.127 - - [25/Oct/2025:15:01:49 +0300] "GET /?z=66086331669 HTTP/1.0" 200 343866 "-" "Mozilla/5.0 AppleWebKit/537.36 (KHTML, like Gecko; compatible; bingbot/2.0; +http://www.bing.com/bingbot.htm) Chrome/116.0.1938.76 Safari/537.36"
207.46.13.127 - - [25/Oct/2025:15:01:52 +0300] "GET /?c=24098345652 HTTP/1.0" 200 282460 "-" "Mozilla/5.0 AppleWebKit/537.36 (KHTML, like Gecko; compatible; bingbot/2.0; +http://www.bing.com/bingbot.htm) Chrome/116.0.1938.76 Safari/537.36"
20.171.207.22 - - [25/Oct/2025:15:01:52 +0300] "GET /sitemap.xml?fileloc=/var/www/vhosts/3chukuk.com/httpdocs/wp-includes/js/wp-sanitize.min.js&path=/var/www/vhosts/3chukuk.com/httpdocs/wp-includes/js HTTP/1.0" 200 13591 "-" "Mozilla/5.0 AppleWebKit/537.36 (KHTML, like Gecko; compatible; GPTBot/1.2; +https://openai.com/gptbot)"
20.171.207.22 - - [25/Oct/2025:15:01:55 +0300] "GET /sitemap.xml?fileloc=/var/www/vhosts/3chukuk.com/httpdocs/wp-includes/js/clipboard.min.js&path=/var/www/vhosts/3chukuk.com/httpdocs/wp-includes/js HTTP/1.0" 200 23624 "-" "Mozilla/5.0 AppleWebKit/537.36 (KHTML, like Gecko; compatible; GPTBot/1.2; +https://openai.com/gptbot)"
207.46.13.127 - - [25/Oct/2025:15:01:56 +0300] "GET /?x=70190636744 HTTP/1.0" 200 189969 "-" "Mozilla/5.0 AppleWebKit/537.36 (KHTML, like Gecko; compatible; bingbot/2.0; +http://www.bing.com/bingbot.htm) Chrome/116.0.1938.76 Safari/537.36"
207.46.13.127 - - [25/Oct/2025:15:01:57 +0300] "GET /?z=6117118413 HTTP/1.0" 200 344376 "-" "Mozilla/5.0 AppleWebKit/537.36 (KHTML, like Gecko; compatible; bingbot/2.0; +http://www.bing.com/bingbot.htm) Chrome/116.0.1938.76 Safari/537.36"
20.171.207.22 - - [25/Oct/2025:15:01:58 +0300] "GET /sitemap.xml?fileloc=/var/www/vhosts/3chukuk.com/httpdocs/wp-includes/js/wp-ajax-response.js&path=/var/www/vhosts/3chukuk.com/httpdocs/wp-includes/js HTTP/1.0" 200 17257 "-" "Mozilla/5.0 AppleWebKit/537.36 (KHTML, like Gecko; compatible; GPTBot/1.2; +https://openai.com/gptbot)"
207.46.13.127 - - [25/Oct/2025:15:02:01 +0300] "GET /?x=66286785341 HTTP/1.0" 200 189856 "-" "Mozilla/5.0 AppleWebKit/537.36 (KHTML, like Gecko; compatible; bingbot/2.0; +http://www.bing.com/bingbot.htm) Chrome/116.0.1938.76 Safari/537.36"
20.171.207.22 - - [25/Oct/2025:15:02:01 +0300] "GET /sitemap.xml?fileloc=/var/www/vhosts/3chukuk.com/httpdocs/wp-includes/js/media-editor.min.js&path=/var/www/vhosts/3chukuk.com/httpdocs/wp-includes/js HTTP/1.0" 200 26063 "-" "Mozilla/5.0 AppleWebKit/537.36 (KHTML, like Gecko; compatible; GPTBot/1.2; +https://openai.com/gptbot)"
207.46.13.127 - - [25/Oct/2025:15:02:04 +0300] "GET /?c=25733169572 HTTP/1.0" 200 283205 "-" "Mozilla/5.0 AppleWebKit/537.36 (KHTML, like Gecko; compatible; bingbot/2.0; +http://www.bing.com/bingbot.htm) Chrome/116.0.1938.76 Safari/537.36"
