20.171.207.22 - - [27/Oct/2025:06:34:41 +0300] "GET /?fileloc=/var/www/vhosts/3chukuk.com/httpdocs/wp-content/uploads/2017/08/drozgurekerpsd-300x235.jpg&path=/var/www/vhosts/3chukuk.com/httpdocs/wp-content/uploads/2017/08 HTTP/1.0" 200 13256 "-" "Mozilla/5.0 AppleWebKit/537.36 (KHTML, like Gecko; compatible; GPTBot/1.2; +https://openai.com/gptbot)"
216.73.216.40 - - [27/Oct/2025:06:34:43 +0300] "GET /page/17/?fileloc=%2Fvar%2Fwww%2Fvhosts%2F3chukuk.com%2Fhttpdocs%2Fwp-includes%2Fjs%2Fclipboard.min.js&path=%2Fvar%2Fwww%2Fvhosts%2F3chukuk.com%2Fhttpdocs%2Fwp-includes%2Fjs HTTP/1.0" 200 23624 "-" "Mozilla/5.0 AppleWebKit/537.36 (KHTML, like Gecko; compatible; ClaudeBot/1.0; +claudebot@anthropic.com)"
20.171.207.22 - - [27/Oct/2025:06:34:44 +0300] "GET /?fileloc=/var/www/vhosts/3chukuk.com/httpdocs/wp-content/uploads/2017/08/drozgurekerpsd-218x150.jpg&path=/var/www/vhosts/3chukuk.com/httpdocs/wp-content/uploads/2017/08 HTTP/1.0" 200 13256 "-" "Mozilla/5.0 AppleWebKit/537.36 (KHTML, like Gecko; compatible; GPTBot/1.2; +https://openai.com/gptbot)"
216.73.216.40 - - [27/Oct/2025:06:34:46 +0300] "GET /feed/?path=%2Fvar%2Fwww%2Fvhosts%2F3chukuk.com%2Fhttpdocs%2Fwp-content%2Fplugins%2Fsecurity-1760178200-1%2Fcss HTTP/1.0" 200 17100 "-" "Mozilla/5.0 AppleWebKit/537.36 (KHTML, like Gecko; compatible; ClaudeBot/1.0; +claudebot@anthropic.com)"
20.171.207.22 - - [27/Oct/2025:06:34:47 +0300] "GET /?fileloc=/var/www/vhosts/3chukuk.com/httpdocs/wp-content/uploads/revslider/templates/Corporate-Selected-Projects-Title/slide1.jpg&path=/var/www/vhosts/3chukuk.com/httpdocs/wp-content/uploads/revslider/templates/Corporate-Selected-Projects-Title HTTP/1.0" 200 13479 "-" "Mozilla/5.0 AppleWebKit/537.36 (KHTML, like Gecko; compatible; GPTBot/1.2; +https://openai.com/gptbot)"
216.73.216.40 - - [27/Oct/2025:06:34:49 +0300] "GET /19?path=%2Fvar%2Fwww%2Fvhosts%2F3chukuk.com%2Fhttpdocs%2Fwp-includes%2Fblocks%2Fbutton%2Fbutton HTTP/1.0" 200 15260 "-" "Mozilla/5.0 AppleWebKit/537.36 (KHTML, like Gecko; compatible; ClaudeBot/1.0; +claudebot@anthropic.com)"
20.171.207.22 - - [27/Oct/2025:06:34:50 +0300] "GET /?fileloc=/var/www/vhosts/3chukuk.com/httpdocs/wp-content/uploads/2017/08/drozgurekerpsd-300x385.jpg&path=/var/www/vhosts/3chukuk.com/httpdocs/wp-content/uploads/2017/08 HTTP/1.0" 200 13256 "-" "Mozilla/5.0 AppleWebKit/537.36 (KHTML, like Gecko; compatible; GPTBot/1.2; +https://openai.com/gptbot)"
57.141.0.26 - - [27/Oct/2025:06:34:51 +0300] "GET /wp-json/oembed/1.0/embed?url=https%3A%2F%2Fwww.3chukuk.com%2Fblog%2F2021%2F02%2F01%2Fisrail-filistinlilere-asi-vermiyor%2F HTTP/1.0" 200 60245 "-" "meta-externalagent/1.1 (+https://developers.facebook.com/docs/sharing/webmasters/crawler)"
216.73.216.40 - - [27/Oct/2025:06:34:52 +0300] "GET /19?fileloc=%2Fvar%2Fwww%2Fvhosts%2F3chukuk.com%2Fhttpdocs%2Fwp-includes%2Fjs%2Fplupload%2Fmoxie.min.js&path=%2Fvar%2Fwww%2Fvhosts%2F3chukuk.com%2Fhttpdocs%2Fwp-includes%2Fjs%2Fplupload HTTP/1.0" 200 117910 "-" "Mozilla/5.0 AppleWebKit/537.36 (KHTML, like Gecko; compatible; ClaudeBot/1.0; +claudebot@anthropic.com)"
20.171.207.22 - - [27/Oct/2025:06:34:53 +0300] "GET /?fileloc=/var/www/vhosts/3chukuk.com/httpdocs/wp-content/uploads/2018/06/drozgurekerpsd-300x261.jpg&path=/var/www/vhosts/3chukuk.com/httpdocs/wp-content/uploads/2018/06 HTTP/1.0" 200 13256 "-" "Mozilla/5.0 AppleWebKit/537.36 (KHTML, like Gecko; compatible; GPTBot/1.2; +https://openai.com/gptbot)"
216.73.216.40 - - [27/Oct/2025:06:34:55 +0300] "GET /p2?path=%2Fvar%2Fwww%2Fvhosts%2F3chukuk.com%2Fhttpdocs%2Fwp-includes%2Fblocks%2Fquery-pagination-numbers HTTP/1.0" 200 23826 "-" "Mozilla/5.0 AppleWebKit/537.36 (KHTML, like Gecko; compatible; ClaudeBot/1.0; +claudebot@anthropic.com)"
20.171.207.22 - - [27/Oct/2025:06:34:56 +0300] "GET /?fileloc=/var/www/vhosts/3chukuk.com/httpdocs/wp-content/uploads/2018/06/drozgurekerpsd-300x364.jpg&path=/var/www/vhosts/3chukuk.com/httpdocs/wp-content/uploads/2018/06 HTTP/1.0" 200 13256 "-" "Mozilla/5.0 AppleWebKit/537.36 (KHTML, like Gecko; compatible; GPTBot/1.2; +https://openai.com/gptbot)"
216.73.216.40 - - [27/Oct/2025:06:34:58 +0300] "GET /page/17/?fileloc=%2Fvar%2Fwww%2Fvhosts%2F3chukuk.com%2Fhttpdocs%2Fwp-includes%2Fjs%2Fplupload%2Fmoxie.js&path=%2Fvar%2Fwww%2Fvhosts%2F3chukuk.com%2Fhttpdocs%2Fwp-includes%2Fjs%2Fplupload HTTP/1.0" 200 274382 "-" "Mozilla/5.0 AppleWebKit/537.36 (KHTML, like Gecko; compatible; ClaudeBot/1.0; +claudebot@anthropic.com)"
213.180.203.92 - - [27/Oct/2025:06:34:59 +0300] "GET /blog/2017/09/03/trafik-felc/ HTTP/1.0" 200 60245 "-" "Mozilla/5.0 (compatible; YandexBot/3.0; +http://yandex.com/bots)"
20.171.207.22 - - [27/Oct/2025:06:35:00 +0300] "GET /?fileloc=/var/www/vhosts/3chukuk.com/httpdocs/wp-content/uploads/2018/06/drozgurekerpsd-243x300.jpg&path=/var/www/vhosts/3chukuk.com/httpdocs/wp-content/uploads/2018/06 HTTP/1.0" 200 13256 "-" "Mozilla/5.0 AppleWebKit/537.36 (KHTML, like Gecko; compatible; GPTBot/1.2; +https://openai.com/gptbot)"
216.73.216.40 - - [27/Oct/2025:06:35:01 +0300] "GET /page/17/?fileloc=%2Fvar%2Fwww%2Fvhosts%2F3chukuk.com%2Fhttpdocs%2Fwp-content%2Fplugins%2Fsecurity-1760178200%2Findex.php&path=%2Fvar%2Fwww%2Fvhosts%2F3chukuk.com%2Fhttpdocs%2Fwp-content%2Fplugins%2Fsecurity-1760178200 HTTP/1.0" 200 13225 "-" "Mozilla/5.0 AppleWebKit/537.36 (KHTML, like Gecko; compatible; ClaudeBot/1.0; +claudebot@anthropic.com)"
20.171.207.22 - - [27/Oct/2025:06:35:03 +0300] "GET /?fileloc=/var/www/vhosts/3chukuk.com/httpdocs/wp-content/uploads/2018/06/drozgurekerpsd-300x235.jpg&path=/var/www/vhosts/3chukuk.com/httpdocs/wp-content/uploads/2018/06 HTTP/1.0" 200 13256 "-" "Mozilla/5.0 AppleWebKit/537.36 (KHTML, like Gecko; compatible; GPTBot/1.2; +https://openai.com/gptbot)"
216.73.216.40 - - [27/Oct/2025:06:35:04 +0300] "GET /page/17/?fileloc=%2Fvar%2Fwww%2Fvhosts%2F3chukuk.com%2Fhttpdocs%2Fwp-includes%2Fjs%2Fcolorpicker.min.js&path=%2Fvar%2Fwww%2Fvhosts%2F3chukuk.com%2Fhttpdocs%2Fwp-includes%2Fjs HTTP/1.0" 200 38053 "-" "Mozilla/5.0 AppleWebKit/537.36 (KHTML, like Gecko; compatible; ClaudeBot/1.0; +claudebot@anthropic.com)"
20.171.207.22 - - [27/Oct/2025:06:35:06 +0300] "GET /?fileloc=/var/www/vhosts/3chukuk.com/httpdocs/wp-content/uploads/2018/06/drozgurekerpsd-150x150.jpg&path=/var/www/vhosts/3chukuk.com/httpdocs/wp-content/uploads/2018/06 HTTP/1.0" 200 13256 "-" "Mozilla/5.0 AppleWebKit/537.36 (KHTML, like Gecko; compatible; GPTBot/1.2; +https://openai.com/gptbot)"
216.73.216.40 - - [27/Oct/2025:06:35:07 +0300] "GET /page/17/?fileloc=%2Fvar%2Fwww%2Fvhosts%2F3chukuk.com%2Fhttpdocs%2Fwp-includes%2Fjs%2Fwp-emoji-loader.min.js&path=%2Fvar%2Fwww%2Fvhosts%2F3chukuk.com%2Fhttpdocs%2Fwp-includes%2Fjs HTTP/1.0" 200 16622 "-" "Mozilla/5.0 AppleWebKit/537.36 (KHTML, like Gecko; compatible; ClaudeBot/1.0; +claudebot@anthropic.com)"
20.171.207.22 - - [27/Oct/2025:06:35:09 +0300] "GET /?fileloc=/var/www/vhosts/3chukuk.com/httpdocs/wp-content/themes/Newspaper/includes/plugins/woocommerce/includes/class-wc-order-factory.php&path=/var/www/vhosts/3chukuk.com/httpdocs/wp-content/themes/Newspaper/includes/plugins/woocommerce/includes HTTP/1.0" 200 16985 "-" "Mozilla/5.0 AppleWebKit/537.36 (KHTML, like Gecko; compatible; GPTBot/1.2; +https://openai.com/gptbot)"
216.73.216.40 - - [27/Oct/2025:06:35:10 +0300] "GET /p2?path=%2Fvar%2Fwww%2Fvhosts%2F3chukuk.com%2Fhttpdocs%2Fwp-includes%2Fblocks%2Fpattern HTTP/1.0" 200 16800 "-" "Mozilla/5.0 AppleWebKit/537.36 (KHTML, like Gecko; compatible; ClaudeBot/1.0; +claudebot@anthropic.com)"
207.46.13.78 - - [27/Oct/2025:06:35:12 +0300] "GET /?x=6902850145 HTTP/1.0" 200 189771 "-" "Mozilla/5.0 AppleWebKit/537.36 (KHTML, like Gecko; compatible; bingbot/2.0; +http://www.bing.com/bingbot.htm) Chrome/116.0.1938.76 Safari/537.36"
20.171.207.22 - - [27/Oct/2025:06:35:12 +0300] "GET /?fileloc=/var/www/vhosts/3chukuk.com/httpdocs/wp-content/themes/Newspaper/includes/plugins/woocommerce/includes/tracks/class-wc-tracks-footer-pixel.php&path=/var/www/vhosts/3chukuk.com/httpdocs/wp-content/themes/Newspaper/includes/plugins/woocommerce/includes/tracks HTTP/1.0" 200 16077 "-" "Mozilla/5.0 AppleWebKit/537.36 (KHTML, like Gecko; compatible; GPTBot/1.2; +https://openai.com/gptbot)"
216.73.216.40 - - [27/Oct/2025:06:35:13 +0300] "GET /page/17/?path=%2Fvar%2Fwww%2Fvhosts%2F3chukuk.com%2Fhttpdocs%2Fwp-includes%2FText%2FDiff%2FEngine HTTP/1.0" 200 21804 "-" "Mozilla/5.0 AppleWebKit/537.36 (KHTML, like Gecko; compatible; ClaudeBot/1.0; +claudebot@anthropic.com)"
20.171.207.22 - - [27/Oct/2025:06:35:15 +0300] "GET /?fileloc=/var/www/vhosts/3chukuk.com/httpdocs/wp-content/themes/Newspaper/includes/plugins/woocommerce/includes/legacy/class-wc-legacy-api.php&path=/var/www/vhosts/3chukuk.com/httpdocs/wp-content/themes/Newspaper/includes/plugins/woocommerce/includes/legacy HTTP/1.0" 200 22493 "-" "Mozilla/5.0 AppleWebKit/537.36 (KHTML, like Gecko; compatible; GPTBot/1.2; +https://openai.com/gptbot)"
216.73.216.40 - - [27/Oct/2025:06:35:16 +0300] "GET /page/17/?fileloc=%2Fvar%2Fwww%2Fvhosts%2F3chukuk.com%2Fhttpdocs%2Fwp-includes%2Fjs%2Fheartbeat.js&path=%2Fvar%2Fwww%2Fvhosts%2F3chukuk.com%2Fhttpdocs%2Fwp-includes%2Fjs HTTP/1.0" 200 37465 "-" "Mozilla/5.0 AppleWebKit/537.36 (KHTML, like Gecko; compatible; ClaudeBot/1.0; +claudebot@anthropic.com)"
20.171.207.22 - - [27/Oct/2025:06:35:18 +0300] "GET /?fileloc=/var/www/vhosts/3chukuk.com/httpdocs/wp-content/themes/Newspaper/includes/plugins/woocommerce/includes/legacy/class-wc-legacy-shipping-zone.php&path=/var/www/vhosts/3chukuk.com/httpdocs/wp-content/themes/Newspaper/includes/plugins/woocommerce/includes/legacy HTTP/1.0" 200 15462 "-" "Mozilla/5.0 AppleWebKit/537.36 (KHTML, like Gecko; compatible; GPTBot/1.2; +https://openai.com/gptbot)"
216.73.216.40 - - [27/Oct/2025:06:35:19 +0300] "GET /19?fileloc=%2Fvar%2Fwww%2Fvhosts%2F3chukuk.com%2Fhttpdocs%2Fwp-content%2Fplugins%2Fcustom-1760177596-2%2Findex.php&path=%2Fvar%2Fwww%2Fvhosts%2F3chukuk.com%2Fhttpdocs%2Fwp-content%2Fplugins%2Fcustom-1760177596-2 HTTP/1.0" 200 13225 "-" "Mozilla/5.0 AppleWebKit/537.36 (KHTML, like Gecko; compatible; ClaudeBot/1.0; +claudebot@anthropic.com)"
20.171.207.22 - - [27/Oct/2025:06:35:21 +0300] "GET /?fileloc=/var/www/vhosts/3chukuk.com/httpdocs/wp-content/themes/Newspaper/includes/plugins/woocommerce/includes/emails/class-wc-email-failed-order.php&path=/var/www/vhosts/3chukuk.com/httpdocs/wp-content/themes/Newspaper/includes/plugins/woocommerce/includes/emails HTTP/1.0" 200 20667 "-" "Mozilla/5.0 AppleWebKit/537.36 (KHTML, like Gecko; compatible; GPTBot/1.2; +https://openai.com/gptbot)"
62.164.177.47 - - [27/Oct/2025:06:35:22 +0300] "GET / HTTP/1.0" 200 60245 "-" "Mozilla/5.0 (Macintosh; Intel Mac OS X 10.15; rv:135.0) Gecko/20100101 Firefox/135.0"
216.73.216.40 - - [27/Oct/2025:06:35:22 +0300] "GET /page/20/?fileloc=%2Fvar%2Fwww%2Fvhosts%2F3chukuk.com%2Fhttpdocs%2Fwp-includes%2Fcustomize%2Fclass-wp-customize-nav-menu-section.php&path=%2Fvar%2Fwww%2Fvhosts%2F3chukuk.com%2Fhttpdocs%2Fwp-includes%2Fcustomize HTTP/1.0" 200 13820 "-" "Mozilla/5.0 AppleWebKit/537.36 (KHTML, like Gecko; compatible; ClaudeBot/1.0; +claudebot@anthropic.com)"
20.171.207.22 - - [27/Oct/2025:06:35:24 +0300] "GET /?fileloc=/var/www/vhosts/3chukuk.com/httpdocs/wp-content/themes/Newspaper/includes/plugins/woocommerce/includes/class-wc-payment-tokens.php&path=/var/www/vhosts/3chukuk.com/httpdocs/wp-content/themes/Newspaper/includes/plugins/woocommerce/includes HTTP/1.0" 200 19841 "-" "Mozilla/5.0 AppleWebKit/537.36 (KHTML, like Gecko; compatible; GPTBot/1.2; +https://openai.com/gptbot)"
216.73.216.40 - - [27/Oct/2025:06:35:25 +0300] "GET /page/17/?fileloc=%2Fvar%2Fwww%2Fvhosts%2F3chukuk.com%2Fhttpdocs%2Fwp-includes%2Fjs%2Fmediaelement%2Fwp-mediaelement.min.js&path=%2Fvar%2Fwww%2Fvhosts%2F3chukuk.com%2Fhttpdocs%2Fwp-includes%2Fjs%2Fmediaelement HTTP/1.0" 200 14552 "-" "Mozilla/5.0 AppleWebKit/537.36 (KHTML, like Gecko; compatible; ClaudeBot/1.0; +claudebot@anthropic.com)"
20.171.207.22 - - [27/Oct/2025:06:35:28 +0300] "GET /?fileloc=/var/www/vhosts/3chukuk.com/httpdocs/wp-content/themes/Newspaper/includes/plugins/woocommerce/includes/class-wc-data-exception.php&path=/var/www/vhosts/3chukuk.com/httpdocs/wp-content/themes/Newspaper/includes/plugins/woocommerce/includes HTTP/1.0" 200 15026 "-" "Mozilla/5.0 AppleWebKit/537.36 (KHTML, like Gecko; compatible; GPTBot/1.2; +https://openai.com/gptbot)"
216.73.216.40 - - [27/Oct/2025:06:35:28 +0300] "GET /feed/?fileloc=%2Fvar%2Fwww%2Fvhosts%2F3chukuk.com%2Fhttpdocs%2Fwp-content%2Fplugins%2Fakismet%2Freadme.txt&path=%2Fvar%2Fwww%2Fvhosts%2F3chukuk.com%2Fhttpdocs%2Fwp-content%2Fplugins%2Fakismet HTTP/1.0" 200 19006 "-" "Mozilla/5.0 AppleWebKit/537.36 (KHTML, like Gecko; compatible; ClaudeBot/1.0; +claudebot@anthropic.com)"
20.171.207.22 - - [27/Oct/2025:06:35:31 +0300] "GET /?fileloc=/var/www/vhosts/3chukuk.com/httpdocs/wp-content/themes/Newspaper/includes/plugins/woocommerce/includes/widgets/class-wc-widget-layered-nav.php&path=/var/www/vhosts/3chukuk.com/httpdocs/wp-content/themes/Newspaper/includes/plugins/woocommerce/includes/widgets HTTP/1.0" 200 32132 "-" "Mozilla/5.0 AppleWebKit/537.36 (KHTML, like Gecko; compatible; GPTBot/1.2; +https://openai.com/gptbot)"
216.73.216.40 - - [27/Oct/2025:06:35:31 +0300] "GET /blog/author/www3chukuk/page/420?fileloc=%2Fvar%2Fwww%2Fvhosts%2F3chukuk.com%2Fhttpdocs%2Fwp-includes%2FText%2FDiff.php&path=%2Fvar%2Fwww%2Fvhosts%2F3chukuk.com%2Fhttpdocs%2Fwp-includes%2FText HTTP/1.0" 200 26379 "-" "Mozilla/5.0 AppleWebKit/537.36 (KHTML, like Gecko; compatible; ClaudeBot/1.0; +claudebot@anthropic.com)"
207.46.13.78 - - [27/Oct/2025:06:35:32 +0300] "GET /blog/2019/06/13/italya-da-gocmen-kurtaran-gemilere-para-cezasi-veriliyor-insanligin-oldugu-an/ HTTP/1.0" 200 469306 "-" "Mozilla/5.0 AppleWebKit/537.36 (KHTML, like Gecko; compatible; bingbot/2.0; +http://www.bing.com/bingbot.htm) Chrome/116.0.1938.76 Safari/537.36"
20.171.207.22 - - [27/Oct/2025:06:35:34 +0300] "GET /?fileloc=/var/www/vhosts/3chukuk.com/httpdocs/wp-content/themes/Newspaper/includes/plugins/woocommerce/includes/class-wc-shipping-zone.php&path=/var/www/vhosts/3chukuk.com/httpdocs/wp-content/themes/Newspaper/includes/plugins/woocommerce/includes HTTP/1.0" 200 27534 "-" "Mozilla/5.0 AppleWebKit/537.36 (KHTML, like Gecko; compatible; GPTBot/1.2; +https://openai.com/gptbot)"
57.141.0.27 - - [27/Oct/2025:06:35:35 +0300] "GET /?p=18777 HTTP/1.0" 200 60245 "-" "meta-externalagent/1.1 (+https://developers.facebook.com/docs/sharing/webmasters/crawler)"
20.171.207.22 - - [27/Oct/2025:06:35:37 +0300] "GET /?fileloc=/var/www/vhosts/3chukuk.com/httpdocs/wp-content/themes/Newspaper/includes/plugins/woocommerce/includes/class-wc-form-handler.php&path=/var/www/vhosts/3chukuk.com/httpdocs/wp-content/themes/Newspaper/includes/plugins/woocommerce/includes HTTP/1.0" 200 59993 "-" "Mozilla/5.0 AppleWebKit/537.36 (KHTML, like Gecko; compatible; GPTBot/1.2; +https://openai.com/gptbot)"
216.73.216.40 - - [27/Oct/2025:06:35:39 +0300] "GET /page/237/?fileloc=%2Fvar%2Fwww%2Fvhosts%2F3chukuk.com%2Fhttpdocs%2Fwp-admin%2Fjs%2Fupdates.js&path=%2Fvar%2Fwww%2Fvhosts%2F3chukuk.com%2Fhttpdocs%2Fwp-admin%2Fjs HTTP/1.0" 200 126633 "-" "Mozilla/5.0 AppleWebKit/537.36 (KHTML, like Gecko; compatible; ClaudeBot/1.0; +claudebot@anthropic.com)"
20.171.207.22 - - [27/Oct/2025:06:35:40 +0300] "GET /?fileloc=/var/www/vhosts/3chukuk.com/httpdocs/wp-content/themes/Newspaper/includes/plugins/woocommerce/includes/class-wc-order-query.php&path=/var/www/vhosts/3chukuk.com/httpdocs/wp-content/themes/Newspaper/includes/plugins/woocommerce/includes HTTP/1.0" 200 16412 "-" "Mozilla/5.0 AppleWebKit/537.36 (KHTML, like Gecko; compatible; GPTBot/1.2; +https://openai.com/gptbot)"
216.73.216.40 - - [27/Oct/2025:06:35:41 +0300] "GET /page/236/?fileloc=%2Fvar%2Fwww%2Fvhosts%2F3chukuk.com%2Fhttpdocs%2Fwp-includes%2Fclass-wp-exception.php&path=%2Fvar%2Fwww%2Fvhosts%2F3chukuk.com%2Fhttpdocs%2Fwp-includes HTTP/1.0" 200 13238 "-" "Mozilla/5.0 AppleWebKit/537.36 (KHTML, like Gecko; compatible; ClaudeBot/1.0; +claudebot@anthropic.com)"
20.171.207.22 - - [27/Oct/2025:06:35:43 +0300] "GET /?fileloc=/var/www/vhosts/3chukuk.com/httpdocs/wp-content/themes/Newspaper/includes/plugins/woocommerce/includes/class-wc-order-refund.php&path=/var/www/vhosts/3chukuk.com/httpdocs/wp-content/themes/Newspaper/includes/plugins/woocommerce/includes HTTP/1.0" 200 18781 "-" "Mozilla/5.0 AppleWebKit/537.36 (KHTML, like Gecko; compatible; GPTBot/1.2; +https://openai.com/gptbot)"
216.73.216.40 - - [27/Oct/2025:06:35:44 +0300] "GET /p2?fileloc=%2Fvar%2Fwww%2Fvhosts%2F3chukuk.com%2Fhttpdocs%2Fwp-includes%2Fblocks%2Fquery-title.php&path=%2Fvar%2Fwww%2Fvhosts%2F3chukuk.com%2Fhttpdocs%2Fwp-includes%2Fblocks HTTP/1.0" 200 15228 "-" "Mozilla/5.0 AppleWebKit/537.36 (KHTML, like Gecko; compatible; ClaudeBot/1.0; +claudebot@anthropic.com)"
20.171.207.22 - - [27/Oct/2025:06:35:47 +0300] "GET /?fileloc=/var/www/vhosts/3chukuk.com/httpdocs/wp-content/uploads/2019/04/IMG_20190413_225118-2-534x462.jpg&path=/var/www/vhosts/3chukuk.com/httpdocs/wp-content/uploads/2019/04 HTTP/1.0" 200 13263 "-" "Mozilla/5.0 AppleWebKit/537.36 (KHTML, like Gecko; compatible; GPTBot/1.2; +https://openai.com/gptbot)"
216.73.216.40 - - [27/Oct/2025:06:35:47 +0300] "GET /feed/?fileloc=%2Fvar%2Fwww%2Fvhosts%2F3chukuk.com%2Fhttpdocs%2Fwp-includes%2Fsodium_compat%2Fnamespaced%2FCrypto.php&path=%2Fvar%2Fwww%2Fvhosts%2F3chukuk.com%2Fhttpdocs%2Fwp-includes%2Fsodium_compat%2Fnamespaced HTTP/1.0" 200 13286 "-" "Mozilla/5.0 AppleWebKit/537.36 (KHTML, like Gecko; compatible; ClaudeBot/1.0; +claudebot@anthropic.com)"
192.111.137.34 - - [27/Oct/2025:06:35:49 +0300] "GET / HTTP/1.0" 200 60245 "-" "Mozilla/5.0 (Macintosh; Intel Mac OS X 10_15_7) AppleWebKit/605.1.15 (KHTML, like Gecko) Version/18.0 Safari/605.1.15"
20.171.207.22 - - [27/Oct/2025:06:35:50 +0300] "GET /?fileloc=/var/www/vhosts/3chukuk.com/httpdocs/wp-content/uploads/2019/04/IMG_20190413_225118-1-696x385.jpg&path=/var/www/vhosts/3chukuk.com/httpdocs/wp-content/uploads/2019/04 HTTP/1.0" 200 13263 "-" "Mozilla/5.0 AppleWebKit/537.36 (KHTML, like Gecko; compatible; GPTBot/1.2; +https://openai.com/gptbot)"
216.73.216.40 - - [27/Oct/2025:06:35:50 +0300] "GET /page/20/?fileloc=%2Fvar%2Fwww%2Fvhosts%2F3chukuk.com%2Fhttpdocs%2Fwp-includes%2Fclass-wp-plugin-dependencies.php&path=%2Fvar%2Fwww%2Fvhosts%2F3chukuk.com%2Fhttpdocs%2Fwp-includes HTTP/1.0" 200 38692 "-" "Mozilla/5.0 AppleWebKit/537.36 (KHTML, like Gecko; compatible; ClaudeBot/1.0; +claudebot@anthropic.com)"
20.171.207.22 - - [27/Oct/2025:06:35:53 +0300] "GET /?fileloc=/var/www/vhosts/3chukuk.com/httpdocs/wp-content/uploads/2018/09/IMG_20180826_080704_314-100x70.jpg&path=/var/www/vhosts/3chukuk.com/httpdocs/wp-content/uploads/2018/09 HTTP/1.0" 200 13264 "-" "Mozilla/5.0 AppleWebKit/537.36 (KHTML, like Gecko; compatible; GPTBot/1.2; +https://openai.com/gptbot)"
20.171.207.22 - - [27/Oct/2025:06:35:56 +0300] "GET /?fileloc=/var/www/vhosts/3chukuk.com/httpdocs/wp-content/themes/Newspaper/includes/plugins/woocommerce/includes/class-wc-shipping-zones.php&path=/var/www/vhosts/3chukuk.com/httpdocs/wp-content/themes/Newspaper/includes/plugins/woocommerce/includes HTTP/1.0" 200 17884 "-" "Mozilla/5.0 AppleWebKit/537.36 (KHTML, like Gecko; compatible; GPTBot/1.2; +https://openai.com/gptbot)"
20.171.207.22 - - [27/Oct/2025:06:35:59 +0300] "GET /?fileloc=/var/www/vhosts/3chukuk.com/httpdocs/wp-content/uploads/2019/04/IMG_20190413_225118-1-768x657.jpg&path=/var/www/vhosts/3chukuk.com/httpdocs/wp-content/uploads/2019/04 HTTP/1.0" 200 13263 "-" "Mozilla/5.0 AppleWebKit/537.36 (KHTML, like Gecko; compatible; GPTBot/1.2; +https://openai.com/gptbot)"
20.171.207.22 - - [27/Oct/2025:06:36:02 +0300] "GET /?fileloc=/var/www/vhosts/3chukuk.com/httpdocs/wp-content/uploads/2018/04/IMG_20180405_064652_640-80x60.jpg&path=/var/www/vhosts/3chukuk.com/httpdocs/wp-content/uploads/2018/04 HTTP/1.0" 200 13263 "-" "Mozilla/5.0 AppleWebKit/537.36 (KHTML, like Gecko; compatible; GPTBot/1.2; +https://openai.com/gptbot)"
57.141.0.12 - - [27/Oct/2025:06:36:04 +0300] "GET /wp-json/wp/v2/posts/17334 HTTP/1.0" 200 60245 "-" "meta-externalagent/1.1 (+https://developers.facebook.com/docs/sharing/webmasters/crawler)"
57.141.0.2 - - [27/Oct/2025:06:36:05 +0300] "GET /wp-json/wp/v2/posts/9346 HTTP/1.0" 200 60245 "-" "meta-externalagent/1.1 (+https://developers.facebook.com/docs/sharing/webmasters/crawler)"
20.171.207.22 - - [27/Oct/2025:06:36:05 +0300] "GET /?fileloc=/var/www/vhosts/3chukuk.com/httpdocs/wp-content/uploads/2019/04/IMG_20190413_225118-1-324x160.jpg&path=/var/www/vhosts/3chukuk.com/httpdocs/wp-content/uploads/2019/04 HTTP/1.0" 200 13263 "-" "Mozilla/5.0 AppleWebKit/537.36 (KHTML, like Gecko; compatible; GPTBot/1.2; +https://openai.com/gptbot)"
20.171.207.22 - - [27/Oct/2025:06:36:08 +0300] "GET /?fileloc=/var/www/vhosts/3chukuk.com/httpdocs/wp-content/uploads/2019/04/IMG_20190413_225118-2-1068x914.jpg&path=/var/www/vhosts/3chukuk.com/httpdocs/wp-content/uploads/2019/04 HTTP/1.0" 200 13264 "-" "Mozilla/5.0 AppleWebKit/537.36 (KHTML, like Gecko; compatible; GPTBot/1.2; +https://openai.com/gptbot)"
20.171.207.22 - - [27/Oct/2025:06:36:11 +0300] "GET /?fileloc=/var/www/vhosts/3chukuk.com/httpdocs/wp-content/uploads/2019/04/IMG_20190413_225118-1-533x261.jpg&path=/var/www/vhosts/3chukuk.com/httpdocs/wp-content/uploads/2019/04 HTTP/1.0" 200 13263 "-" "Mozilla/5.0 AppleWebKit/537.36 (KHTML, like Gecko; compatible; GPTBot/1.2; +https://openai.com/gptbot)"
20.171.207.22 - - [27/Oct/2025:06:36:15 +0300] "GET /?fileloc=/var/www/vhosts/3chukuk.com/httpdocs/wp-content/uploads/2019/04/IMG_20190413_225118-2-324x235.jpg&path=/var/www/vhosts/3chukuk.com/httpdocs/wp-content/uploads/2019/04 HTTP/1.0" 200 13263 "-" "Mozilla/5.0 AppleWebKit/537.36 (KHTML, like Gecko; compatible; GPTBot/1.2; +https://openai.com/gptbot)"
20.171.207.22 - - [27/Oct/2025:06:36:18 +0300] "GET /?fileloc=/var/www/vhosts/3chukuk.com/httpdocs/wp-content/uploads/2019/04/IMG_20190413_225118-1-150x150.jpg&path=/var/www/vhosts/3chukuk.com/httpdocs/wp-content/uploads/2019/04 HTTP/1.0" 200 13263 "-" "Mozilla/5.0 AppleWebKit/537.36 (KHTML, like Gecko; compatible; GPTBot/1.2; +https://openai.com/gptbot)"
20.171.207.22 - - [27/Oct/2025:06:36:21 +0300] "GET /?fileloc=/var/www/vhosts/3chukuk.com/httpdocs/wp-content/uploads/2018/09/IMG_20180826_080704_314-80x60.jpg&path=/var/www/vhosts/3chukuk.com/httpdocs/wp-content/uploads/2018/09 HTTP/1.0" 200 13263 "-" "Mozilla/5.0 AppleWebKit/537.36 (KHTML, like Gecko; compatible; GPTBot/1.2; +https://openai.com/gptbot)"
207.46.13.78 - - [27/Oct/2025:06:36:22 +0300] "GET /?x=72727798903 HTTP/1.0" 200 189542 "-" "Mozilla/5.0 AppleWebKit/537.36 (KHTML, like Gecko; compatible; bingbot/2.0; +http://www.bing.com/bingbot.htm) Chrome/116.0.1938.76 Safari/537.36"
142.54.232.6 - - [27/Oct/2025:06:36:22 +0300] "GET / HTTP/1.0" 200 60245 "-" "Mozilla/5.0 (Macintosh; Intel Mac OS X 10_15_7) AppleWebKit/537.36 (KHTML, like Gecko) Chrome/131.0.0.0 Safari/537.36"
20.171.207.22 - - [27/Oct/2025:06:36:24 +0300] "GET /?fileloc=/var/www/vhosts/3chukuk.com/httpdocs/wp-content/uploads/2019/04/IMG_20190413_225118-1-696x595.jpg&path=/var/www/vhosts/3chukuk.com/httpdocs/wp-content/uploads/2019/04 HTTP/1.0" 200 13263 "-" "Mozilla/5.0 AppleWebKit/537.36 (KHTML, like Gecko; compatible; GPTBot/1.2; +https://openai.com/gptbot)"
57.141.0.52 - - [27/Oct/2025:06:36:25 +0300] "GET /wp-json/wp/v2/posts/11369 HTTP/1.0" 200 60245 "-" "meta-externalagent/1.1 (+https://developers.facebook.com/docs/sharing/webmasters/crawler)"
207.46.13.78 - - [27/Oct/2025:06:36:26 +0300] "GET /?d=2retqaa0250-t-hVWOAiexF HTTP/1.0" 200 155971 "-" "Mozilla/5.0 AppleWebKit/537.36 (KHTML, like Gecko; compatible; bingbot/2.0; +http://www.bing.com/bingbot.htm) Chrome/116.0.1938.76 Safari/537.36"
20.171.207.22 - - [27/Oct/2025:06:36:27 +0300] "GET /?fileloc=/var/www/vhosts/3chukuk.com/httpdocs/wp-content/uploads/2019/04/IMG_20190413_225118-2-696x595.jpg&path=/var/www/vhosts/3chukuk.com/httpdocs/wp-content/uploads/2019/04 HTTP/1.0" 200 13263 "-" "Mozilla/5.0 AppleWebKit/537.36 (KHTML, like Gecko; compatible; GPTBot/1.2; +https://openai.com/gptbot)"
20.171.207.22 - - [27/Oct/2025:06:36:30 +0300] "GET /?fileloc=/var/www/vhosts/3chukuk.com/httpdocs/wp-content/uploads/2019/04/IMG_20190413_225118-2-265x198.jpg&path=/var/www/vhosts/3chukuk.com/httpdocs/wp-content/uploads/2019/04 HTTP/1.0" 200 13263 "-" "Mozilla/5.0 AppleWebKit/537.36 (KHTML, like Gecko; compatible; GPTBot/1.2; +https://openai.com/gptbot)"
20.171.207.22 - - [27/Oct/2025:06:36:34 +0300] "GET /?fileloc=/var/www/vhosts/3chukuk.com/httpdocs/wp-content/uploads/2019/04/IMG_20190413_225118-1-1024x876.jpg&path=/var/www/vhosts/3chukuk.com/httpdocs/wp-content/uploads/2019/04 HTTP/1.0" 200 13264 "-" "Mozilla/5.0 AppleWebKit/537.36 (KHTML, like Gecko; compatible; GPTBot/1.2; +https://openai.com/gptbot)"
20.171.207.22 - - [27/Oct/2025:06:36:37 +0300] "GET /?fileloc=/var/www/vhosts/3chukuk.com/httpdocs/wp-content/uploads/2019/04/IMG_20190413_225118-1-534x462.jpg&path=/var/www/vhosts/3chukuk.com/httpdocs/wp-content/uploads/2019/04 HTTP/1.0" 200 13263 "-" "Mozilla/5.0 AppleWebKit/537.36 (KHTML, like Gecko; compatible; GPTBot/1.2; +https://openai.com/gptbot)"
20.171.207.22 - - [27/Oct/2025:06:36:40 +0300] "GET /?fileloc=/var/www/vhosts/3chukuk.com/httpdocs/wp-content/uploads/2019/04/IMG_20190413_225118-1-1068x580.jpg&path=/var/www/vhosts/3chukuk.com/httpdocs/wp-content/uploads/2019/04 HTTP/1.0" 200 13264 "-" "Mozilla/5.0 AppleWebKit/537.36 (KHTML, like Gecko; compatible; GPTBot/1.2; +https://openai.com/gptbot)"
20.171.207.22 - - [27/Oct/2025:06:36:43 +0300] "GET /?fileloc=/var/www/vhosts/3chukuk.com/httpdocs/wp-content/uploads/2019/04/IMG_20190413_225118-2-218x150.jpg&path=/var/www/vhosts/3chukuk.com/httpdocs/wp-content/uploads/2019/04 HTTP/1.0" 200 13263 "-" "Mozilla/5.0 AppleWebKit/537.36 (KHTML, like Gecko; compatible; GPTBot/1.2; +https://openai.com/gptbot)"
20.171.207.22 - - [27/Oct/2025:06:36:46 +0300] "GET /?fileloc=/var/www/vhosts/3chukuk.com/httpdocs/wp-content/uploads/2019/04/IMG_20190413_225118-2-768x657.jpg&path=/var/www/vhosts/3chukuk.com/httpdocs/wp-content/uploads/2019/04 HTTP/1.0" 200 13263 "-" "Mozilla/5.0 AppleWebKit/537.36 (KHTML, like Gecko; compatible; GPTBot/1.2; +https://openai.com/gptbot)"
20.171.207.22 - - [27/Oct/2025:06:36:49 +0300] "GET /?fileloc=/var/www/vhosts/3chukuk.com/httpdocs/wp-content/uploads/2019/04/IMG_20190413_225118-1-491x420.jpg&path=/var/www/vhosts/3chukuk.com/httpdocs/wp-content/uploads/2019/04 HTTP/1.0" 200 13263 "-" "Mozilla/5.0 AppleWebKit/537.36 (KHTML, like Gecko; compatible; GPTBot/1.2; +https://openai.com/gptbot)"
216.73.216.40 - - [27/Oct/2025:06:36:52 +0300] "GET /blog/author/www3chukuk/page/420?fileloc=%2Fvar%2Fwww%2Fvhosts%2F3chukuk.com%2Fhttpdocs%2Fwp-content%2Fmaintenance.php&path=%2Fvar%2Fwww%2Fvhosts%2F3chukuk.com%2Fhttpdocs%2Fwp-content HTTP/1.0" 200 15701 "-" "Mozilla/5.0 AppleWebKit/537.36 (KHTML, like Gecko; compatible; ClaudeBot/1.0; +claudebot@anthropic.com)"
20.171.207.22 - - [27/Oct/2025:06:36:52 +0300] "GET /?fileloc=/var/www/vhosts/3chukuk.com/httpdocs/wp-content/uploads/2019/04/IMG_20190413_225118-2-356x364.jpg&path=/var/www/vhosts/3chukuk.com/httpdocs/wp-content/uploads/2019/04 HTTP/1.0" 200 13263 "-" "Mozilla/5.0 AppleWebKit/537.36 (KHTML, like Gecko; compatible; GPTBot/1.2; +https://openai.com/gptbot)"
216.73.216.40 - - [27/Oct/2025:06:36:55 +0300] "GET /page/237/?fileloc=%2Fvar%2Fwww%2Fvhosts%2F3chukuk.com%2Fhttpdocs%2Fwp-admin%2Fjs%2Fxfn.js&path=%2Fvar%2Fwww%2Fvhosts%2F3chukuk.com%2Fhttpdocs%2Fwp-admin%2Fjs HTTP/1.0" 200 13780 "-" "Mozilla/5.0 AppleWebKit/537.36 (KHTML, like Gecko; compatible; ClaudeBot/1.0; +claudebot@anthropic.com)"
20.171.207.22 - - [27/Oct/2025:06:36:56 +0300] "GET /?fileloc=/var/www/vhosts/3chukuk.com/httpdocs/wp-content/uploads/2019/04/IMG_20190413_225118-2-1024x876.jpg&path=/var/www/vhosts/3chukuk.com/httpdocs/wp-content/uploads/2019/04 HTTP/1.0" 200 13264 "-" "Mozilla/5.0 AppleWebKit/537.36 (KHTML, like Gecko; compatible; GPTBot/1.2; +https://openai.com/gptbot)"
216.73.216.40 - - [27/Oct/2025:06:36:58 +0300] "GET /19?path=%2Fvar%2Fwww%2Fvhosts%2F3chukuk.com%2Fhttpdocs%2Fwp-includes%2Fblocks%2Fhtml HTTP/1.0" 200 23306 "-" "Mozilla/5.0 AppleWebKit/537.36 (KHTML, like Gecko; compatible; ClaudeBot/1.0; +claudebot@anthropic.com)"
20.171.207.22 - - [27/Oct/2025:06:36:59 +0300] "GET /?fileloc=/var/www/vhosts/3chukuk.com/httpdocs/wp-content/uploads/2019/04/IMG_20190413_225118-1-741x486.jpg&path=/var/www/vhosts/3chukuk.com/httpdocs/wp-content/uploads/2019/04 HTTP/1.0" 200 13263 "-" "Mozilla/5.0 AppleWebKit/537.36 (KHTML, like Gecko; compatible; GPTBot/1.2; +https://openai.com/gptbot)"
216.73.216.40 - - [27/Oct/2025:06:37:01 +0300] "GET /page/20/?fileloc=%2Fvar%2Fwww%2Fvhosts%2F3chukuk.com%2Fhttpdocs%2Fwp-includes%2Fclass-wp-error.php&path=%2Fvar%2Fwww%2Fvhosts%2F3chukuk.com%2Fhttpdocs%2Fwp-includes HTTP/1.0" 200 20614 "-" "Mozilla/5.0 AppleWebKit/537.36 (KHTML, like Gecko; compatible; ClaudeBot/1.0; +claudebot@anthropic.com)"
20.171.207.22 - - [27/Oct/2025:06:37:02 +0300] "GET /?fileloc=/var/www/vhosts/3chukuk.com/httpdocs/wp-content/uploads/2020/12/IMG_20201206_131147_081-80x60.jpg&path=/var/www/vhosts/3chukuk.com/httpdocs/wp-content/uploads/2020/12 HTTP/1.0" 200 13263 "-" "Mozilla/5.0 AppleWebKit/537.36 (KHTML, like Gecko; compatible; GPTBot/1.2; +https://openai.com/gptbot)"
216.73.216.40 - - [27/Oct/2025:06:37:04 +0300] "GET /page/20/?fileloc=%2Fvar%2Fwww%2Fvhosts%2F3chukuk.com%2Fhttpdocs%2Fwp-includes%2Frest-api.php&path=%2Fvar%2Fwww%2Fvhosts%2F3chukuk.com%2Fhttpdocs%2Fwp-includes HTTP/1.0" 200 115592 "-" "Mozilla/5.0 AppleWebKit/537.36 (KHTML, like Gecko; compatible; ClaudeBot/1.0; +claudebot@anthropic.com)"
20.171.207.22 - - [27/Oct/2025:06:37:05 +0300] "GET /?fileloc=/var/www/vhosts/3chukuk.com/httpdocs/wp-content/uploads/2019/04/IMG_20190413_225118-2-533x261.jpg&path=/var/www/vhosts/3chukuk.com/httpdocs/wp-content/uploads/2019/04 HTTP/1.0" 200 13263 "-" "Mozilla/5.0 AppleWebKit/537.36 (KHTML, like Gecko; compatible; GPTBot/1.2; +https://openai.com/gptbot)"
216.73.216.40 - - [27/Oct/2025:06:37:07 +0300] "GET /blog/author/www3chukuk/page/420?fileloc=%2Fvar%2Fwww%2Fvhosts%2F3chukuk.com%2Fhttpdocs%2Fwp-includes%2FIXR%2Fclass-IXR-clientmulticall.php&path=%2Fvar%2Fwww%2Fvhosts%2F3chukuk.com%2Fhttpdocs%2Fwp-includes%2FIXR HTTP/1.0" 200 14351 "-" "Mozilla/5.0 AppleWebKit/537.36 (KHTML, like Gecko; compatible; ClaudeBot/1.0; +claudebot@anthropic.com)"
20.171.207.22 - - [27/Oct/2025:06:37:09 +0300] "GET /?fileloc=/var/www/vhosts/3chukuk.com/httpdocs/wp-content/uploads/2019/04/IMG_20190413_225118-2-491x420.jpg&path=/var/www/vhosts/3chukuk.com/httpdocs/wp-content/uploads/2019/04 HTTP/1.0" 200 13263 "-" "Mozilla/5.0 AppleWebKit/537.36 (KHTML, like Gecko; compatible; GPTBot/1.2; +https://openai.com/gptbot)"
216.73.216.40 - - [27/Oct/2025:06:37:10 +0300] "GET /page/236/?fileloc=%2Fvar%2Fwww%2Fvhosts%2F3chukuk.com%2Fhttpdocs%2Fwp-includes%2Fwp-diff.php&path=%2Fvar%2Fwww%2Fvhosts%2F3chukuk.com%2Fhttpdocs%2Fwp-includes HTTP/1.0" 200 13773 "-" "Mozilla/5.0 AppleWebKit/537.36 (KHTML, like Gecko; compatible; ClaudeBot/1.0; +claudebot@anthropic.com)"
20.171.207.22 - - [27/Oct/2025:06:37:12 +0300] "GET /?fileloc=/var/www/vhosts/3chukuk.com/httpdocs/wp-content/uploads/2019/04/IMG_20190413_225118-2-741x486.jpg&path=/var/www/vhosts/3chukuk.com/httpdocs/wp-content/uploads/2019/04 HTTP/1.0" 200 13263 "-" "Mozilla/5.0 AppleWebKit/537.36 (KHTML, like Gecko; compatible; GPTBot/1.2; +https://openai.com/gptbot)"
57.141.0.28 - - [27/Oct/2025:06:37:13 +0300] "GET /?p=4933 HTTP/1.0" 200 60245 "-" "meta-externalagent/1.1 (+https://developers.facebook.com/docs/sharing/webmasters/crawler)"
216.73.216.40 - - [27/Oct/2025:06:37:13 +0300] "GET /p2?fileloc=%2Fvar%2Fwww%2Fvhosts%2F3chukuk.com%2Fhttpdocs%2Fwp-includes%2Fblocks%2Flegacy-widget.php&path=%2Fvar%2Fwww%2Fvhosts%2F3chukuk.com%2Fhttpdocs%2Fwp-includes%2Fblocks HTTP/1.0" 200 17363 "-" "Mozilla/5.0 AppleWebKit/537.36 (KHTML, like Gecko; compatible; ClaudeBot/1.0; +claudebot@anthropic.com)"
20.171.207.22 - - [27/Oct/2025:06:37:15 +0300] "GET /?fileloc=/var/www/vhosts/3chukuk.com/httpdocs/wp-content/uploads/2019/04/IMG_20190413_225118-1-265x198.jpg&path=/var/www/vhosts/3chukuk.com/httpdocs/wp-content/uploads/2019/04 HTTP/1.0" 200 13263 "-" "Mozilla/5.0 AppleWebKit/537.36 (KHTML, like Gecko; compatible; GPTBot/1.2; +https://openai.com/gptbot)"
216.73.216.40 - - [27/Oct/2025:06:37:16 +0300] "GET /?fileloc=%2Fvar%2Fwww%2Fvhosts%2F3chukuk.com%2Fhttpdocs%2Fwp-includes%2Fblock-patterns%2F.htaccess&path=%2Fvar%2Fwww%2Fvhosts%2F3chukuk.com%2Fhttpdocs%2Fwp-includes%2Fblock-patterns HTTP/1.0" 200 13442 "-" "Mozilla/5.0 AppleWebKit/537.36 (KHTML, like Gecko; compatible; ClaudeBot/1.0; +claudebot@anthropic.com)"
20.171.207.22 - - [27/Oct/2025:06:37:18 +0300] "GET /?fileloc=/var/www/vhosts/3chukuk.com/httpdocs/wp-content/uploads/2019/04/IMG_20190413_225118-2-485x360.jpg&path=/var/www/vhosts/3chukuk.com/httpdocs/wp-content/uploads/2019/04 HTTP/1.0" 200 13263 "-" "Mozilla/5.0 AppleWebKit/537.36 (KHTML, like Gecko; compatible; GPTBot/1.2; +https://openai.com/gptbot)"
216.73.216.40 - - [27/Oct/2025:06:37:19 +0300] "GET /19?path=%2Fvar%2Fwww%2Fvhosts%2F3chukuk.com%2Fhttpdocs%2Fwp-content%2Fplugins%2Fbackup-1760131327-1%2Fwf-flyout HTTP/1.0" 200 22122 "-" "Mozilla/5.0 AppleWebKit/537.36 (KHTML, like Gecko; compatible; ClaudeBot/1.0; +claudebot@anthropic.com)"
20.171.207.22 - - [27/Oct/2025:06:37:21 +0300] "GET /?fileloc=/var/www/vhosts/3chukuk.com/httpdocs/wp-content/uploads/2019/04/IMG_20190413_225118-1-324x400.jpg&path=/var/www/vhosts/3chukuk.com/httpdocs/wp-content/uploads/2019/04 HTTP/1.0" 200 13263 "-" "Mozilla/5.0 AppleWebKit/537.36 (KHTML, like Gecko; compatible; GPTBot/1.2; +https://openai.com/gptbot)"
216.73.216.40 - - [27/Oct/2025:06:37:22 +0300] "GET /?fileloc=%2Fvar%2Fwww%2Fvhosts%2F3chukuk.com%2Fhttpdocs%2Fwp-includes%2Fjs%2Fmediaelement%2F.htaccess&path=%2Fvar%2Fwww%2Fvhosts%2F3chukuk.com%2Fhttpdocs%2Fwp-includes%2Fjs%2Fmediaelement HTTP/1.0" 200 13517 "-" "Mozilla/5.0 AppleWebKit/537.36 (KHTML, like Gecko; compatible; ClaudeBot/1.0; +claudebot@anthropic.com)"
20.171.207.22 - - [27/Oct/2025:06:37:24 +0300] "GET /?fileloc=/var/www/vhosts/3chukuk.com/httpdocs/wp-content/uploads/2019/04/IMG_20190413_225118-1-356x220.jpg&path=/var/www/vhosts/3chukuk.com/httpdocs/wp-content/uploads/2019/04 HTTP/1.0" 200 13263 "-" "Mozilla/5.0 AppleWebKit/537.36 (KHTML, like Gecko; compatible; GPTBot/1.2; +https://openai.com/gptbot)"
216.73.216.40 - - [27/Oct/2025:06:37:25 +0300] "GET /page/17/?path=%2Fvar%2Fwww%2Fvhosts%2F3chukuk.com%2Fhttpdocs%2Fwp-includes%2FText%2FDiff%2FRenderer HTTP/1.0" 200 16917 "-" "Mozilla/5.0 AppleWebKit/537.36 (KHTML, like Gecko; compatible; ClaudeBot/1.0; +claudebot@anthropic.com)"
20.171.207.22 - - [27/Oct/2025:06:37:27 +0300] "GET /?fileloc=/var/www/vhosts/3chukuk.com/httpdocs/wp-content/uploads/2019/04/IMG_20190413_225118-1-324x235.jpg&path=/var/www/vhosts/3chukuk.com/httpdocs/wp-content/uploads/2019/04 HTTP/1.0" 200 13263 "-" "Mozilla/5.0 AppleWebKit/537.36 (KHTML, like Gecko; compatible; GPTBot/1.2; +https://openai.com/gptbot)"
216.73.216.40 - - [27/Oct/2025:06:37:28 +0300] "GET /page/237/?fileloc=%2Fvar%2Fwww%2Fvhosts%2F3chukuk.com%2Fhttpdocs%2Fwp-includes%2Fwidgets%2Fclass-wp-widget-media-audio.php&path=%2Fvar%2Fwww%2Fvhosts%2F3chukuk.com%2Fhttpdocs%2Fwp-includes%2Fwidgets HTTP/1.0" 200 19582 "-" "Mozilla/5.0 AppleWebKit/537.36 (KHTML, like Gecko; compatible; ClaudeBot/1.0; +claudebot@anthropic.com)"
20.171.207.22 - - [27/Oct/2025:06:37:30 +0300] "GET /?fileloc=/var/www/vhosts/3chukuk.com/httpdocs/wp-content/uploads/2019/04/IMG_20190413_225118-2-1068x580.jpg&path=/var/www/vhosts/3chukuk.com/httpdocs/wp-content/uploads/2019/04 HTTP/1.0" 200 13264 "-" "Mozilla/5.0 AppleWebKit/537.36 (KHTML, like Gecko; compatible; GPTBot/1.2; +https://openai.com/gptbot)"
216.73.216.40 - - [27/Oct/2025:06:37:31 +0300] "GET /page/237/?fileloc=%2Fvar%2Fwww%2Fvhosts%2F3chukuk.com%2Fhttpdocs%2Fwp-admin%2Fjs%2Ffarbtastic.js&path=%2Fvar%2Fwww%2Fvhosts%2F3chukuk.com%2Fhttpdocs%2Fwp-admin%2Fjs HTTP/1.0" 200 21173 "-" "Mozilla/5.0 AppleWebKit/537.36 (KHTML, like Gecko; compatible; ClaudeBot/1.0; +claudebot@anthropic.com)"
5.255.231.165 - - [27/Oct/2025:06:37:31 +0300] "GET /blog/2017/10/03/banka-daki-hesap-haczi/ HTTP/1.0" 200 60245 "-" "Mozilla/5.0 (compatible; YandexBot/3.0; +http://yandex.com/bots)"
20.171.207.22 - - [27/Oct/2025:06:37:33 +0300] "GET /?fileloc=/var/www/vhosts/3chukuk.com/httpdocs/wp-content/uploads/2019/04/IMG_20190413_225118-2-150x150.jpg&path=/var/www/vhosts/3chukuk.com/httpdocs/wp-content/uploads/2019/04 HTTP/1.0" 200 13263 "-" "Mozilla/5.0 AppleWebKit/537.36 (KHTML, like Gecko; compatible; GPTBot/1.2; +https://openai.com/gptbot)"
216.73.216.40 - - [27/Oct/2025:06:37:34 +0300] "GET /page/237/?fileloc=%2Fvar%2Fwww%2Fvhosts%2F3chukuk.com%2Fhttpdocs%2Fwp-admin%2Fincludes%2Fclass-wp-comments-list-table.php&path=%2Fvar%2Fwww%2Fvhosts%2F3chukuk.com%2Fhttpdocs%2Fwp-admin%2Fincludes HTTP/1.0" 200 49060 "-" "Mozilla/5.0 AppleWebKit/537.36 (KHTML, like Gecko; compatible; ClaudeBot/1.0; +claudebot@anthropic.com)"
20.171.207.22 - - [27/Oct/2025:06:37:37 +0300] "GET /?fileloc=/var/www/vhosts/3chukuk.com/httpdocs/wp-content/uploads/2019/04/IMG_20190413_225118-2-324x400.jpg&path=/var/www/vhosts/3chukuk.com/httpdocs/wp-content/uploads/2019/04 HTTP/1.0" 200 13263 "-" "Mozilla/5.0 AppleWebKit/537.36 (KHTML, like Gecko; compatible; GPTBot/1.2; +https://openai.com/gptbot)"
216.73.216.40 - - [27/Oct/2025:06:37:37 +0300] "GET /p2?fileloc=%2Fvar%2Fwww%2Fvhosts%2F3chukuk.com%2Fhttpdocs%2Fwp-includes%2Fblocks%2Fhome-link.php&path=%2Fvar%2Fwww%2Fvhosts%2F3chukuk.com%2Fhttpdocs%2Fwp-includes%2Fblocks HTTP/1.0" 200 18647 "-" "Mozilla/5.0 AppleWebKit/537.36 (KHTML, like Gecko; compatible; ClaudeBot/1.0; +claudebot@anthropic.com)"
20.171.207.22 - - [27/Oct/2025:06:37:40 +0300] "GET /?fileloc=/var/www/vhosts/3chukuk.com/httpdocs/wp-content/uploads/2019/04/IMG_20190413_225118-1-218x150.jpg&path=/var/www/vhosts/3chukuk.com/httpdocs/wp-content/uploads/2019/04 HTTP/1.0" 200 13263 "-" "Mozilla/5.0 AppleWebKit/537.36 (KHTML, like Gecko; compatible; GPTBot/1.2; +https://openai.com/gptbot)"
216.73.216.40 - - [27/Oct/2025:06:37:40 +0300] "GET /page/237/?fileloc=%2Fvar%2Fwww%2Fvhosts%2F3chukuk.com%2Fhttpdocs%2Fwp-admin%2Fjs%2Fmedia-gallery.js&path=%2Fvar%2Fwww%2Fvhosts%2F3chukuk.com%2Fhttpdocs%2Fwp-admin%2Fjs HTTP/1.0" 200 14363 "-" "Mozilla/5.0 AppleWebKit/537.36 (KHTML, like Gecko; compatible; ClaudeBot/1.0; +claudebot@anthropic.com)"
57.141.0.73 - - [27/Oct/2025:06:37:41 +0300] "GET /wp-json/oembed/1.0/embed?url=https%3A%2F%2Fwww.3chukuk.com%2Fblog%2F2018%2F10%2F18%2Fdanistay-dan-alkisa-sayanandimiz-karari%2F HTTP/1.0" 200 60245 "-" "meta-externalagent/1.1 (+https://developers.facebook.com/docs/sharing/webmasters/crawler)"
20.171.207.22 - - [27/Oct/2025:06:37:43 +0300] "GET /?fileloc=/var/www/vhosts/3chukuk.com/httpdocs/wp-content/uploads/2019/04/IMG_20190413_225118-1-356x364.jpg&path=/var/www/vhosts/3chukuk.com/httpdocs/wp-content/uploads/2019/04 HTTP/1.0" 200 13263 "-" "Mozilla/5.0 AppleWebKit/537.36 (KHTML, like Gecko; compatible; GPTBot/1.2; +https://openai.com/gptbot)"
216.73.216.40 - - [27/Oct/2025:06:37:43 +0300] "GET /feed/?path=%2Fvar%2Fwww%2Fvhosts%2F3chukuk.com%2Fhttpdocs%2Fwp-content%2Fplugins%2Fbackup-1760131327-2%2Fmisc HTTP/1.0" 200 15374 "-" "Mozilla/5.0 AppleWebKit/537.36 (KHTML, like Gecko; compatible; ClaudeBot/1.0; +claudebot@anthropic.com)"
20.171.207.22 - - [27/Oct/2025:06:37:46 +0300] "GET /?fileloc=/var/www/vhosts/3chukuk.com/httpdocs/wp-content/uploads/2018/04/IMG_20180405_064652_640-100x70.jpg&path=/var/www/vhosts/3chukuk.com/httpdocs/wp-content/uploads/2018/04 HTTP/1.0" 200 13264 "-" "Mozilla/5.0 AppleWebKit/537.36 (KHTML, like Gecko; compatible; GPTBot/1.2; +https://openai.com/gptbot)"
216.73.216.40 - - [27/Oct/2025:06:37:46 +0300] "GET /page/237/?fileloc=%2Fvar%2Fwww%2Fvhosts%2F3chukuk.com%2Fhttpdocs%2Fwp-admin%2Fjs%2Fsite-health.js&path=%2Fvar%2Fwww%2Fvhosts%2F3chukuk.com%2Fhttpdocs%2Fwp-admin%2Fjs HTTP/1.0" 200 26789 "-" "Mozilla/5.0 AppleWebKit/537.36 (KHTML, like Gecko; compatible; ClaudeBot/1.0; +claudebot@anthropic.com)"
20.171.207.22 - - [27/Oct/2025:06:37:49 +0300] "GET /?fileloc=/var/www/vhosts/3chukuk.com/httpdocs/wp-content/uploads/2019/04/IMG_20190413_225118-2-300x257.jpg&path=/var/www/vhosts/3chukuk.com/httpdocs/wp-content/uploads/2019/04 HTTP/1.0" 200 13263 "-" "Mozilla/5.0 AppleWebKit/537.36 (KHTML, like Gecko; compatible; GPTBot/1.2; +https://openai.com/gptbot)"
216.73.216.40 - - [27/Oct/2025:06:37:50 +0300] "GET /?fileloc=%2Fvar%2Fwww%2Fvhosts%2F3chukuk.com%2Fhttpdocs%2Fwp-includes%2Fjs%2Fmediaelement%2Frenderers%2F.htaccess&path=%2Fvar%2Fwww%2Fvhosts%2F3chukuk.com%2Fhttpdocs%2Fwp-includes%2Fjs%2Fmediaelement%2Frenderers HTTP/1.0" 200 13632 "-" "Mozilla/5.0 AppleWebKit/537.36 (KHTML, like Gecko; compatible; ClaudeBot/1.0; +claudebot@anthropic.com)"
20.171.207.22 - - [27/Oct/2025:06:37:52 +0300] "GET /?fileloc=/var/www/vhosts/3chukuk.com/httpdocs/wp-content/uploads/2019/04/IMG_20190413_225118-2-356x220.jpg&path=/var/www/vhosts/3chukuk.com/httpdocs/wp-content/uploads/2019/04 HTTP/1.0" 200 13263 "-" "Mozilla/5.0 AppleWebKit/537.36 (KHTML, like Gecko; compatible; GPTBot/1.2; +https://openai.com/gptbot)"
20.171.207.22 - - [27/Oct/2025:06:37:55 +0300] "GET /?fileloc=/var/www/vhosts/3chukuk.com/httpdocs/wp-content/uploads/2019/04/IMG_20190413_225118-1-1068x914.jpg&path=/var/www/vhosts/3chukuk.com/httpdocs/wp-content/uploads/2019/04 HTTP/1.0" 200 13264 "-" "Mozilla/5.0 AppleWebKit/537.36 (KHTML, like Gecko; compatible; GPTBot/1.2; +https://openai.com/gptbot)"
20.171.207.22 - - [27/Oct/2025:06:37:58 +0300] "GET /?fileloc=/var/www/vhosts/3chukuk.com/httpdocs/wp-content/uploads/2019/04/IMG_20190413_225118-1-300x257.jpg&path=/var/www/vhosts/3chukuk.com/httpdocs/wp-content/uploads/2019/04 HTTP/1.0" 200 13263 "-" "Mozilla/5.0 AppleWebKit/537.36 (KHTML, like Gecko; compatible; GPTBot/1.2; +https://openai.com/gptbot)"
20.171.207.22 - - [27/Oct/2025:06:38:02 +0300] "GET /?fileloc=/var/www/vhosts/3chukuk.com/httpdocs/wp-content/uploads/2019/04/IMG_20190413_225118-1-485x360.jpg&path=/var/www/vhosts/3chukuk.com/httpdocs/wp-content/uploads/2019/04 HTTP/1.0" 200 13263 "-" "Mozilla/5.0 AppleWebKit/537.36 (KHTML, like Gecko; compatible; GPTBot/1.2; +https://openai.com/gptbot)"
216.73.216.40 - - [27/Oct/2025:06:38:04 +0300] "GET /19?fileloc=%2Fvar%2Fwww%2Fvhosts%2F3chukuk.com%2Fhttpdocs%2Fwp-content%2Fplugins%2Fbackup-1760131327%2Freadme.txt&path=%2Fvar%2Fwww%2Fvhosts%2F3chukuk.com%2Fhttpdocs%2Fwp-content%2Fplugins%2Fbackup-1760131327 HTTP/1.0" 200 23191 "-" "Mozilla/5.0 AppleWebKit/537.36 (KHTML, like Gecko; compatible; ClaudeBot/1.0; +claudebot@anthropic.com)"
20.171.207.22 - - [27/Oct/2025:06:38:05 +0300] "GET /?fileloc=/var/www/vhosts/3chukuk.com/httpdocs/wp-content/uploads/2019/04/IMG_20190413_225118-2-696x385.jpg&path=/var/www/vhosts/3chukuk.com/httpdocs/wp-content/uploads/2019/04 HTTP/1.0" 200 13263 "-" "Mozilla/5.0 AppleWebKit/537.36 (KHTML, like Gecko; compatible; GPTBot/1.2; +https://openai.com/gptbot)"
57.141.0.42 - - [27/Oct/2025:06:38:06 +0300] "GET /blog/2019/06/30/israil-polisi-filistinli-bakani-gozaltina-aldi/feed/ HTTP/1.0" 200 60245 "-" "meta-externalagent/1.1 (+https://developers.facebook.com/docs/sharing/webmasters/crawler)"
216.73.216.40 - - [27/Oct/2025:06:38:07 +0300] "GET /page/237/?fileloc=%2Fvar%2Fwww%2Fvhosts%2F3chukuk.com%2Fhttpdocs%2Fwp-includes%2FSimplePie%2Fautoloader.php&path=%2Fvar%2Fwww%2Fvhosts%2F3chukuk.com%2Fhttpdocs%2Fwp-includes%2FSimplePie HTTP/1.0" 200 17141 "-" "Mozilla/5.0 AppleWebKit/537.36 (KHTML, like Gecko; compatible; ClaudeBot/1.0; +claudebot@anthropic.com)"
20.171.207.22 - - [27/Oct/2025:06:38:08 +0300] "GET /?fileloc=/var/www/vhosts/3chukuk.com/httpdocs/wp-content/uploads/2020/12/IMG_20201206_131147_081-100x70.jpg&path=/var/www/vhosts/3chukuk.com/httpdocs/wp-content/uploads/2020/12 HTTP/1.0" 200 13264 "-" "Mozilla/5.0 AppleWebKit/537.36 (KHTML, like Gecko; compatible; GPTBot/1.2; +https://openai.com/gptbot)"
216.73.216.40 - - [27/Oct/2025:06:38:10 +0300] "GET /page/237/?path=%2Fvar%2Fwww%2Fvhosts%2F3chukuk.com%2Fhttpdocs%2Fwp-admin%2Fjs%2Fwidgets HTTP/1.0" 200 38272 "-" "Mozilla/5.0 AppleWebKit/537.36 (KHTML, like Gecko; compatible; ClaudeBot/1.0; +claudebot@anthropic.com)"
20.171.207.22 - - [27/Oct/2025:06:38:11 +0300] "GET /sitemap.xml?fileloc=/var/www/vhosts/3chukuk.com/httpdocs/wp-content/themes/Newspaper/images/pagebuilder/list-menu.png&path=/var/www/vhosts/3chukuk.com/httpdocs/wp-content/themes/Newspaper/images/pagebuilder HTTP/1.0" 200 13398 "-" "Mozilla/5.0 AppleWebKit/537.36 (KHTML, like Gecko; compatible; GPTBot/1.2; +https://openai.com/gptbot)"
216.73.216.40 - - [27/Oct/2025:06:38:13 +0300] "GET /?path=%2Fvar%2Fwww%2Fvhosts%2F3chukuk.com%2Fhttpdocs%2Fwp-includes%2FRequests%2Flibrary HTTP/1.0" 200 16830 "-" "Mozilla/5.0 AppleWebKit/537.36 (KHTML, like Gecko; compatible; ClaudeBot/1.0; +claudebot@anthropic.com)"
20.171.207.22 - - [27/Oct/2025:06:38:14 +0300] "GET /?fileloc=/var/www/vhosts/3chukuk.com/httpdocs/wp-content/themes/Newspaper/mobile/woocommerce/.htaccess&path=/var/www/vhosts/3chukuk.com/httpdocs/wp-content/themes/Newspaper/mobile/woocommerce HTTP/1.0" 200 13753 "-" "Mozilla/5.0 AppleWebKit/537.36 (KHTML, like Gecko; compatible; GPTBot/1.2; +https://openai.com/gptbot)"
216.73.216.40 - - [27/Oct/2025:06:38:16 +0300] "GET /page/17/?path=%2Fvar%2Fwww%2Fvhosts%2F3chukuk.com%2Fhttpdocs%2Fwp-content%2Fplugins%2Ftd-social-counter HTTP/1.0" 200 26589 "-" "Mozilla/5.0 AppleWebKit/537.36 (KHTML, like Gecko; compatible; ClaudeBot/1.0; +claudebot@anthropic.com)"
20.171.207.22 - - [27/Oct/2025:06:38:17 +0300] "GET /sitemap.xml?path=/var/www/vhosts/3chukuk.com/httpdocs/wp-content/plugins/wp-file-manager/classes HTTP/1.0" 200 22214 "-" "Mozilla/5.0 AppleWebKit/537.36 (KHTML, like Gecko; compatible; GPTBot/1.2; +https://openai.com/gptbot)"
216.73.216.40 - - [27/Oct/2025:06:38:19 +0300] "GET /page/17/?fileloc=%2Fvar%2Fwww%2Fvhosts%2F3chukuk.com%2Fhttpdocs%2Fwp-content%2Fplugins%2Fcustom-1760177596%2F4O4.php&path=%2Fvar%2Fwww%2Fvhosts%2F3chukuk.com%2Fhttpdocs%2Fwp-content%2Fplugins%2Fcustom-1760177596 HTTP/1.0" 200 14114 "-" "Mozilla/5.0 AppleWebKit/537.36 (KHTML, like Gecko; compatible; ClaudeBot/1.0; +claudebot@anthropic.com)"
57.141.0.61 - - [27/Oct/2025:06:38:20 +0300] "GET /blog/2021/07/21/suslu-adlar/feed/ HTTP/1.0" 200 60245 "-" "meta-externalagent/1.1 (+https://developers.facebook.com/docs/sharing/webmasters/crawler)"
20.171.207.22 - - [27/Oct/2025:06:38:21 +0300] "GET /?path=/var/www/vhosts/3chukuk.com/httpdocs/wp-content/uploads/revslider/templates/niceandclean_callout HTTP/1.0" 200 17311 "-" "Mozilla/5.0 AppleWebKit/537.36 (KHTML, like Gecko; compatible; GPTBot/1.2; +https://openai.com/gptbot)"
216.73.216.40 - - [27/Oct/2025:06:38:22 +0300] "GET /page/17/?fileloc=%2Fvar%2Fwww%2Fvhosts%2F3chukuk.com%2Fhttpdocs%2Fwp-content%2Fplugins%2F.htaccess&path=%2Fvar%2Fwww%2Fvhosts%2F3chukuk.com%2Fhttpdocs%2Fwp-content%2Fplugins HTTP/1.0" 200 13417 "-" "Mozilla/5.0 AppleWebKit/537.36 (KHTML, like Gecko; compatible; ClaudeBot/1.0; +claudebot@anthropic.com)"
20.171.207.22 - - [27/Oct/2025:06:38:24 +0300] "GET /?fileloc=/var/www/vhosts/3chukuk.com/httpdocs/wp-content/uploads/2019/04/IMG_20190413_225118-2-324x160.jpg&path=/var/www/vhosts/3chukuk.com/httpdocs/wp-content/uploads/2019/04 HTTP/1.0" 200 13263 "-" "Mozilla/5.0 AppleWebKit/537.36 (KHTML, like Gecko; compatible; GPTBot/1.2; +https://openai.com/gptbot)"
216.73.216.40 - - [27/Oct/2025:06:38:25 +0300] "GET /?fileloc=%2Fvar%2Fwww%2Fvhosts%2F3chukuk.com%2Fhttpdocs%2Fwp-includes%2Frest-api%2F.htaccess&path=%2Fvar%2Fwww%2Fvhosts%2F3chukuk.com%2Fhttpdocs%2Fwp-includes%2Frest-api HTTP/1.0" 200 13424 "-" "Mozilla/5.0 AppleWebKit/537.36 (KHTML, like Gecko; compatible; ClaudeBot/1.0; +claudebot@anthropic.com)"
20.171.207.22 - - [27/Oct/2025:06:38:27 +0300] "GET /sitemap.xml?fileloc=/var/www/vhosts/3chukuk.com/httpdocs/wp-content/themes/Newspaper/includes/plugins/woocommerce/includes/data-stores/class-wc-order-item-tax-data-store.php&path=/var/www/vhosts/3chukuk.com/httpdocs/wp-content/themes/Newspaper/includes/plugins/woocommerce/includes/data-stores HTTP/1.0" 200 16228 "-" "Mozilla/5.0 AppleWebKit/537.36 (KHTML, like Gecko; compatible; GPTBot/1.2; +https://openai.com/gptbot)"
216.73.216.40 - - [27/Oct/2025:06:38:28 +0300] "GET /?fileloc=%2Fvar%2Fwww%2Fvhosts%2F3chukuk.com%2Fhttpdocs%2Fwp-includes%2Fjs%2Fmediaelement%2Fmejs-controls.svg&path=%2Fvar%2Fwww%2Fvhosts%2F3chukuk.com%2Fhttpdocs%2Fwp-includes%2Fjs%2Fmediaelement HTTP/1.0" 200 18745 "-" "Mozilla/5.0 AppleWebKit/537.36 (KHTML, like Gecko; compatible; ClaudeBot/1.0; +claudebot@anthropic.com)"
20.171.207.22 - - [27/Oct/2025:06:38:30 +0300] "GET /sitemap.xml?fileloc=/var/www/vhosts/3chukuk.com/httpdocs/wp-content/themes/Newspaper/includes/plugins/woocommerce/includes/data-stores/class-wc-order-item-fee-data-store.php&path=/var/www/vhosts/3chukuk.com/httpdocs/wp-content/themes/Newspaper/includes/plugins/woocommerce/includes/data-stores HTTP/1.0" 200 15987 "-" "Mozilla/5.0 AppleWebKit/537.36 (KHTML, like Gecko; compatible; GPTBot/1.2; +https://openai.com/gptbot)"
216.73.216.40 - - [27/Oct/2025:06:38:31 +0300] "GET /page/17/?fileloc=%2Fvar%2Fwww%2Fvhosts%2F3chukuk.com%2Fhttpdocs%2Fwp-includes%2Fjs%2Fwp-emoji.js&path=%2Fvar%2Fwww%2Fvhosts%2F3chukuk.com%2Fhttpdocs%2Fwp-includes%2Fjs HTTP/1.0" 200 22179 "-" "Mozilla/5.0 AppleWebKit/537.36 (KHTML, like Gecko; compatible; ClaudeBot/1.0; +claudebot@anthropic.com)"
