100.28.44.58 - - [27/Oct/2025:07:27:38 +0300] "GET /page/244/?path=/var/www/vhosts/3chukuk.com/httpdocs/wp-includes/rest-api HTTP/1.0" 200 24438 "-" "Mozilla/5.0 AppleWebKit/537.36 (KHTML, like Gecko; compatible; Amazonbot/0.1; +https://developer.amazon.com/support/amazonbot) Chrome/119.0.6045.214 Safari/537.36"
216.73.216.40 - - [27/Oct/2025:07:27:39 +0300] "GET /p2?fileloc=%2Fvar%2Fwww%2Fvhosts%2F3chukuk.com%2Fhttpdocs%2Fwp-includes%2Fblocks%2Fquery-pagination%2Fstyle-rtl.min.css&path=%2Fvar%2Fwww%2Fvhosts%2F3chukuk.com%2Fhttpdocs%2Fwp-includes%2Fblocks%2Fquery-pagination HTTP/1.0" 200 13966 "-" "Mozilla/5.0 AppleWebKit/537.36 (KHTML, like Gecko; compatible; ClaudeBot/1.0; +claudebot@anthropic.com)"
20.171.207.22 - - [27/Oct/2025:07:27:41 +0300] "GET /?fileloc=/var/www/vhosts/3chukuk.com/httpdocs/wp-content/plugins/wordfence/views/user/disabled-application-passwords.php&path=/var/www/vhosts/3chukuk.com/httpdocs/wp-content/plugins/wordfence/views/user HTTP/1.0" 200 14713 "-" "Mozilla/5.0 AppleWebKit/537.36 (KHTML, like Gecko; compatible; GPTBot/1.2; +https://openai.com/gptbot)"
216.73.216.40 - - [27/Oct/2025:07:27:42 +0300] "GET /page/17/?path=%2Fvar%2Fwww%2Fvhosts%2F3chukuk.com%2Fhttpdocs%2Fwp-includes%2Fblocks%2Fquery-pagination-previous HTTP/1.0" 200 16980 "-" "Mozilla/5.0 AppleWebKit/537.36 (KHTML, like Gecko; compatible; ClaudeBot/1.0; +claudebot@anthropic.com)"
44.193.102.198 - - [27/Oct/2025:07:27:43 +0300] "GET /blog/category/hukuk/page/11/?path=/var/www/vhosts/3chukuk.com/.composer HTTP/1.0" 200 17742 "-" "Mozilla/5.0 AppleWebKit/537.36 (KHTML, like Gecko; compatible; Amazonbot/0.1; +https://developer.amazon.com/support/amazonbot) Chrome/119.0.6045.214 Safari/537.36"
20.171.207.22 - - [27/Oct/2025:07:27:44 +0300] "GET /?path=/var/www/vhosts/3chukuk.com/httpdocs/wp-content/plugins/wordfence/vendor/wordfence/wf-waf/src HTTP/1.0" 200 25898 "-" "Mozilla/5.0 AppleWebKit/537.36 (KHTML, like Gecko; compatible; GPTBot/1.2; +https://openai.com/gptbot)"
216.73.216.40 - - [27/Oct/2025:07:27:45 +0300] "GET /p2?fileloc=%2Fvar%2Fwww%2Fvhosts%2F3chukuk.com%2Fhttpdocs%2Fwp-includes%2Fblocks%2Fcomments-pagination%2Fstyle-rtl.css&path=%2Fvar%2Fwww%2Fvhosts%2F3chukuk.com%2Fhttpdocs%2Fwp-includes%2Fblocks%2Fcomments-pagination HTTP/1.0" 200 14299 "-" "Mozilla/5.0 AppleWebKit/537.36 (KHTML, like Gecko; compatible; ClaudeBot/1.0; +claudebot@anthropic.com)"
44.206.93.215 - - [27/Oct/2025:07:27:46 +0300] "GET /page/13/?path=/var/www/vhosts/3chukuk.com/httpdocs/wp-admin/js HTTP/1.0" 200 171637 "-" "Mozilla/5.0 AppleWebKit/537.36 (KHTML, like Gecko; compatible; Amazonbot/0.1; +https://developer.amazon.com/support/amazonbot) Chrome/119.0.6045.214 Safari/537.36"
20.171.207.22 - - [27/Oct/2025:07:27:47 +0300] "GET /?fileloc=/var/www/vhosts/3chukuk.com/httpdocs/wp-content/plugins/wordfence/vendor/composer/installed.php&path=/var/www/vhosts/3chukuk.com/httpdocs/wp-content/plugins/wordfence/vendor/composer HTTP/1.0" 200 14958 "-" "Mozilla/5.0 AppleWebKit/537.36 (KHTML, like Gecko; compatible; GPTBot/1.2; +https://openai.com/gptbot)"
216.73.216.40 - - [27/Oct/2025:07:27:48 +0300] "GET /page/17/?path=%2Fvar%2Fwww%2Fvhosts%2F3chukuk.com%2Fhttpdocs%2Fwp-includes%2Fblocks%2Fquery-pagination-next HTTP/1.0" 200 18516 "-" "Mozilla/5.0 AppleWebKit/537.36 (KHTML, like Gecko; compatible; ClaudeBot/1.0; +claudebot@anthropic.com)"
20.171.207.22 - - [27/Oct/2025:07:27:50 +0300] "GET /?fileloc=/var/www/vhosts/3chukuk.com/httpdocs/wp-content/plugins/wordfence/fonts/roboto-KFOlCnqEu92Fr1MmWUlfChc-AMP6lbBP.woff&path=/var/www/vhosts/3chukuk.com/httpdocs/wp-content/plugins/wordfence/fonts HTTP/1.0" 200 13303 "-" "Mozilla/5.0 AppleWebKit/537.36 (KHTML, like Gecko; compatible; GPTBot/1.2; +https://openai.com/gptbot)"
216.73.216.40 - - [27/Oct/2025:07:27:51 +0300] "GET /p2?fileloc=%2Fvar%2Fwww%2Fvhosts%2F3chukuk.com%2Fhttpdocs%2Fwp-includes%2Fblocks%2Fcomments-pagination-previous%2F.htaccess&path=%2Fvar%2Fwww%2Fvhosts%2F3chukuk.com%2Fhttpdocs%2Fwp-includes%2Fblocks%2Fcomments-pagination-previous HTTP/1.0" 200 13581 "-" "Mozilla/5.0 AppleWebKit/537.36 (KHTML, like Gecko; compatible; ClaudeBot/1.0; +claudebot@anthropic.com)"
44.223.116.180 - - [27/Oct/2025:07:27:52 +0300] "GET /blog/category/yazarlar/ibrahimhalileroglu/page/17/?path=/var/www/vhosts/3chukuk.com/httpdocs/wp-includes/pomo HTTP/1.0" 200 24592 "-" "Mozilla/5.0 AppleWebKit/537.36 (KHTML, like Gecko; compatible; Amazonbot/0.1; +https://developer.amazon.com/support/amazonbot) Chrome/119.0.6045.214 Safari/537.36"
34.204.150.196 - - [27/Oct/2025:07:27:53 +0300] "GET /blog/category/hukuk/page/14/?fileloc=/var/www/vhosts/3chukuk.com/httpdocs/wp-includes/ms-deprecated.php&path=/var/www/vhosts/3chukuk.com/httpdocs/wp-includes HTTP/1.0" 200 35404 "-" "Mozilla/5.0 AppleWebKit/537.36 (KHTML, like Gecko; compatible; Amazonbot/0.1; +https://developer.amazon.com/support/amazonbot) Chrome/119.0.6045.214 Safari/537.36"
20.171.207.22 - - [27/Oct/2025:07:27:54 +0300] "GET /?path=/var/www/vhosts/3chukuk.com/httpdocs/wp-content/plugins/wordfence/views/onboarding HTTP/1.0" 200 29366 "-" "Mozilla/5.0 AppleWebKit/537.36 (KHTML, like Gecko; compatible; GPTBot/1.2; +https://openai.com/gptbot)"
216.73.216.40 - - [27/Oct/2025:07:27:54 +0300] "GET /page/17/?fileloc=%2Fvar%2Fwww%2Fvhosts%2F3chukuk.com%2Fhttpdocs%2Fwp-includes%2Fblocks%2Fcomment-template.php&path=%2Fvar%2Fwww%2Fvhosts%2F3chukuk.com%2Fhttpdocs%2Fwp-includes%2Fblocks HTTP/1.0" 200 17692 "-" "Mozilla/5.0 AppleWebKit/537.36 (KHTML, like Gecko; compatible; ClaudeBot/1.0; +claudebot@anthropic.com)"
20.171.207.22 - - [27/Oct/2025:07:27:57 +0300] "GET /?fileloc=/var/www/vhosts/3chukuk.com/httpdocs/wp-content/plugins/wordfence/vendor/wordfence/wf-waf/src/rules.key&path=/var/www/vhosts/3chukuk.com/httpdocs/wp-content/plugins/wordfence/vendor/wordfence/wf-waf/src HTTP/1.0" 200 14090 "-" "Mozilla/5.0 AppleWebKit/537.36 (KHTML, like Gecko; compatible; GPTBot/1.2; +https://openai.com/gptbot)"
3.216.227.216 - - [27/Oct/2025:07:27:59 +0300] "GET /page/14/?path=/var/www/vhosts/3chukuk.com/httpdocs/wp-admin/css HTTP/1.0" 200 177365 "-" "Mozilla/5.0 AppleWebKit/537.36 (KHTML, like Gecko; compatible; Amazonbot/0.1; +https://developer.amazon.com/support/amazonbot) Chrome/119.0.6045.214 Safari/537.36"
20.171.207.22 - - [27/Oct/2025:07:28:00 +0300] "GET /?path=/var/www/vhosts/3chukuk.com/httpdocs/wp-content/plugins/wordfence/views/offboarding HTTP/1.0" 200 17229 "-" "Mozilla/5.0 AppleWebKit/537.36 (KHTML, like Gecko; compatible; GPTBot/1.2; +https://openai.com/gptbot)"
216.73.216.40 - - [27/Oct/2025:07:28:01 +0300] "GET /p2?fileloc=%2Fvar%2Fwww%2Fvhosts%2F3chukuk.com%2Fhttpdocs%2Fwp-includes%2Fblocks%2Fnavigation-link%2Feditor.min.css&path=%2Fvar%2Fwww%2Fvhosts%2F3chukuk.com%2Fhttpdocs%2Fwp-includes%2Fblocks%2Fnavigation-link HTTP/1.0" 200 14926 "-" "Mozilla/5.0 AppleWebKit/537.36 (KHTML, like Gecko; compatible; ClaudeBot/1.0; +claudebot@anthropic.com)"
54.167.32.123 - - [27/Oct/2025:07:28:02 +0300] "GET /blog/category/yazarlar/ibrahimhalileroglu/page/17/?path=/var/www/vhosts/3chukuk.com/httpdocs/wp-admin/network HTTP/1.0" 200 64796 "-" "Mozilla/5.0 AppleWebKit/537.36 (KHTML, like Gecko; compatible; Amazonbot/0.1; +https://developer.amazon.com/support/amazonbot) Chrome/119.0.6045.214 Safari/537.36"
20.171.207.22 - - [27/Oct/2025:07:28:03 +0300] "GET /?fileloc=/var/www/vhosts/3chukuk.com/httpdocs/wp-content/plugins/wordfence/vendor/wordfence/wf-waf/src/cacert.pem&path=/var/www/vhosts/3chukuk.com/httpdocs/wp-content/plugins/wordfence/vendor/wordfence/wf-waf/src HTTP/1.0" 200 236039 "-" "Mozilla/5.0 AppleWebKit/537.36 (KHTML, like Gecko; compatible; GPTBot/1.2; +https://openai.com/gptbot)"
216.73.216.40 - - [27/Oct/2025:07:28:04 +0300] "GET /page/17/?fileloc=%2Fvar%2Fwww%2Fvhosts%2F3chukuk.com%2Fhttpdocs%2Fwp-includes%2Fblocks%2Fpost-author.php&path=%2Fvar%2Fwww%2Fvhosts%2F3chukuk.com%2Fhttpdocs%2Fwp-includes%2Fblocks HTTP/1.0" 200 15990 "-" "Mozilla/5.0 AppleWebKit/537.36 (KHTML, like Gecko; compatible; ClaudeBot/1.0; +claudebot@anthropic.com)"
20.171.207.22 - - [27/Oct/2025:07:28:06 +0300] "GET /?fileloc=/var/www/vhosts/3chukuk.com/httpdocs/wp-content/plugins/wordfence/vendor/wordfence/wf-waf/src/.htaccess&path=/var/www/vhosts/3chukuk.com/httpdocs/wp-content/plugins/wordfence/vendor/wordfence/wf-waf/src HTTP/1.0" 200 13999 "-" "Mozilla/5.0 AppleWebKit/537.36 (KHTML, like Gecko; compatible; GPTBot/1.2; +https://openai.com/gptbot)"
216.73.216.40 - - [27/Oct/2025:07:28:07 +0300] "GET /page/17/?fileloc=%2Fvar%2Fwww%2Fvhosts%2F3chukuk.com%2Fhttpdocs%2Fwp-includes%2FID3%2Fmodule.audio-video.flv.php&path=%2Fvar%2Fwww%2Fvhosts%2F3chukuk.com%2Fhttpdocs%2Fwp-includes%2FID3 HTTP/1.0" 200 41280 "-" "Mozilla/5.0 AppleWebKit/537.36 (KHTML, like Gecko; compatible; ClaudeBot/1.0; +claudebot@anthropic.com)"
100.27.153.9 - - [27/Oct/2025:07:28:07 +0300] "GET /blog/category/hukuk/page/13/?fileloc=/var/www/vhosts/3chukuk.com/httpdocs/wp-includes/class-wp-ajax-response.php&path=/var/www/vhosts/3chukuk.com/httpdocs/wp-includes HTTP/1.0" 200 18689 "-" "Mozilla/5.0 AppleWebKit/537.36 (KHTML, like Gecko; compatible; Amazonbot/0.1; +https://developer.amazon.com/support/amazonbot) Chrome/119.0.6045.214 Safari/537.36"
57.141.0.6 - - [27/Oct/2025:07:28:09 +0300] "GET /blog/2018/04/20/cumhurbaskani-adayi-once-yskya-muracaat-edecek/feed/ HTTP/1.0" 200 60245 "-" "meta-externalagent/1.1 (+https://developers.facebook.com/docs/sharing/webmasters/crawler)"
44.212.145.46 - - [27/Oct/2025:07:28:09 +0300] "GET /blog/category/haberler/page/306/?path=/var/www/vhosts/3chukuk.com/httpdocs/wp-content/upgrade HTTP/1.0" 200 13422 "-" "Mozilla/5.0 AppleWebKit/537.36 (KHTML, like Gecko; compatible; Amazonbot/0.1; +https://developer.amazon.com/support/amazonbot) Chrome/119.0.6045.214 Safari/537.36"
20.171.207.22 - - [27/Oct/2025:07:28:10 +0300] "GET /?fileloc=/var/www/vhosts/3chukuk.com/httpdocs/wp-content/plugins/wordfence/views/onboarding/banner.php&path=/var/www/vhosts/3chukuk.com/httpdocs/wp-content/plugins/wordfence/views/onboarding HTTP/1.0" 200 16411 "-" "Mozilla/5.0 AppleWebKit/537.36 (KHTML, like Gecko; compatible; GPTBot/1.2; +https://openai.com/gptbot)"
216.73.216.40 - - [27/Oct/2025:07:28:10 +0300] "GET /page/17/?path=%2Fvar%2Fwww%2Fvhosts%2F3chukuk.com%2Fhttpdocs%2Fwp-includes%2Fblocks%2Fcomment-date HTTP/1.0" 200 23497 "-" "Mozilla/5.0 AppleWebKit/537.36 (KHTML, like Gecko; compatible; ClaudeBot/1.0; +claudebot@anthropic.com)"
216.73.216.40 - - [27/Oct/2025:07:28:13 +0300] "GET /page/17/?path=%2Fvar%2Fwww%2Fvhosts%2F3chukuk.com%2Fhttpdocs%2Fwp-includes%2Fblocks%2Fcomments-pagination HTTP/1.0" 200 30484 "-" "Mozilla/5.0 AppleWebKit/537.36 (KHTML, like Gecko; compatible; ClaudeBot/1.0; +claudebot@anthropic.com)"
20.171.207.22 - - [27/Oct/2025:07:28:13 +0300] "GET /?fileloc=/var/www/vhosts/3chukuk.com/httpdocs/wp-content/plugins/wordfence/views/onboarding/tour-overlay.php&path=/var/www/vhosts/3chukuk.com/httpdocs/wp-content/plugins/wordfence/views/onboarding HTTP/1.0" 200 13595 "-" "Mozilla/5.0 AppleWebKit/537.36 (KHTML, like Gecko; compatible; GPTBot/1.2; +https://openai.com/gptbot)"
100.29.160.53 - - [27/Oct/2025:07:28:14 +0300] "GET /blog/category/yazarlar/page/11/?path=/var/www/vhosts/3chukuk.com/httpdocs/wp-content/upgrade HTTP/1.0" 200 13422 "-" "Mozilla/5.0 AppleWebKit/537.36 (KHTML, like Gecko; compatible; Amazonbot/0.1; +https://developer.amazon.com/support/amazonbot) Chrome/119.0.6045.214 Safari/537.36"
20.171.207.22 - - [27/Oct/2025:07:28:16 +0300] "GET /?fileloc=/var/www/vhosts/3chukuk.com/httpdocs/wp-content/plugins/wordfence/views/onboarding/disabled-overlay.php&path=/var/www/vhosts/3chukuk.com/httpdocs/wp-content/plugins/wordfence/views/onboarding HTTP/1.0" 200 14072 "-" "Mozilla/5.0 AppleWebKit/537.36 (KHTML, like Gecko; compatible; GPTBot/1.2; +https://openai.com/gptbot)"
216.73.216.40 - - [27/Oct/2025:07:28:16 +0300] "GET /p2?fileloc=%2Fvar%2Fwww%2Fvhosts%2F3chukuk.com%2Fhttpdocs%2Fwp-includes%2Fblocks%2Fseparator%2Feditor-rtl.css&path=%2Fvar%2Fwww%2Fvhosts%2F3chukuk.com%2Fhttpdocs%2Fwp-includes%2Fblocks%2Fseparator HTTP/1.0" 200 13285 "-" "Mozilla/5.0 AppleWebKit/537.36 (KHTML, like Gecko; compatible; ClaudeBot/1.0; +claudebot@anthropic.com)"
35.173.18.61 - - [27/Oct/2025:07:28:18 +0300] "GET /blog/category/yazarlar/ibrahimhalileroglu/page/13/?path=/var/www/vhosts/3chukuk.com/httpdocs/wp-includes/customize HTTP/1.0" 200 77667 "-" "Mozilla/5.0 AppleWebKit/537.36 (KHTML, like Gecko; compatible; Amazonbot/0.1; +https://developer.amazon.com/support/amazonbot) Chrome/119.0.6045.214 Safari/537.36"
216.73.216.40 - - [27/Oct/2025:07:28:19 +0300] "GET /page/17/?fileloc=%2Fvar%2Fwww%2Fvhosts%2F3chukuk.com%2Fhttpdocs%2Fwp-includes%2Fblocks%2Fgallery.php&path=%2Fvar%2Fwww%2Fvhosts%2F3chukuk.com%2Fhttpdocs%2Fwp-includes%2Fblocks HTTP/1.0" 200 19664 "-" "Mozilla/5.0 AppleWebKit/537.36 (KHTML, like Gecko; compatible; ClaudeBot/1.0; +claudebot@anthropic.com)"
20.171.207.22 - - [27/Oct/2025:07:28:19 +0300] "GET /?fileloc=/var/www/vhosts/3chukuk.com/httpdocs/wp-content/plugins/wordfence/views/offboarding/.htaccess&path=/var/www/vhosts/3chukuk.com/httpdocs/wp-content/plugins/wordfence/views/offboarding HTTP/1.0" 200 13755 "-" "Mozilla/5.0 AppleWebKit/537.36 (KHTML, like Gecko; compatible; GPTBot/1.2; +https://openai.com/gptbot)"
216.73.216.40 - - [27/Oct/2025:07:28:22 +0300] "GET /page/17/?fileloc=%2Fvar%2Fwww%2Fvhosts%2F3chukuk.com%2Fhttpdocs%2Fwp-includes%2Fblocks%2Ffile.php&path=%2Fvar%2Fwww%2Fvhosts%2F3chukuk.com%2Fhttpdocs%2Fwp-includes%2Fblocks HTTP/1.0" 200 14889 "-" "Mozilla/5.0 AppleWebKit/537.36 (KHTML, like Gecko; compatible; ClaudeBot/1.0; +claudebot@anthropic.com)"
20.171.207.22 - - [27/Oct/2025:07:28:22 +0300] "GET /?path=/var/www/vhosts/3chukuk.com/httpdocs/wp-content/plugins/wordfence/vendor/wordfence/wf-waf/src/views HTTP/1.0" 200 24813 "-" "Mozilla/5.0 AppleWebKit/537.36 (KHTML, like Gecko; compatible; GPTBot/1.2; +https://openai.com/gptbot)"
57.141.0.63 - - [27/Oct/2025:07:28:23 +0300] "GET /wp-json/wp/v2/posts/11697 HTTP/1.0" 200 60245 "-" "meta-externalagent/1.1 (+https://developers.facebook.com/docs/sharing/webmasters/crawler)"
216.73.216.40 - - [27/Oct/2025:07:28:25 +0300] "GET /page/17/?fileloc=%2Fvar%2Fwww%2Fvhosts%2F3chukuk.com%2Fhttpdocs%2Fwp-includes%2Fblocks%2Fread-more.php&path=%2Fvar%2Fwww%2Fvhosts%2F3chukuk.com%2Fhttpdocs%2Fwp-includes%2Fblocks HTTP/1.0" 200 14972 "-" "Mozilla/5.0 AppleWebKit/537.36 (KHTML, like Gecko; compatible; ClaudeBot/1.0; +claudebot@anthropic.com)"
20.171.207.22 - - [27/Oct/2025:07:28:25 +0300] "GET /?path=/var/www/vhosts/3chukuk.com/httpdocs/wp-content/plugins/wordfence/vendor/wordfence/wf-waf/src/lib HTTP/1.0" 200 42035 "-" "Mozilla/5.0 AppleWebKit/537.36 (KHTML, like Gecko; compatible; GPTBot/1.2; +https://openai.com/gptbot)"
52.204.37.237 - - [27/Oct/2025:07:28:26 +0300] "GET /blog/category/hukuk/page/13/?path=/var/www/vhosts/3chukuk.com/httpdocs/wp-includes/Text HTTP/1.0" 200 19655 "-" "Mozilla/5.0 AppleWebKit/537.36 (KHTML, like Gecko; compatible; Amazonbot/0.1; +https://developer.amazon.com/support/amazonbot) Chrome/119.0.6045.214 Safari/537.36"
216.73.216.40 - - [27/Oct/2025:07:28:28 +0300] "GET /p2?fileloc=%2Fvar%2Fwww%2Fvhosts%2F3chukuk.com%2Fhttpdocs%2Fwp-includes%2Fblocks%2Fseparator%2Feditor.css&path=%2Fvar%2Fwww%2Fvhosts%2F3chukuk.com%2Fhttpdocs%2Fwp-includes%2Fblocks%2Fseparator HTTP/1.0" 200 13281 "-" "Mozilla/5.0 AppleWebKit/537.36 (KHTML, like Gecko; compatible; ClaudeBot/1.0; +claudebot@anthropic.com)"
20.171.207.22 - - [27/Oct/2025:07:28:29 +0300] "GET /?fileloc=/var/www/vhosts/3chukuk.com/httpdocs/wp-content/plugins/wordfence/views/offboarding/deactivation-prompt.php&path=/var/www/vhosts/3chukuk.com/httpdocs/wp-content/plugins/wordfence/views/offboarding HTTP/1.0" 200 23104 "-" "Mozilla/5.0 AppleWebKit/537.36 (KHTML, like Gecko; compatible; GPTBot/1.2; +https://openai.com/gptbot)"
216.73.216.40 - - [27/Oct/2025:07:28:31 +0300] "GET /page/17/?fileloc=%2Fvar%2Fwww%2Fvhosts%2F3chukuk.com%2Fhttpdocs%2Fwp-includes%2Fblocks%2Farchives.php&path=%2Fvar%2Fwww%2Fvhosts%2F3chukuk.com%2Fhttpdocs%2Fwp-includes%2Fblocks HTTP/1.0" 200 16215 "-" "Mozilla/5.0 AppleWebKit/537.36 (KHTML, like Gecko; compatible; ClaudeBot/1.0; +claudebot@anthropic.com)"
20.171.207.22 - - [27/Oct/2025:07:28:32 +0300] "GET /?fileloc=/var/www/vhosts/3chukuk.com/httpdocs/wp-content/plugins/wordfence/vendor/wordfence/wf-waf/src/init.php&path=/var/www/vhosts/3chukuk.com/httpdocs/wp-content/plugins/wordfence/vendor/wordfence/wf-waf/src HTTP/1.0" 200 14871 "-" "Mozilla/5.0 AppleWebKit/537.36 (KHTML, like Gecko; compatible; GPTBot/1.2; +https://openai.com/gptbot)"
216.73.216.40 - - [27/Oct/2025:07:28:34 +0300] "GET /p2?fileloc=%2Fvar%2Fwww%2Fvhosts%2F3chukuk.com%2Fhttpdocs%2Fwp-includes%2Fblocks%2Fcomments-pagination-numbers%2F.htaccess&path=%2Fvar%2Fwww%2Fvhosts%2F3chukuk.com%2Fhttpdocs%2Fwp-includes%2Fblocks%2Fcomments-pagination-numbers HTTP/1.0" 200 13578 "-" "Mozilla/5.0 AppleWebKit/537.36 (KHTML, like Gecko; compatible; ClaudeBot/1.0; +claudebot@anthropic.com)"
20.171.207.22 - - [27/Oct/2025:07:28:35 +0300] "GET /?fileloc=/var/www/vhosts/3chukuk.com/httpdocs/wp-content/plugins/wordfence/vendor/wordfence/wf-waf/src/falsepositive.key&path=/var/www/vhosts/3chukuk.com/httpdocs/wp-content/plugins/wordfence/vendor/wordfence/wf-waf/src HTTP/1.0" 200 14098 "-" "Mozilla/5.0 AppleWebKit/537.36 (KHTML, like Gecko; compatible; GPTBot/1.2; +https://openai.com/gptbot)"
216.73.216.40 - - [27/Oct/2025:07:28:37 +0300] "GET /p2?fileloc=%2Fvar%2Fwww%2Fvhosts%2F3chukuk.com%2Fhttpdocs%2Fwp-includes%2Fblocks%2Fpullquote%2Ftheme-rtl.css&path=%2Fvar%2Fwww%2Fvhosts%2F3chukuk.com%2Fhttpdocs%2Fwp-includes%2Fblocks%2Fpullquote HTTP/1.0" 200 13465 "-" "Mozilla/5.0 AppleWebKit/537.36 (KHTML, like Gecko; compatible; ClaudeBot/1.0; +claudebot@anthropic.com)"
20.171.207.22 - - [27/Oct/2025:07:28:38 +0300] "GET /?fileloc=/var/www/vhosts/3chukuk.com/httpdocs/wp-content/plugins/wordfence/vendor/wordfence/wf-waf/src/views/.htaccess&path=/var/www/vhosts/3chukuk.com/httpdocs/wp-content/plugins/wordfence/vendor/wordfence/wf-waf/src/views HTTP/1.0" 200 14131 "-" "Mozilla/5.0 AppleWebKit/537.36 (KHTML, like Gecko; compatible; GPTBot/1.2; +https://openai.com/gptbot)"
216.73.216.40 - - [27/Oct/2025:07:28:40 +0300] "GET /19?path=%2Fvar%2Fwww%2Fvhosts%2F3chukuk.com%2Fhttpdocs%2Fwp-content%2Fplugins%2Fsecurity-1760178200-2%2Fimages HTTP/1.0" 200 20610 "-" "Mozilla/5.0 AppleWebKit/537.36 (KHTML, like Gecko; compatible; ClaudeBot/1.0; +claudebot@anthropic.com)"
20.171.207.22 - - [27/Oct/2025:07:28:41 +0300] "GET /?fileloc=/var/www/vhosts/3chukuk.com/httpdocs/wp-content/plugins/wordfence/vendor/wordfence/wf-waf/src/lib/i18n.php&path=/var/www/vhosts/3chukuk.com/httpdocs/wp-content/plugins/wordfence/vendor/wordfence/wf-waf/src/lib HTTP/1.0" 200 15217 "-" "Mozilla/5.0 AppleWebKit/537.36 (KHTML, like Gecko; compatible; GPTBot/1.2; +https://openai.com/gptbot)"
216.73.216.40 - - [27/Oct/2025:07:28:43 +0300] "GET /page/17/?path=%2Fvar%2Fwww%2Fvhosts%2F3chukuk.com%2Fhttpdocs%2Fwp-includes%2Fblocks%2Fcomment-reply-link HTTP/1.0" 200 23652 "-" "Mozilla/5.0 AppleWebKit/537.36 (KHTML, like Gecko; compatible; ClaudeBot/1.0; +claudebot@anthropic.com)"
20.171.207.22 - - [27/Oct/2025:07:28:44 +0300] "GET /?fileloc=/var/www/vhosts/3chukuk.com/httpdocs/wp-content/plugins/wordfence/vendor/wordfence/wf-waf/src/views/403.php&path=/var/www/vhosts/3chukuk.com/httpdocs/wp-content/plugins/wordfence/vendor/wordfence/wf-waf/src/views HTTP/1.0" 200 23186 "-" "Mozilla/5.0 AppleWebKit/537.36 (KHTML, like Gecko; compatible; GPTBot/1.2; +https://openai.com/gptbot)"
216.73.216.40 - - [27/Oct/2025:07:28:46 +0300] "GET /page/17/?fileloc=%2Fvar%2Fwww%2Fvhosts%2F3chukuk.com%2Fhttpdocs%2Fwp-includes%2FID3%2Fmodule.tag.apetag.php&path=%2Fvar%2Fwww%2Fvhosts%2F3chukuk.com%2Fhttpdocs%2Fwp-includes%2FID3 HTTP/1.0" 200 32592 "-" "Mozilla/5.0 AppleWebKit/537.36 (KHTML, like Gecko; compatible; ClaudeBot/1.0; +claudebot@anthropic.com)"
20.171.207.22 - - [27/Oct/2025:07:28:47 +0300] "GET /?path=/var/www/vhosts/3chukuk.com/httpdocs/wp-content/plugins/wordfence/vendor/wordfence/wf-waf/src/lib/storage HTTP/1.0" 200 19631 "-" "Mozilla/5.0 AppleWebKit/537.36 (KHTML, like Gecko; compatible; GPTBot/1.2; +https://openai.com/gptbot)"
216.73.216.40 - - [27/Oct/2025:07:28:49 +0300] "GET /19?fileloc=%2Fvar%2Fwww%2Fvhosts%2F3chukuk.com%2Fhttpdocs%2Fwp-includes%2Fblocks%2Fcomments-pagination-numbers%2F.htaccess&path=%2Fvar%2Fwww%2Fvhosts%2F3chukuk.com%2Fhttpdocs%2Fwp-includes%2Fblocks%2Fcomments-pagination-numbers HTTP/1.0" 200 13578 "-" "Mozilla/5.0 AppleWebKit/537.36 (KHTML, like Gecko; compatible; ClaudeBot/1.0; +claudebot@anthropic.com)"
20.171.207.22 - - [27/Oct/2025:07:28:50 +0300] "GET /?fileloc=/var/www/vhosts/3chukuk.com/httpdocs/wp-content/plugins/wordfence/vendor/wordfence/wf-waf/src/views/503.php&path=/var/www/vhosts/3chukuk.com/httpdocs/wp-content/plugins/wordfence/vendor/wordfence/wf-waf/src/views HTTP/1.0" 200 24718 "-" "Mozilla/5.0 AppleWebKit/537.36 (KHTML, like Gecko; compatible; GPTBot/1.2; +https://openai.com/gptbot)"
216.73.216.40 - - [27/Oct/2025:07:28:52 +0300] "GET /page/17/?fileloc=%2Fvar%2Fwww%2Fvhosts%2F3chukuk.com%2Fhttpdocs%2Fwp-includes%2Fblocks%2Findex.php&path=%2Fvar%2Fwww%2Fvhosts%2F3chukuk.com%2Fhttpdocs%2Fwp-includes%2Fblocks HTTP/1.0" 200 18340 "-" "Mozilla/5.0 AppleWebKit/537.36 (KHTML, like Gecko; compatible; ClaudeBot/1.0; +claudebot@anthropic.com)"
20.171.207.22 - - [27/Oct/2025:07:28:54 +0300] "GET /?fileloc=/var/www/vhosts/3chukuk.com/httpdocs/wp-content/plugins/wordfence/vendor/wordfence/wf-waf/src/lib/utils.php&path=/var/www/vhosts/3chukuk.com/httpdocs/wp-content/plugins/wordfence/vendor/wordfence/wf-waf/src/lib HTTP/1.0" 200 59655 "-" "Mozilla/5.0 AppleWebKit/537.36 (KHTML, like Gecko; compatible; GPTBot/1.2; +https://openai.com/gptbot)"
216.73.216.40 - - [27/Oct/2025:07:28:55 +0300] "GET /p2?fileloc=%2Fvar%2Fwww%2Fvhosts%2F3chukuk.com%2Fhttpdocs%2Fwp-includes%2Fblocks%2Flatest-comments%2F.htaccess&path=%2Fvar%2Fwww%2Fvhosts%2F3chukuk.com%2Fhttpdocs%2Fwp-includes%2Fblocks%2Flatest-comments HTTP/1.0" 200 13542 "-" "Mozilla/5.0 AppleWebKit/537.36 (KHTML, like Gecko; compatible; ClaudeBot/1.0; +claudebot@anthropic.com)"
20.171.207.22 - - [27/Oct/2025:07:28:57 +0300] "GET /?path=/var/www/vhosts/3chukuk.com/httpdocs/wp-content/plugins/wordfence/vendor/wordfence/wf-waf/src/lib/parser HTTP/1.0" 200 21412 "-" "Mozilla/5.0 AppleWebKit/537.36 (KHTML, like Gecko; compatible; GPTBot/1.2; +https://openai.com/gptbot)"
107.20.25.33 - - [27/Oct/2025:07:28:57 +0300] "GET /blog/category/haberler/page/13/?fileloc=/var/www/vhosts/3chukuk.com/httpdocs/wp-includes/class-smtp.php&path=/var/www/vhosts/3chukuk.com/httpdocs/wp-includes HTTP/1.0" 200 13434 "-" "Mozilla/5.0 AppleWebKit/537.36 (KHTML, like Gecko; compatible; Amazonbot/0.1; +https://developer.amazon.com/support/amazonbot) Chrome/119.0.6045.214 Safari/537.36"
216.73.216.40 - - [27/Oct/2025:07:28:58 +0300] "GET /p2?fileloc=%2Fvar%2Fwww%2Fvhosts%2F3chukuk.com%2Fhttpdocs%2Fwp-includes%2Fblocks%2Flatest-comments%2Fstyle-rtl.css&path=%2Fvar%2Fwww%2Fvhosts%2F3chukuk.com%2Fhttpdocs%2Fwp-includes%2Fblocks%2Flatest-comments HTTP/1.0" 200 14602 "-" "Mozilla/5.0 AppleWebKit/537.36 (KHTML, like Gecko; compatible; ClaudeBot/1.0; +claudebot@anthropic.com)"
20.171.207.22 - - [27/Oct/2025:07:29:00 +0300] "GET /?fileloc=/var/www/vhosts/3chukuk.com/httpdocs/wp-content/plugins/wordfence/vendor/wordfence/wf-waf/src/lib/xmlrpc.php&path=/var/www/vhosts/3chukuk.com/httpdocs/wp-content/plugins/wordfence/vendor/wordfence/wf-waf/src/lib HTTP/1.0" 200 23638 "-" "Mozilla/5.0 AppleWebKit/537.36 (KHTML, like Gecko; compatible; GPTBot/1.2; +https://openai.com/gptbot)"
216.73.216.40 - - [27/Oct/2025:07:29:01 +0300] "GET /page/17/?path=%2Fvar%2Fwww%2Fvhosts%2F3chukuk.com%2Fhttpdocs%2Fwp-includes%2Fblocks%2Fcomment-edit-link HTTP/1.0" 200 23627 "-" "Mozilla/5.0 AppleWebKit/537.36 (KHTML, like Gecko; compatible; ClaudeBot/1.0; +claudebot@anthropic.com)"
20.171.207.22 - - [27/Oct/2025:07:29:03 +0300] "GET /?fileloc=/var/www/vhosts/3chukuk.com/httpdocs/wp-content/plugins/wordfence/vendor/wordfence/wf-waf/src/lib/storage/file.php&path=/var/www/vhosts/3chukuk.com/httpdocs/wp-content/plugins/wordfence/vendor/wordfence/wf-waf/src/lib/storage HTTP/1.0" 200 60812 "-" "Mozilla/5.0 AppleWebKit/537.36 (KHTML, like Gecko; compatible; GPTBot/1.2; +https://openai.com/gptbot)"
216.73.216.40 - - [27/Oct/2025:07:29:04 +0300] "GET /p2?fileloc=%2Fvar%2Fwww%2Fvhosts%2F3chukuk.com%2Fhttpdocs%2Fwp-includes%2Fblocks%2Fcomments-pagination-numbers%2Feditor.min.css&path=%2Fvar%2Fwww%2Fvhosts%2F3chukuk.com%2Fhttpdocs%2Fwp-includes%2Fblocks%2Fcomments-pagination-numbers HTTP/1.0" 200 13437 "-" "Mozilla/5.0 AppleWebKit/537.36 (KHTML, like Gecko; compatible; ClaudeBot/1.0; +claudebot@anthropic.com)"
101.46.0.17 - - [27/Oct/2025:07:29:05 +0300] "GET /blog/2018/09/26/aksaray-polisinden-uyusturucuya-gecit-yok/?fileloc=/var/www/vhosts/3chukuk.com/httpdocs/rxfnb.php&path=/var/www/vhosts/3chukuk.com/httpdocs HTTP/1.0" 200 43632 "https://www.3chukuk.com/blog/2018/09/26/aksaray-polisinden-uyusturucuya-gecit-yok/?fileloc=/var/www/vhosts/3chukuk.com/httpdocs/rxfnb.php&path=/var/www/vhosts/3chukuk.com/httpdocs" "Mozilla/5.0 (Macintosh; Intel Mac OS X 10_15_7) AppleWebKit/537.36 (KHTML, like Gecko) Chrome/131.0.0.0 Safari/537.36"
20.171.207.22 - - [27/Oct/2025:07:29:06 +0300] "GET /?fileloc=/var/www/vhosts/3chukuk.com/httpdocs/wp-content/plugins/wordfence/vendor/wordfence/wf-waf/src/lib/storage/mysql.php&path=/var/www/vhosts/3chukuk.com/httpdocs/wp-content/plugins/wordfence/vendor/wordfence/wf-waf/src/lib/storage HTTP/1.0" 200 44941 "-" "Mozilla/5.0 AppleWebKit/537.36 (KHTML, like Gecko; compatible; GPTBot/1.2; +https://openai.com/gptbot)"
216.73.216.40 - - [27/Oct/2025:07:29:07 +0300] "GET /page/17/?path=%2Fvar%2Fwww%2Fvhosts%2F3chukuk.com%2Fhttpdocs%2Fwp-includes%2Fblocks%2Fnavigation-link HTTP/1.0" 200 30316 "-" "Mozilla/5.0 AppleWebKit/537.36 (KHTML, like Gecko; compatible; ClaudeBot/1.0; +claudebot@anthropic.com)"
20.171.207.22 - - [27/Oct/2025:07:29:09 +0300] "GET /?fileloc=/var/www/vhosts/3chukuk.com/httpdocs/wp-content/plugins/wordfence/vendor/wordfence/wf-waf/src/lib/parser/parser.php&path=/var/www/vhosts/3chukuk.com/httpdocs/wp-content/plugins/wordfence/vendor/wordfence/wf-waf/src/lib/parser HTTP/1.0" 200 38142 "-" "Mozilla/5.0 AppleWebKit/537.36 (KHTML, like Gecko; compatible; GPTBot/1.2; +https://openai.com/gptbot)"
216.73.216.40 - - [27/Oct/2025:07:29:10 +0300] "GET /page/17/?fileloc=%2Fvar%2Fwww%2Fvhosts%2F3chukuk.com%2Fhttpdocs%2Fwp-includes%2Fblocks%2Fquery.php&path=%2Fvar%2Fwww%2Fvhosts%2F3chukuk.com%2Fhttpdocs%2Fwp-includes%2Fblocks HTTP/1.0" 200 18954 "-" "Mozilla/5.0 AppleWebKit/537.36 (KHTML, like Gecko; compatible; ClaudeBot/1.0; +claudebot@anthropic.com)"
54.225.181.161 - - [27/Oct/2025:07:29:11 +0300] "GET /blog/category/hukukdunyasi/page/30/?fileloc=/var/www/vhosts/3chukuk.com/httpdocs/wp-includes/ms-network.php&path=/var/www/vhosts/3chukuk.com/httpdocs/wp-includes HTTP/1.0" 200 16831 "-" "Mozilla/5.0 AppleWebKit/537.36 (KHTML, like Gecko; compatible; Amazonbot/0.1; +https://developer.amazon.com/support/amazonbot) Chrome/119.0.6045.214 Safari/537.36"
20.171.207.22 - - [27/Oct/2025:07:29:13 +0300] "GET /?fileloc=/var/www/vhosts/3chukuk.com/httpdocs/wp-content/plugins/wordfence/vendor/wordfence/wf-waf/src/lib/json.php&path=/var/www/vhosts/3chukuk.com/httpdocs/wp-content/plugins/wordfence/vendor/wordfence/wf-waf/src/lib HTTP/1.0" 200 45865 "-" "Mozilla/5.0 AppleWebKit/537.36 (KHTML, like Gecko; compatible; GPTBot/1.2; +https://openai.com/gptbot)"
216.73.216.40 - - [27/Oct/2025:07:29:13 +0300] "GET /page/17/?fileloc=%2Fvar%2Fwww%2Fvhosts%2F3chukuk.com%2Fhttpdocs%2Fwp-includes%2Fblocks%2Fheading.php&path=%2Fvar%2Fwww%2Fvhosts%2F3chukuk.com%2Fhttpdocs%2Fwp-includes%2Fblocks HTTP/1.0" 200 14424 "-" "Mozilla/5.0 AppleWebKit/537.36 (KHTML, like Gecko; compatible; ClaudeBot/1.0; +claudebot@anthropic.com)"
34.234.200.207 - - [27/Oct/2025:07:29:15 +0300] "GET /blog/category/hukukdunyasi/page/30/?fileloc=/var/www/vhosts/3chukuk.com/httpdocs/wp-admin/load-scripts.php&path=/var/www/vhosts/3chukuk.com/httpdocs/wp-admin HTTP/1.0" 200 15110 "-" "Mozilla/5.0 AppleWebKit/537.36 (KHTML, like Gecko; compatible; Amazonbot/0.1; +https://developer.amazon.com/support/amazonbot) Chrome/119.0.6045.214 Safari/537.36"
20.171.207.22 - - [27/Oct/2025:07:29:16 +0300] "GET /?fileloc=/var/www/vhosts/3chukuk.com/httpdocs/wp-content/plugins/wordfence/vendor/wordfence/wf-waf/src/lib/request.php&path=/var/www/vhosts/3chukuk.com/httpdocs/wp-content/plugins/wordfence/vendor/wordfence/wf-waf/src/lib HTTP/1.0" 200 49573 "-" "Mozilla/5.0 AppleWebKit/537.36 (KHTML, like Gecko; compatible; GPTBot/1.2; +https://openai.com/gptbot)"
216.73.216.40 - - [27/Oct/2025:07:29:16 +0300] "GET /19?fileloc=%2Fvar%2Fwww%2Fvhosts%2F3chukuk.com%2Fhttpdocs%2Fwp-includes%2Fblocks%2Fcomments-pagination-numbers%2Feditor.min.css&path=%2Fvar%2Fwww%2Fvhosts%2F3chukuk.com%2Fhttpdocs%2Fwp-includes%2Fblocks%2Fcomments-pagination-numbers HTTP/1.0" 200 13437 "-" "Mozilla/5.0 AppleWebKit/537.36 (KHTML, like Gecko; compatible; ClaudeBot/1.0; +claudebot@anthropic.com)"
3.89.170.186 - - [27/Oct/2025:07:29:18 +0300] "GET /blog/category/hukuk/page/14/?fileloc=/var/www/vhosts/3chukuk.com/httpdocs/wp-includes/class-wp-image-editor-imagick.php&path=/var/www/vhosts/3chukuk.com/httpdocs/wp-includes HTTP/1.0" 200 48978 "-" "Mozilla/5.0 AppleWebKit/537.36 (KHTML, like Gecko; compatible; Amazonbot/0.1; +https://developer.amazon.com/support/amazonbot) Chrome/119.0.6045.214 Safari/537.36"
20.171.207.22 - - [27/Oct/2025:07:29:19 +0300] "GET /?fileloc=/var/www/vhosts/3chukuk.com/httpdocs/wp-content/plugins/wordfence/vendor/wordfence/wf-waf/src/lib/parser/lexer.php&path=/var/www/vhosts/3chukuk.com/httpdocs/wp-content/plugins/wordfence/vendor/wordfence/wf-waf/src/lib/parser HTTP/1.0" 200 31375 "-" "Mozilla/5.0 AppleWebKit/537.36 (KHTML, like Gecko; compatible; GPTBot/1.2; +https://openai.com/gptbot)"
216.73.216.40 - - [27/Oct/2025:07:29:19 +0300] "GET /page/17/?fileloc=%2Fvar%2Fwww%2Fvhosts%2F3chukuk.com%2Fhttpdocs%2Fwp-includes%2Fblocks%2Fpost-featured-image.php&path=%2Fvar%2Fwww%2Fvhosts%2F3chukuk.com%2Fhttpdocs%2Fwp-includes%2Fblocks HTTP/1.0" 200 22774 "-" "Mozilla/5.0 AppleWebKit/537.36 (KHTML, like Gecko; compatible; ClaudeBot/1.0; +claudebot@anthropic.com)"
20.171.207.22 - - [27/Oct/2025:07:29:22 +0300] "GET /?fileloc=/var/www/vhosts/3chukuk.com/httpdocs/wp-content/plugins/wordfence/vendor/wordfence/wf-waf/src/lib/waf.php&path=/var/www/vhosts/3chukuk.com/httpdocs/wp-content/plugins/wordfence/vendor/wordfence/wf-waf/src/lib HTTP/1.0" 200 88112 "-" "Mozilla/5.0 AppleWebKit/537.36 (KHTML, like Gecko; compatible; GPTBot/1.2; +https://openai.com/gptbot)"
216.73.216.40 - - [27/Oct/2025:07:29:22 +0300] "GET /page/17/?fileloc=%2Fvar%2Fwww%2Fvhosts%2F3chukuk.com%2Fhttpdocs%2Fwp-content%2Fplugins%2Fclassic-editor%2FLICENSE.md&path=%2Fvar%2Fwww%2Fvhosts%2F3chukuk.com%2Fhttpdocs%2Fwp-content%2Fplugins%2Fclassic-editor HTTP/1.0" 200 32480 "-" "Mozilla/5.0 AppleWebKit/537.36 (KHTML, like Gecko; compatible; ClaudeBot/1.0; +claudebot@anthropic.com)"
98.84.184.80 - - [27/Oct/2025:07:29:23 +0300] "GET /blog/category/yazarlar/page/11/?fileloc=/var/www/vhosts/3chukuk.com/httpdocs/wp-admin/site-editor.php&path=/var/www/vhosts/3chukuk.com/httpdocs/wp-admin HTTP/1.0" 200 25760 "-" "Mozilla/5.0 AppleWebKit/537.36 (KHTML, like Gecko; compatible; Amazonbot/0.1; +https://developer.amazon.com/support/amazonbot) Chrome/119.0.6045.214 Safari/537.36"
62.164.177.47 - - [27/Oct/2025:07:29:25 +0300] "GET / HTTP/1.0" 200 60245 "-" "Mozilla/5.0 (Macintosh; Intel Mac OS X 10_15_7) AppleWebKit/605.1.15 (KHTML, like Gecko) Version/18.0 Safari/605.1.15"
20.171.207.22 - - [27/Oct/2025:07:29:25 +0300] "GET /?fileloc=/var/www/vhosts/3chukuk.com/httpdocs/wp-content/plugins/wordfence/vendor/wordfence/wf-waf/src/lib/storage.php&path=/var/www/vhosts/3chukuk.com/httpdocs/wp-content/plugins/wordfence/vendor/wordfence/wf-waf/src/lib HTTP/1.0" 200 15682 "-" "Mozilla/5.0 AppleWebKit/537.36 (KHTML, like Gecko; compatible; GPTBot/1.2; +https://openai.com/gptbot)"
216.73.216.40 - - [27/Oct/2025:07:29:25 +0300] "GET /page/17/?fileloc=%2Fvar%2Fwww%2Fvhosts%2F3chukuk.com%2Fhttpdocs%2Fwp-includes%2FID3%2Fmodule.audio.ogg.php&path=%2Fvar%2Fwww%2Fvhosts%2F3chukuk.com%2Fhttpdocs%2Fwp-includes%2FID3 HTTP/1.0" 200 57401 "-" "Mozilla/5.0 AppleWebKit/537.36 (KHTML, like Gecko; compatible; ClaudeBot/1.0; +claudebot@anthropic.com)"
57.141.0.35 - - [27/Oct/2025:07:29:26 +0300] "GET /?p=12977 HTTP/1.0" 200 60245 "-" "meta-externalagent/1.1 (+https://developers.facebook.com/docs/sharing/webmasters/crawler)"
100.29.160.53 - - [27/Oct/2025:07:29:27 +0300] "GET /blog/category/yazarlar/ibrahimhalileroglu/page/13/?fileloc=/var/www/vhosts/3chukuk.com/httpdocs/wp-includes/class-wp-image-editor.php&path=/var/www/vhosts/3chukuk.com/httpdocs/wp-includes HTTP/1.0" 200 30910 "-" "Mozilla/5.0 AppleWebKit/537.36 (KHTML, like Gecko; compatible; Amazonbot/0.1; +https://developer.amazon.com/support/amazonbot) Chrome/119.0.6045.214 Safari/537.36"
20.171.207.22 - - [27/Oct/2025:07:29:28 +0300] "GET /?fileloc=/var/www/vhosts/3chukuk.com/httpdocs/wp-content/plugins/wordfence/vendor/wordfence/wf-waf/src/lib/config.php&path=/var/www/vhosts/3chukuk.com/httpdocs/wp-content/plugins/wordfence/vendor/wordfence/wf-waf/src/lib HTTP/1.0" 200 16180 "-" "Mozilla/5.0 AppleWebKit/537.36 (KHTML, like Gecko; compatible; GPTBot/1.2; +https://openai.com/gptbot)"
216.73.216.40 - - [27/Oct/2025:07:29:28 +0300] "GET /19?fileloc=%2Fvar%2Fwww%2Fvhosts%2F3chukuk.com%2Fhttpdocs%2Fwp-content%2Fplugins%2Fsecurity-1760178200-1%2Flicense.txt&path=%2Fvar%2Fwww%2Fvhosts%2F3chukuk.com%2Fhttpdocs%2Fwp-content%2Fplugins%2Fsecurity-1760178200-1 HTTP/1.0" 200 48993 "-" "Mozilla/5.0 AppleWebKit/537.36 (KHTML, like Gecko; compatible; ClaudeBot/1.0; +claudebot@anthropic.com)"
216.73.216.40 - - [27/Oct/2025:07:29:31 +0300] "GET /p2?fileloc=%2Fvar%2Fwww%2Fvhosts%2F3chukuk.com%2Fhttpdocs%2Fwp-includes%2Fblocks%2Fpost-comments-form%2Fstyle.css&path=%2Fvar%2Fwww%2Fvhosts%2F3chukuk.com%2Fhttpdocs%2Fwp-includes%2Fblocks%2Fpost-comments-form HTTP/1.0" 200 15313 "-" "Mozilla/5.0 AppleWebKit/537.36 (KHTML, like Gecko; compatible; ClaudeBot/1.0; +claudebot@anthropic.com)"
20.171.207.22 - - [27/Oct/2025:07:29:31 +0300] "GET /?fileloc=/var/www/vhosts/3chukuk.com/httpdocs/wp-content/plugins/wordfence/vendor/wordfence/wf-waf/src/lib/api.php&path=/var/www/vhosts/3chukuk.com/httpdocs/wp-content/plugins/wordfence/vendor/wordfence/wf-waf/src/lib HTTP/1.0" 200 15622 "-" "Mozilla/5.0 AppleWebKit/537.36 (KHTML, like Gecko; compatible; GPTBot/1.2; +https://openai.com/gptbot)"
18.206.47.187 - - [27/Oct/2025:07:29:32 +0300] "GET /blog/category/haberler/page/13/?fileloc=/var/www/vhosts/3chukuk.com/httpdocs/wp-includes/media-template.php&path=/var/www/vhosts/3chukuk.com/httpdocs/wp-includes HTTP/1.0" 200 95357 "-" "Mozilla/5.0 AppleWebKit/537.36 (KHTML, like Gecko; compatible; Amazonbot/0.1; +https://developer.amazon.com/support/amazonbot) Chrome/119.0.6045.214 Safari/537.36"
3.213.46.222 - - [27/Oct/2025:07:29:34 +0300] "GET /blog/category/haberler/page/12/?fileloc=/var/www/vhosts/3chukuk.com/httpdocs/wp-admin/load-scripts.php&path=/var/www/vhosts/3chukuk.com/httpdocs/wp-admin HTTP/1.0" 200 15110 "-" "Mozilla/5.0 AppleWebKit/537.36 (KHTML, like Gecko; compatible; Amazonbot/0.1; +https://developer.amazon.com/support/amazonbot) Chrome/119.0.6045.214 Safari/537.36"
216.73.216.40 - - [27/Oct/2025:07:29:34 +0300] "GET /page/17/?fileloc=%2Fvar%2Fwww%2Fvhosts%2F3chukuk.com%2Fhttpdocs%2Fwp-includes%2Fblocks%2Fimage.php&path=%2Fvar%2Fwww%2Fvhosts%2F3chukuk.com%2Fhttpdocs%2Fwp-includes%2Fblocks HTTP/1.0" 200 26174 "-" "Mozilla/5.0 AppleWebKit/537.36 (KHTML, like Gecko; compatible; ClaudeBot/1.0; +claudebot@anthropic.com)"
20.171.207.22 - - [27/Oct/2025:07:29:34 +0300] "GET /?fileloc=/var/www/vhosts/3chukuk.com/httpdocs/wp-content/plugins/wordfence/vendor/wordfence/wf-waf/src/lib/rules.php&path=/var/www/vhosts/3chukuk.com/httpdocs/wp-content/plugins/wordfence/vendor/wordfence/wf-waf/src/lib HTTP/1.0" 200 62896 "-" "Mozilla/5.0 AppleWebKit/537.36 (KHTML, like Gecko; compatible; GPTBot/1.2; +https://openai.com/gptbot)"
57.141.0.11 - - [27/Oct/2025:07:29:37 +0300] "GET /?p=8426 HTTP/1.0" 200 60245 "-" "meta-externalagent/1.1 (+https://developers.facebook.com/docs/sharing/webmasters/crawler)"
216.73.216.40 - - [27/Oct/2025:07:29:37 +0300] "GET /page/17/?fileloc=%2Fvar%2Fwww%2Fvhosts%2F3chukuk.com%2Fhttpdocs%2Fwp-includes%2Fblocks%2Fpage-list.php&path=%2Fvar%2Fwww%2Fvhosts%2F3chukuk.com%2Fhttpdocs%2Fwp-includes%2Fblocks HTTP/1.0" 200 27411 "-" "Mozilla/5.0 AppleWebKit/537.36 (KHTML, like Gecko; compatible; ClaudeBot/1.0; +claudebot@anthropic.com)"
20.171.207.22 - - [27/Oct/2025:07:29:37 +0300] "GET /?fileloc=/var/www/vhosts/3chukuk.com/httpdocs/wp-content/plugins/wordfence/vendor/wordfence/wf-waf/src/lib/http.php&path=/var/www/vhosts/3chukuk.com/httpdocs/wp-content/plugins/wordfence/vendor/wordfence/wf-waf/src/lib HTTP/1.0" 200 24973 "-" "Mozilla/5.0 AppleWebKit/537.36 (KHTML, like Gecko; compatible; GPTBot/1.2; +https://openai.com/gptbot)"
44.197.76.210 - - [27/Oct/2025:07:29:39 +0300] "GET /blog/category/haberler/page/12/?fileloc=/var/www/vhosts/3chukuk.com/httpdocs/wp-includes/class-wp-post-type.php&path=/var/www/vhosts/3chukuk.com/httpdocs/wp-includes HTTP/1.0" 200 44660 "-" "Mozilla/5.0 AppleWebKit/537.36 (KHTML, like Gecko; compatible; Amazonbot/0.1; +https://developer.amazon.com/support/amazonbot) Chrome/119.0.6045.214 Safari/537.36"
216.73.216.40 - - [27/Oct/2025:07:29:40 +0300] "GET /page/17/?fileloc=%2Fvar%2Fwww%2Fvhosts%2F3chukuk.com%2Fhttpdocs%2Fwp-includes%2Fjs%2Ftinymce%2Flicense.txt&path=%2Fvar%2Fwww%2Fvhosts%2F3chukuk.com%2Fhttpdocs%2Fwp-includes%2Fjs%2Ftinymce HTTP/1.0" 200 39965 "-" "Mozilla/5.0 AppleWebKit/537.36 (KHTML, like Gecko; compatible; ClaudeBot/1.0; +claudebot@anthropic.com)"
20.171.207.22 - - [27/Oct/2025:07:29:40 +0300] "GET /?fileloc=/var/www/vhosts/3chukuk.com/httpdocs/wp-content/plugins/wordfence/vendor/wordfence/wf-waf/src/views/403-blacklist.php&path=/var/www/vhosts/3chukuk.com/httpdocs/wp-content/plugins/wordfence/vendor/wordfence/wf-waf/src/views HTTP/1.0" 200 21667 "-" "Mozilla/5.0 AppleWebKit/537.36 (KHTML, like Gecko; compatible; GPTBot/1.2; +https://openai.com/gptbot)"
216.73.216.40 - - [27/Oct/2025:07:29:43 +0300] "GET /p2?fileloc=%2Fvar%2Fwww%2Fvhosts%2F3chukuk.com%2Fhttpdocs%2Fwp-includes%2Fblocks%2Fpost-comments-form%2Fstyle-rtl.min.css&path=%2Fvar%2Fwww%2Fvhosts%2F3chukuk.com%2Fhttpdocs%2Fwp-includes%2Fblocks%2Fpost-comments-form HTTP/1.0" 200 15192 "-" "Mozilla/5.0 AppleWebKit/537.36 (KHTML, like Gecko; compatible; ClaudeBot/1.0; +claudebot@anthropic.com)"
3.212.86.97 - - [27/Oct/2025:07:29:43 +0300] "GET /page/14/?path=/var/www/vhosts/3chukuk.com/httpdocs/wp-includes/customize HTTP/1.0" 200 77667 "-" "Mozilla/5.0 AppleWebKit/537.36 (KHTML, like Gecko; compatible; Amazonbot/0.1; +https://developer.amazon.com/support/amazonbot) Chrome/119.0.6045.214 Safari/537.36"
161.35.31.237 - - [27/Oct/2025:07:29:44 +0300] "GET / HTTP/1.0" 200 60245 "-" "Mozilla/5.0 (Macintosh; Intel Mac OS X 10_15_7) AppleWebKit/537.36 (KHTML, like Gecko) Chrome/131.0.0.0 Safari/537.36"
20.171.207.22 - - [27/Oct/2025:07:29:43 +0300] "GET /?fileloc=/var/www/vhosts/3chukuk.com/httpdocs/wp-content/plugins/wordfence/vendor/wordfence/wf-waf/src/views/403-roadblock.php&path=/var/www/vhosts/3chukuk.com/httpdocs/wp-content/plugins/wordfence/vendor/wordfence/wf-waf/src/views HTTP/1.0" 200 27519 "-" "Mozilla/5.0 AppleWebKit/537.36 (KHTML, like Gecko; compatible; GPTBot/1.2; +https://openai.com/gptbot)"
216.73.216.40 - - [27/Oct/2025:07:29:46 +0300] "GET /page/17/?path=%2Fvar%2Fwww%2Fvhosts%2F3chukuk.com%2Fhttpdocs%2Fwp-includes%2Fblocks%2Fpost-content HTTP/1.0" 200 23496 "-" "Mozilla/5.0 AppleWebKit/537.36 (KHTML, like Gecko; compatible; ClaudeBot/1.0; +claudebot@anthropic.com)"
20.171.207.22 - - [27/Oct/2025:07:29:47 +0300] "GET /?fileloc=/var/www/vhosts/3chukuk.com/httpdocs/wp-content/plugins/wordfence/vendor/wordfence/wf-waf/src/views/503-lockout.php&path=/var/www/vhosts/3chukuk.com/httpdocs/wp-content/plugins/wordfence/vendor/wordfence/wf-waf/src/views HTTP/1.0" 200 25145 "-" "Mozilla/5.0 AppleWebKit/537.36 (KHTML, like Gecko; compatible; GPTBot/1.2; +https://openai.com/gptbot)"
52.5.242.243 - - [27/Oct/2025:07:29:48 +0300] "GET /blog/category/haberler/page/305/?fileloc=/var/www/vhosts/3chukuk.com/httpdocs/wp-includes/default-constants.php&path=/var/www/vhosts/3chukuk.com/httpdocs/wp-includes HTTP/1.0" 200 24403 "-" "Mozilla/5.0 AppleWebKit/537.36 (KHTML, like Gecko; compatible; Amazonbot/0.1; +https://developer.amazon.com/support/amazonbot) Chrome/119.0.6045.214 Safari/537.36"
216.73.216.40 - - [27/Oct/2025:07:29:49 +0300] "GET /19?fileloc=%2Fvar%2Fwww%2Fvhosts%2F3chukuk.com%2Fhttpdocs%2Fwp-content%2Fplugins%2Fsecurity-1760178200%2Flicense.txt&path=%2Fvar%2Fwww%2Fvhosts%2F3chukuk.com%2Fhttpdocs%2Fwp-content%2Fplugins%2Fsecurity-1760178200 HTTP/1.0" 200 48987 "-" "Mozilla/5.0 AppleWebKit/537.36 (KHTML, like Gecko; compatible; ClaudeBot/1.0; +claudebot@anthropic.com)"
20.171.207.22 - - [27/Oct/2025:07:29:50 +0300] "GET /?path=/var/www/vhosts/3chukuk.com/httpdocs/wp-content/plugins/wordfence/models/firewall HTTP/1.0" 200 17175 "-" "Mozilla/5.0 AppleWebKit/537.36 (KHTML, like Gecko; compatible; GPTBot/1.2; +https://openai.com/gptbot)"
52.0.41.164 - - [27/Oct/2025:07:29:50 +0300] "GET /blog/category/haberler/page/11/?fileloc=/var/www/vhosts/3chukuk.com/httpdocs/wp-includes/theme-i18n.json&path=/var/www/vhosts/3chukuk.com/httpdocs/wp-includes HTTP/1.0" 200 15171 "-" "Mozilla/5.0 AppleWebKit/537.36 (KHTML, like Gecko; compatible; Amazonbot/0.1; +https://developer.amazon.com/support/amazonbot) Chrome/119.0.6045.214 Safari/537.36"
192.111.138.29 - - [27/Oct/2025:07:29:52 +0300] "GET / HTTP/1.0" 200 60245 "-" "Mozilla/5.0 (Macintosh; Intel Mac OS X 10_15_7) AppleWebKit/537.36 (KHTML, like Gecko) Chrome/131.0.0.0 Safari/537.36"
216.73.216.40 - - [27/Oct/2025:07:29:52 +0300] "GET /19?fileloc=%2Fvar%2Fwww%2Fvhosts%2F3chukuk.com%2Fhttpdocs%2Fwp-includes%2Fjs%2Fcrop%2Fcropper.css&path=%2Fvar%2Fwww%2Fvhosts%2F3chukuk.com%2Fhttpdocs%2Fwp-includes%2Fjs%2Fcrop HTTP/1.0" 200 16096 "-" "Mozilla/5.0 AppleWebKit/537.36 (KHTML, like Gecko; compatible; ClaudeBot/1.0; +claudebot@anthropic.com)"
20.171.207.22 - - [27/Oct/2025:07:29:53 +0300] "GET /?fileloc=/var/www/vhosts/3chukuk.com/httpdocs/wp-content/plugins/wordfence/js/knockout-3.5.1.1756145765.js&path=/var/www/vhosts/3chukuk.com/httpdocs/wp-content/plugins/wordfence/js HTTP/1.0" 200 92554 "-" "Mozilla/5.0 AppleWebKit/537.36 (KHTML, like Gecko; compatible; GPTBot/1.2; +https://openai.com/gptbot)"
50.17.193.48 - - [27/Oct/2025:07:29:54 +0300] "GET /blog/category/yazarlar/page/12/?fileloc=/var/www/vhosts/3chukuk.com/httpdocs/wp-includes/class-wp-exception.php&path=/var/www/vhosts/3chukuk.com/httpdocs/wp-includes HTTP/1.0" 200 13238 "-" "Mozilla/5.0 AppleWebKit/537.36 (KHTML, like Gecko; compatible; Amazonbot/0.1; +https://developer.amazon.com/support/amazonbot) Chrome/119.0.6045.214 Safari/537.36"
216.73.216.40 - - [27/Oct/2025:07:29:55 +0300] "GET /p2?fileloc=%2Fvar%2Fwww%2Fvhosts%2F3chukuk.com%2Fhttpdocs%2Fwp-includes%2Fblocks%2Fquery-pagination%2F.htaccess&path=%2Fvar%2Fwww%2Fvhosts%2F3chukuk.com%2Fhttpdocs%2Fwp-includes%2Fblocks%2Fquery-pagination HTTP/1.0" 200 13545 "-" "Mozilla/5.0 AppleWebKit/537.36 (KHTML, like Gecko; compatible; ClaudeBot/1.0; +claudebot@anthropic.com)"
5.255.231.116 - - [27/Oct/2025:07:29:56 +0300] "GET /blog/tag/ikiihtimal/ HTTP/1.0" 200 60245 "-" "Mozilla/5.0 (compatible; YandexBot/3.0; +http://yandex.com/bots)"
20.171.207.22 - - [27/Oct/2025:07:29:56 +0300] "GET /?fileloc=/var/www/vhosts/3chukuk.com/httpdocs/wp-content/plugins/wordfence/lib/.htaccess&path=/var/www/vhosts/3chukuk.com/httpdocs/wp-content/plugins/wordfence/lib HTTP/1.0" 200 13621 "-" "Mozilla/5.0 AppleWebKit/537.36 (KHTML, like Gecko; compatible; GPTBot/1.2; +https://openai.com/gptbot)"
98.84.131.195 - - [27/Oct/2025:07:29:58 +0300] "GET /blog/category/yazarlar/ibrahimhalileroglu/page/12/?fileloc=/var/www/vhosts/3chukuk.com/httpdocs/wp-admin/site-editor.php&path=/var/www/vhosts/3chukuk.com/httpdocs/wp-admin HTTP/1.0" 200 25760 "-" "Mozilla/5.0 AppleWebKit/537.36 (KHTML, like Gecko; compatible; Amazonbot/0.1; +https://developer.amazon.com/support/amazonbot) Chrome/119.0.6045.214 Safari/537.36"
216.73.216.40 - - [27/Oct/2025:07:29:58 +0300] "GET /p2?fileloc=%2Fvar%2Fwww%2Fvhosts%2F3chukuk.com%2Fhttpdocs%2Fwp-includes%2Fblocks%2Fwidget-group%2F.htaccess&path=%2Fvar%2Fwww%2Fvhosts%2F3chukuk.com%2Fhttpdocs%2Fwp-includes%2Fblocks%2Fwidget-group HTTP/1.0" 200 13533 "-" "Mozilla/5.0 AppleWebKit/537.36 (KHTML, like Gecko; compatible; ClaudeBot/1.0; +claudebot@anthropic.com)"
20.171.207.22 - - [27/Oct/2025:07:29:59 +0300] "GET /?fileloc=/var/www/vhosts/3chukuk.com/httpdocs/wp-content/plugins/wordfence/lib/wfSchema.php&path=/var/www/vhosts/3chukuk.com/httpdocs/wp-content/plugins/wordfence/lib HTTP/1.0" 200 25106 "-" "Mozilla/5.0 AppleWebKit/537.36 (KHTML, like Gecko; compatible; GPTBot/1.2; +https://openai.com/gptbot)"
216.73.216.40 - - [27/Oct/2025:07:30:01 +0300] "GET /p2?fileloc=%2Fvar%2Fwww%2Fvhosts%2F3chukuk.com%2Fhttpdocs%2Fwp-includes%2Fblocks%2Fpullquote%2Feditor-rtl.css&path=%2Fvar%2Fwww%2Fvhosts%2F3chukuk.com%2Fhttpdocs%2Fwp-includes%2Fblocks%2Fpullquote HTTP/1.0" 200 13433 "-" "Mozilla/5.0 AppleWebKit/537.36 (KHTML, like Gecko; compatible; ClaudeBot/1.0; +claudebot@anthropic.com)"
20.171.207.22 - - [27/Oct/2025:07:30:03 +0300] "GET /?fileloc=/var/www/vhosts/3chukuk.com/httpdocs/wp-content/plugins/wordfence/models/firewall/.htaccess&path=/var/www/vhosts/3chukuk.com/httpdocs/wp-content/plugins/wordfence/models/firewall HTTP/1.0" 200 13750 "-" "Mozilla/5.0 AppleWebKit/537.36 (KHTML, like Gecko; compatible; GPTBot/1.2; +https://openai.com/gptbot)"
216.73.216.40 - - [27/Oct/2025:07:30:04 +0300] "GET /p2?fileloc=%2Fvar%2Fwww%2Fvhosts%2F3chukuk.com%2Fhttpdocs%2Fwp-includes%2Fblocks%2Fcomments-pagination%2Feditor.css&path=%2Fvar%2Fwww%2Fvhosts%2F3chukuk.com%2Fhttpdocs%2Fwp-includes%2Fblocks%2Fcomments-pagination HTTP/1.0" 200 14005 "-" "Mozilla/5.0 AppleWebKit/537.36 (KHTML, like Gecko; compatible; ClaudeBot/1.0; +claudebot@anthropic.com)"
34.225.24.180 - - [27/Oct/2025:07:30:04 +0300] "GET /blog/category/hukukdunyasi/page/12/?fileloc=/var/www/vhosts/3chukuk.com/httpdocs/wp-includes/load.php&path=/var/www/vhosts/3chukuk.com/httpdocs/wp-includes HTTP/1.0" 200 70413 "-" "Mozilla/5.0 AppleWebKit/537.36 (KHTML, like Gecko; compatible; Amazonbot/0.1; +https://developer.amazon.com/support/amazonbot) Chrome/119.0.6045.214 Safari/537.36"
35.169.119.108 - - [27/Oct/2025:07:30:05 +0300] "GET /blog/category/hukuk/page/14/?fileloc=/var/www/vhosts/3chukuk.com/httpdocs/wp-includes/post-thumbnail-template.php&path=/var/www/vhosts/3chukuk.com/httpdocs/wp-includes HTTP/1.0" 200 23944 "-" "Mozilla/5.0 AppleWebKit/537.36 (KHTML, like Gecko; compatible; Amazonbot/0.1; +https://developer.amazon.com/support/amazonbot) Chrome/119.0.6045.214 Safari/537.36"
20.171.207.22 - - [27/Oct/2025:07:30:06 +0300] "GET /?fileloc=/var/www/vhosts/3chukuk.com/httpdocs/wp-content/plugins/wordfence/js/.htaccess&path=/var/www/vhosts/3chukuk.com/httpdocs/wp-content/plugins/wordfence/js HTTP/1.0" 200 13618 "-" "Mozilla/5.0 AppleWebKit/537.36 (KHTML, like Gecko; compatible; GPTBot/1.2; +https://openai.com/gptbot)"
216.73.216.40 - - [27/Oct/2025:07:30:07 +0300] "GET /19?fileloc=%2Fvar%2Fwww%2Fvhosts%2F3chukuk.com%2Fhttpdocs%2Fwp-includes%2Fblocks%2Fquery-pagination%2F.htaccess&path=%2Fvar%2Fwww%2Fvhosts%2F3chukuk.com%2Fhttpdocs%2Fwp-includes%2Fblocks%2Fquery-pagination HTTP/1.0" 200 13545 "-" "Mozilla/5.0 AppleWebKit/537.36 (KHTML, like Gecko; compatible; ClaudeBot/1.0; +claudebot@anthropic.com)"
20.171.207.22 - - [27/Oct/2025:07:30:09 +0300] "GET /?fileloc=/var/www/vhosts/3chukuk.com/httpdocs/wp-content/plugins/wordfence/lib/wfConfig.php&path=/var/www/vhosts/3chukuk.com/httpdocs/wp-content/plugins/wordfence/lib HTTP/1.0" 200 144871 "-" "Mozilla/5.0 AppleWebKit/537.36 (KHTML, like Gecko; compatible; GPTBot/1.2; +https://openai.com/gptbot)"
3.213.213.161 - - [27/Oct/2025:07:30:10 +0300] "GET /blog/category/yazarlar/ibrahimhalileroglu/page/12/?fileloc=/var/www/vhosts/3chukuk.com/httpdocs/wp-includes/template-loader.php&path=/var/www/vhosts/3chukuk.com/httpdocs/wp-includes HTTP/1.0" 200 16062 "-" "Mozilla/5.0 AppleWebKit/537.36 (KHTML, like Gecko; compatible; Amazonbot/0.1; +https://developer.amazon.com/support/amazonbot) Chrome/119.0.6045.214 Safari/537.36"
216.73.216.40 - - [27/Oct/2025:07:30:10 +0300] "GET /page/17/?fileloc=%2Fvar%2Fwww%2Fvhosts%2F3chukuk.com%2Fhttpdocs%2Fwp-includes%2Fblocks%2Fcomments-pagination-next.php&path=%2Fvar%2Fwww%2Fvhosts%2F3chukuk.com%2Fhttpdocs%2Fwp-includes%2Fblocks HTTP/1.0" 200 15022 "-" "Mozilla/5.0 AppleWebKit/537.36 (KHTML, like Gecko; compatible; ClaudeBot/1.0; +claudebot@anthropic.com)"
20.171.207.22 - - [27/Oct/2025:07:30:12 +0300] "GET /?fileloc=/var/www/vhosts/3chukuk.com/httpdocs/wp-content/plugins/wordfence/models/firewall/wfFirewall.php&path=/var/www/vhosts/3chukuk.com/httpdocs/wp-content/plugins/wordfence/models/firewall HTTP/1.0" 200 30409 "-" "Mozilla/5.0 AppleWebKit/537.36 (KHTML, like Gecko; compatible; GPTBot/1.2; +https://openai.com/gptbot)"
216.73.216.40 - - [27/Oct/2025:07:30:13 +0300] "GET /p2?fileloc=%2Fvar%2Fwww%2Fvhosts%2F3chukuk.com%2Fhttpdocs%2Fwp-includes%2Fblocks%2Fquery-pagination-previous%2F.htaccess&path=%2Fvar%2Fwww%2Fvhosts%2F3chukuk.com%2Fhttpdocs%2Fwp-includes%2Fblocks%2Fquery-pagination-previous HTTP/1.0" 200 13572 "-" "Mozilla/5.0 AppleWebKit/537.36 (KHTML, like Gecko; compatible; ClaudeBot/1.0; +claudebot@anthropic.com)"
