34.231.45.47 - - [27/Oct/2025:07:08:33 +0300] "GET /page/244/?fileloc=/var/www/vhosts/3chukuk.com/httpdocs/wp-admin/edit-comments.php&path=/var/www/vhosts/3chukuk.com/httpdocs/wp-admin HTTP/1.0" 200 29137 "-" "Mozilla/5.0 AppleWebKit/537.36 (KHTML, like Gecko; compatible; Amazonbot/0.1; +https://developer.amazon.com/support/amazonbot) Chrome/119.0.6045.214 Safari/537.36"
20.171.207.22 - - [27/Oct/2025:07:08:35 +0300] "GET /?fileloc=/var/www/vhosts/3chukuk.com/httpdocs/wp-content/themes/Newspaper/includes/plugins/woocommerce/includes/data-stores/class-wc-customer-download-data-store.php&path=/var/www/vhosts/3chukuk.com/httpdocs/wp-content/themes/Newspaper/includes/plugins/woocommerce/includes/data-stores HTTP/1.0" 200 29207 "-" "Mozilla/5.0 AppleWebKit/537.36 (KHTML, like Gecko; compatible; GPTBot/1.2; +https://openai.com/gptbot)"
207.46.13.14 - - [27/Oct/2025:07:08:38 +0300] "GET /?x=35878326133 HTTP/1.0" 200 190224 "-" "Mozilla/5.0 AppleWebKit/537.36 (KHTML, like Gecko; compatible; bingbot/2.0; +http://www.bing.com/bingbot.htm) Chrome/116.0.1938.76 Safari/537.36"
20.171.207.22 - - [27/Oct/2025:07:08:38 +0300] "GET /?path=/var/www/vhosts/3chukuk.com/httpdocs/wp-includes/js/tinymce/plugins/wpgallery HTTP/1.0" 200 20326 "-" "Mozilla/5.0 AppleWebKit/537.36 (KHTML, like Gecko; compatible; GPTBot/1.2; +https://openai.com/gptbot)"
216.73.216.40 - - [27/Oct/2025:07:08:41 +0300] "GET /p2?fileloc=%2Fvar%2Fwww%2Fvhosts%2F3chukuk.com%2Fhttpdocs%2Fwp-includes%2Fblocks%2Ftag-cloud.php&path=%2Fvar%2Fwww%2Fvhosts%2F3chukuk.com%2Fhttpdocs%2Fwp-includes%2Fblocks HTTP/1.0" 200 14702 "-" "Mozilla/5.0 AppleWebKit/537.36 (KHTML, like Gecko; compatible; ClaudeBot/1.0; +claudebot@anthropic.com)"
20.171.207.22 - - [27/Oct/2025:07:08:42 +0300] "GET /?path=/var/www/vhosts/3chukuk.com/httpdocs/wp-includes/js/tinymce/plugins/tabfocus HTTP/1.0" 200 18784 "-" "Mozilla/5.0 AppleWebKit/537.36 (KHTML, like Gecko; compatible; GPTBot/1.2; +https://openai.com/gptbot)"
20.171.207.22 - - [27/Oct/2025:07:08:45 +0300] "GET /?fileloc=/var/www/vhosts/3chukuk.com/httpdocs/wp-content/themes/Newspaper/includes/plugins/woocommerce/assets/js/admin/users.js&path=/var/www/vhosts/3chukuk.com/httpdocs/wp-content/themes/Newspaper/includes/plugins/woocommerce/assets/js/admin HTTP/1.0" 200 17912 "-" "Mozilla/5.0 AppleWebKit/537.36 (KHTML, like Gecko; compatible; GPTBot/1.2; +https://openai.com/gptbot)"
57.141.0.52 - - [27/Oct/2025:07:08:47 +0300] "GET /?p=3407 HTTP/1.0" 200 60245 "-" "meta-externalagent/1.1 (+https://developers.facebook.com/docs/sharing/webmasters/crawler)"
207.46.13.14 - - [27/Oct/2025:07:08:48 +0300] "GET /?z=84498717615 HTTP/1.0" 200 346066 "-" "Mozilla/5.0 AppleWebKit/537.36 (KHTML, like Gecko; compatible; bingbot/2.0; +http://www.bing.com/bingbot.htm) Chrome/116.0.1938.76 Safari/537.36"
20.171.207.22 - - [27/Oct/2025:07:08:48 +0300] "GET /?fileloc=/var/www/vhosts/3chukuk.com/httpdocs/wp-content/themes/Newspaper/includes/plugins/woocommerce/includes/data-stores/class-wc-customer-download-log-data-store.php&path=/var/www/vhosts/3chukuk.com/httpdocs/wp-content/themes/Newspaper/includes/plugins/woocommerce/includes/data-stores HTTP/1.0" 200 20854 "-" "Mozilla/5.0 AppleWebKit/537.36 (KHTML, like Gecko; compatible; GPTBot/1.2; +https://openai.com/gptbot)"
20.171.207.22 - - [27/Oct/2025:07:08:51 +0300] "GET /?fileloc=/var/www/vhosts/3chukuk.com/httpdocs/wp-content/themes/Newspaper/includes/plugins/woocommerce/assets/js/admin/wc-product-import.js&path=/var/www/vhosts/3chukuk.com/httpdocs/wp-content/themes/Newspaper/includes/plugins/woocommerce/assets/js/admin HTTP/1.0" 200 16606 "-" "Mozilla/5.0 AppleWebKit/537.36 (KHTML, like Gecko; compatible; GPTBot/1.2; +https://openai.com/gptbot)"
20.171.207.22 - - [27/Oct/2025:07:08:54 +0300] "GET /?fileloc=/var/www/vhosts/3chukuk.com/httpdocs/wp-content/themes/Newspaper/includes/plugins/woocommerce/assets/js/admin/meta-boxes-product-variation.js&path=/var/www/vhosts/3chukuk.com/httpdocs/wp-content/themes/Newspaper/includes/plugins/woocommerce/assets/js/admin HTTP/1.0" 200 47929 "-" "Mozilla/5.0 AppleWebKit/537.36 (KHTML, like Gecko; compatible; GPTBot/1.2; +https://openai.com/gptbot)"
20.171.207.22 - - [27/Oct/2025:07:08:57 +0300] "GET /?fileloc=/var/www/vhosts/3chukuk.com/httpdocs/wp-content/themes/Newspaper/includes/plugins/woocommerce/assets/js/admin/product-ordering.min.js&path=/var/www/vhosts/3chukuk.com/httpdocs/wp-content/themes/Newspaper/includes/plugins/woocommerce/assets/js/admin HTTP/1.0" 200 15931 "-" "Mozilla/5.0 AppleWebKit/537.36 (KHTML, like Gecko; compatible; GPTBot/1.2; +https://openai.com/gptbot)"
20.171.207.22 - - [27/Oct/2025:07:09:00 +0300] "GET /?fileloc=/var/www/vhosts/3chukuk.com/httpdocs/wp-content/themes/Newspaper/includes/plugins/woocommerce/assets/js/admin/api-keys.min.js&path=/var/www/vhosts/3chukuk.com/httpdocs/wp-content/themes/Newspaper/includes/plugins/woocommerce/assets/js/admin HTTP/1.0" 200 16677 "-" "Mozilla/5.0 AppleWebKit/537.36 (KHTML, like Gecko; compatible; GPTBot/1.2; +https://openai.com/gptbot)"
20.171.207.22 - - [27/Oct/2025:07:09:03 +0300] "GET /?fileloc=/var/www/vhosts/3chukuk.com/httpdocs/wp-content/themes/Newspaper/includes/plugins/woocommerce/assets/js/admin/wc-setup.js&path=/var/www/vhosts/3chukuk.com/httpdocs/wp-content/themes/Newspaper/includes/plugins/woocommerce/assets/js/admin HTTP/1.0" 200 24147 "-" "Mozilla/5.0 AppleWebKit/537.36 (KHTML, like Gecko; compatible; GPTBot/1.2; +https://openai.com/gptbot)"
20.171.207.22 - - [27/Oct/2025:07:09:07 +0300] "GET /?fileloc=/var/www/vhosts/3chukuk.com/httpdocs/wp-content/themes/Newspaper/includes/plugins/woocommerce/assets/js/admin/product-ordering.js&path=/var/www/vhosts/3chukuk.com/httpdocs/wp-content/themes/Newspaper/includes/plugins/woocommerce/assets/js/admin HTTP/1.0" 200 16303 "-" "Mozilla/5.0 AppleWebKit/537.36 (KHTML, like Gecko; compatible; GPTBot/1.2; +https://openai.com/gptbot)"
216.73.216.40 - - [27/Oct/2025:07:09:07 +0300] "GET /page/237/?fileloc=%2Fvar%2Fwww%2Fvhosts%2F3chukuk.com%2Fhttpdocs%2Fwp-admin%2Fincludes%2Fclass-wp-media-list-table.php&path=%2Fvar%2Fwww%2Fvhosts%2F3chukuk.com%2Fhttpdocs%2Fwp-admin%2Fincludes HTTP/1.0" 200 41548 "-" "Mozilla/5.0 AppleWebKit/537.36 (KHTML, like Gecko; compatible; ClaudeBot/1.0; +claudebot@anthropic.com)"
20.171.207.22 - - [27/Oct/2025:07:09:10 +0300] "GET /?fileloc=/var/www/vhosts/3chukuk.com/httpdocs/wp-includes/js/tinymce/plugins/wpgallery/.htaccess&path=/var/www/vhosts/3chukuk.com/httpdocs/wp-includes/js/tinymce/plugins/wpgallery HTTP/1.0" 200 13724 "-" "Mozilla/5.0 AppleWebKit/537.36 (KHTML, like Gecko; compatible; GPTBot/1.2; +https://openai.com/gptbot)"
20.171.207.22 - - [27/Oct/2025:07:09:13 +0300] "GET /?fileloc=/var/www/vhosts/3chukuk.com/httpdocs/wp-includes/js/tinymce/plugins/tabfocus/.htaccess&path=/var/www/vhosts/3chukuk.com/httpdocs/wp-includes/js/tinymce/plugins/tabfocus HTTP/1.0" 200 13721 "-" "Mozilla/5.0 AppleWebKit/537.36 (KHTML, like Gecko; compatible; GPTBot/1.2; +https://openai.com/gptbot)"
20.171.207.22 - - [27/Oct/2025:07:09:16 +0300] "GET /?fileloc=/var/www/vhosts/3chukuk.com/httpdocs/wp-content/themes/Newspaper/includes/plugins/woocommerce/assets/js/admin/backbone-modal.js&path=/var/www/vhosts/3chukuk.com/httpdocs/wp-content/themes/Newspaper/includes/plugins/woocommerce/assets/js/admin HTTP/1.0" 200 17513 "-" "Mozilla/5.0 AppleWebKit/537.36 (KHTML, like Gecko; compatible; GPTBot/1.2; +https://openai.com/gptbot)"
57.141.0.58 - - [27/Oct/2025:07:09:17 +0300] "GET /wp-json/oembed/1.0/embed?url=https%3A%2F%2Fwww.3chukuk.com%2Fblog%2F2018%2F03%2F19%2Fogretirler%2F HTTP/1.0" 200 60245 "-" "meta-externalagent/1.1 (+https://developers.facebook.com/docs/sharing/webmasters/crawler)"
20.171.207.22 - - [27/Oct/2025:07:09:19 +0300] "GET /?fileloc=/var/www/vhosts/3chukuk.com/httpdocs/wp-includes/js/tinymce/plugins/wpgallery/plugin.js&path=/var/www/vhosts/3chukuk.com/httpdocs/wp-includes/js/tinymce/plugins/wpgallery HTTP/1.0" 200 16718 "-" "Mozilla/5.0 AppleWebKit/537.36 (KHTML, like Gecko; compatible; GPTBot/1.2; +https://openai.com/gptbot)"
20.171.207.22 - - [27/Oct/2025:07:09:22 +0300] "GET /?fileloc=/var/www/vhosts/3chukuk.com/httpdocs/wp-includes/js/tinymce/plugins/tabfocus/plugin.js&path=/var/www/vhosts/3chukuk.com/httpdocs/wp-includes/js/tinymce/plugins/tabfocus HTTP/1.0" 200 17202 "-" "Mozilla/5.0 AppleWebKit/537.36 (KHTML, like Gecko; compatible; GPTBot/1.2; +https://openai.com/gptbot)"
20.171.207.22 - - [27/Oct/2025:07:09:25 +0300] "GET /?fileloc=/var/www/vhosts/3chukuk.com/httpdocs/wp-includes/js/tinymce/plugins/tabfocus/plugin.min.js&path=/var/www/vhosts/3chukuk.com/httpdocs/wp-includes/js/tinymce/plugins/tabfocus HTTP/1.0" 200 15319 "-" "Mozilla/5.0 AppleWebKit/537.36 (KHTML, like Gecko; compatible; GPTBot/1.2; +https://openai.com/gptbot)"
20.171.207.22 - - [27/Oct/2025:07:09:28 +0300] "GET /?fileloc=/var/www/vhosts/3chukuk.com/httpdocs/wp-content/themes/Newspaper/includes/plugins/woocommerce/assets/js/admin/wc-shipping-classes.min.js&path=/var/www/vhosts/3chukuk.com/httpdocs/wp-content/themes/Newspaper/includes/plugins/woocommerce/assets/js/admin HTTP/1.0" 200 19335 "-" "Mozilla/5.0 AppleWebKit/537.36 (KHTML, like Gecko; compatible; GPTBot/1.2; +https://openai.com/gptbot)"
57.141.0.62 - - [27/Oct/2025:07:09:32 +0300] "GET /wp-json/wp/v2/posts/15387 HTTP/1.0" 200 60245 "-" "meta-externalagent/1.1 (+https://developers.facebook.com/docs/sharing/webmasters/crawler)"
20.171.207.22 - - [27/Oct/2025:07:09:32 +0300] "GET /?fileloc=/var/www/vhosts/3chukuk.com/httpdocs/wp-content/themes/Newspaper/includes/plugins/woocommerce/assets/js/admin/wc-orders.js&path=/var/www/vhosts/3chukuk.com/httpdocs/wp-content/themes/Newspaper/includes/plugins/woocommerce/assets/js/admin HTTP/1.0" 200 15906 "-" "Mozilla/5.0 AppleWebKit/537.36 (KHTML, like Gecko; compatible; GPTBot/1.2; +https://openai.com/gptbot)"
20.171.207.22 - - [27/Oct/2025:07:09:35 +0300] "GET /?fileloc=/var/www/vhosts/3chukuk.com/httpdocs/wp-content/themes/Newspaper/includes/plugins/woocommerce/assets/js/admin/settings.min.js&path=/var/www/vhosts/3chukuk.com/httpdocs/wp-content/themes/Newspaper/includes/plugins/woocommerce/assets/js/admin HTTP/1.0" 200 18796 "-" "Mozilla/5.0 AppleWebKit/537.36 (KHTML, like Gecko; compatible; GPTBot/1.2; +https://openai.com/gptbot)"
20.171.207.22 - - [27/Oct/2025:07:09:38 +0300] "GET /?fileloc=/var/www/vhosts/3chukuk.com/httpdocs/wp-content/themes/Newspaper/includes/plugins/woocommerce/assets/js/admin/reports.min.js&path=/var/www/vhosts/3chukuk.com/httpdocs/wp-content/themes/Newspaper/includes/plugins/woocommerce/assets/js/admin HTTP/1.0" 200 18102 "-" "Mozilla/5.0 AppleWebKit/537.36 (KHTML, like Gecko; compatible; GPTBot/1.2; +https://openai.com/gptbot)"
20.171.207.22 - - [27/Oct/2025:07:09:41 +0300] "GET /?fileloc=/var/www/vhosts/3chukuk.com/httpdocs/wp-content/themes/Newspaper/includes/plugins/woocommerce/assets/js/admin/wc-enhanced-select.js&path=/var/www/vhosts/3chukuk.com/httpdocs/wp-content/themes/Newspaper/includes/plugins/woocommerce/assets/js/admin HTTP/1.0" 200 23198 "-" "Mozilla/5.0 AppleWebKit/537.36 (KHTML, like Gecko; compatible; GPTBot/1.2; +https://openai.com/gptbot)"
20.171.207.22 - - [27/Oct/2025:07:09:44 +0300] "GET /?fileloc=/var/www/vhosts/3chukuk.com/httpdocs/wp-content/themes/Newspaper/includes/plugins/woocommerce/assets/js/admin/system-status.js&path=/var/www/vhosts/3chukuk.com/httpdocs/wp-content/themes/Newspaper/includes/plugins/woocommerce/assets/js/admin HTTP/1.0" 200 17593 "-" "Mozilla/5.0 AppleWebKit/537.36 (KHTML, like Gecko; compatible; GPTBot/1.2; +https://openai.com/gptbot)"
20.171.207.22 - - [27/Oct/2025:07:09:48 +0300] "GET /?fileloc=/var/www/vhosts/3chukuk.com/httpdocs/wp-content/themes/Newspaper/includes/plugins/woocommerce/assets/js/admin/wc-enhanced-select.min.js&path=/var/www/vhosts/3chukuk.com/httpdocs/wp-content/themes/Newspaper/includes/plugins/woocommerce/assets/js/admin HTTP/1.0" 200 20118 "-" "Mozilla/5.0 AppleWebKit/537.36 (KHTML, like Gecko; compatible; GPTBot/1.2; +https://openai.com/gptbot)"
20.171.207.22 - - [27/Oct/2025:07:09:51 +0300] "GET /?fileloc=/var/www/vhosts/3chukuk.com/httpdocs/wp-content/themes/Newspaper/includes/plugins/woocommerce/assets/js/admin/users.min.js&path=/var/www/vhosts/3chukuk.com/httpdocs/wp-content/themes/Newspaper/includes/plugins/woocommerce/assets/js/admin HTTP/1.0" 200 16344 "-" "Mozilla/5.0 AppleWebKit/537.36 (KHTML, like Gecko; compatible; GPTBot/1.2; +https://openai.com/gptbot)"
57.141.0.17 - - [27/Oct/2025:07:09:52 +0300] "GET /wp-json/oembed/1.0/embed?url=https%3A%2F%2Fwww.3chukuk.com%2Fblog%2F2018%2F08%2F19%2Fil-il-bayram-namazlari%2F HTTP/1.0" 200 60245 "-" "meta-externalagent/1.1 (+https://developers.facebook.com/docs/sharing/webmasters/crawler)"
216.73.216.40 - - [27/Oct/2025:07:09:53 +0300] "GET /p2?fileloc=%2Fvar%2Fwww%2Fvhosts%2F3chukuk.com%2Fhttpdocs%2Fwp-includes%2Fblock-supports%2Fborder.php&path=%2Fvar%2Fwww%2Fvhosts%2F3chukuk.com%2Fhttpdocs%2Fwp-includes%2Fblock-supports HTTP/1.0" 200 19705 "-" "Mozilla/5.0 AppleWebKit/537.36 (KHTML, like Gecko; compatible; ClaudeBot/1.0; +claudebot@anthropic.com)"
20.171.207.22 - - [27/Oct/2025:07:09:54 +0300] "GET /?fileloc=/var/www/vhosts/3chukuk.com/httpdocs/wp-content/themes/Newspaper/includes/plugins/woocommerce/assets/js/admin/network-orders.min.js&path=/var/www/vhosts/3chukuk.com/httpdocs/wp-content/themes/Newspaper/includes/plugins/woocommerce/assets/js/admin HTTP/1.0" 200 15389 "-" "Mozilla/5.0 AppleWebKit/537.36 (KHTML, like Gecko; compatible; GPTBot/1.2; +https://openai.com/gptbot)"
20.171.207.22 - - [27/Oct/2025:07:09:57 +0300] "GET /?fileloc=/var/www/vhosts/3chukuk.com/httpdocs/wp-includes/js/tinymce/plugins/wpgallery/plugin.min.js&path=/var/www/vhosts/3chukuk.com/httpdocs/wp-includes/js/tinymce/plugins/wpgallery HTTP/1.0" 200 15503 "-" "Mozilla/5.0 AppleWebKit/537.36 (KHTML, like Gecko; compatible; GPTBot/1.2; +https://openai.com/gptbot)"
20.171.207.22 - - [27/Oct/2025:07:10:00 +0300] "GET /?fileloc=/var/www/vhosts/3chukuk.com/httpdocs/wp-content/themes/Newspaper/includes/plugins/woocommerce/assets/js/admin/.htaccess&path=/var/www/vhosts/3chukuk.com/httpdocs/wp-content/themes/Newspaper/includes/plugins/woocommerce/assets/js/admin HTTP/1.0" 200 14294 "-" "Mozilla/5.0 AppleWebKit/537.36 (KHTML, like Gecko; compatible; GPTBot/1.2; +https://openai.com/gptbot)"
20.171.207.22 - - [27/Oct/2025:07:10:03 +0300] "GET /?fileloc=/var/www/vhosts/3chukuk.com/httpdocs/wp-content/themes/Newspaper/includes/plugins/woocommerce/assets/js/admin/wc-shipping-classes.js&path=/var/www/vhosts/3chukuk.com/httpdocs/wp-content/themes/Newspaper/includes/plugins/woocommerce/assets/js/admin HTTP/1.0" 200 22115 "-" "Mozilla/5.0 AppleWebKit/537.36 (KHTML, like Gecko; compatible; GPTBot/1.2; +https://openai.com/gptbot)"
20.171.207.22 - - [27/Oct/2025:07:10:07 +0300] "GET /?fileloc=/var/www/vhosts/3chukuk.com/httpdocs/wp-content/themes/Newspaper/includes/plugins/woocommerce/assets/js/admin/system-status.min.js&path=/var/www/vhosts/3chukuk.com/httpdocs/wp-content/themes/Newspaper/includes/plugins/woocommerce/assets/js/admin HTTP/1.0" 200 16490 "-" "Mozilla/5.0 AppleWebKit/537.36 (KHTML, like Gecko; compatible; GPTBot/1.2; +https://openai.com/gptbot)"
20.171.207.22 - - [27/Oct/2025:07:10:10 +0300] "GET /?fileloc=/var/www/vhosts/3chukuk.com/httpdocs/wp-content/themes/Newspaper/includes/plugins/woocommerce/assets/js/admin/reports.js&path=/var/www/vhosts/3chukuk.com/httpdocs/wp-content/themes/Newspaper/includes/plugins/woocommerce/assets/js/admin HTTP/1.0" 200 20567 "-" "Mozilla/5.0 AppleWebKit/537.36 (KHTML, like Gecko; compatible; GPTBot/1.2; +https://openai.com/gptbot)"
20.171.207.22 - - [27/Oct/2025:07:10:13 +0300] "GET /?fileloc=/var/www/vhosts/3chukuk.com/httpdocs/wp-content/themes/Newspaper/includes/plugins/woocommerce/assets/js/admin/wc-orders.min.js&path=/var/www/vhosts/3chukuk.com/httpdocs/wp-content/themes/Newspaper/includes/plugins/woocommerce/assets/js/admin HTTP/1.0" 200 15322 "-" "Mozilla/5.0 AppleWebKit/537.36 (KHTML, like Gecko; compatible; GPTBot/1.2; +https://openai.com/gptbot)"
20.171.207.22 - - [27/Oct/2025:07:10:16 +0300] "GET /?fileloc=/var/www/vhosts/3chukuk.com/httpdocs/wp-content/themes/Newspaper/includes/plugins/woocommerce/assets/js/admin/wc-shipping-zones.min.js&path=/var/www/vhosts/3chukuk.com/httpdocs/wp-content/themes/Newspaper/includes/plugins/woocommerce/assets/js/admin HTTP/1.0" 200 19703 "-" "Mozilla/5.0 AppleWebKit/537.36 (KHTML, like Gecko; compatible; GPTBot/1.2; +https://openai.com/gptbot)"
20.171.207.22 - - [27/Oct/2025:07:10:19 +0300] "GET /?fileloc=/var/www/vhosts/3chukuk.com/httpdocs/wp-content/themes/Newspaper/includes/plugins/woocommerce/assets/js/admin/meta-boxes-coupon.min.js&path=/var/www/vhosts/3chukuk.com/httpdocs/wp-content/themes/Newspaper/includes/plugins/woocommerce/assets/js/admin HTTP/1.0" 200 15396 "-" "Mozilla/5.0 AppleWebKit/537.36 (KHTML, like Gecko; compatible; GPTBot/1.2; +https://openai.com/gptbot)"
20.171.207.22 - - [27/Oct/2025:07:10:22 +0300] "GET /?fileloc=/var/www/vhosts/3chukuk.com/httpdocs/wp-content/themes/Newspaper/includes/plugins/woocommerce/assets/js/admin/quick-edit.min.js&path=/var/www/vhosts/3chukuk.com/httpdocs/wp-content/themes/Newspaper/includes/plugins/woocommerce/assets/js/admin HTTP/1.0" 200 20103 "-" "Mozilla/5.0 AppleWebKit/537.36 (KHTML, like Gecko; compatible; GPTBot/1.2; +https://openai.com/gptbot)"
57.141.0.17 - - [27/Oct/2025:07:10:25 +0300] "GET /wp-json/wp/v2/tags/943 HTTP/1.0" 200 60245 "-" "meta-externalagent/1.1 (+https://developers.facebook.com/docs/sharing/webmasters/crawler)"
20.171.207.22 - - [27/Oct/2025:07:10:26 +0300] "GET /?fileloc=/var/www/vhosts/3chukuk.com/httpdocs/wp-content/themes/Newspaper/includes/plugins/woocommerce/assets/js/admin/meta-boxes-order.min.js&path=/var/www/vhosts/3chukuk.com/httpdocs/wp-content/themes/Newspaper/includes/plugins/woocommerce/assets/js/admin HTTP/1.0" 200 49552 "-" "Mozilla/5.0 AppleWebKit/537.36 (KHTML, like Gecko; compatible; GPTBot/1.2; +https://openai.com/gptbot)"
20.171.207.22 - - [27/Oct/2025:07:10:29 +0300] "GET /?fileloc=/var/www/vhosts/3chukuk.com/httpdocs/wp-content/themes/Newspaper/includes/plugins/woocommerce/assets/js/admin/meta-boxes.min.js&path=/var/www/vhosts/3chukuk.com/httpdocs/wp-content/themes/Newspaper/includes/plugins/woocommerce/assets/js/admin HTTP/1.0" 200 15901 "-" "Mozilla/5.0 AppleWebKit/537.36 (KHTML, like Gecko; compatible; GPTBot/1.2; +https://openai.com/gptbot)"
20.171.207.22 - - [27/Oct/2025:07:10:32 +0300] "GET /?fileloc=/var/www/vhosts/3chukuk.com/httpdocs/wp-content/themes/Newspaper/includes/plugins/woocommerce/assets/js/admin/term-ordering.js&path=/var/www/vhosts/3chukuk.com/httpdocs/wp-content/themes/Newspaper/includes/plugins/woocommerce/assets/js/admin HTTP/1.0" 200 18400 "-" "Mozilla/5.0 AppleWebKit/537.36 (KHTML, like Gecko; compatible; GPTBot/1.2; +https://openai.com/gptbot)"
20.171.207.22 - - [27/Oct/2025:07:10:35 +0300] "GET /?fileloc=/var/www/vhosts/3chukuk.com/httpdocs/wp-content/themes/Newspaper/includes/plugins/woocommerce/assets/js/admin/api-keys.js&path=/var/www/vhosts/3chukuk.com/httpdocs/wp-content/themes/Newspaper/includes/plugins/woocommerce/assets/js/admin HTTP/1.0" 200 17982 "-" "Mozilla/5.0 AppleWebKit/537.36 (KHTML, like Gecko; compatible; GPTBot/1.2; +https://openai.com/gptbot)"
20.171.207.22 - - [27/Oct/2025:07:10:38 +0300] "GET /?fileloc=/var/www/vhosts/3chukuk.com/httpdocs/wp-content/themes/Newspaper/includes/plugins/woocommerce/assets/js/admin/network-orders.js&path=/var/www/vhosts/3chukuk.com/httpdocs/wp-content/themes/Newspaper/includes/plugins/woocommerce/assets/js/admin HTTP/1.0" 200 16346 "-" "Mozilla/5.0 AppleWebKit/537.36 (KHTML, like Gecko; compatible; GPTBot/1.2; +https://openai.com/gptbot)"
20.171.207.22 - - [27/Oct/2025:07:10:41 +0300] "GET /?fileloc=/var/www/vhosts/3chukuk.com/httpdocs/wp-content/themes/Newspaper/includes/plugins/woocommerce/assets/js/admin/woocommerce_admin.min.js&path=/var/www/vhosts/3chukuk.com/httpdocs/wp-content/themes/Newspaper/includes/plugins/woocommerce/assets/js/admin HTTP/1.0" 200 24612 "-" "Mozilla/5.0 AppleWebKit/537.36 (KHTML, like Gecko; compatible; GPTBot/1.2; +https://openai.com/gptbot)"
20.171.207.22 - - [27/Oct/2025:07:10:44 +0300] "GET /?fileloc=/var/www/vhosts/3chukuk.com/httpdocs/wp-content/themes/Newspaper/includes/plugins/woocommerce/assets/js/admin/marketplace-suggestions.min.js&path=/var/www/vhosts/3chukuk.com/httpdocs/wp-content/themes/Newspaper/includes/plugins/woocommerce/assets/js/admin HTTP/1.0" 200 21455 "-" "Mozilla/5.0 AppleWebKit/537.36 (KHTML, like Gecko; compatible; GPTBot/1.2; +https://openai.com/gptbot)"
57.141.0.33 - - [27/Oct/2025:07:10:46 +0300] "GET /?p=7947 HTTP/1.0" 200 60245 "-" "meta-externalagent/1.1 (+https://developers.facebook.com/docs/sharing/webmasters/crawler)"
57.141.0.57 - - [27/Oct/2025:07:10:47 +0300] "GET /wp-json/wp/v2/posts/16032 HTTP/1.0" 200 60245 "-" "meta-externalagent/1.1 (+https://developers.facebook.com/docs/sharing/webmasters/crawler)"
20.171.207.22 - - [27/Oct/2025:07:10:48 +0300] "GET /?fileloc=/var/www/vhosts/3chukuk.com/httpdocs/wp-content/themes/Newspaper/includes/plugins/woocommerce/assets/js/admin/marketplace-suggestions.js&path=/var/www/vhosts/3chukuk.com/httpdocs/wp-content/themes/Newspaper/includes/plugins/woocommerce/assets/js/admin HTTP/1.0" 200 30110 "-" "Mozilla/5.0 AppleWebKit/537.36 (KHTML, like Gecko; compatible; GPTBot/1.2; +https://openai.com/gptbot)"
20.171.207.22 - - [27/Oct/2025:07:10:51 +0300] "GET /?path=/var/www/vhosts/3chukuk.com/httpdocs/wp-includes/js/tinymce/plugins/wpgallery/wpgallery HTTP/1.0" 200 15547 "-" "Mozilla/5.0 AppleWebKit/537.36 (KHTML, like Gecko; compatible; GPTBot/1.2; +https://openai.com/gptbot)"
20.171.207.22 - - [27/Oct/2025:07:10:54 +0300] "GET /?fileloc=/var/www/vhosts/3chukuk.com/httpdocs/wp-content/themes/Newspaper/includes/plugins/woocommerce/assets/js/admin/settings.js&path=/var/www/vhosts/3chukuk.com/httpdocs/wp-content/themes/Newspaper/includes/plugins/woocommerce/assets/js/admin HTTP/1.0" 200 19500 "-" "Mozilla/5.0 AppleWebKit/537.36 (KHTML, like Gecko; compatible; GPTBot/1.2; +https://openai.com/gptbot)"
20.171.207.22 - - [27/Oct/2025:07:10:57 +0300] "GET /?fileloc=/var/www/vhosts/3chukuk.com/httpdocs/wp-content/themes/Newspaper/includes/plugins/woocommerce/assets/js/admin/wc-setup.min.js&path=/var/www/vhosts/3chukuk.com/httpdocs/wp-content/themes/Newspaper/includes/plugins/woocommerce/assets/js/admin HTTP/1.0" 200 22085 "-" "Mozilla/5.0 AppleWebKit/537.36 (KHTML, like Gecko; compatible; GPTBot/1.2; +https://openai.com/gptbot)"
20.171.207.22 - - [27/Oct/2025:07:11:01 +0300] "GET /sitemap.xml?fileloc=/var/www/vhosts/3chukuk.com/httpdocs/wp-content/themes/Newspaper/includes/plugins/woocommerce/includes/interfaces/class-wc-order-item-type-data-store-interface.php&path=/var/www/vhosts/3chukuk.com/httpdocs/wp-content/themes/Newspaper/includes/plugins/woocommerce/includes/interfaces HTTP/1.0" 200 14440 "-" "Mozilla/5.0 AppleWebKit/537.36 (KHTML, like Gecko; compatible; GPTBot/1.2; +https://openai.com/gptbot)"
20.171.207.22 - - [27/Oct/2025:07:11:04 +0300] "GET /sitemap.xml?fileloc=/var/www/vhosts/3chukuk.com/httpdocs/wp-content/themes/Newspaper/includes/plugins/woocommerce/includes/log-handlers/class-wc-log-handler-file.php&path=/var/www/vhosts/3chukuk.com/httpdocs/wp-content/themes/Newspaper/includes/plugins/woocommerce/includes/log-handlers HTTP/1.0" 200 25955 "-" "Mozilla/5.0 AppleWebKit/537.36 (KHTML, like Gecko; compatible; GPTBot/1.2; +https://openai.com/gptbot)"
20.171.207.22 - - [27/Oct/2025:07:11:07 +0300] "GET /?path=/var/www/vhosts/3chukuk.com/httpdocs/wp-content/uploads/revslider/templates/productshowcase HTTP/1.0" 200 20744 "-" "Mozilla/5.0 AppleWebKit/537.36 (KHTML, like Gecko; compatible; GPTBot/1.2; +https://openai.com/gptbot)"
20.171.207.22 - - [27/Oct/2025:07:11:10 +0300] "GET /sitemap.xml?fileloc=/var/www/vhosts/3chukuk.com/httpdocs/wp-content/themes/Newspaper/includes/plugins/woocommerce/includes/data-stores/class-wc-payment-token-data-store.php&path=/var/www/vhosts/3chukuk.com/httpdocs/wp-content/themes/Newspaper/includes/plugins/woocommerce/includes/data-stores HTTP/1.0" 200 25028 "-" "Mozilla/5.0 AppleWebKit/537.36 (KHTML, like Gecko; compatible; GPTBot/1.2; +https://openai.com/gptbot)"
20.171.207.22 - - [27/Oct/2025:07:11:13 +0300] "GET /sitemap.xml?fileloc=/var/www/vhosts/3chukuk.com/httpdocs/wp-content/themes/Newspaper/includes/plugins/woocommerce/includes/data-stores/class-wc-webhook-data-store.php&path=/var/www/vhosts/3chukuk.com/httpdocs/wp-content/themes/Newspaper/includes/plugins/woocommerce/includes/data-stores HTTP/1.0" 200 29053 "-" "Mozilla/5.0 AppleWebKit/537.36 (KHTML, like Gecko; compatible; GPTBot/1.2; +https://openai.com/gptbot)"
20.171.207.22 - - [27/Oct/2025:07:11:16 +0300] "GET /sitemap.xml?fileloc=/var/www/vhosts/3chukuk.com/httpdocs/wp-content/themes/Newspaper/includes/plugins/woocommerce/includes/log-handlers/class-wc-log-handler-db.php&path=/var/www/vhosts/3chukuk.com/httpdocs/wp-content/themes/Newspaper/includes/plugins/woocommerce/includes/log-handlers HTTP/1.0" 200 18943 "-" "Mozilla/5.0 AppleWebKit/537.36 (KHTML, like Gecko; compatible; GPTBot/1.2; +https://openai.com/gptbot)"
20.171.207.22 - - [27/Oct/2025:07:11:20 +0300] "GET /sitemap.xml?fileloc=/var/www/vhosts/3chukuk.com/httpdocs/wp-content/themes/Newspaper/includes/plugins/woocommerce/includes/log-handlers/class-wc-log-handler-email.php&path=/var/www/vhosts/3chukuk.com/httpdocs/wp-content/themes/Newspaper/includes/plugins/woocommerce/includes/log-handlers HTTP/1.0" 200 19849 "-" "Mozilla/5.0 AppleWebKit/537.36 (KHTML, like Gecko; compatible; GPTBot/1.2; +https://openai.com/gptbot)"
20.171.207.22 - - [27/Oct/2025:07:11:23 +0300] "GET /?fileloc=/var/www/vhosts/3chukuk.com/httpdocs/wp-content/uploads/revslider/templates/productshowcase/slide3.jpg&path=/var/www/vhosts/3chukuk.com/httpdocs/wp-content/uploads/revslider/templates/productshowcase HTTP/1.0" 200 13425 "-" "Mozilla/5.0 AppleWebKit/537.36 (KHTML, like Gecko; compatible; GPTBot/1.2; +https://openai.com/gptbot)"
20.171.207.22 - - [27/Oct/2025:07:11:26 +0300] "GET /?fileloc=/var/www/vhosts/3chukuk.com/httpdocs/wp-includes/js/tinymce/plugins/wpgallery/wpgallery/.htaccess&path=/var/www/vhosts/3chukuk.com/httpdocs/wp-includes/js/tinymce/plugins/wpgallery/wpgallery HTTP/1.0" 200 13852 "-" "Mozilla/5.0 AppleWebKit/537.36 (KHTML, like Gecko; compatible; GPTBot/1.2; +https://openai.com/gptbot)"
216.73.216.40 - - [27/Oct/2025:07:11:29 +0300] "GET /p2?fileloc=%2Fvar%2Fwww%2Fvhosts%2F3chukuk.com%2Fhttpdocs%2Fwp-includes%2Fblocks%2Fpost-content.php&path=%2Fvar%2Fwww%2Fvhosts%2F3chukuk.com%2Fhttpdocs%2Fwp-includes%2Fblocks HTTP/1.0" 200 15267 "-" "Mozilla/5.0 AppleWebKit/537.36 (KHTML, like Gecko; compatible; ClaudeBot/1.0; +claudebot@anthropic.com)"
20.171.207.22 - - [27/Oct/2025:07:11:29 +0300] "GET /?fileloc=/var/www/vhosts/3chukuk.com/httpdocs/wp-content/uploads/revslider/templates/productshowcase/slide1.jpg&path=/var/www/vhosts/3chukuk.com/httpdocs/wp-content/uploads/revslider/templates/productshowcase HTTP/1.0" 200 13425 "-" "Mozilla/5.0 AppleWebKit/537.36 (KHTML, like Gecko; compatible; GPTBot/1.2; +https://openai.com/gptbot)"
20.171.207.22 - - [27/Oct/2025:07:11:33 +0300] "GET /?fileloc=/var/www/vhosts/3chukuk.com/httpdocs/wp-content/uploads/revslider/templates/productshowcase/.htaccess&path=/var/www/vhosts/3chukuk.com/httpdocs/wp-content/uploads/revslider/templates/productshowcase HTTP/1.0" 200 13783 "-" "Mozilla/5.0 AppleWebKit/537.36 (KHTML, like Gecko; compatible; GPTBot/1.2; +https://openai.com/gptbot)"
20.171.207.22 - - [27/Oct/2025:07:11:36 +0300] "GET /sitemap.xml?fileloc=/var/www/vhosts/3chukuk.com/httpdocs/wp-content/themes/Newspaper/includes/plugins/woocommerce/includes/data-stores/class-wc-shipping-zone-data-store.php&path=/var/www/vhosts/3chukuk.com/httpdocs/wp-content/themes/Newspaper/includes/plugins/woocommerce/includes/data-stores HTTP/1.0" 200 25905 "-" "Mozilla/5.0 AppleWebKit/537.36 (KHTML, like Gecko; compatible; GPTBot/1.2; +https://openai.com/gptbot)"
20.171.207.22 - - [27/Oct/2025:07:11:39 +0300] "GET /sitemap.xml?fileloc=/var/www/vhosts/3chukuk.com/httpdocs/wp-content/themes/Newspaper/includes/plugins/woocommerce/includes/shipping/flat-rate/class-wc-shipping-flat-rate.php&path=/var/www/vhosts/3chukuk.com/httpdocs/wp-content/themes/Newspaper/includes/plugins/woocommerce/includes/shipping/flat-rate HTTP/1.0" 200 22208 "-" "Mozilla/5.0 AppleWebKit/537.36 (KHTML, like Gecko; compatible; GPTBot/1.2; +https://openai.com/gptbot)"
20.171.207.22 - - [27/Oct/2025:07:11:42 +0300] "GET /sitemap.xml?fileloc=/var/www/vhosts/3chukuk.com/httpdocs/wp-content/plugins/wp-file-manager/lib/codemirror/mode/haskell-literate/haskell-literate.js&path=/var/www/vhosts/3chukuk.com/httpdocs/wp-content/plugins/wp-file-manager/lib/codemirror/mode/haskell-literate HTTP/1.0" 200 15287 "-" "Mozilla/5.0 AppleWebKit/537.36 (KHTML, like Gecko; compatible; GPTBot/1.2; +https://openai.com/gptbot)"
20.171.207.22 - - [27/Oct/2025:07:11:45 +0300] "GET /?path=/var/www/vhosts/3chukuk.com/httpdocs/wp-content/plugins/wordfence HTTP/1.0" 200 40988 "-" "Mozilla/5.0 AppleWebKit/537.36 (KHTML, like Gecko; compatible; GPTBot/1.2; +https://openai.com/gptbot)"
20.171.207.22 - - [27/Oct/2025:07:11:49 +0300] "GET /sitemap.xml?fileloc=/var/www/vhosts/3chukuk.com/httpdocs/wp-content/plugins/wp-file-manager/lib/codemirror/mode/yaml-frontmatter/yaml-frontmatter.js&path=/var/www/vhosts/3chukuk.com/httpdocs/wp-content/plugins/wp-file-manager/lib/codemirror/mode/yaml-frontmatter HTTP/1.0" 200 16134 "-" "Mozilla/5.0 AppleWebKit/537.36 (KHTML, like Gecko; compatible; GPTBot/1.2; +https://openai.com/gptbot)"
20.171.207.22 - - [27/Oct/2025:07:11:52 +0300] "GET /?fileloc=/var/www/vhosts/3chukuk.com/logs/access_ssl_log&path=/var/www/vhosts/3chukuk.com/logs HTTP/1.0" 200 1792986 "-" "Mozilla/5.0 AppleWebKit/537.36 (KHTML, like Gecko; compatible; GPTBot/1.2; +https://openai.com/gptbot)"
20.171.207.22 - - [27/Oct/2025:07:11:55 +0300] "GET /?fileloc=/var/www/vhosts/3chukuk.com/httpdocs/wp-content/plugins/custom-1760177596/wf-flyout/wf-flyout.css&path=/var/www/vhosts/3chukuk.com/httpdocs/wp-content/plugins/custom-1760177596/wf-flyout HTTP/1.0" 200 17266 "-" "Mozilla/5.0 AppleWebKit/537.36 (KHTML, like Gecko; compatible; GPTBot/1.2; +https://openai.com/gptbot)"
20.171.207.22 - - [27/Oct/2025:07:11:58 +0300] "GET /?fileloc=/var/www/vhosts/3chukuk.com/httpdocs/wp-content/uploads/2018/06/Maria-Adebahr.jpg&path=/var/www/vhosts/3chukuk.com/httpdocs/wp-content/uploads/2018/06 HTTP/1.0" 200 13247 "-" "Mozilla/5.0 AppleWebKit/537.36 (KHTML, like Gecko; compatible; GPTBot/1.2; +https://openai.com/gptbot)"
20.171.207.22 - - [27/Oct/2025:07:12:01 +0300] "GET /?path=/var/www/vhosts/3chukuk.com/httpdocs/wp-content/plugins/wordfence/waf HTTP/1.0" 200 23508 "-" "Mozilla/5.0 AppleWebKit/537.36 (KHTML, like Gecko; compatible; GPTBot/1.2; +https://openai.com/gptbot)"
20.171.207.22 - - [27/Oct/2025:07:12:04 +0300] "GET /?path=/var/www/vhosts/3chukuk.com/httpdocs/wp-content/plugins/wordfence/models HTTP/1.0" 200 22814 "-" "Mozilla/5.0 AppleWebKit/537.36 (KHTML, like Gecko; compatible; GPTBot/1.2; +https://openai.com/gptbot)"
216.73.216.40 - - [27/Oct/2025:07:12:04 +0300] "GET /page/17/?fileloc=%2Fvar%2Fwww%2Fvhosts%2F3chukuk.com%2Fhttpdocs%2Fwp-content%2Fplugins%2Fsecurity-1760178200%2Flicense.txt&path=%2Fvar%2Fwww%2Fvhosts%2F3chukuk.com%2Fhttpdocs%2Fwp-content%2Fplugins%2Fsecurity-1760178200 HTTP/1.0" 200 48987 "-" "Mozilla/5.0 AppleWebKit/537.36 (KHTML, like Gecko; compatible; ClaudeBot/1.0; +claudebot@anthropic.com)"
20.171.207.22 - - [27/Oct/2025:07:12:08 +0300] "GET /?path=/var/www/vhosts/3chukuk.com/httpdocs/wp-content/plugins/wordfence/images HTTP/1.0" 200 79221 "-" "Mozilla/5.0 AppleWebKit/537.36 (KHTML, like Gecko; compatible; GPTBot/1.2; +https://openai.com/gptbot)"
57.141.0.38 - - [27/Oct/2025:07:12:08 +0300] "GET /blog/category/yazarlar/ibrahimhalileroglu/page/8/ HTTP/1.0" 200 60245 "-" "meta-externalagent/1.1 (+https://developers.facebook.com/docs/sharing/webmasters/crawler)"
20.171.207.22 - - [27/Oct/2025:07:12:11 +0300] "GET /?fileloc=/var/www/vhosts/3chukuk.com/httpdocs/wp-content/uploads/2018/06/Tunceli_ville.jpg&path=/var/www/vhosts/3chukuk.com/httpdocs/wp-content/uploads/2018/06 HTTP/1.0" 200 13247 "-" "Mozilla/5.0 AppleWebKit/537.36 (KHTML, like Gecko; compatible; GPTBot/1.2; +https://openai.com/gptbot)"
20.171.207.22 - - [27/Oct/2025:07:12:14 +0300] "GET /?path=/var/www/vhosts/3chukuk.com/httpdocs/wp-content/plugins/wordfence/views HTTP/1.0" 200 39449 "-" "Mozilla/5.0 AppleWebKit/537.36 (KHTML, like Gecko; compatible; GPTBot/1.2; +https://openai.com/gptbot)"
20.171.207.22 - - [27/Oct/2025:07:12:17 +0300] "GET /?fileloc=/var/www/vhosts/3chukuk.com/httpdocs/wp-content/plugins/wordfence/waf/dummy.php&path=/var/www/vhosts/3chukuk.com/httpdocs/wp-content/plugins/wordfence/waf HTTP/1.0" 200 16167 "-" "Mozilla/5.0 AppleWebKit/537.36 (KHTML, like Gecko; compatible; GPTBot/1.2; +https://openai.com/gptbot)"
20.171.207.22 - - [27/Oct/2025:07:12:20 +0300] "GET /?path=/var/www/vhosts/3chukuk.com/httpdocs/wp-content/plugins/wordfence/crypto HTTP/1.0" 200 16810 "-" "Mozilla/5.0 AppleWebKit/537.36 (KHTML, like Gecko; compatible; GPTBot/1.2; +https://openai.com/gptbot)"
20.171.207.22 - - [27/Oct/2025:07:12:24 +0300] "GET /?path=/var/www/vhosts/3chukuk.com/httpdocs/wp-content/plugins/wordfence/images/logos HTTP/1.0" 200 24020 "-" "Mozilla/5.0 AppleWebKit/537.36 (KHTML, like Gecko; compatible; GPTBot/1.2; +https://openai.com/gptbot)"
20.171.207.22 - - [27/Oct/2025:07:12:27 +0300] "GET /?fileloc=/var/www/vhosts/3chukuk.com/httpdocs/wp-content/plugins/wordfence/images/help.png&path=/var/www/vhosts/3chukuk.com/httpdocs/wp-content/plugins/wordfence/images HTTP/1.0" 200 13270 "-" "Mozilla/5.0 AppleWebKit/537.36 (KHTML, like Gecko; compatible; GPTBot/1.2; +https://openai.com/gptbot)"
52.167.144.161 - - [27/Oct/2025:07:12:27 +0300] "GET /blog/2018/09/01/balik-sezonu-acildi-bakan-balikcilarimiz-okyanusa-acilir-hale-gelecek/ HTTP/1.0" 200 469139 "-" "Mozilla/5.0 AppleWebKit/537.36 (KHTML, like Gecko; compatible; bingbot/2.0; +http://www.bing.com/bingbot.htm) Chrome/116.0.1938.76 Safari/537.36"
20.171.207.22 - - [27/Oct/2025:07:12:30 +0300] "GET /?path=/var/www/vhosts/3chukuk.com/httpdocs/wp-content/plugins/wordfence/images/icons HTTP/1.0" 200 44526 "-" "Mozilla/5.0 AppleWebKit/537.36 (KHTML, like Gecko; compatible; GPTBot/1.2; +https://openai.com/gptbot)"
20.171.207.22 - - [27/Oct/2025:07:12:33 +0300] "GET /?path=/var/www/vhosts/3chukuk.com/httpdocs/wp-content/plugins/wordfence/views/gdpr HTTP/1.0" 200 18829 "-" "Mozilla/5.0 AppleWebKit/537.36 (KHTML, like Gecko; compatible; GPTBot/1.2; +https://openai.com/gptbot)"
20.171.207.22 - - [27/Oct/2025:07:12:36 +0300] "GET /?path=/var/www/vhosts/3chukuk.com/httpdocs/wp-content/plugins/wordfence/views/waf HTTP/1.0" 200 44937 "-" "Mozilla/5.0 AppleWebKit/537.36 (KHTML, like Gecko; compatible; GPTBot/1.2; +https://openai.com/gptbot)"
20.171.207.22 - - [27/Oct/2025:07:12:39 +0300] "GET /?path=/var/www/vhosts/3chukuk.com/httpdocs/wp-content/plugins/wordfence/models/block HTTP/1.0" 200 18843 "-" "Mozilla/5.0 AppleWebKit/537.36 (KHTML, like Gecko; compatible; GPTBot/1.2; +https://openai.com/gptbot)"
20.171.207.22 - - [27/Oct/2025:07:12:42 +0300] "GET /?path=/var/www/vhosts/3chukuk.com/httpdocs/wp-content/plugins/wordfence/vendor HTTP/1.0" 200 20005 "-" "Mozilla/5.0 AppleWebKit/537.36 (KHTML, like Gecko; compatible; GPTBot/1.2; +https://openai.com/gptbot)"
20.171.207.22 - - [27/Oct/2025:07:12:46 +0300] "GET /?path=/var/www/vhosts/3chukuk.com/httpdocs/wp-content/plugins/wordfence/views/reports HTTP/1.0" 200 18956 "-" "Mozilla/5.0 AppleWebKit/537.36 (KHTML, like Gecko; compatible; GPTBot/1.2; +https://openai.com/gptbot)"
207.46.13.14 - - [27/Oct/2025:07:12:48 +0300] "GET /?x=39725218876 HTTP/1.0" 200 191688 "-" "Mozilla/5.0 AppleWebKit/537.36 (KHTML, like Gecko; compatible; bingbot/2.0; +http://www.bing.com/bingbot.htm) Chrome/116.0.1938.76 Safari/537.36"
20.171.207.22 - - [27/Oct/2025:07:12:49 +0300] "GET /?path=/var/www/vhosts/3chukuk.com/httpdocs/wp-content/plugins/wordfence/views/options HTTP/1.0" 200 43374 "-" "Mozilla/5.0 AppleWebKit/537.36 (KHTML, like Gecko; compatible; GPTBot/1.2; +https://openai.com/gptbot)"
207.46.13.14 - - [27/Oct/2025:07:12:51 +0300] "GET /?z=70130118909 HTTP/1.0" 200 335784 "-" "Mozilla/5.0 AppleWebKit/537.36 (KHTML, like Gecko; compatible; bingbot/2.0; +http://www.bing.com/bingbot.htm) Chrome/116.0.1938.76 Safari/537.36"
20.171.207.22 - - [27/Oct/2025:07:12:52 +0300] "GET /?fileloc=/var/www/vhosts/3chukuk.com/httpdocs/wp-content/plugins/wordfence/images/2fa2.svg&path=/var/www/vhosts/3chukuk.com/httpdocs/wp-content/plugins/wordfence/images HTTP/1.0" 200 27825 "-" "Mozilla/5.0 AppleWebKit/537.36 (KHTML, like Gecko; compatible; GPTBot/1.2; +https://openai.com/gptbot)"
20.171.207.22 - - [27/Oct/2025:07:12:55 +0300] "GET /?fileloc=/var/www/vhosts/3chukuk.com/httpdocs/wp-content/plugins/wordfence/waf/wfWAFUserIPRange.php&path=/var/www/vhosts/3chukuk.com/httpdocs/wp-content/plugins/wordfence/waf HTTP/1.0" 200 21397 "-" "Mozilla/5.0 AppleWebKit/537.36 (KHTML, like Gecko; compatible; GPTBot/1.2; +https://openai.com/gptbot)"
20.171.207.22 - - [27/Oct/2025:07:12:58 +0300] "GET /?fileloc=/var/www/vhosts/3chukuk.com/httpdocs/wp-content/plugins/wordfence/views/gdpr/disabled-overlay.php&path=/var/www/vhosts/3chukuk.com/httpdocs/wp-content/plugins/wordfence/views/gdpr HTTP/1.0" 200 14236 "-" "Mozilla/5.0 AppleWebKit/537.36 (KHTML, like Gecko; compatible; GPTBot/1.2; +https://openai.com/gptbot)"
20.171.207.22 - - [27/Oct/2025:07:13:02 +0300] "GET /?fileloc=/var/www/vhosts/3chukuk.com/httpdocs/wp-content/plugins/wordfence/views/waf/options-group-advanced-firewall.php&path=/var/www/vhosts/3chukuk.com/httpdocs/wp-content/plugins/wordfence/views/waf HTTP/1.0" 200 25051 "-" "Mozilla/5.0 AppleWebKit/537.36 (KHTML, like Gecko; compatible; GPTBot/1.2; +https://openai.com/gptbot)"
20.171.207.22 - - [27/Oct/2025:07:13:05 +0300] "GET /?fileloc=/var/www/vhosts/3chukuk.com/httpdocs/wp-content/plugins/wordfence/views/waf/options-group-whitelisted.php&path=/var/www/vhosts/3chukuk.com/httpdocs/wp-content/plugins/wordfence/views/waf HTTP/1.0" 200 27507 "-" "Mozilla/5.0 AppleWebKit/537.36 (KHTML, like Gecko; compatible; GPTBot/1.2; +https://openai.com/gptbot)"
20.171.207.22 - - [27/Oct/2025:07:13:08 +0300] "GET /?fileloc=/var/www/vhosts/3chukuk.com/httpdocs/wp-content/plugins/wordfence/views/options/option-toggled-sub.php&path=/var/www/vhosts/3chukuk.com/httpdocs/wp-content/plugins/wordfence/views/options HTTP/1.0" 200 19629 "-" "Mozilla/5.0 AppleWebKit/537.36 (KHTML, like Gecko; compatible; GPTBot/1.2; +https://openai.com/gptbot)"
20.171.207.22 - - [27/Oct/2025:07:13:11 +0300] "GET /?path=/var/www/vhosts/3chukuk.com/httpdocs/wp-content/plugins/wordfence/models/page HTTP/1.0" 200 17118 "-" "Mozilla/5.0 AppleWebKit/537.36 (KHTML, like Gecko; compatible; GPTBot/1.2; +https://openai.com/gptbot)"
20.171.207.22 - - [27/Oct/2025:07:13:14 +0300] "GET /?fileloc=/var/www/vhosts/3chukuk.com/httpdocs/wp-content/plugins/wordfence/views/options/option-token.php&path=/var/www/vhosts/3chukuk.com/httpdocs/wp-content/plugins/wordfence/views/options HTTP/1.0" 200 16442 "-" "Mozilla/5.0 AppleWebKit/537.36 (KHTML, like Gecko; compatible; GPTBot/1.2; +https://openai.com/gptbot)"
57.141.0.55 - - [27/Oct/2025:07:13:15 +0300] "GET /wp-json/wp/v2/posts/16670 HTTP/1.0" 200 60245 "-" "meta-externalagent/1.1 (+https://developers.facebook.com/docs/sharing/webmasters/crawler)"
20.171.207.22 - - [27/Oct/2025:07:13:18 +0300] "GET /?fileloc=/var/www/vhosts/3chukuk.com/httpdocs/wp-content/plugins/wordfence/views/options/options-title.php&path=/var/www/vhosts/3chukuk.com/httpdocs/wp-content/plugins/wordfence/views/options HTTP/1.0" 200 16504 "-" "Mozilla/5.0 AppleWebKit/537.36 (KHTML, like Gecko; compatible; GPTBot/1.2; +https://openai.com/gptbot)"
57.141.0.42 - - [27/Oct/2025:07:13:21 +0300] "GET /blog/2017/12/21/esenyurt-belediye-baskani-belirlendi/feed/ HTTP/1.0" 200 60245 "-" "meta-externalagent/1.1 (+https://developers.facebook.com/docs/sharing/webmasters/crawler)"
20.171.207.22 - - [27/Oct/2025:07:13:21 +0300] "GET /?fileloc=/var/www/vhosts/3chukuk.com/httpdocs/wp-content/plugins/wordfence/images/2fa1.svg&path=/var/www/vhosts/3chukuk.com/httpdocs/wp-content/plugins/wordfence/images HTTP/1.0" 200 33939 "-" "Mozilla/5.0 AppleWebKit/537.36 (KHTML, like Gecko; compatible; GPTBot/1.2; +https://openai.com/gptbot)"
20.171.207.22 - - [27/Oct/2025:07:13:24 +0300] "GET /?fileloc=/var/www/vhosts/3chukuk.com/httpdocs/wp-content/plugins/wordfence/views/options/option-select.php&path=/var/www/vhosts/3chukuk.com/httpdocs/wp-content/plugins/wordfence/views/options HTTP/1.0" 200 16463 "-" "Mozilla/5.0 AppleWebKit/537.36 (KHTML, like Gecko; compatible; GPTBot/1.2; +https://openai.com/gptbot)"
20.171.207.22 - - [27/Oct/2025:07:13:27 +0300] "GET /?fileloc=/var/www/vhosts/3chukuk.com/httpdocs/wp-content/plugins/wordfence/images/icons/error128.png&path=/var/www/vhosts/3chukuk.com/httpdocs/wp-content/plugins/wordfence/images/icons HTTP/1.0" 200 13385 "-" "Mozilla/5.0 AppleWebKit/537.36 (KHTML, like Gecko; compatible; GPTBot/1.2; +https://openai.com/gptbot)"
207.46.13.14 - - [27/Oct/2025:07:13:29 +0300] "GET /blog/2017/12/28/1-2-milyar-tl-yatirim/ HTTP/1.0" 200 97080 "-" "Mozilla/5.0 AppleWebKit/537.36 (KHTML, like Gecko; compatible; bingbot/2.0; +http://www.bing.com/bingbot.htm) Chrome/116.0.1938.76 Safari/537.36"
20.171.207.22 - - [27/Oct/2025:07:13:30 +0300] "GET /?fileloc=/var/www/vhosts/3chukuk.com/httpdocs/wp-content/plugins/wordfence/images/icons/tick128.png&path=/var/www/vhosts/3chukuk.com/httpdocs/wp-content/plugins/wordfence/images/icons HTTP/1.0" 200 13384 "-" "Mozilla/5.0 AppleWebKit/537.36 (KHTML, like Gecko; compatible; GPTBot/1.2; +https://openai.com/gptbot)"
20.171.207.22 - - [27/Oct/2025:07:13:33 +0300] "GET /?fileloc=/var/www/vhosts/3chukuk.com/httpdocs/wp-content/plugins/wordfence/vendor/autoload.php&path=/var/www/vhosts/3chukuk.com/httpdocs/wp-content/plugins/wordfence/vendor HTTP/1.0" 200 13537 "-" "Mozilla/5.0 AppleWebKit/537.36 (KHTML, like Gecko; compatible; GPTBot/1.2; +https://openai.com/gptbot)"
20.171.207.22 - - [27/Oct/2025:07:13:36 +0300] "GET /?fileloc=/var/www/vhosts/3chukuk.com/httpdocs/wp-content/plugins/wordfence/views/waf/debug.php&path=/var/www/vhosts/3chukuk.com/httpdocs/wp-content/plugins/wordfence/views/waf HTTP/1.0" 200 20280 "-" "Mozilla/5.0 AppleWebKit/537.36 (KHTML, like Gecko; compatible; GPTBot/1.2; +https://openai.com/gptbot)"
20.171.207.22 - - [27/Oct/2025:07:13:40 +0300] "GET /?fileloc=/var/www/vhosts/3chukuk.com/httpdocs/wp-content/plugins/wordfence/images/icons/warning128.png&path=/var/www/vhosts/3chukuk.com/httpdocs/wp-content/plugins/wordfence/images/icons HTTP/1.0" 200 13387 "-" "Mozilla/5.0 AppleWebKit/537.36 (KHTML, like Gecko; compatible; GPTBot/1.2; +https://openai.com/gptbot)"
20.171.207.22 - - [27/Oct/2025:07:13:43 +0300] "GET /?fileloc=/var/www/vhosts/3chukuk.com/httpdocs/wp-content/plugins/wordfence/images/loading_background.png&path=/var/www/vhosts/3chukuk.com/httpdocs/wp-content/plugins/wordfence/images HTTP/1.0" 200 13284 "-" "Mozilla/5.0 AppleWebKit/537.36 (KHTML, like Gecko; compatible; GPTBot/1.2; +https://openai.com/gptbot)"
20.171.207.22 - - [27/Oct/2025:07:13:46 +0300] "GET /?fileloc=/var/www/vhosts/3chukuk.com/httpdocs/wp-content/plugins/wordfence/images/sort_desc_disabled.gif&path=/var/www/vhosts/3chukuk.com/httpdocs/wp-content/plugins/wordfence/images HTTP/1.0" 200 13284 "-" "Mozilla/5.0 AppleWebKit/537.36 (KHTML, like Gecko; compatible; GPTBot/1.2; +https://openai.com/gptbot)"
20.171.207.22 - - [27/Oct/2025:07:13:49 +0300] "GET /?fileloc=/var/www/vhosts/3chukuk.com/httpdocs/wp-content/plugins/wordfence/images/loading_large.gif&path=/var/www/vhosts/3chukuk.com/httpdocs/wp-content/plugins/wordfence/images HTTP/1.0" 200 13279 "-" "Mozilla/5.0 AppleWebKit/537.36 (KHTML, like Gecko; compatible; GPTBot/1.2; +https://openai.com/gptbot)"
20.171.207.22 - - [27/Oct/2025:07:13:53 +0300] "GET /?fileloc=/var/www/vhosts/3chukuk.com/httpdocs/wp-content/plugins/wordfence/models/.htaccess&path=/var/www/vhosts/3chukuk.com/httpdocs/wp-content/plugins/wordfence/models HTTP/1.0" 200 13630 "-" "Mozilla/5.0 AppleWebKit/537.36 (KHTML, like Gecko; compatible; GPTBot/1.2; +https://openai.com/gptbot)"
95.108.213.185 - - [27/Oct/2025:07:13:53 +0300] "GET /blog/2017/09/19/termal-tesis-deyip-aldiklari-suyu-siseleyip-sattilar/ HTTP/1.0" 200 60245 "-" "Mozilla/5.0 (compatible; YandexBot/3.0; +http://yandex.com/bots)"
20.171.207.22 - - [27/Oct/2025:07:13:56 +0300] "GET /?fileloc=/var/www/vhosts/3chukuk.com/httpdocs/wp-content/plugins/wordfence/vendor/.htaccess&path=/var/www/vhosts/3chukuk.com/httpdocs/wp-content/plugins/wordfence/vendor HTTP/1.0" 200 13630 "-" "Mozilla/5.0 AppleWebKit/537.36 (KHTML, like Gecko; compatible; GPTBot/1.2; +https://openai.com/gptbot)"
20.171.207.22 - - [27/Oct/2025:07:13:59 +0300] "GET /?path=/var/www/vhosts/3chukuk.com/httpdocs/wp-content/plugins/wordfence/views/blocking HTTP/1.0" 200 29442 "-" "Mozilla/5.0 AppleWebKit/537.36 (KHTML, like Gecko; compatible; GPTBot/1.2; +https://openai.com/gptbot)"
20.171.207.22 - - [27/Oct/2025:07:14:02 +0300] "GET /?fileloc=/var/www/vhosts/3chukuk.com/httpdocs/wp-content/plugins/wordfence/views/options/option-toggled-boolean-switch.php&path=/var/www/vhosts/3chukuk.com/httpdocs/wp-content/plugins/wordfence/views/options HTTP/1.0" 200 17000 "-" "Mozilla/5.0 AppleWebKit/537.36 (KHTML, like Gecko; compatible; GPTBot/1.2; +https://openai.com/gptbot)"
20.171.207.22 - - [27/Oct/2025:07:14:05 +0300] "GET /?fileloc=/var/www/vhosts/3chukuk.com/httpdocs/wp-content/plugins/wordfence/views/options/option-toggled-textarea.php&path=/var/www/vhosts/3chukuk.com/httpdocs/wp-content/plugins/wordfence/views/options HTTP/1.0" 200 17506 "-" "Mozilla/5.0 AppleWebKit/537.36 (KHTML, like Gecko; compatible; GPTBot/1.2; +https://openai.com/gptbot)"
20.171.207.22 - - [27/Oct/2025:07:14:08 +0300] "GET /?path=/var/www/vhosts/3chukuk.com/httpdocs/wp-content/plugins/wordfence/modules HTTP/1.0" 200 16851 "-" "Mozilla/5.0 AppleWebKit/537.36 (KHTML, like Gecko; compatible; GPTBot/1.2; +https://openai.com/gptbot)"
207.46.13.14 - - [27/Oct/2025:07:14:09 +0300] "GET /?r=valvula-solenoide-20mm-manguito-para-cementar-nc-plastico-epdm-e-sdqNiyvxF HTTP/1.0" 200 605808 "-" "Mozilla/5.0 AppleWebKit/537.36 (KHTML, like Gecko; compatible; bingbot/2.0; +http://www.bing.com/bingbot.htm) Chrome/116.0.1938.76 Safari/537.36"
20.171.207.22 - - [27/Oct/2025:07:14:11 +0300] "GET /?fileloc=/var/www/vhosts/3chukuk.com/httpdocs/wp-content/plugins/wordfence/views/blocking/option-bypass-cookie.php&path=/var/www/vhosts/3chukuk.com/httpdocs/wp-content/plugins/wordfence/views/blocking HTTP/1.0" 200 16306 "-" "Mozilla/5.0 AppleWebKit/537.36 (KHTML, like Gecko; compatible; GPTBot/1.2; +https://openai.com/gptbot)"
20.171.207.22 - - [27/Oct/2025:07:14:15 +0300] "GET /?fileloc=/var/www/vhosts/3chukuk.com/httpdocs/wp-content/plugins/wordfence/views/blocking/country-block-map.php&path=/var/www/vhosts/3chukuk.com/httpdocs/wp-content/plugins/wordfence/views/blocking HTTP/1.0" 200 374941 "-" "Mozilla/5.0 AppleWebKit/537.36 (KHTML, like Gecko; compatible; GPTBot/1.2; +https://openai.com/gptbot)"
20.171.207.22 - - [27/Oct/2025:07:14:18 +0300] "GET /?fileloc=/var/www/vhosts/3chukuk.com/httpdocs/wp-content/plugins/wordfence/views/blocking/country-modal.php&path=/var/www/vhosts/3chukuk.com/httpdocs/wp-content/plugins/wordfence/views/blocking HTTP/1.0" 200 17197 "-" "Mozilla/5.0 AppleWebKit/537.36 (KHTML, like Gecko; compatible; GPTBot/1.2; +https://openai.com/gptbot)"
20.171.207.22 - - [27/Oct/2025:07:14:21 +0300] "GET /?fileloc=/var/www/vhosts/3chukuk.com/httpdocs/wp-content/plugins/wordfence/views/blocking/block-list.php&path=/var/www/vhosts/3chukuk.com/httpdocs/wp-content/plugins/wordfence/views/blocking HTTP/1.0" 200 40068 "-" "Mozilla/5.0 AppleWebKit/537.36 (KHTML, like Gecko; compatible; GPTBot/1.2; +https://openai.com/gptbot)"
124.243.185.143 - - [27/Oct/2025:07:14:23 +0300] "GET /blog/2021/02/19/abd-trump-donemi-irana-bm-in-yeniden-yaptirima-imkan-veren-kararini-geri-cekti/?fileloc=/var/www/vhosts/3chukuk.com/httpdocs/wp-settings.php&path=/var/www/vhosts/3chukuk.com/httpdocs HTTP/1.0" 200 43211 "https://www.3chukuk.com/blog/2021/02/19/abd-trump-donemi-irana-bm-in-yeniden-yaptirima-imkan-veren-kararini-geri-cekti/?fileloc=/var/www/vhosts/3chukuk.com/httpdocs/wp-settings.php&path=/var/www/vhosts/3chukuk.com/httpdocs" "Mozilla/5.0 (Macintosh; Intel Mac OS X 10_15_7) AppleWebKit/537.36 (KHTML, like Gecko) Chrome/119.0.0.0 Safari/537.36"
20.171.207.22 - - [27/Oct/2025:07:14:24 +0300] "GET /?fileloc=/var/www/vhosts/3chukuk.com/httpdocs/wp-content/plugins/wordfence/views/blocking/blocking-create.php&path=/var/www/vhosts/3chukuk.com/httpdocs/wp-content/plugins/wordfence/views/blocking HTTP/1.0" 200 46104 "-" "Mozilla/5.0 AppleWebKit/537.36 (KHTML, like Gecko; compatible; GPTBot/1.2; +https://openai.com/gptbot)"
52.167.144.161 - - [27/Oct/2025:07:14:26 +0300] "GET /?r=18779783914 HTTP/1.0" 200 599066 "-" "Mozilla/5.0 AppleWebKit/537.36 (KHTML, like Gecko; compatible; bingbot/2.0; +http://www.bing.com/bingbot.htm) Chrome/116.0.1938.76 Safari/537.36"
20.171.207.22 - - [27/Oct/2025:07:14:27 +0300] "GET /?fileloc=/var/www/vhosts/3chukuk.com/httpdocs/wp-content/plugins/wordfence/views/blocking/blocking-status.php&path=/var/www/vhosts/3chukuk.com/httpdocs/wp-content/plugins/wordfence/views/blocking HTTP/1.0" 200 15453 "-" "Mozilla/5.0 AppleWebKit/537.36 (KHTML, like Gecko; compatible; GPTBot/1.2; +https://openai.com/gptbot)"
