20.171.207.22 - - [27/Oct/2025:06:01:59 +0300] "GET /sitemap.xml?fileloc=/var/www/vhosts/3chukuk.com/httpdocs/wp-content/themes/Newspaper/mobile/page.php&path=/var/www/vhosts/3chukuk.com/httpdocs/wp-content/themes/Newspaper/mobile HTTP/1.0" 200 14569 "-" "Mozilla/5.0 AppleWebKit/537.36 (KHTML, like Gecko; compatible; GPTBot/1.2; +https://openai.com/gptbot)"
101.99.88.90 - - [27/Oct/2025:06:02:01 +0300] "GET / HTTP/1.0" 200 155803 "-" "Mozilla/5.0 (compatible; Googlebot/2.1; +http://www.google.com/bot.html)"
20.171.207.22 - - [27/Oct/2025:06:02:02 +0300] "GET /sitemap.xml?fileloc=/var/www/vhosts/3chukuk.com/httpdocs/wp-content/themes/Newspaper/includes/plugins/woocommerce/includes/gateways/paypal/includes/class-wc-gateway-paypal-request.php&path=/var/www/vhosts/3chukuk.com/httpdocs/wp-content/themes/Newspaper/includes/plugins/woocommerce/includes/gateways/paypal/includes HTTP/1.0" 200 33596 "-" "Mozilla/5.0 AppleWebKit/537.36 (KHTML, like Gecko; compatible; GPTBot/1.2; +https://openai.com/gptbot)"
20.171.207.22 - - [27/Oct/2025:06:02:05 +0300] "GET /sitemap.xml?fileloc=/var/www/vhosts/3chukuk.com/httpdocs/wp-content/themes/Newspaper/includes/plugins/woocommerce/includes/shipping/free-shipping/class-wc-shipping-free-shipping.php&path=/var/www/vhosts/3chukuk.com/httpdocs/wp-content/themes/Newspaper/includes/plugins/woocommerce/includes/shipping/free-shipping HTTP/1.0" 200 21406 "-" "Mozilla/5.0 AppleWebKit/537.36 (KHTML, like Gecko; compatible; GPTBot/1.2; +https://openai.com/gptbot)"
20.171.207.22 - - [27/Oct/2025:06:02:09 +0300] "GET /sitemap.xml?path=/var/www/vhosts/3chukuk.com/httpdocs/wp-content/themes/Newspaper/mobile/parts HTTP/1.0" 200 29038 "-" "Mozilla/5.0 AppleWebKit/537.36 (KHTML, like Gecko; compatible; GPTBot/1.2; +https://openai.com/gptbot)"
95.108.213.246 - - [27/Oct/2025:06:02:11 +0300] "GET /robots.txt HTTP/1.0" 200 529 "-" "Mozilla/5.0 (compatible; YandexBot/3.0; +http://yandex.com/bots)"
57.141.0.6 - - [27/Oct/2025:06:02:11 +0300] "GET /blog/2018/07/14/devlet-bahcelidevletin-yeniden-yapilanma-surecinde-geregi-harfiyen-yerine-getirilecek/feed/ HTTP/1.0" 200 60245 "-" "meta-externalagent/1.1 (+https://developers.facebook.com/docs/sharing/webmasters/crawler)"
20.171.207.22 - - [27/Oct/2025:06:02:12 +0300] "GET /?fileloc=/var/www/vhosts/3chukuk.com/httpdocs/wp-content/uploads/2018/07/azerbaycan_ve_ukraynadan_iki_ust_duzey_fetocu_getirildi-100x70.jpg&path=/var/www/vhosts/3chukuk.com/httpdocs/wp-content/uploads/2018/07 HTTP/1.0" 200 13296 "-" "Mozilla/5.0 AppleWebKit/537.36 (KHTML, like Gecko; compatible; GPTBot/1.2; +https://openai.com/gptbot)"
20.171.207.22 - - [27/Oct/2025:06:02:15 +0300] "GET /sitemap.xml?fileloc=/var/www/vhosts/3chukuk.com/httpdocs/wp-content/plugins/wp-file-manager/lib/codemirror/mode/lua/.htaccess&path=/var/www/vhosts/3chukuk.com/httpdocs/wp-content/plugins/wp-file-manager/lib/codemirror/mode/lua HTTP/1.0" 200 14020 "-" "Mozilla/5.0 AppleWebKit/537.36 (KHTML, like Gecko; compatible; GPTBot/1.2; +https://openai.com/gptbot)"
207.46.13.154 - - [27/Oct/2025:06:02:17 +0300] "GET /?x=62414243401 HTTP/1.0" 200 190141 "-" "Mozilla/5.0 AppleWebKit/537.36 (KHTML, like Gecko; compatible; bingbot/2.0; +http://www.bing.com/bingbot.htm) Chrome/116.0.1938.76 Safari/537.36"
20.171.207.22 - - [27/Oct/2025:06:02:18 +0300] "GET /sitemap.xml?fileloc=/var/www/vhosts/3chukuk.com/httpdocs/wp-content/plugins/wp-file-manager/lib/codemirror/mode/go/.htaccess&path=/var/www/vhosts/3chukuk.com/httpdocs/wp-content/plugins/wp-file-manager/lib/codemirror/mode/go HTTP/1.0" 200 14017 "-" "Mozilla/5.0 AppleWebKit/537.36 (KHTML, like Gecko; compatible; GPTBot/1.2; +https://openai.com/gptbot)"
20.171.207.22 - - [27/Oct/2025:06:02:21 +0300] "GET /sitemap.xml?fileloc=/var/www/vhosts/3chukuk.com/httpdocs/wp-content/themes/Newspaper/mobile/parts/search.php&path=/var/www/vhosts/3chukuk.com/httpdocs/wp-content/themes/Newspaper/mobile/parts HTTP/1.0" 200 14550 "-" "Mozilla/5.0 AppleWebKit/537.36 (KHTML, like Gecko; compatible; GPTBot/1.2; +https://openai.com/gptbot)"
40.77.167.123 - - [27/Oct/2025:06:02:22 +0300] "GET /?r=11788726644 HTTP/1.0" 200 604666 "-" "Mozilla/5.0 AppleWebKit/537.36 (KHTML, like Gecko; compatible; bingbot/2.0; +http://www.bing.com/bingbot.htm) Chrome/116.0.1938.76 Safari/537.36"
23.137.105.250 - - [27/Oct/2025:06:02:24 +0300] "GET /wp-login.php HTTP/1.0" 200 60245 "http://3chukuk.com/wp-admin/" "Mozilla/5.0 (Windows NT 10.0; Win64; x64) AppleWebKit/537.36 (KHTML, like Gecko) Chrome/90.0.4430.85 Safari/537.36"
20.171.207.22 - - [27/Oct/2025:06:02:24 +0300] "GET /sitemap.xml?fileloc=/var/www/vhosts/3chukuk.com/httpdocs/wp-content/themes/Newspaper/mobile/parts/login.php&path=/var/www/vhosts/3chukuk.com/httpdocs/wp-content/themes/Newspaper/mobile/parts HTTP/1.0" 200 14266 "-" "Mozilla/5.0 AppleWebKit/537.36 (KHTML, like Gecko; compatible; GPTBot/1.2; +https://openai.com/gptbot)"
207.46.13.154 - - [27/Oct/2025:06:02:26 +0300] "GET /?x=93796388022 HTTP/1.0" 200 188984 "-" "Mozilla/5.0 AppleWebKit/537.36 (KHTML, like Gecko; compatible; bingbot/2.0; +http://www.bing.com/bingbot.htm) Chrome/116.0.1938.76 Safari/537.36"
20.171.207.22 - - [27/Oct/2025:06:02:28 +0300] "GET /sitemap.xml?fileloc=/var/www/vhosts/3chukuk.com/httpdocs/wp-content/themes/Newspaper/mobile/parts/td_walker_mobile_menu.php&path=/var/www/vhosts/3chukuk.com/httpdocs/wp-content/themes/Newspaper/mobile/parts HTTP/1.0" 200 19197 "-" "Mozilla/5.0 AppleWebKit/537.36 (KHTML, like Gecko; compatible; GPTBot/1.2; +https://openai.com/gptbot)"
20.171.207.22 - - [27/Oct/2025:06:02:31 +0300] "GET /sitemap.xml?fileloc=/var/www/vhosts/3chukuk.com/httpdocs/wp-content/themes/Newspaper/mobile/page-pagebuilder-latest.php&path=/var/www/vhosts/3chukuk.com/httpdocs/wp-content/themes/Newspaper/mobile HTTP/1.0" 200 15868 "-" "Mozilla/5.0 AppleWebKit/537.36 (KHTML, like Gecko; compatible; GPTBot/1.2; +https://openai.com/gptbot)"
20.171.207.22 - - [27/Oct/2025:06:02:34 +0300] "GET /sitemap.xml?fileloc=/var/www/vhosts/3chukuk.com/httpdocs/wp-content/themes/Newspaper/mobile/parts/.htaccess&path=/var/www/vhosts/3chukuk.com/httpdocs/wp-content/themes/Newspaper/mobile/parts HTTP/1.0" 200 13735 "-" "Mozilla/5.0 AppleWebKit/537.36 (KHTML, like Gecko; compatible; GPTBot/1.2; +https://openai.com/gptbot)"
207.46.13.154 - - [27/Oct/2025:06:02:37 +0300] "GET /?c=26176126373 HTTP/1.0" 200 278159 "-" "Mozilla/5.0 AppleWebKit/537.36 (KHTML, like Gecko; compatible; bingbot/2.0; +http://www.bing.com/bingbot.htm) Chrome/116.0.1938.76 Safari/537.36"
23.137.105.250 - - [27/Oct/2025:06:02:37 +0300] "POST /wp-login.php HTTP/1.0" 200 60245 "http://3chukuk.com/wp-admin/" "Mozilla/5.0 (Windows NT 10.0; Win64; x64) AppleWebKit/537.36 (KHTML, like Gecko) Chrome/90.0.4430.85 Safari/537.36"
20.171.207.22 - - [27/Oct/2025:06:02:37 +0300] "GET /sitemap.xml?fileloc=/var/www/vhosts/3chukuk.com/httpdocs/wp-content/plugins/wp-file-manager/lib/codemirror/mode/sql/.htaccess&path=/var/www/vhosts/3chukuk.com/httpdocs/wp-content/plugins/wp-file-manager/lib/codemirror/mode/sql HTTP/1.0" 200 14020 "-" "Mozilla/5.0 AppleWebKit/537.36 (KHTML, like Gecko; compatible; GPTBot/1.2; +https://openai.com/gptbot)"
23.137.105.250 - - [27/Oct/2025:06:02:38 +0300] "GET /wp-admin/ HTTP/1.0" 200 178247 "https://www.google.com" "Mozilla/5.0 (Windows NT 10.0; Win64; x64) AppleWebKit/537.36 (KHTML, like Gecko) Chrome/90.0.4430.85 Safari/537.36"
20.171.207.22 - - [27/Oct/2025:06:02:40 +0300] "GET /sitemap.xml?fileloc=/var/www/vhosts/3chukuk.com/httpdocs/wp-content/plugins/wp-file-manager/lib/codemirror/mode/pig/.htaccess&path=/var/www/vhosts/3chukuk.com/httpdocs/wp-content/plugins/wp-file-manager/lib/codemirror/mode/pig HTTP/1.0" 200 14020 "-" "Mozilla/5.0 AppleWebKit/537.36 (KHTML, like Gecko; compatible; GPTBot/1.2; +https://openai.com/gptbot)"
57.141.0.27 - - [27/Oct/2025:06:02:42 +0300] "GET /wp-json/oembed/1.0/embed?url=https%3A%2F%2Fwww.3chukuk.com%2Fblog%2F2019%2F07%2F24%2Fayni-binada-3-saat-ara-ile-2-yangin%2F HTTP/1.0" 200 60245 "-" "meta-externalagent/1.1 (+https://developers.facebook.com/docs/sharing/webmasters/crawler)"
40.77.167.123 - - [27/Oct/2025:06:02:43 +0300] "GET /?d=all-balls-air-filter-for-kawasaki-481016-t-H4xOiEkxF HTTP/1.0" 200 155599 "-" "Mozilla/5.0 AppleWebKit/537.36 (KHTML, like Gecko; compatible; bingbot/2.0; +http://www.bing.com/bingbot.htm) Chrome/116.0.1938.76 Safari/537.36"
20.171.207.22 - - [27/Oct/2025:06:02:44 +0300] "GET /sitemap.xml?fileloc=/var/www/vhosts/3chukuk.com/httpdocs/wp-content/plugins/wp-file-manager/lib/codemirror/mode/rust/test.js&path=/var/www/vhosts/3chukuk.com/httpdocs/wp-content/plugins/wp-file-manager/lib/codemirror/mode/rust HTTP/1.0" 200 14834 "-" "Mozilla/5.0 AppleWebKit/537.36 (KHTML, like Gecko; compatible; GPTBot/1.2; +https://openai.com/gptbot)"
20.171.207.22 - - [27/Oct/2025:06:02:47 +0300] "GET /sitemap.xml?fileloc=/var/www/vhosts/3chukuk.com/httpdocs/wp-content/plugins/wp-file-manager/lib/codemirror/mode/stex/test.js&path=/var/www/vhosts/3chukuk.com/httpdocs/wp-content/plugins/wp-file-manager/lib/codemirror/mode/stex HTTP/1.0" 200 17601 "-" "Mozilla/5.0 AppleWebKit/537.36 (KHTML, like Gecko; compatible; GPTBot/1.2; +https://openai.com/gptbot)"
20.171.207.22 - - [27/Oct/2025:06:02:50 +0300] "GET /sitemap.xml?fileloc=/var/www/vhosts/3chukuk.com/httpdocs/wp-content/plugins/wp-file-manager/lib/codemirror/mode/soy/.htaccess&path=/var/www/vhosts/3chukuk.com/httpdocs/wp-content/plugins/wp-file-manager/lib/codemirror/mode/soy HTTP/1.0" 200 14020 "-" "Mozilla/5.0 AppleWebKit/537.36 (KHTML, like Gecko; compatible; GPTBot/1.2; +https://openai.com/gptbot)"
20.171.207.22 - - [27/Oct/2025:06:02:53 +0300] "GET /sitemap.xml?fileloc=/var/www/vhosts/3chukuk.com/httpdocs/wp-content/plugins/wp-file-manager/lib/codemirror/mode/apl/.htaccess&path=/var/www/vhosts/3chukuk.com/httpdocs/wp-content/plugins/wp-file-manager/lib/codemirror/mode/apl HTTP/1.0" 200 14020 "-" "Mozilla/5.0 AppleWebKit/537.36 (KHTML, like Gecko; compatible; GPTBot/1.2; +https://openai.com/gptbot)"
20.171.207.22 - - [27/Oct/2025:06:02:56 +0300] "GET /sitemap.xml?fileloc=/var/www/vhosts/3chukuk.com/httpdocs/wp-content/plugins/wp-file-manager/lib/codemirror/mode/haml/test.js&path=/var/www/vhosts/3chukuk.com/httpdocs/wp-content/plugins/wp-file-manager/lib/codemirror/mode/haml HTTP/1.0" 200 17547 "-" "Mozilla/5.0 AppleWebKit/537.36 (KHTML, like Gecko; compatible; GPTBot/1.2; +https://openai.com/gptbot)"
20.171.207.22 - - [27/Oct/2025:06:02:59 +0300] "GET /sitemap.xml?fileloc=/var/www/vhosts/3chukuk.com/httpdocs/wp-content/plugins/wp-file-manager/lib/codemirror/mode/gas/.htaccess&path=/var/www/vhosts/3chukuk.com/httpdocs/wp-content/plugins/wp-file-manager/lib/codemirror/mode/gas HTTP/1.0" 200 14020 "-" "Mozilla/5.0 AppleWebKit/537.36 (KHTML, like Gecko; compatible; GPTBot/1.2; +https://openai.com/gptbot)"
20.171.207.22 - - [27/Oct/2025:06:03:02 +0300] "GET /sitemap.xml?fileloc=/var/www/vhosts/3chukuk.com/httpdocs/wp-content/plugins/wp-file-manager/lib/codemirror/mode/rust/rust.js&path=/var/www/vhosts/3chukuk.com/httpdocs/wp-content/plugins/wp-file-manager/lib/codemirror/mode/rust HTTP/1.0" 200 17303 "-" "Mozilla/5.0 AppleWebKit/537.36 (KHTML, like Gecko; compatible; GPTBot/1.2; +https://openai.com/gptbot)"
20.171.207.22 - - [27/Oct/2025:06:03:05 +0300] "GET /sitemap.xml?fileloc=/var/www/vhosts/3chukuk.com/httpdocs/wp-content/plugins/wp-file-manager/lib/codemirror/mode/rpm/.htaccess&path=/var/www/vhosts/3chukuk.com/httpdocs/wp-content/plugins/wp-file-manager/lib/codemirror/mode/rpm HTTP/1.0" 200 14020 "-" "Mozilla/5.0 AppleWebKit/537.36 (KHTML, like Gecko; compatible; GPTBot/1.2; +https://openai.com/gptbot)"
45.204.10.81 - - [27/Oct/2025:06:03:08 +0300] "GET /autoload_classmap/about.php HTTP/1.0" 200 60245 "-" "Mozilla/5.0 (Windows NT 10.0; Win64; x64) AppleWebKit/537.36 (KHTML, like Gecko) Chrome/141.0.0.0 Safari/537.36"
45.204.10.81 - - [27/Oct/2025:06:03:08 +0300] "GET /favicon.ico HTTP/1.0" 200 399 "https://www.3chukuk.com/autoload_classmap/about.php" "Mozilla/5.0 (Windows NT 10.0; Win64; x64) AppleWebKit/537.36 (KHTML, like Gecko) Chrome/141.0.0.0 Safari/537.36"
20.171.207.22 - - [27/Oct/2025:06:03:09 +0300] "GET /sitemap.xml?fileloc=/var/www/vhosts/3chukuk.com/httpdocs/wp-content/plugins/wp-file-manager/lib/codemirror/mode/haml/haml.js&path=/var/www/vhosts/3chukuk.com/httpdocs/wp-content/plugins/wp-file-manager/lib/codemirror/mode/haml HTTP/1.0" 200 19645 "-" "Mozilla/5.0 AppleWebKit/537.36 (KHTML, like Gecko; compatible; GPTBot/1.2; +https://openai.com/gptbot)"
45.204.10.81 - - [27/Oct/2025:06:03:12 +0300] "GET /about.php HTTP/1.0" 403 1229 "-" "Mozilla/5.0 (Windows NT 10.0; Win64; x64) AppleWebKit/537.36 (KHTML, like Gecko) Chrome/141.0.0.0 Safari/537.36"
57.141.0.15 - - [27/Oct/2025:06:03:11 +0300] "GET /?p=10769 HTTP/1.0" 200 60245 "-" "meta-externalagent/1.1 (+https://developers.facebook.com/docs/sharing/webmasters/crawler)"
20.171.207.22 - - [27/Oct/2025:06:03:12 +0300] "GET /sitemap.xml?fileloc=/var/www/vhosts/3chukuk.com/httpdocs/wp-content/plugins/wp-file-manager/lib/codemirror/mode/rst/.htaccess&path=/var/www/vhosts/3chukuk.com/httpdocs/wp-content/plugins/wp-file-manager/lib/codemirror/mode/rst HTTP/1.0" 200 14020 "-" "Mozilla/5.0 AppleWebKit/537.36 (KHTML, like Gecko; compatible; GPTBot/1.2; +https://openai.com/gptbot)"
20.171.207.22 - - [27/Oct/2025:06:03:15 +0300] "GET /sitemap.xml?fileloc=/var/www/vhosts/3chukuk.com/httpdocs/wp-content/plugins/wp-file-manager/lib/codemirror/mode/fcl/.htaccess&path=/var/www/vhosts/3chukuk.com/httpdocs/wp-content/plugins/wp-file-manager/lib/codemirror/mode/fcl HTTP/1.0" 200 14020 "-" "Mozilla/5.0 AppleWebKit/537.36 (KHTML, like Gecko; compatible; GPTBot/1.2; +https://openai.com/gptbot)"
45.204.10.81 - - [27/Oct/2025:06:03:18 +0300] "GET /autoload_classmap/function.php?path=/var/www/vhosts/3chukuk.com/httpdocs/.well-known HTTP/1.0" 200 399 "https://www.3chukuk.com/autoload_classmap/function.php" "Mozilla/5.0 (Windows NT 10.0; Win64; x64) AppleWebKit/537.36 (KHTML, like Gecko) Chrome/141.0.0.0 Safari/537.36"
45.204.10.81 - - [27/Oct/2025:06:03:19 +0300] "GET /favicon.ico HTTP/1.0" 200 399 "https://www.3chukuk.com/autoload_classmap/function.php?path=/var/www/vhosts/3chukuk.com/httpdocs/.well-known" "Mozilla/5.0 (Windows NT 10.0; Win64; x64) AppleWebKit/537.36 (KHTML, like Gecko) Chrome/141.0.0.0 Safari/537.36"
20.171.207.22 - - [27/Oct/2025:06:03:19 +0300] "GET /sitemap.xml?fileloc=/var/www/vhosts/3chukuk.com/httpdocs/wp-content/plugins/wp-file-manager/lib/codemirror/mode/tiki/tiki.js&path=/var/www/vhosts/3chukuk.com/httpdocs/wp-content/plugins/wp-file-manager/lib/codemirror/mode/tiki HTTP/1.0" 200 23275 "-" "Mozilla/5.0 AppleWebKit/537.36 (KHTML, like Gecko; compatible; GPTBot/1.2; +https://openai.com/gptbot)"
45.204.10.81 - - [27/Oct/2025:06:03:22 +0300] "GET /autoload_classmap/function.php HTTP/1.0" 200 60245 "-" "Mozilla/5.0 (Windows NT 10.0; Win64; x64) AppleWebKit/537.36 (KHTML, like Gecko) Chrome/141.0.0.0 Safari/537.36"
20.171.207.22 - - [27/Oct/2025:06:03:22 +0300] "GET /sitemap.xml?fileloc=/var/www/vhosts/3chukuk.com/httpdocs/wp-content/plugins/wp-file-manager/lib/codemirror/mode/gfm/.htaccess&path=/var/www/vhosts/3chukuk.com/httpdocs/wp-content/plugins/wp-file-manager/lib/codemirror/mode/gfm HTTP/1.0" 200 14020 "-" "Mozilla/5.0 AppleWebKit/537.36 (KHTML, like Gecko; compatible; GPTBot/1.2; +https://openai.com/gptbot)"
20.171.207.22 - - [27/Oct/2025:06:03:25 +0300] "GET /sitemap.xml?fileloc=/var/www/vhosts/3chukuk.com/httpdocs/wp-content/plugins/wp-file-manager/lib/codemirror/mode/dtd/.htaccess&path=/var/www/vhosts/3chukuk.com/httpdocs/wp-content/plugins/wp-file-manager/lib/codemirror/mode/dtd HTTP/1.0" 200 14020 "-" "Mozilla/5.0 AppleWebKit/537.36 (KHTML, like Gecko; compatible; GPTBot/1.2; +https://openai.com/gptbot)"
45.204.10.81 - - [27/Oct/2025:06:03:26 +0300] "GET /autoload_classmap/function.php?path=/var/www/vhosts/3chukuk.com/httpdocs/.well-known HTTP/1.0" 200 399 "https://www.3chukuk.com/autoload_classmap/function.php" "Mozilla/5.0 (Windows NT 10.0; Win64; x64) AppleWebKit/537.36 (KHTML, like Gecko) Chrome/141.0.0.0 Safari/537.36"
45.204.10.81 - - [27/Oct/2025:06:03:26 +0300] "GET /favicon.ico HTTP/1.0" 200 399 "https://www.3chukuk.com/autoload_classmap/function.php?path=/var/www/vhosts/3chukuk.com/httpdocs/.well-known" "Mozilla/5.0 (Windows NT 10.0; Win64; x64) AppleWebKit/537.36 (KHTML, like Gecko) Chrome/141.0.0.0 Safari/537.36"
20.171.207.22 - - [27/Oct/2025:06:03:28 +0300] "GET /sitemap.xml?fileloc=/var/www/vhosts/3chukuk.com/httpdocs/wp-content/plugins/wp-file-manager/lib/codemirror/mode/nsis/nsis.js&path=/var/www/vhosts/3chukuk.com/httpdocs/wp-content/plugins/wp-file-manager/lib/codemirror/mode/nsis HTTP/1.0" 200 21810 "-" "Mozilla/5.0 AppleWebKit/537.36 (KHTML, like Gecko; compatible; GPTBot/1.2; +https://openai.com/gptbot)"
45.204.10.81 - - [27/Oct/2025:06:03:29 +0300] "GET /autoload_classmap/function.php?path=/var/www/vhosts/3chukuk.com/httpdocs/wp-content HTTP/1.0" 200 399 "https://www.3chukuk.com/autoload_classmap/function.php" "Mozilla/5.0 (Windows NT 10.0; Win64; x64) AppleWebKit/537.36 (KHTML, like Gecko) Chrome/141.0.0.0 Safari/537.36"
57.141.0.40 - - [27/Oct/2025:06:03:30 +0300] "GET /blog/2019/07/26/mb-faiz-oranini-dusurdu/feed/ HTTP/1.0" 200 60245 "-" "meta-externalagent/1.1 (+https://developers.facebook.com/docs/sharing/webmasters/crawler)"
20.171.207.22 - - [27/Oct/2025:06:03:31 +0300] "GET /sitemap.xml?fileloc=/var/www/vhosts/3chukuk.com/httpdocs/wp-content/plugins/wp-file-manager/lib/codemirror/mode/vb/.htaccess&path=/var/www/vhosts/3chukuk.com/httpdocs/wp-content/plugins/wp-file-manager/lib/codemirror/mode/vb HTTP/1.0" 200 14017 "-" "Mozilla/5.0 AppleWebKit/537.36 (KHTML, like Gecko; compatible; GPTBot/1.2; +https://openai.com/gptbot)"
20.171.207.22 - - [27/Oct/2025:06:03:34 +0300] "GET /sitemap.xml?fileloc=/var/www/vhosts/3chukuk.com/httpdocs/wp-content/plugins/wp-file-manager/lib/codemirror/mode/slim/test.js&path=/var/www/vhosts/3chukuk.com/httpdocs/wp-content/plugins/wp-file-manager/lib/codemirror/mode/slim HTTP/1.0" 200 17716 "-" "Mozilla/5.0 AppleWebKit/537.36 (KHTML, like Gecko; compatible; GPTBot/1.2; +https://openai.com/gptbot)"
20.171.207.22 - - [27/Oct/2025:06:03:37 +0300] "GET /sitemap.xml?fileloc=/var/www/vhosts/3chukuk.com/httpdocs/wp-content/plugins/wp-file-manager/lib/codemirror/mode/tcl/.htaccess&path=/var/www/vhosts/3chukuk.com/httpdocs/wp-content/plugins/wp-file-manager/lib/codemirror/mode/tcl HTTP/1.0" 200 14020 "-" "Mozilla/5.0 AppleWebKit/537.36 (KHTML, like Gecko; compatible; GPTBot/1.2; +https://openai.com/gptbot)"
20.171.207.22 - - [27/Oct/2025:06:03:41 +0300] "GET /sitemap.xml?fileloc=/var/www/vhosts/3chukuk.com/httpdocs/wp-content/plugins/wp-file-manager/lib/codemirror/mode/gfm/test.js&path=/var/www/vhosts/3chukuk.com/httpdocs/wp-content/plugins/wp-file-manager/lib/codemirror/mode/gfm HTTP/1.0" 200 23126 "-" "Mozilla/5.0 AppleWebKit/537.36 (KHTML, like Gecko; compatible; GPTBot/1.2; +https://openai.com/gptbot)"
20.171.207.22 - - [27/Oct/2025:06:03:44 +0300] "GET /sitemap.xml?fileloc=/var/www/vhosts/3chukuk.com/httpdocs/wp-content/plugins/wp-file-manager/lib/codemirror/mode/elm/.htaccess&path=/var/www/vhosts/3chukuk.com/httpdocs/wp-content/plugins/wp-file-manager/lib/codemirror/mode/elm HTTP/1.0" 200 14020 "-" "Mozilla/5.0 AppleWebKit/537.36 (KHTML, like Gecko; compatible; GPTBot/1.2; +https://openai.com/gptbot)"
20.171.207.22 - - [27/Oct/2025:06:03:47 +0300] "GET /sitemap.xml?fileloc=/var/www/vhosts/3chukuk.com/httpdocs/wp-content/plugins/wp-file-manager/lib/codemirror/mode/slim/slim.js&path=/var/www/vhosts/3chukuk.com/httpdocs/wp-content/plugins/wp-file-manager/lib/codemirror/mode/slim HTTP/1.0" 200 33044 "-" "Mozilla/5.0 AppleWebKit/537.36 (KHTML, like Gecko; compatible; GPTBot/1.2; +https://openai.com/gptbot)"
20.171.207.22 - - [27/Oct/2025:06:03:50 +0300] "GET /sitemap.xml?fileloc=/var/www/vhosts/3chukuk.com/httpdocs/wp-content/plugins/wp-file-manager/lib/codemirror/mode/pug/.htaccess&path=/var/www/vhosts/3chukuk.com/httpdocs/wp-content/plugins/wp-file-manager/lib/codemirror/mode/pug HTTP/1.0" 200 14020 "-" "Mozilla/5.0 AppleWebKit/537.36 (KHTML, like Gecko; compatible; GPTBot/1.2; +https://openai.com/gptbot)"
20.171.207.22 - - [27/Oct/2025:06:03:53 +0300] "GET /sitemap.xml?fileloc=/var/www/vhosts/3chukuk.com/httpdocs/wp-content/plugins/wp-file-manager/lib/codemirror/mode/dart/dart.js&path=/var/www/vhosts/3chukuk.com/httpdocs/wp-content/plugins/wp-file-manager/lib/codemirror/mode/dart HTTP/1.0" 200 19446 "-" "Mozilla/5.0 AppleWebKit/537.36 (KHTML, like Gecko; compatible; GPTBot/1.2; +https://openai.com/gptbot)"
20.171.207.22 - - [27/Oct/2025:06:03:56 +0300] "GET /sitemap.xml?fileloc=/var/www/vhosts/3chukuk.com/httpdocs/wp-content/plugins/wp-file-manager/lib/codemirror/mode/ttcn-cfg/.htaccess&path=/var/www/vhosts/3chukuk.com/httpdocs/wp-content/plugins/wp-file-manager/lib/codemirror/mode/ttcn-cfg HTTP/1.0" 200 14035 "-" "Mozilla/5.0 AppleWebKit/537.36 (KHTML, like Gecko; compatible; GPTBot/1.2; +https://openai.com/gptbot)"
20.171.207.22 - - [27/Oct/2025:06:03:59 +0300] "GET /sitemap.xml?fileloc=/var/www/vhosts/3chukuk.com/httpdocs/wp-content/plugins/wp-file-manager/lib/codemirror/mode/sas/.htaccess&path=/var/www/vhosts/3chukuk.com/httpdocs/wp-content/plugins/wp-file-manager/lib/codemirror/mode/sas HTTP/1.0" 200 14020 "-" "Mozilla/5.0 AppleWebKit/537.36 (KHTML, like Gecko; compatible; GPTBot/1.2; +https://openai.com/gptbot)"
20.171.207.22 - - [27/Oct/2025:06:04:03 +0300] "GET /sitemap.xml?fileloc=/var/www/vhosts/3chukuk.com/httpdocs/wp-content/plugins/wp-file-manager/lib/codemirror/mode/idl/.htaccess&path=/var/www/vhosts/3chukuk.com/httpdocs/wp-content/plugins/wp-file-manager/lib/codemirror/mode/idl HTTP/1.0" 200 14020 "-" "Mozilla/5.0 AppleWebKit/537.36 (KHTML, like Gecko; compatible; GPTBot/1.2; +https://openai.com/gptbot)"
20.171.207.22 - - [27/Oct/2025:06:04:06 +0300] "GET /sitemap.xml?fileloc=/var/www/vhosts/3chukuk.com/httpdocs/wp-content/plugins/wp-file-manager/lib/codemirror/mode/twig/twig.js&path=/var/www/vhosts/3chukuk.com/httpdocs/wp-content/plugins/wp-file-manager/lib/codemirror/mode/twig HTTP/1.0" 200 19280 "-" "Mozilla/5.0 AppleWebKit/537.36 (KHTML, like Gecko; compatible; GPTBot/1.2; +https://openai.com/gptbot)"
20.171.207.22 - - [27/Oct/2025:06:04:09 +0300] "GET /sitemap.xml?fileloc=/var/www/vhosts/3chukuk.com/httpdocs/wp-content/plugins/wp-file-manager/lib/codemirror/mode/stex/stex.js&path=/var/www/vhosts/3chukuk.com/httpdocs/wp-content/plugins/wp-file-manager/lib/codemirror/mode/stex HTTP/1.0" 200 21438 "-" "Mozilla/5.0 AppleWebKit/537.36 (KHTML, like Gecko; compatible; GPTBot/1.2; +https://openai.com/gptbot)"
20.171.207.22 - - [27/Oct/2025:06:04:12 +0300] "GET /sitemap.xml?fileloc=/var/www/vhosts/3chukuk.com/httpdocs/wp-content/plugins/wp-file-manager/lib/codemirror/mode/ecl/.htaccess&path=/var/www/vhosts/3chukuk.com/httpdocs/wp-content/plugins/wp-file-manager/lib/codemirror/mode/ecl HTTP/1.0" 200 14020 "-" "Mozilla/5.0 AppleWebKit/537.36 (KHTML, like Gecko; compatible; GPTBot/1.2; +https://openai.com/gptbot)"
20.171.207.22 - - [27/Oct/2025:06:04:15 +0300] "GET /sitemap.xml?fileloc=/var/www/vhosts/3chukuk.com/httpdocs/wp-content/plugins/wp-file-manager/lib/codemirror/mode/vhdl/vhdl.js&path=/var/www/vhosts/3chukuk.com/httpdocs/wp-content/plugins/wp-file-manager/lib/codemirror/mode/vhdl HTTP/1.0" 200 21123 "-" "Mozilla/5.0 AppleWebKit/537.36 (KHTML, like Gecko; compatible; GPTBot/1.2; +https://openai.com/gptbot)"
20.171.207.22 - - [27/Oct/2025:06:04:18 +0300] "GET /sitemap.xml?fileloc=/var/www/vhosts/3chukuk.com/httpdocs/wp-content/plugins/wp-file-manager/lib/codemirror/mode/vue/.htaccess&path=/var/www/vhosts/3chukuk.com/httpdocs/wp-content/plugins/wp-file-manager/lib/codemirror/mode/vue HTTP/1.0" 200 14020 "-" "Mozilla/5.0 AppleWebKit/537.36 (KHTML, like Gecko; compatible; GPTBot/1.2; +https://openai.com/gptbot)"
20.171.207.22 - - [27/Oct/2025:06:04:22 +0300] "GET /?path=/var/www/vhosts/3chukuk.com/httpdocs/wp-content/plugins/wp-file-manager/lib/themes/windows%20-%2010/images/16px HTTP/1.0" 200 83171 "-" "Mozilla/5.0 AppleWebKit/537.36 (KHTML, like Gecko; compatible; GPTBot/1.2; +https://openai.com/gptbot)"
40.77.167.123 - - [27/Oct/2025:06:04:22 +0300] "GET /?x=49168832353 HTTP/1.0" 200 190750 "-" "Mozilla/5.0 AppleWebKit/537.36 (KHTML, like Gecko; compatible; bingbot/2.0; +http://www.bing.com/bingbot.htm) Chrome/116.0.1938.76 Safari/537.36"
20.171.207.22 - - [27/Oct/2025:06:04:25 +0300] "GET /sitemap.xml?fileloc=/var/www/vhosts/3chukuk.com/httpdocs/wp-content/plugins/wp-file-manager/lib/codemirror/mode/oz/.htaccess&path=/var/www/vhosts/3chukuk.com/httpdocs/wp-content/plugins/wp-file-manager/lib/codemirror/mode/oz HTTP/1.0" 200 14017 "-" "Mozilla/5.0 AppleWebKit/537.36 (KHTML, like Gecko; compatible; GPTBot/1.2; +https://openai.com/gptbot)"
20.171.207.22 - - [27/Oct/2025:06:04:28 +0300] "GET /?path=/var/www/vhosts/3chukuk.com/httpdocs/wp-content/plugins/wp-file-manager/lib/themes/windows%20-%2010/images/48px HTTP/1.0" 200 17781 "-" "Mozilla/5.0 AppleWebKit/537.36 (KHTML, like Gecko; compatible; GPTBot/1.2; +https://openai.com/gptbot)"
20.171.207.22 - - [27/Oct/2025:06:04:31 +0300] "GET /?fileloc=/var/www/vhosts/3chukuk.com/httpdocs/wp-content/uploads/2018/06/y%C4%B1lan%C4%B1ms%C4%B1-100x70.png&path=/var/www/vhosts/3chukuk.com/httpdocs/wp-content/uploads/2018/06 HTTP/1.0" 200 13253 "-" "Mozilla/5.0 AppleWebKit/537.36 (KHTML, like Gecko; compatible; GPTBot/1.2; +https://openai.com/gptbot)"
20.171.207.22 - - [27/Oct/2025:06:04:34 +0300] "GET /?fileloc=/var/www/vhosts/3chukuk.com/httpdocs/wp-content/uploads/2018/06/y%C4%B1lan%C4%B1ms%C4%B1-324x160.png&path=/var/www/vhosts/3chukuk.com/httpdocs/wp-content/uploads/2018/06 HTTP/1.0" 200 13254 "-" "Mozilla/5.0 AppleWebKit/537.36 (KHTML, like Gecko; compatible; GPTBot/1.2; +https://openai.com/gptbot)"
20.171.207.22 - - [27/Oct/2025:06:04:38 +0300] "GET /?fileloc=/var/www/vhosts/3chukuk.com/httpdocs/wp-content/plugins/wp-file-manager/lib/themes/windows%20-%2010/images/16px/view.png&path=/var/www/vhosts/3chukuk.com/httpdocs/wp-content/plugins/wp-file-manager/lib/themes/windows%20-%2010/images/16px HTTP/1.0" 200 13819 "-" "Mozilla/5.0 AppleWebKit/537.36 (KHTML, like Gecko; compatible; GPTBot/1.2; +https://openai.com/gptbot)"
101.99.88.90 - - [27/Oct/2025:06:04:40 +0300] "GET / HTTP/1.0" 200 82201 "-" "Mozilla/5.0 (compatible; Googlebot/2.1; +http://www.google.com/bot.html)"
20.171.207.22 - - [27/Oct/2025:06:04:41 +0300] "GET /?fileloc=/var/www/vhosts/3chukuk.com/httpdocs/wp-content/plugins/wp-file-manager/lib/themes/windows%20-%2010/images/16px/.htaccess&path=/var/www/vhosts/3chukuk.com/httpdocs/wp-content/plugins/wp-file-manager/lib/themes/windows%20-%2010/images/16px HTTP/1.0" 200 14179 "-" "Mozilla/5.0 AppleWebKit/537.36 (KHTML, like Gecko; compatible; GPTBot/1.2; +https://openai.com/gptbot)"
20.171.207.22 - - [27/Oct/2025:06:04:44 +0300] "GET /?fileloc=/var/www/vhosts/3chukuk.com/httpdocs/wp-content/plugins/wp-file-manager/lib/themes/windows%20-%2010/images/16px/preview.png&path=/var/www/vhosts/3chukuk.com/httpdocs/wp-content/plugins/wp-file-manager/lib/themes/windows%20-%2010/images/16px HTTP/1.0" 200 13822 "-" "Mozilla/5.0 AppleWebKit/537.36 (KHTML, like Gecko; compatible; GPTBot/1.2; +https://openai.com/gptbot)"
66.249.73.73 - - [27/Oct/2025:06:04:46 +0300] "GET /?j=66218242281 HTTP/1.0" 200 833182 "-" "Mozilla/5.0 (Linux; Android 6.0.1; Nexus 5X Build/MMB29P) AppleWebKit/537.36 (KHTML, like Gecko) Chrome/141.0.7390.122 Mobile Safari/537.36 (compatible; Googlebot/2.1; +http://www.google.com/bot.html)"
207.46.13.154 - - [27/Oct/2025:06:04:47 +0300] "GET /?x=73484623788 HTTP/1.0" 200 189545 "-" "Mozilla/5.0 AppleWebKit/537.36 (KHTML, like Gecko; compatible; bingbot/2.0; +http://www.bing.com/bingbot.htm) Chrome/116.0.1938.76 Safari/537.36"
20.171.207.22 - - [27/Oct/2025:06:04:47 +0300] "GET /?fileloc=/var/www/vhosts/3chukuk.com/httpdocs/wp-content/plugins/wp-file-manager/lib/themes/windows%20-%2010/images/16px/undo.png&path=/var/www/vhosts/3chukuk.com/httpdocs/wp-content/plugins/wp-file-manager/lib/themes/windows%20-%2010/images/16px HTTP/1.0" 200 13819 "-" "Mozilla/5.0 AppleWebKit/537.36 (KHTML, like Gecko; compatible; GPTBot/1.2; +https://openai.com/gptbot)"
207.46.13.154 - - [27/Oct/2025:06:04:49 +0300] "GET /?r=93817060061 HTTP/1.0" 200 599629 "-" "Mozilla/5.0 AppleWebKit/537.36 (KHTML, like Gecko; compatible; bingbot/2.0; +http://www.bing.com/bingbot.htm) Chrome/116.0.1938.76 Safari/537.36"
20.171.207.22 - - [27/Oct/2025:06:04:50 +0300] "GET /?fileloc=/var/www/vhosts/3chukuk.com/httpdocs/wp-content/plugins/wp-file-manager/lib/themes/windows%20-%2010/images/16px/paste.png&path=/var/www/vhosts/3chukuk.com/httpdocs/wp-content/plugins/wp-file-manager/lib/themes/windows%20-%2010/images/16px HTTP/1.0" 200 13820 "-" "Mozilla/5.0 AppleWebKit/537.36 (KHTML, like Gecko; compatible; GPTBot/1.2; +https://openai.com/gptbot)"
20.171.207.22 - - [27/Oct/2025:06:04:53 +0300] "GET /?fileloc=/var/www/vhosts/3chukuk.com/httpdocs/wp-content/plugins/wp-file-manager/lib/themes/windows%20-%2010/images/16px/invert_selection.png&path=/var/www/vhosts/3chukuk.com/httpdocs/wp-content/plugins/wp-file-manager/lib/themes/windows%20-%2010/images/16px HTTP/1.0" 200 13831 "-" "Mozilla/5.0 AppleWebKit/537.36 (KHTML, like Gecko; compatible; GPTBot/1.2; +https://openai.com/gptbot)"
20.171.207.22 - - [27/Oct/2025:06:04:57 +0300] "GET /?fileloc=/var/www/vhosts/3chukuk.com/httpdocs/wp-content/plugins/wp-file-manager/lib/themes/windows%20-%2010/images/16px/deselect_all.png&path=/var/www/vhosts/3chukuk.com/httpdocs/wp-content/plugins/wp-file-manager/lib/themes/windows%20-%2010/images/16px HTTP/1.0" 200 13827 "-" "Mozilla/5.0 AppleWebKit/537.36 (KHTML, like Gecko; compatible; GPTBot/1.2; +https://openai.com/gptbot)"
20.171.207.22 - - [27/Oct/2025:06:05:00 +0300] "GET /?fileloc=/var/www/vhosts/3chukuk.com/httpdocs/wp-content/plugins/wp-file-manager/lib/themes/windows%20-%2010/images/16px/upload.png&path=/var/www/vhosts/3chukuk.com/httpdocs/wp-content/plugins/wp-file-manager/lib/themes/windows%20-%2010/images/16px HTTP/1.0" 200 13821 "-" "Mozilla/5.0 AppleWebKit/537.36 (KHTML, like Gecko; compatible; GPTBot/1.2; +https://openai.com/gptbot)"
213.180.203.196 - - [27/Oct/2025:06:05:00 +0300] "GET /blog/tag/es/ HTTP/1.0" 200 60245 "-" "Mozilla/5.0 (compatible; YandexBot/3.0; +http://yandex.com/bots)"
20.171.207.22 - - [27/Oct/2025:06:05:03 +0300] "GET /?fileloc=/var/www/vhosts/3chukuk.com/httpdocs/wp-content/plugins/wp-file-manager/lib/themes/windows%20-%2010/images/16px/rename.png&path=/var/www/vhosts/3chukuk.com/httpdocs/wp-content/plugins/wp-file-manager/lib/themes/windows%20-%2010/images/16px HTTP/1.0" 200 13821 "-" "Mozilla/5.0 AppleWebKit/537.36 (KHTML, like Gecko; compatible; GPTBot/1.2; +https://openai.com/gptbot)"
20.171.207.22 - - [27/Oct/2025:06:05:06 +0300] "GET /?fileloc=/var/www/vhosts/3chukuk.com/httpdocs/wp-content/plugins/wp-file-manager/lib/themes/windows%20-%2010/images/16px/copy.png&path=/var/www/vhosts/3chukuk.com/httpdocs/wp-content/plugins/wp-file-manager/lib/themes/windows%20-%2010/images/16px HTTP/1.0" 200 13819 "-" "Mozilla/5.0 AppleWebKit/537.36 (KHTML, like Gecko; compatible; GPTBot/1.2; +https://openai.com/gptbot)"
20.171.207.22 - - [27/Oct/2025:06:05:09 +0300] "GET /?fileloc=/var/www/vhosts/3chukuk.com/httpdocs/wp-content/plugins/wp-file-manager/lib/themes/windows%20-%2010/images/16px/cut.png&path=/var/www/vhosts/3chukuk.com/httpdocs/wp-content/plugins/wp-file-manager/lib/themes/windows%20-%2010/images/16px HTTP/1.0" 200 13818 "-" "Mozilla/5.0 AppleWebKit/537.36 (KHTML, like Gecko; compatible; GPTBot/1.2; +https://openai.com/gptbot)"
20.171.207.22 - - [27/Oct/2025:06:05:12 +0300] "GET /?fileloc=/var/www/vhosts/3chukuk.com/httpdocs/wp-content/plugins/wp-file-manager/lib/themes/windows%20-%2010/images/16px/rm.png&path=/var/www/vhosts/3chukuk.com/httpdocs/wp-content/plugins/wp-file-manager/lib/themes/windows%20-%2010/images/16px HTTP/1.0" 200 13817 "-" "Mozilla/5.0 AppleWebKit/537.36 (KHTML, like Gecko; compatible; GPTBot/1.2; +https://openai.com/gptbot)"
20.171.207.22 - - [27/Oct/2025:06:05:16 +0300] "GET /?fileloc=/var/www/vhosts/3chukuk.com/httpdocs/wp-content/plugins/wp-file-manager/lib/themes/windows%20-%2010/images/16px/up.png&path=/var/www/vhosts/3chukuk.com/httpdocs/wp-content/plugins/wp-file-manager/lib/themes/windows%20-%2010/images/16px HTTP/1.0" 200 13817 "-" "Mozilla/5.0 AppleWebKit/537.36 (KHTML, like Gecko; compatible; GPTBot/1.2; +https://openai.com/gptbot)"
20.171.207.22 - - [27/Oct/2025:06:05:19 +0300] "GET /?fileloc=/var/www/vhosts/3chukuk.com/httpdocs/wp-content/plugins/wp-file-manager/lib/themes/windows%20-%2010/images/16px/extract.png&path=/var/www/vhosts/3chukuk.com/httpdocs/wp-content/plugins/wp-file-manager/lib/themes/windows%20-%2010/images/16px HTTP/1.0" 200 13822 "-" "Mozilla/5.0 AppleWebKit/537.36 (KHTML, like Gecko; compatible; GPTBot/1.2; +https://openai.com/gptbot)"
20.171.207.22 - - [27/Oct/2025:06:05:22 +0300] "GET /?fileloc=/var/www/vhosts/3chukuk.com/httpdocs/wp-content/plugins/wp-file-manager/lib/themes/windows%20-%2010/images/16px/edit.png&path=/var/www/vhosts/3chukuk.com/httpdocs/wp-content/plugins/wp-file-manager/lib/themes/windows%20-%2010/images/16px HTTP/1.0" 200 13819 "-" "Mozilla/5.0 AppleWebKit/537.36 (KHTML, like Gecko; compatible; GPTBot/1.2; +https://openai.com/gptbot)"
20.171.207.22 - - [27/Oct/2025:06:05:25 +0300] "GET /?fileloc=/var/www/vhosts/3chukuk.com/httpdocs/wp-content/plugins/wp-file-manager/lib/themes/windows%20-%2010/images/16px/back.png&path=/var/www/vhosts/3chukuk.com/httpdocs/wp-content/plugins/wp-file-manager/lib/themes/windows%20-%2010/images/16px HTTP/1.0" 200 13819 "-" "Mozilla/5.0 AppleWebKit/537.36 (KHTML, like Gecko; compatible; GPTBot/1.2; +https://openai.com/gptbot)"
20.171.207.22 - - [27/Oct/2025:06:05:28 +0300] "GET /?fileloc=/var/www/vhosts/3chukuk.com/httpdocs/wp-content/plugins/wp-file-manager/lib/themes/windows%20-%2010/images/16px/full-screen-icon.png&path=/var/www/vhosts/3chukuk.com/httpdocs/wp-content/plugins/wp-file-manager/lib/themes/windows%20-%2010/images/16px HTTP/1.0" 200 13831 "-" "Mozilla/5.0 AppleWebKit/537.36 (KHTML, like Gecko; compatible; GPTBot/1.2; +https://openai.com/gptbot)"
20.171.207.22 - - [27/Oct/2025:06:05:32 +0300] "GET /?fileloc=/var/www/vhosts/3chukuk.com/httpdocs/wp-content/plugins/wp-file-manager/lib/themes/windows%20-%2010/images/16px/redo.png&path=/var/www/vhosts/3chukuk.com/httpdocs/wp-content/plugins/wp-file-manager/lib/themes/windows%20-%2010/images/16px HTTP/1.0" 200 13819 "-" "Mozilla/5.0 AppleWebKit/537.36 (KHTML, like Gecko; compatible; GPTBot/1.2; +https://openai.com/gptbot)"
20.171.207.22 - - [27/Oct/2025:06:05:35 +0300] "GET /?fileloc=/var/www/vhosts/3chukuk.com/httpdocs/wp-content/plugins/wp-file-manager/lib/themes/windows%20-%2010/images/16px/open.png&path=/var/www/vhosts/3chukuk.com/httpdocs/wp-content/plugins/wp-file-manager/lib/themes/windows%20-%2010/images/16px HTTP/1.0" 200 13819 "-" "Mozilla/5.0 AppleWebKit/537.36 (KHTML, like Gecko; compatible; GPTBot/1.2; +https://openai.com/gptbot)"
20.171.207.22 - - [27/Oct/2025:06:05:38 +0300] "GET /?fileloc=/var/www/vhosts/3chukuk.com/httpdocs/wp-content/plugins/wp-file-manager/lib/themes/windows%20-%2010/images/16px/netmount.png&path=/var/www/vhosts/3chukuk.com/httpdocs/wp-content/plugins/wp-file-manager/lib/themes/windows%20-%2010/images/16px HTTP/1.0" 200 13823 "-" "Mozilla/5.0 AppleWebKit/537.36 (KHTML, like Gecko; compatible; GPTBot/1.2; +https://openai.com/gptbot)"
20.171.207.22 - - [27/Oct/2025:06:05:41 +0300] "GET /?fileloc=/var/www/vhosts/3chukuk.com/httpdocs/wp-content/plugins/wp-file-manager/lib/themes/windows%20-%2010/images/16px/sort.png&path=/var/www/vhosts/3chukuk.com/httpdocs/wp-content/plugins/wp-file-manager/lib/themes/windows%20-%2010/images/16px HTTP/1.0" 200 13819 "-" "Mozilla/5.0 AppleWebKit/537.36 (KHTML, like Gecko; compatible; GPTBot/1.2; +https://openai.com/gptbot)"
20.171.207.22 - - [27/Oct/2025:06:05:44 +0300] "GET /?fileloc=/var/www/vhosts/3chukuk.com/httpdocs/wp-content/plugins/wp-file-manager/lib/themes/windows%20-%2010/images/16px/file.png&path=/var/www/vhosts/3chukuk.com/httpdocs/wp-content/plugins/wp-file-manager/lib/themes/windows%20-%2010/images/16px HTTP/1.0" 200 13819 "-" "Mozilla/5.0 AppleWebKit/537.36 (KHTML, like Gecko; compatible; GPTBot/1.2; +https://openai.com/gptbot)"
20.171.207.22 - - [27/Oct/2025:06:05:48 +0300] "GET /?fileloc=/var/www/vhosts/3chukuk.com/httpdocs/wp-content/plugins/wp-file-manager/lib/themes/windows%20-%2010/images/16px/getfile.png&path=/var/www/vhosts/3chukuk.com/httpdocs/wp-content/plugins/wp-file-manager/lib/themes/windows%20-%2010/images/16px HTTP/1.0" 200 13822 "-" "Mozilla/5.0 AppleWebKit/537.36 (KHTML, like Gecko; compatible; GPTBot/1.2; +https://openai.com/gptbot)"
20.171.207.22 - - [27/Oct/2025:06:05:51 +0300] "GET /?fileloc=/var/www/vhosts/3chukuk.com/httpdocs/wp-content/plugins/wp-file-manager/lib/themes/windows%20-%2010/images/16px/duplicate.png&path=/var/www/vhosts/3chukuk.com/httpdocs/wp-content/plugins/wp-file-manager/lib/themes/windows%20-%2010/images/16px HTTP/1.0" 200 13824 "-" "Mozilla/5.0 AppleWebKit/537.36 (KHTML, like Gecko; compatible; GPTBot/1.2; +https://openai.com/gptbot)"
20.171.207.22 - - [27/Oct/2025:06:05:54 +0300] "GET /?fileloc=/var/www/vhosts/3chukuk.com/httpdocs/wp-content/plugins/wp-file-manager/lib/themes/windows%20-%2010/images/16px/resize.png&path=/var/www/vhosts/3chukuk.com/httpdocs/wp-content/plugins/wp-file-manager/lib/themes/windows%20-%2010/images/16px HTTP/1.0" 200 13821 "-" "Mozilla/5.0 AppleWebKit/537.36 (KHTML, like Gecko; compatible; GPTBot/1.2; +https://openai.com/gptbot)"
207.46.13.154 - - [27/Oct/2025:06:05:57 +0300] "GET /?r=17468340251 HTTP/1.0" 200 600556 "-" "Mozilla/5.0 AppleWebKit/537.36 (KHTML, like Gecko; compatible; bingbot/2.0; +http://www.bing.com/bingbot.htm) Chrome/116.0.1938.76 Safari/537.36"
20.171.207.22 - - [27/Oct/2025:06:05:57 +0300] "GET /?fileloc=/var/www/vhosts/3chukuk.com/httpdocs/wp-content/plugins/wp-file-manager/lib/themes/windows%20-%2010/images/48px/.htaccess&path=/var/www/vhosts/3chukuk.com/httpdocs/wp-content/plugins/wp-file-manager/lib/themes/windows%20-%2010/images/48px HTTP/1.0" 200 14179 "-" "Mozilla/5.0 AppleWebKit/537.36 (KHTML, like Gecko; compatible; GPTBot/1.2; +https://openai.com/gptbot)"
20.171.207.22 - - [27/Oct/2025:06:06:00 +0300] "GET /?fileloc=/var/www/vhosts/3chukuk.com/httpdocs/wp-content/plugins/wp-file-manager/lib/themes/windows%20-%2010/images/16px/arrow_down.png&path=/var/www/vhosts/3chukuk.com/httpdocs/wp-content/plugins/wp-file-manager/lib/themes/windows%20-%2010/images/16px HTTP/1.0" 200 13825 "-" "Mozilla/5.0 AppleWebKit/537.36 (KHTML, like Gecko; compatible; GPTBot/1.2; +https://openai.com/gptbot)"
40.77.167.123 - - [27/Oct/2025:06:06:03 +0300] "GET /?z=65060432802 HTTP/1.0" 200 350594 "-" "Mozilla/5.0 AppleWebKit/537.36 (KHTML, like Gecko; compatible; bingbot/2.0; +http://www.bing.com/bingbot.htm) Chrome/116.0.1938.76 Safari/537.36"
20.171.207.22 - - [27/Oct/2025:06:06:03 +0300] "GET /?fileloc=/var/www/vhosts/3chukuk.com/httpdocs/wp-content/plugins/wp-file-manager/lib/themes/windows%20-%2010/images/16px/directory.png&path=/var/www/vhosts/3chukuk.com/httpdocs/wp-content/plugins/wp-file-manager/lib/themes/windows%20-%2010/images/16px HTTP/1.0" 200 13824 "-" "Mozilla/5.0 AppleWebKit/537.36 (KHTML, like Gecko; compatible; GPTBot/1.2; +https://openai.com/gptbot)"
20.171.207.22 - - [27/Oct/2025:06:06:07 +0300] "GET /?fileloc=/var/www/vhosts/3chukuk.com/httpdocs/wp-content/plugins/wp-file-manager/lib/themes/windows%20-%2010/images/16px/clear_folder.png&path=/var/www/vhosts/3chukuk.com/httpdocs/wp-content/plugins/wp-file-manager/lib/themes/windows%20-%2010/images/16px HTTP/1.0" 200 13827 "-" "Mozilla/5.0 AppleWebKit/537.36 (KHTML, like Gecko; compatible; GPTBot/1.2; +https://openai.com/gptbot)"
20.171.207.22 - - [27/Oct/2025:06:06:10 +0300] "GET /?fileloc=/var/www/vhosts/3chukuk.com/httpdocs/wp-content/plugins/wp-file-manager/lib/themes/windows%20-%2010/images/16px/select_all.png&path=/var/www/vhosts/3chukuk.com/httpdocs/wp-content/plugins/wp-file-manager/lib/themes/windows%20-%2010/images/16px HTTP/1.0" 200 13825 "-" "Mozilla/5.0 AppleWebKit/537.36 (KHTML, like Gecko; compatible; GPTBot/1.2; +https://openai.com/gptbot)"
20.171.207.22 - - [27/Oct/2025:06:06:13 +0300] "GET /?fileloc=/var/www/vhosts/3chukuk.com/httpdocs/wp-content/plugins/wp-file-manager/lib/themes/windows%20-%2010/images/16px/directory_opened.png&path=/var/www/vhosts/3chukuk.com/httpdocs/wp-content/plugins/wp-file-manager/lib/themes/windows%20-%2010/images/16px HTTP/1.0" 200 13831 "-" "Mozilla/5.0 AppleWebKit/537.36 (KHTML, like Gecko; compatible; GPTBot/1.2; +https://openai.com/gptbot)"
20.171.207.22 - - [27/Oct/2025:06:06:16 +0300] "GET /?fileloc=/var/www/vhosts/3chukuk.com/httpdocs/wp-content/plugins/wp-file-manager/lib/themes/windows%20-%2010/images/16px/search.png&path=/var/www/vhosts/3chukuk.com/httpdocs/wp-content/plugins/wp-file-manager/lib/themes/windows%20-%2010/images/16px HTTP/1.0" 200 13821 "-" "Mozilla/5.0 AppleWebKit/537.36 (KHTML, like Gecko; compatible; GPTBot/1.2; +https://openai.com/gptbot)"
207.46.13.154 - - [27/Oct/2025:06:06:17 +0300] "GET /?r=94950075811 HTTP/1.0" 200 598170 "-" "Mozilla/5.0 AppleWebKit/537.36 (KHTML, like Gecko; compatible; bingbot/2.0; +http://www.bing.com/bingbot.htm) Chrome/116.0.1938.76 Safari/537.36"
20.171.207.22 - - [27/Oct/2025:06:06:19 +0300] "GET /?fileloc=/var/www/vhosts/3chukuk.com/httpdocs/wp-content/plugins/wp-file-manager/lib/themes/windows%20-%2010/images/16px/info.png&path=/var/www/vhosts/3chukuk.com/httpdocs/wp-content/plugins/wp-file-manager/lib/themes/windows%20-%2010/images/16px HTTP/1.0" 200 13819 "-" "Mozilla/5.0 AppleWebKit/537.36 (KHTML, like Gecko; compatible; GPTBot/1.2; +https://openai.com/gptbot)"
20.171.207.22 - - [27/Oct/2025:06:06:22 +0300] "GET /?fileloc=/var/www/vhosts/3chukuk.com/httpdocs/wp-content/plugins/wp-file-manager/lib/themes/windows%20-%2010/images/16px/download.png&path=/var/www/vhosts/3chukuk.com/httpdocs/wp-content/plugins/wp-file-manager/lib/themes/windows%20-%2010/images/16px HTTP/1.0" 200 13823 "-" "Mozilla/5.0 AppleWebKit/537.36 (KHTML, like Gecko; compatible; GPTBot/1.2; +https://openai.com/gptbot)"
20.171.207.22 - - [27/Oct/2025:06:06:26 +0300] "GET /?fileloc=/var/www/vhosts/3chukuk.com/httpdocs/wp-content/plugins/wp-file-manager/lib/themes/windows%20-%2010/images/16px/forward.png&path=/var/www/vhosts/3chukuk.com/httpdocs/wp-content/plugins/wp-file-manager/lib/themes/windows%20-%2010/images/16px HTTP/1.0" 200 13822 "-" "Mozilla/5.0 AppleWebKit/537.36 (KHTML, like Gecko; compatible; GPTBot/1.2; +https://openai.com/gptbot)"
207.46.13.154 - - [27/Oct/2025:06:06:27 +0300] "GET /?r=17157875994 HTTP/1.0" 200 599963 "-" "Mozilla/5.0 AppleWebKit/537.36 (KHTML, like Gecko; compatible; bingbot/2.0; +http://www.bing.com/bingbot.htm) Chrome/116.0.1938.76 Safari/537.36"
20.171.207.22 - - [27/Oct/2025:06:06:29 +0300] "GET /?fileloc=/var/www/vhosts/3chukuk.com/httpdocs/wp-content/plugins/wp-file-manager/lib/themes/windows%20-%2010/images/48px/directory.png&path=/var/www/vhosts/3chukuk.com/httpdocs/wp-content/plugins/wp-file-manager/lib/themes/windows%20-%2010/images/48px HTTP/1.0" 200 13824 "-" "Mozilla/5.0 AppleWebKit/537.36 (KHTML, like Gecko; compatible; GPTBot/1.2; +https://openai.com/gptbot)"
20.171.207.22 - - [27/Oct/2025:06:06:32 +0300] "GET /?fileloc=/var/www/vhosts/3chukuk.com/httpdocs/wp-content/plugins/wp-file-manager/lib/themes/windows%20-%2010/images/16px/archive.png&path=/var/www/vhosts/3chukuk.com/httpdocs/wp-content/plugins/wp-file-manager/lib/themes/windows%20-%2010/images/16px HTTP/1.0" 200 13822 "-" "Mozilla/5.0 AppleWebKit/537.36 (KHTML, like Gecko; compatible; GPTBot/1.2; +https://openai.com/gptbot)"
40.77.167.123 - - [27/Oct/2025:06:06:33 +0300] "GET /?r=93722333676 HTTP/1.0" 200 599282 "-" "Mozilla/5.0 AppleWebKit/537.36 (KHTML, like Gecko; compatible; bingbot/2.0; +http://www.bing.com/bingbot.htm) Chrome/116.0.1938.76 Safari/537.36"
20.171.207.22 - - [27/Oct/2025:06:06:35 +0300] "GET /?fileloc=/var/www/vhosts/3chukuk.com/httpdocs/wp-content/uploads/2018/06/y%C4%B1lan%C4%B1ms%C4%B1-150x150.png&path=/var/www/vhosts/3chukuk.com/httpdocs/wp-content/uploads/2018/06 HTTP/1.0" 200 13254 "-" "Mozilla/5.0 AppleWebKit/537.36 (KHTML, like Gecko; compatible; GPTBot/1.2; +https://openai.com/gptbot)"
20.171.207.22 - - [27/Oct/2025:06:06:38 +0300] "GET /?fileloc=/var/www/vhosts/3chukuk.com/httpdocs/wp-content/uploads/2018/06/y%C4%B1lan%C4%B1ms%C4%B1-265x198.png&path=/var/www/vhosts/3chukuk.com/httpdocs/wp-content/uploads/2018/06 HTTP/1.0" 200 13254 "-" "Mozilla/5.0 AppleWebKit/537.36 (KHTML, like Gecko; compatible; GPTBot/1.2; +https://openai.com/gptbot)"
20.171.207.22 - - [27/Oct/2025:06:06:41 +0300] "GET /?fileloc=/var/www/vhosts/3chukuk.com/httpdocs/wp-content/plugins/wp-file-manager/lib/themes/windows%20-%2010/images/16px/help.png&path=/var/www/vhosts/3chukuk.com/httpdocs/wp-content/plugins/wp-file-manager/lib/themes/windows%20-%2010/images/16px HTTP/1.0" 200 13819 "-" "Mozilla/5.0 AppleWebKit/537.36 (KHTML, like Gecko; compatible; GPTBot/1.2; +https://openai.com/gptbot)"
20.171.207.22 - - [27/Oct/2025:06:06:45 +0300] "GET /?fileloc=/var/www/vhosts/3chukuk.com/httpdocs/wp-content/uploads/2018/07/sinu%CC%88zite-ne-iyi-gelir-sinu%CC%88zit-nas%C4%B1l-gec%CC%A7er-300x250-300x250.png&path=/var/www/vhosts/3chukuk.com/httpdocs/wp-content/uploads/2018/07 HTTP/1.0" 200 13298 "-" "Mozilla/5.0 AppleWebKit/537.36 (KHTML, like Gecko; compatible; GPTBot/1.2; +https://openai.com/gptbot)"
20.171.207.22 - - [27/Oct/2025:06:06:48 +0300] "GET /?fileloc=/var/www/vhosts/3chukuk.com/httpdocs/wp-content/uploads/2018/07/sinu%CC%88zite-ne-iyi-gelir-sinu%CC%88zit-nas%C4%B1l-gec%CC%A7er-300x250-265x198.png&path=/var/www/vhosts/3chukuk.com/httpdocs/wp-content/uploads/2018/07 HTTP/1.0" 200 13298 "-" "Mozilla/5.0 AppleWebKit/537.36 (KHTML, like Gecko; compatible; GPTBot/1.2; +https://openai.com/gptbot)"
20.171.207.22 - - [27/Oct/2025:06:06:51 +0300] "GET /?fileloc=/var/www/vhosts/3chukuk.com/httpdocs/wp-content/uploads/2018/07/sinu%CC%88zite-ne-iyi-gelir-sinu%CC%88zit-nas%C4%B1l-gec%CC%A7er-300x250-218x150.png&path=/var/www/vhosts/3chukuk.com/httpdocs/wp-content/uploads/2018/07 HTTP/1.0" 200 13298 "-" "Mozilla/5.0 AppleWebKit/537.36 (KHTML, like Gecko; compatible; GPTBot/1.2; +https://openai.com/gptbot)"
20.171.207.22 - - [27/Oct/2025:06:06:54 +0300] "GET /?fileloc=/var/www/vhosts/3chukuk.com/httpdocs/wp-content/uploads/2018/07/sinu%CC%88zite-ne-iyi-gelir-sinu%CC%88zit-nas%C4%B1l-gec%CC%A7er-300x250-100x70.png&path=/var/www/vhosts/3chukuk.com/httpdocs/wp-content/uploads/2018/07 HTTP/1.0" 200 13297 "-" "Mozilla/5.0 AppleWebKit/537.36 (KHTML, like Gecko; compatible; GPTBot/1.2; +https://openai.com/gptbot)"
20.171.207.22 - - [27/Oct/2025:06:06:57 +0300] "GET /?fileloc=/var/www/vhosts/3chukuk.com/httpdocs/wp-content/uploads/2018/06/y%C4%B1lan%C4%B1ms%C4%B1-330x220.png&path=/var/www/vhosts/3chukuk.com/httpdocs/wp-content/uploads/2018/06 HTTP/1.0" 200 13254 "-" "Mozilla/5.0 AppleWebKit/537.36 (KHTML, like Gecko; compatible; GPTBot/1.2; +https://openai.com/gptbot)"
101.99.88.90 - - [27/Oct/2025:06:07:00 +0300] "GET / HTTP/1.0" 200 101079 "-" "Mozilla/5.0 (compatible; Googlebot/2.1; +http://www.google.com/bot.html)"
20.171.207.22 - - [27/Oct/2025:06:07:00 +0300] "GET /?fileloc=/var/www/vhosts/3chukuk.com/httpdocs/wp-content/uploads/2018/07/sinu%CC%88zite-ne-iyi-gelir-sinu%CC%88zit-nas%C4%B1l-gec%CC%A7er-300x250-300x235.png&path=/var/www/vhosts/3chukuk.com/httpdocs/wp-content/uploads/2018/07 HTTP/1.0" 200 13298 "-" "Mozilla/5.0 AppleWebKit/537.36 (KHTML, like Gecko; compatible; GPTBot/1.2; +https://openai.com/gptbot)"
20.171.207.22 - - [27/Oct/2025:06:07:03 +0300] "GET /?fileloc=/var/www/vhosts/3chukuk.com/httpdocs/wp-content/uploads/2018/06/y%C4%B1lan%C4%B1ms%C4%B1-218x150.png&path=/var/www/vhosts/3chukuk.com/httpdocs/wp-content/uploads/2018/06 HTTP/1.0" 200 13254 "-" "Mozilla/5.0 AppleWebKit/537.36 (KHTML, like Gecko; compatible; GPTBot/1.2; +https://openai.com/gptbot)"
20.171.207.22 - - [27/Oct/2025:06:07:07 +0300] "GET /?fileloc=/var/www/vhosts/3chukuk.com/httpdocs/wp-content/uploads/2018/06/y%C4%B1lan%C4%B1ms%C4%B1-324x280.png&path=/var/www/vhosts/3chukuk.com/httpdocs/wp-content/uploads/2018/06 HTTP/1.0" 200 13254 "-" "Mozilla/5.0 AppleWebKit/537.36 (KHTML, like Gecko; compatible; GPTBot/1.2; +https://openai.com/gptbot)"
20.171.207.22 - - [27/Oct/2025:06:07:10 +0300] "GET /?fileloc=/var/www/vhosts/3chukuk.com/httpdocs/wp-content/uploads/2018/06/y%C4%B1lan%C4%B1ms%C4%B1-330x261.png&path=/var/www/vhosts/3chukuk.com/httpdocs/wp-content/uploads/2018/06 HTTP/1.0" 200 13254 "-" "Mozilla/5.0 AppleWebKit/537.36 (KHTML, like Gecko; compatible; GPTBot/1.2; +https://openai.com/gptbot)"
20.171.207.22 - - [27/Oct/2025:06:07:13 +0300] "GET /?fileloc=/var/www/vhosts/3chukuk.com/httpdocs/wp-content/uploads/2018/06/y%C4%B1lan%C4%B1ms%C4%B1-324x235.png&path=/var/www/vhosts/3chukuk.com/httpdocs/wp-content/uploads/2018/06 HTTP/1.0" 200 13254 "-" "Mozilla/5.0 AppleWebKit/537.36 (KHTML, like Gecko; compatible; GPTBot/1.2; +https://openai.com/gptbot)"
20.171.207.22 - - [27/Oct/2025:06:07:16 +0300] "GET /?fileloc=/var/www/vhosts/3chukuk.com/httpdocs/wp-content/uploads/2018/07/sinu%CC%88zite-ne-iyi-gelir-sinu%CC%88zit-nas%C4%B1l-gec%CC%A7er-300x250-300x220.png&path=/var/www/vhosts/3chukuk.com/httpdocs/wp-content/uploads/2018/07 HTTP/1.0" 200 13298 "-" "Mozilla/5.0 AppleWebKit/537.36 (KHTML, like Gecko; compatible; GPTBot/1.2; +https://openai.com/gptbot)"
