20.171.207.22 - - [27/Oct/2025:06:07:19 +0300] "GET /?fileloc=/var/www/vhosts/3chukuk.com/httpdocs/wp-content/uploads/2018/07/sinu%CC%88zite-ne-iyi-gelir-sinu%CC%88zit-nas%C4%B1l-gec%CC%A7er-300x250-300x160.png&path=/var/www/vhosts/3chukuk.com/httpdocs/wp-content/uploads/2018/07 HTTP/1.0" 200 13298 "-" "Mozilla/5.0 AppleWebKit/537.36 (KHTML, like Gecko; compatible; GPTBot/1.2; +https://openai.com/gptbot)"
20.171.207.22 - - [27/Oct/2025:06:07:22 +0300] "GET /?fileloc=/var/www/vhosts/3chukuk.com/httpdocs/wp-content/uploads/2018/06/y%C4%B1lan%C4%B1ms%C4%B1-300x255.png&path=/var/www/vhosts/3chukuk.com/httpdocs/wp-content/uploads/2018/06 HTTP/1.0" 200 13254 "-" "Mozilla/5.0 AppleWebKit/537.36 (KHTML, like Gecko; compatible; GPTBot/1.2; +https://openai.com/gptbot)"
20.171.207.22 - - [27/Oct/2025:06:07:25 +0300] "GET /?fileloc=/var/www/vhosts/3chukuk.com/httpdocs/wp-content/uploads/2018/07/sinu%CC%88zite-ne-iyi-gelir-sinu%CC%88zit-nas%C4%B1l-gec%CC%A7er-300x250-80x60.png&path=/var/www/vhosts/3chukuk.com/httpdocs/wp-content/uploads/2018/07 HTTP/1.0" 200 13296 "-" "Mozilla/5.0 AppleWebKit/537.36 (KHTML, like Gecko; compatible; GPTBot/1.2; +https://openai.com/gptbot)"
207.46.13.154 - - [27/Oct/2025:06:07:27 +0300] "GET /?x=3724051718 HTTP/1.0" 200 190047 "-" "Mozilla/5.0 AppleWebKit/537.36 (KHTML, like Gecko; compatible; bingbot/2.0; +http://www.bing.com/bingbot.htm) Chrome/116.0.1938.76 Safari/537.36"
20.171.207.22 - - [27/Oct/2025:06:07:29 +0300] "GET /sitemap.xml?fileloc=/var/www/vhosts/3chukuk.com/httpdocs/wp-content/themes/twentytwentyfour/patterns/page-newsletter-landing.php&path=/var/www/vhosts/3chukuk.com/httpdocs/wp-content/themes/twentytwentyfour/patterns HTTP/1.0" 200 17533 "-" "Mozilla/5.0 AppleWebKit/537.36 (KHTML, like Gecko; compatible; GPTBot/1.2; +https://openai.com/gptbot)"
20.171.207.22 - - [27/Oct/2025:06:07:32 +0300] "GET /?fileloc=/var/www/vhosts/3chukuk.com/httpdocs/wp-content/uploads/2018/07/sinu%CC%88zite-ne-iyi-gelir-sinu%CC%88zit-nas%C4%B1l-gec%CC%A7er-300x250-150x150.png&path=/var/www/vhosts/3chukuk.com/httpdocs/wp-content/uploads/2018/07 HTTP/1.0" 200 13298 "-" "Mozilla/5.0 AppleWebKit/537.36 (KHTML, like Gecko; compatible; GPTBot/1.2; +https://openai.com/gptbot)"
20.171.207.22 - - [27/Oct/2025:06:07:35 +0300] "GET /?fileloc=/var/www/vhosts/3chukuk.com/httpdocs/wp-content/themes/twentytwentyfour/patterns/text-centered-statement.php&path=/var/www/vhosts/3chukuk.com/httpdocs/wp-content/themes/twentytwentyfour/patterns HTTP/1.0" 200 15938 "-" "Mozilla/5.0 AppleWebKit/537.36 (KHTML, like Gecko; compatible; GPTBot/1.2; +https://openai.com/gptbot)"
20.171.207.22 - - [27/Oct/2025:06:07:38 +0300] "GET /?fileloc=/var/www/vhosts/3chukuk.com/httpdocs/wp-content/themes/twentytwentyfour/patterns/footer.php&path=/var/www/vhosts/3chukuk.com/httpdocs/wp-content/themes/twentytwentyfour/patterns HTTP/1.0" 200 23303 "-" "Mozilla/5.0 AppleWebKit/537.36 (KHTML, like Gecko; compatible; GPTBot/1.2; +https://openai.com/gptbot)"
20.171.207.22 - - [27/Oct/2025:06:07:41 +0300] "GET /?fileloc=/var/www/vhosts/3chukuk.com/httpdocs/wp-content/themes/twentytwentyfive/patterns/cta-newsletter.php&path=/var/www/vhosts/3chukuk.com/httpdocs/wp-content/themes/twentytwentyfive/patterns HTTP/1.0" 200 16656 "-" "Mozilla/5.0 AppleWebKit/537.36 (KHTML, like Gecko; compatible; GPTBot/1.2; +https://openai.com/gptbot)"
20.171.207.22 - - [27/Oct/2025:06:07:44 +0300] "GET /sitemap.xml?fileloc=/var/www/vhosts/3chukuk.com/httpdocs/wp-content/themes/Newspaper/includes/plugins/woocommerce/assets/css/admin-rtl.css&path=/var/www/vhosts/3chukuk.com/httpdocs/wp-content/themes/Newspaper/includes/plugins/woocommerce/assets/css HTTP/1.0" 200 312277 "-" "Mozilla/5.0 AppleWebKit/537.36 (KHTML, like Gecko; compatible; GPTBot/1.2; +https://openai.com/gptbot)"
20.171.207.22 - - [27/Oct/2025:06:07:47 +0300] "GET /?fileloc=/var/www/vhosts/3chukuk.com/httpdocs/wp-content/uploads/2018/04/67-TNB-02-100x70.jpg&path=/var/www/vhosts/3chukuk.com/httpdocs/wp-content/uploads/2018/04 HTTP/1.0" 200 13250 "-" "Mozilla/5.0 AppleWebKit/537.36 (KHTML, like Gecko; compatible; GPTBot/1.2; +https://openai.com/gptbot)"
20.171.207.22 - - [27/Oct/2025:06:07:50 +0300] "GET /?fileloc=/var/www/vhosts/3chukuk.com/httpdocs/wp-includes/IXR/class-IXR-value.php&path=/var/www/vhosts/3chukuk.com/httpdocs/wp-includes/IXR HTTP/1.0" 200 17191 "-" "Mozilla/5.0 AppleWebKit/537.36 (KHTML, like Gecko; compatible; GPTBot/1.2; +https://openai.com/gptbot)"
20.171.207.22 - - [27/Oct/2025:06:07:54 +0300] "GET /sitemap.xml?fileloc=/var/www/vhosts/3chukuk.com/httpdocs/wp-content/themes/Newspaper/includes/plugins/woocommerce/assets/css/twenty-twenty-one-admin.css&path=/var/www/vhosts/3chukuk.com/httpdocs/wp-content/themes/Newspaper/includes/plugins/woocommerce/assets/css HTTP/1.0" 200 13915 "-" "Mozilla/5.0 AppleWebKit/537.36 (KHTML, like Gecko; compatible; GPTBot/1.2; +https://openai.com/gptbot)"
20.171.207.22 - - [27/Oct/2025:06:07:57 +0300] "GET /?path=/var/www/vhosts/3chukuk.com/httpdocs/wp-includes/js/tinymce/plugins/wplink/wplink HTTP/1.0" 200 15508 "-" "Mozilla/5.0 AppleWebKit/537.36 (KHTML, like Gecko; compatible; GPTBot/1.2; +https://openai.com/gptbot)"
20.171.207.22 - - [27/Oct/2025:06:08:00 +0300] "GET /sitemap.xml?fileloc=/var/www/vhosts/3chukuk.com/httpdocs/wp-content/plugins/backup-1760131327/libs/UserAgent/UserAgentParser.php&path=/var/www/vhosts/3chukuk.com/httpdocs/wp-content/plugins/backup-1760131327/libs/UserAgent HTTP/1.0" 200 14604 "-" "Mozilla/5.0 AppleWebKit/537.36 (KHTML, like Gecko; compatible; GPTBot/1.2; +https://openai.com/gptbot)"
20.171.207.22 - - [27/Oct/2025:06:08:03 +0300] "GET /sitemap.xml?fileloc=/var/www/vhosts/3chukuk.com/httpdocs/wp-content/plugins/custom-1760177596/libs/UserAgent/UserAgentParser.php&path=/var/www/vhosts/3chukuk.com/httpdocs/wp-content/plugins/custom-1760177596/libs/UserAgent HTTP/1.0" 200 14604 "-" "Mozilla/5.0 AppleWebKit/537.36 (KHTML, like Gecko; compatible; GPTBot/1.2; +https://openai.com/gptbot)"
20.171.207.22 - - [27/Oct/2025:06:08:06 +0300] "GET /sitemap.xml?fileloc=/var/www/vhosts/3chukuk.com/httpdocs/wp-content/plugins/wordfence/waf/wfWAFIPBlocksController.php&path=/var/www/vhosts/3chukuk.com/httpdocs/wp-content/plugins/wordfence/waf HTTP/1.0" 200 34272 "-" "Mozilla/5.0 AppleWebKit/537.36 (KHTML, like Gecko; compatible; GPTBot/1.2; +https://openai.com/gptbot)"
20.171.207.22 - - [27/Oct/2025:06:08:09 +0300] "GET /sitemap.xml?fileloc=/var/www/vhosts/3chukuk.com/httpdocs/wp-content/plugins/wordfence/lib/wfImportExportController.php&path=/var/www/vhosts/3chukuk.com/httpdocs/wp-content/plugins/wordfence/lib HTTP/1.0" 200 16769 "-" "Mozilla/5.0 AppleWebKit/537.36 (KHTML, like Gecko; compatible; GPTBot/1.2; +https://openai.com/gptbot)"
20.171.207.22 - - [27/Oct/2025:06:08:13 +0300] "GET /?fileloc=/var/www/vhosts/3chukuk.com/httpdocs/wp-includes/js/tinymce/plugins/wplink/wplink/.htaccess&path=/var/www/vhosts/3chukuk.com/httpdocs/wp-includes/js/tinymce/plugins/wplink/wplink HTTP/1.0" 200 13831 "-" "Mozilla/5.0 AppleWebKit/537.36 (KHTML, like Gecko; compatible; GPTBot/1.2; +https://openai.com/gptbot)"
57.141.0.5 - - [27/Oct/2025:06:08:14 +0300] "GET /wp-json/wp/v2/posts/4472 HTTP/1.0" 200 60245 "-" "meta-externalagent/1.1 (+https://developers.facebook.com/docs/sharing/webmasters/crawler)"
20.171.207.22 - - [27/Oct/2025:06:08:16 +0300] "GET /?fileloc=/var/www/vhosts/3chukuk.com/httpdocs/wp-content/uploads/2017/09/Untitled-2.jpg&path=/var/www/vhosts/3chukuk.com/httpdocs/wp-content/uploads/2017/09 HTTP/1.0" 200 13244 "-" "Mozilla/5.0 AppleWebKit/537.36 (KHTML, like Gecko; compatible; GPTBot/1.2; +https://openai.com/gptbot)"
57.141.0.31 - - [27/Oct/2025:06:08:19 +0300] "GET /blog/tag/soz/ HTTP/1.0" 200 60245 "-" "meta-externalagent/1.1 (+https://developers.facebook.com/docs/sharing/webmasters/crawler)"
20.171.207.22 - - [27/Oct/2025:06:08:19 +0300] "GET /?fileloc=/var/www/vhosts/3chukuk.com/httpdocs/wp-content/uploads/2018/05/Screenshot_4.jpg&path=/var/www/vhosts/3chukuk.com/httpdocs/wp-content/uploads/2018/05 HTTP/1.0" 200 13246 "-" "Mozilla/5.0 AppleWebKit/537.36 (KHTML, like Gecko; compatible; GPTBot/1.2; +https://openai.com/gptbot)"
20.171.207.22 - - [27/Oct/2025:06:08:22 +0300] "GET /?fileloc=/var/www/vhosts/3chukuk.com/httpdocs/wp-content/uploads/2018/06/iCRA_SON-324x160.jpg&path=/var/www/vhosts/3chukuk.com/httpdocs/wp-content/uploads/2018/06 HTTP/1.0" 200 13250 "-" "Mozilla/5.0 AppleWebKit/537.36 (KHTML, like Gecko; compatible; GPTBot/1.2; +https://openai.com/gptbot)"
20.171.207.22 - - [27/Oct/2025:06:08:25 +0300] "GET /?fileloc=/var/www/vhosts/3chukuk.com/httpdocs/wp-content/uploads/2018/06/iCRA_SON-218x150.jpg&path=/var/www/vhosts/3chukuk.com/httpdocs/wp-content/uploads/2018/06 HTTP/1.0" 200 13250 "-" "Mozilla/5.0 AppleWebKit/537.36 (KHTML, like Gecko; compatible; GPTBot/1.2; +https://openai.com/gptbot)"
57.141.0.61 - - [27/Oct/2025:06:08:28 +0300] "GET /blog/2021/08/17/denizlide-kayo-avukatin-cesedi-bulundu/feed/ HTTP/1.0" 200 60245 "-" "meta-externalagent/1.1 (+https://developers.facebook.com/docs/sharing/webmasters/crawler)"
20.171.207.22 - - [27/Oct/2025:06:08:28 +0300] "GET /?fileloc=/var/www/vhosts/3chukuk.com/httpdocs/wp-content/uploads/2018/06/M-Selim-Kiraz-741x486.jpg&path=/var/www/vhosts/3chukuk.com/httpdocs/wp-content/uploads/2018/06 HTTP/1.0" 200 13255 "-" "Mozilla/5.0 AppleWebKit/537.36 (KHTML, like Gecko; compatible; GPTBot/1.2; +https://openai.com/gptbot)"
20.171.207.22 - - [27/Oct/2025:06:08:31 +0300] "GET /?fileloc=/var/www/vhosts/3chukuk.com/httpdocs/wp-content/uploads/2018/06/iCRA_SON-534x360.jpg&path=/var/www/vhosts/3chukuk.com/httpdocs/wp-content/uploads/2018/06 HTTP/1.0" 200 13250 "-" "Mozilla/5.0 AppleWebKit/537.36 (KHTML, like Gecko; compatible; GPTBot/1.2; +https://openai.com/gptbot)"
20.171.207.22 - - [27/Oct/2025:06:08:35 +0300] "GET /?fileloc=/var/www/vhosts/3chukuk.com/httpdocs/wp-content/uploads/2018/06/iCRA_SON-356x220.jpg&path=/var/www/vhosts/3chukuk.com/httpdocs/wp-content/uploads/2018/06 HTTP/1.0" 200 13250 "-" "Mozilla/5.0 AppleWebKit/537.36 (KHTML, like Gecko; compatible; GPTBot/1.2; +https://openai.com/gptbot)"
20.171.207.22 - - [27/Oct/2025:06:08:38 +0300] "GET /?fileloc=/var/www/vhosts/3chukuk.com/httpdocs/wp-content/uploads/2018/06/M-Selim-Kiraz-534x462.jpg&path=/var/www/vhosts/3chukuk.com/httpdocs/wp-content/uploads/2018/06 HTTP/1.0" 200 13255 "-" "Mozilla/5.0 AppleWebKit/537.36 (KHTML, like Gecko; compatible; GPTBot/1.2; +https://openai.com/gptbot)"
20.171.207.22 - - [27/Oct/2025:06:08:41 +0300] "GET /?fileloc=/var/www/vhosts/3chukuk.com/httpdocs/wp-content/uploads/2018/06/iCRA_SON-324x235.jpg&path=/var/www/vhosts/3chukuk.com/httpdocs/wp-content/uploads/2018/06 HTTP/1.0" 200 13250 "-" "Mozilla/5.0 AppleWebKit/537.36 (KHTML, like Gecko; compatible; GPTBot/1.2; +https://openai.com/gptbot)"
20.171.207.22 - - [27/Oct/2025:06:08:44 +0300] "GET /?fileloc=/var/www/vhosts/3chukuk.com/httpdocs/wp-content/uploads/2018/06/iCRA_SON-485x360.jpg&path=/var/www/vhosts/3chukuk.com/httpdocs/wp-content/uploads/2018/06 HTTP/1.0" 200 13250 "-" "Mozilla/5.0 AppleWebKit/537.36 (KHTML, like Gecko; compatible; GPTBot/1.2; +https://openai.com/gptbot)"
20.171.207.22 - - [27/Oct/2025:06:08:47 +0300] "GET /?fileloc=/var/www/vhosts/3chukuk.com/httpdocs/wp-content/uploads/2018/06/iCRA_SON-324x360.jpg&path=/var/www/vhosts/3chukuk.com/httpdocs/wp-content/uploads/2018/06 HTTP/1.0" 200 13250 "-" "Mozilla/5.0 AppleWebKit/537.36 (KHTML, like Gecko; compatible; GPTBot/1.2; +https://openai.com/gptbot)"
20.171.207.22 - - [27/Oct/2025:06:08:51 +0300] "GET /?fileloc=/var/www/vhosts/3chukuk.com/httpdocs/wp-content/uploads/2018/06/iCRA_SON-356x360.jpg&path=/var/www/vhosts/3chukuk.com/httpdocs/wp-content/uploads/2018/06 HTTP/1.0" 200 13250 "-" "Mozilla/5.0 AppleWebKit/537.36 (KHTML, like Gecko; compatible; GPTBot/1.2; +https://openai.com/gptbot)"
20.171.207.22 - - [27/Oct/2025:06:08:54 +0300] "GET /?fileloc=/var/www/vhosts/3chukuk.com/httpdocs/wp-content/uploads/2018/06/iCRA_SON-533x261.jpg&path=/var/www/vhosts/3chukuk.com/httpdocs/wp-content/uploads/2018/06 HTTP/1.0" 200 13250 "-" "Mozilla/5.0 AppleWebKit/537.36 (KHTML, like Gecko; compatible; GPTBot/1.2; +https://openai.com/gptbot)"
20.171.207.22 - - [27/Oct/2025:06:08:57 +0300] "GET /?fileloc=/var/www/vhosts/3chukuk.com/httpdocs/wp-content/uploads/2018/06/iCRA_SON-265x198.jpg&path=/var/www/vhosts/3chukuk.com/httpdocs/wp-content/uploads/2018/06 HTTP/1.0" 200 13250 "-" "Mozilla/5.0 AppleWebKit/537.36 (KHTML, like Gecko; compatible; GPTBot/1.2; +https://openai.com/gptbot)"
20.171.207.22 - - [27/Oct/2025:06:09:00 +0300] "GET /?fileloc=/var/www/vhosts/3chukuk.com/httpdocs/wp-content/uploads/2018/06/iCRA_SON-150x150.jpg&path=/var/www/vhosts/3chukuk.com/httpdocs/wp-content/uploads/2018/06 HTTP/1.0" 200 13250 "-" "Mozilla/5.0 AppleWebKit/537.36 (KHTML, like Gecko; compatible; GPTBot/1.2; +https://openai.com/gptbot)"
20.171.207.22 - - [27/Oct/2025:06:09:03 +0300] "GET /sitemap.xml?fileloc=/var/www/vhosts/3chukuk.com/httpdocs/wp-content/plugins/wordfence/lib/wfLog.php&path=/var/www/vhosts/3chukuk.com/httpdocs/wp-content/plugins/wordfence/lib HTTP/1.0" 200 74379 "-" "Mozilla/5.0 AppleWebKit/537.36 (KHTML, like Gecko; compatible; GPTBot/1.2; +https://openai.com/gptbot)"
20.171.207.22 - - [27/Oct/2025:06:09:06 +0300] "GET /sitemap.xml?fileloc=/var/www/vhosts/3chukuk.com/httpdocs/wp-content/plugins/wordfence/lib/Diff.php&path=/var/www/vhosts/3chukuk.com/httpdocs/wp-content/plugins/wordfence/lib HTTP/1.0" 200 19179 "-" "Mozilla/5.0 AppleWebKit/537.36 (KHTML, like Gecko; compatible; GPTBot/1.2; +https://openai.com/gptbot)"
20.171.207.22 - - [27/Oct/2025:06:09:10 +0300] "GET /sitemap.xml?fileloc=/var/www/vhosts/3chukuk.com/httpdocs/wp-content/themes/Newspaper/includes/plugins/woocommerce/src/Proxies/ActionsProxy.php&path=/var/www/vhosts/3chukuk.com/httpdocs/wp-content/themes/Newspaper/includes/plugins/woocommerce/src/Proxies HTTP/1.0" 200 14910 "-" "Mozilla/5.0 AppleWebKit/537.36 (KHTML, like Gecko; compatible; GPTBot/1.2; +https://openai.com/gptbot)"
20.171.207.22 - - [27/Oct/2025:06:09:13 +0300] "GET /sitemap.xml?fileloc=/var/www/vhosts/3chukuk.com/httpdocs/wp-content/themes/Newspaper/includes/plugins/woocommerce/src/Proxies/LegacyProxy.php&path=/var/www/vhosts/3chukuk.com/httpdocs/wp-content/themes/Newspaper/includes/plugins/woocommerce/src/Proxies HTTP/1.0" 200 17620 "-" "Mozilla/5.0 AppleWebKit/537.36 (KHTML, like Gecko; compatible; GPTBot/1.2; +https://openai.com/gptbot)"
57.141.0.51 - - [27/Oct/2025:06:09:16 +0300] "GET /wp-json/wp/v2/posts/16402 HTTP/1.0" 200 60245 "-" "meta-externalagent/1.1 (+https://developers.facebook.com/docs/sharing/webmasters/crawler)"
57.141.0.59 - - [27/Oct/2025:06:09:16 +0300] "GET /blog/2019/07/06/reyhanli-da-patlama/feed/ HTTP/1.0" 200 60245 "-" "meta-externalagent/1.1 (+https://developers.facebook.com/docs/sharing/webmasters/crawler)"
20.171.207.22 - - [27/Oct/2025:06:09:16 +0300] "GET /?fileloc=/var/www/vhosts/3chukuk.com/httpdocs/wp-content/themes/Newspaper/includes/plugins/woocommerce/packages/woocommerce-admin/dist/wp-admin-scripts/beta-features-tracking-modal.js&path=/var/www/vhosts/3chukuk.com/httpdocs/wp-content/themes/Newspaper/includes/plugins/woocommerce/packages/woocommerce-admin/dist/wp-admin-scripts HTTP/1.0" 200 28221 "-" "Mozilla/5.0 AppleWebKit/537.36 (KHTML, like Gecko; compatible; GPTBot/1.2; +https://openai.com/gptbot)"
20.171.207.22 - - [27/Oct/2025:06:09:19 +0300] "GET /sitemap.xml?fileloc=/var/www/vhosts/3chukuk.com/httpdocs/wp-content/plugins/wordfence/lib/wfDB.php&path=/var/www/vhosts/3chukuk.com/httpdocs/wp-content/plugins/wordfence/lib HTTP/1.0" 200 25656 "-" "Mozilla/5.0 AppleWebKit/537.36 (KHTML, like Gecko; compatible; GPTBot/1.2; +https://openai.com/gptbot)"
20.171.207.22 - - [27/Oct/2025:06:09:22 +0300] "GET /?fileloc=/var/www/vhosts/3chukuk.com/httpdocs/wp-content/themes/Newspaper/includes/plugins/woocommerce/packages/woocommerce-admin/dist/wp-admin-scripts/onboarding-tax-notice.js&path=/var/www/vhosts/3chukuk.com/httpdocs/wp-content/themes/Newspaper/includes/plugins/woocommerce/packages/woocommerce-admin/dist/wp-admin-scripts HTTP/1.0" 200 18438 "-" "Mozilla/5.0 AppleWebKit/537.36 (KHTML, like Gecko; compatible; GPTBot/1.2; +https://openai.com/gptbot)"
20.171.207.22 - - [27/Oct/2025:06:09:25 +0300] "GET /?path=/var/www/vhosts/3chukuk.com/.cagefs/var/cache HTTP/1.0" 200 14853 "-" "Mozilla/5.0 AppleWebKit/537.36 (KHTML, like Gecko; compatible; GPTBot/1.2; +https://openai.com/gptbot)"
20.171.207.22 - - [27/Oct/2025:06:09:29 +0300] "GET /?fileloc=/var/www/vhosts/3chukuk.com/httpdocs/wp-content/uploads/revslider/templates/websitebuilder-discover/slide1.jpg&path=/var/www/vhosts/3chukuk.com/httpdocs/wp-content/uploads/revslider/templates/websitebuilder-discover HTTP/1.0" 200 13449 "-" "Mozilla/5.0 AppleWebKit/537.36 (KHTML, like Gecko; compatible; GPTBot/1.2; +https://openai.com/gptbot)"
20.171.207.22 - - [27/Oct/2025:06:09:32 +0300] "GET /?path=/var/www/vhosts/3chukuk.com/.cagefs/var/spool HTTP/1.0" 200 14805 "-" "Mozilla/5.0 AppleWebKit/537.36 (KHTML, like Gecko; compatible; GPTBot/1.2; +https://openai.com/gptbot)"
20.171.207.22 - - [27/Oct/2025:06:09:35 +0300] "GET /?fileloc=/var/www/vhosts/3chukuk.com/httpdocs/wp-content/uploads/revslider/templates/websitebuilder-clients/slide1.jpg&path=/var/www/vhosts/3chukuk.com/httpdocs/wp-content/uploads/revslider/templates/websitebuilder-clients HTTP/1.0" 200 13446 "-" "Mozilla/5.0 AppleWebKit/537.36 (KHTML, like Gecko; compatible; GPTBot/1.2; +https://openai.com/gptbot)"
20.171.207.22 - - [27/Oct/2025:06:09:38 +0300] "GET /?fileloc=/var/www/vhosts/3chukuk.com/httpdocs/wp-content/uploads/revslider/templates/websitebuilder-discover/slide2.jpg&path=/var/www/vhosts/3chukuk.com/httpdocs/wp-content/uploads/revslider/templates/websitebuilder-discover HTTP/1.0" 200 13449 "-" "Mozilla/5.0 AppleWebKit/537.36 (KHTML, like Gecko; compatible; GPTBot/1.2; +https://openai.com/gptbot)"
20.171.207.22 - - [27/Oct/2025:06:09:41 +0300] "GET /?path=/var/www/vhosts/3chukuk.com/.cagefs/var/cache/php-eaccelerator HTTP/1.0" 200 13493 "-" "Mozilla/5.0 AppleWebKit/537.36 (KHTML, like Gecko; compatible; GPTBot/1.2; +https://openai.com/gptbot)"
20.171.207.22 - - [27/Oct/2025:06:09:44 +0300] "GET /?fileloc=/var/www/vhosts/3chukuk.com/httpdocs/wp-includes/html-api/class-wp-html-doctype-info.php&path=/var/www/vhosts/3chukuk.com/httpdocs/wp-includes/html-api HTTP/1.0" 200 39690 "-" "Mozilla/5.0 AppleWebKit/537.36 (KHTML, like Gecko; compatible; GPTBot/1.2; +https://openai.com/gptbot)"
2.58.45.2 - - [27/Oct/2025:06:09:48 +0300] "GET /wp-login.php?path=/var/www/vhosts HTTP/1.0" 200 13133 "-" "Mozilla/5.0 (Windows NT 10.0; Win64; x64) AppleWebKit/537.36 (KHTML, like Gecko) Chrome/109.0.0.0 Safari/537.36"
20.171.207.22 - - [27/Oct/2025:06:09:48 +0300] "GET /sitemap.xml?fileloc=/var/www/vhosts/3chukuk.com/httpdocs/wp-content/themes/Newspaper/includes/plugins/woocommerce/includes/export/abstract-wc-csv-exporter.php&path=/var/www/vhosts/3chukuk.com/httpdocs/wp-content/themes/Newspaper/includes/plugins/woocommerce/includes/export HTTP/1.0" 200 26025 "-" "Mozilla/5.0 AppleWebKit/537.36 (KHTML, like Gecko; compatible; GPTBot/1.2; +https://openai.com/gptbot)"
2.58.45.2 - - [27/Oct/2025:06:09:50 +0300] "GET /favicon.ico HTTP/1.0" 200 399 "https://www.3chukuk.com/wp-login.php?path=/var/www/vhosts" "Mozilla/5.0 (Windows NT 10.0; Win64; x64) AppleWebKit/537.36 (KHTML, like Gecko) Chrome/109.0.0.0 Safari/537.36"
20.171.207.22 - - [27/Oct/2025:06:09:51 +0300] "GET /?fileloc=/var/www/vhosts/3chukuk.com/httpdocs/wp-content/uploads/revslider/templates/websitebuilder-discover/slide4.jpg&path=/var/www/vhosts/3chukuk.com/httpdocs/wp-content/uploads/revslider/templates/websitebuilder-discover HTTP/1.0" 200 13449 "-" "Mozilla/5.0 AppleWebKit/537.36 (KHTML, like Gecko; compatible; GPTBot/1.2; +https://openai.com/gptbot)"
20.171.207.22 - - [27/Oct/2025:06:09:54 +0300] "GET /sitemap.xml?fileloc=/var/www/vhosts/3chukuk.com/httpdocs/wp-content/themes/Newspaper/includes/plugins/woocommerce/includes/wc-webhook-functions.php&path=/var/www/vhosts/3chukuk.com/httpdocs/wp-content/themes/Newspaper/includes/plugins/woocommerce/includes HTTP/1.0" 200 19533 "-" "Mozilla/5.0 AppleWebKit/537.36 (KHTML, like Gecko; compatible; GPTBot/1.2; +https://openai.com/gptbot)"
20.171.207.22 - - [27/Oct/2025:06:09:57 +0300] "GET /sitemap.xml?fileloc=/var/www/vhosts/3chukuk.com/httpdocs/wp-content/themes/Newspaper/includes/plugins/woocommerce/includes/class-wc-shipping-zone.php&path=/var/www/vhosts/3chukuk.com/httpdocs/wp-content/themes/Newspaper/includes/plugins/woocommerce/includes HTTP/1.0" 200 27534 "-" "Mozilla/5.0 AppleWebKit/537.36 (KHTML, like Gecko; compatible; GPTBot/1.2; +https://openai.com/gptbot)"
20.171.207.22 - - [27/Oct/2025:06:10:00 +0300] "GET /sitemap.xml?fileloc=/var/www/vhosts/3chukuk.com/httpdocs/wp-content/themes/Newspaper/includes/plugins/woocommerce/includes/legacy/class-wc-legacy-customer.php&path=/var/www/vhosts/3chukuk.com/httpdocs/wp-content/themes/Newspaper/includes/plugins/woocommerce/includes/legacy HTTP/1.0" 200 21064 "-" "Mozilla/5.0 AppleWebKit/537.36 (KHTML, like Gecko; compatible; GPTBot/1.2; +https://openai.com/gptbot)"
20.171.207.22 - - [27/Oct/2025:06:10:03 +0300] "GET /sitemap.xml?fileloc=/var/www/vhosts/3chukuk.com/httpdocs/wp-content/themes/Newspaper/includes/plugins/woocommerce/includes/class-wc-breadcrumb.php&path=/var/www/vhosts/3chukuk.com/httpdocs/wp-content/themes/Newspaper/includes/plugins/woocommerce/includes HTTP/1.0" 200 23795 "-" "Mozilla/5.0 AppleWebKit/537.36 (KHTML, like Gecko; compatible; GPTBot/1.2; +https://openai.com/gptbot)"
20.171.207.22 - - [27/Oct/2025:06:10:06 +0300] "GET /sitemap.xml?fileloc=/var/www/vhosts/3chukuk.com/httpdocs/wp-content/themes/Newspaper/includes/plugins/woocommerce/includes/widgets/class-wc-widget-layered-nav-filters.php&path=/var/www/vhosts/3chukuk.com/httpdocs/wp-content/themes/Newspaper/includes/plugins/woocommerce/includes/widgets HTTP/1.0" 200 18805 "-" "Mozilla/5.0 AppleWebKit/537.36 (KHTML, like Gecko; compatible; GPTBot/1.2; +https://openai.com/gptbot)"
20.171.207.22 - - [27/Oct/2025:06:10:10 +0300] "GET /sitemap.xml?fileloc=/var/www/vhosts/3chukuk.com/httpdocs/wp-content/themes/Newspaper/includes/plugins/woocommerce/includes/wc-widget-functions.php&path=/var/www/vhosts/3chukuk.com/httpdocs/wp-content/themes/Newspaper/includes/plugins/woocommerce/includes HTTP/1.0" 200 15749 "-" "Mozilla/5.0 AppleWebKit/537.36 (KHTML, like Gecko; compatible; GPTBot/1.2; +https://openai.com/gptbot)"
20.171.207.22 - - [27/Oct/2025:06:10:13 +0300] "GET /sitemap.xml?fileloc=/var/www/vhosts/3chukuk.com/httpdocs/wp-content/themes/Newspaper/includes/plugins/woocommerce/includes/legacy/abstract-wc-legacy-payment-token.php&path=/var/www/vhosts/3chukuk.com/httpdocs/wp-content/themes/Newspaper/includes/plugins/woocommerce/includes/legacy HTTP/1.0" 200 15774 "-" "Mozilla/5.0 AppleWebKit/537.36 (KHTML, like Gecko; compatible; GPTBot/1.2; +https://openai.com/gptbot)"
52.167.144.142 - - [27/Oct/2025:06:10:14 +0300] "GET /?r=13628752873 HTTP/1.0" 200 600529 "-" "Mozilla/5.0 AppleWebKit/537.36 (KHTML, like Gecko; compatible; bingbot/2.0; +http://www.bing.com/bingbot.htm) Chrome/116.0.1938.76 Safari/537.36"
20.171.207.22 - - [27/Oct/2025:06:10:16 +0300] "GET /sitemap.xml?fileloc=/var/www/vhosts/3chukuk.com/httpdocs/wp-content/themes/Newspaper/includes/plugins/woocommerce/includes/tracks/class-wc-tracks-footer-pixel.php&path=/var/www/vhosts/3chukuk.com/httpdocs/wp-content/themes/Newspaper/includes/plugins/woocommerce/includes/tracks HTTP/1.0" 200 16077 "-" "Mozilla/5.0 AppleWebKit/537.36 (KHTML, like Gecko; compatible; GPTBot/1.2; +https://openai.com/gptbot)"
20.171.207.22 - - [27/Oct/2025:06:10:19 +0300] "GET /sitemap.xml?fileloc=/var/www/vhosts/3chukuk.com/httpdocs/wp-content/themes/Newspaper/includes/plugins/woocommerce/includes/class-wc-shipping-zones.php&path=/var/www/vhosts/3chukuk.com/httpdocs/wp-content/themes/Newspaper/includes/plugins/woocommerce/includes HTTP/1.0" 200 17884 "-" "Mozilla/5.0 AppleWebKit/537.36 (KHTML, like Gecko; compatible; GPTBot/1.2; +https://openai.com/gptbot)"
20.171.207.22 - - [27/Oct/2025:06:10:22 +0300] "GET /sitemap.xml?fileloc=/var/www/vhosts/3chukuk.com/httpdocs/wp-content/themes/Newspaper/includes/plugins/woocommerce/includes/class-wc-query.php&path=/var/www/vhosts/3chukuk.com/httpdocs/wp-content/themes/Newspaper/includes/plugins/woocommerce/includes HTTP/1.0" 200 45691 "-" "Mozilla/5.0 AppleWebKit/537.36 (KHTML, like Gecko; compatible; GPTBot/1.2; +https://openai.com/gptbot)"
52.167.144.142 - - [27/Oct/2025:06:10:24 +0300] "GET /?z=66370508401 HTTP/1.0" 200 326576 "-" "Mozilla/5.0 AppleWebKit/537.36 (KHTML, like Gecko; compatible; bingbot/2.0; +http://www.bing.com/bingbot.htm) Chrome/116.0.1938.76 Safari/537.36"
20.171.207.22 - - [27/Oct/2025:06:10:26 +0300] "GET /sitemap.xml?fileloc=/var/www/vhosts/3chukuk.com/httpdocs/wp-content/themes/Newspaper/includes/plugins/woocommerce/includes/class-wc-payment-tokens.php&path=/var/www/vhosts/3chukuk.com/httpdocs/wp-content/themes/Newspaper/includes/plugins/woocommerce/includes HTTP/1.0" 200 19841 "-" "Mozilla/5.0 AppleWebKit/537.36 (KHTML, like Gecko; compatible; GPTBot/1.2; +https://openai.com/gptbot)"
20.171.207.22 - - [27/Oct/2025:06:10:29 +0300] "GET /sitemap.xml?fileloc=/var/www/vhosts/3chukuk.com/httpdocs/wp-content/themes/Newspaper/includes/plugins/woocommerce/includes/legacy/class-wc-legacy-shipping-zone.php&path=/var/www/vhosts/3chukuk.com/httpdocs/wp-content/themes/Newspaper/includes/plugins/woocommerce/includes/legacy HTTP/1.0" 200 15462 "-" "Mozilla/5.0 AppleWebKit/537.36 (KHTML, like Gecko; compatible; GPTBot/1.2; +https://openai.com/gptbot)"
20.171.207.22 - - [27/Oct/2025:06:10:32 +0300] "GET /sitemap.xml?fileloc=/var/www/vhosts/3chukuk.com/httpdocs/wp-content/themes/Newspaper/includes/plugins/woocommerce/includes/class-wc-background-updater.php&path=/var/www/vhosts/3chukuk.com/httpdocs/wp-content/themes/Newspaper/includes/plugins/woocommerce/includes HTTP/1.0" 200 17330 "-" "Mozilla/5.0 AppleWebKit/537.36 (KHTML, like Gecko; compatible; GPTBot/1.2; +https://openai.com/gptbot)"
20.171.207.22 - - [27/Oct/2025:06:10:35 +0300] "GET /sitemap.xml?fileloc=/var/www/vhosts/3chukuk.com/httpdocs/wp-content/themes/Newspaper/includes/plugins/woocommerce/includes/class-wc-payment-gateways.php&path=/var/www/vhosts/3chukuk.com/httpdocs/wp-content/themes/Newspaper/includes/plugins/woocommerce/includes HTTP/1.0" 200 19036 "-" "Mozilla/5.0 AppleWebKit/537.36 (KHTML, like Gecko; compatible; GPTBot/1.2; +https://openai.com/gptbot)"
20.171.207.22 - - [27/Oct/2025:06:10:38 +0300] "GET /sitemap.xml?fileloc=/var/www/vhosts/3chukuk.com/httpdocs/wp-content/themes/Newspaper/includes/plugins/woocommerce/includes/class-wc-validation.php&path=/var/www/vhosts/3chukuk.com/httpdocs/wp-content/themes/Newspaper/includes/plugins/woocommerce/includes HTTP/1.0" 200 19696 "-" "Mozilla/5.0 AppleWebKit/537.36 (KHTML, like Gecko; compatible; GPTBot/1.2; +https://openai.com/gptbot)"
20.171.207.22 - - [27/Oct/2025:06:10:41 +0300] "GET /sitemap.xml?fileloc=/var/www/vhosts/3chukuk.com/httpdocs/wp-content/themes/Newspaper/includes/plugins/woocommerce/includes/class-wc-background-emailer.php&path=/var/www/vhosts/3chukuk.com/httpdocs/wp-content/themes/Newspaper/includes/plugins/woocommerce/includes HTTP/1.0" 200 18550 "-" "Mozilla/5.0 AppleWebKit/537.36 (KHTML, like Gecko; compatible; GPTBot/1.2; +https://openai.com/gptbot)"
149.34.243.66 - - [27/Oct/2025:06:10:43 +0300] "GET / HTTP/1.0" 200 60245 "https://www.3chukuk.com/" "Mozilla/5.0 (Windows NT 10.0; Win64; x64) AppleWebKit/537.36 (KHTML, like Gecko) Chrome/131.0.0.0 Safari/537.36"
20.171.207.22 - - [27/Oct/2025:06:10:45 +0300] "GET /sitemap.xml?fileloc=/var/www/vhosts/3chukuk.com/httpdocs/wp-content/themes/Newspaper/includes/plugins/woocommerce/includes/class-wc-shipping-rate.php&path=/var/www/vhosts/3chukuk.com/httpdocs/wp-content/themes/Newspaper/includes/plugins/woocommerce/includes HTTP/1.0" 200 19315 "-" "Mozilla/5.0 AppleWebKit/537.36 (KHTML, like Gecko; compatible; GPTBot/1.2; +https://openai.com/gptbot)"
157.55.39.6 - - [27/Oct/2025:06:10:48 +0300] "GET /?x=1713628919 HTTP/1.0" 200 188865 "-" "Mozilla/5.0 AppleWebKit/537.36 (KHTML, like Gecko; compatible; bingbot/2.0; +http://www.bing.com/bingbot.htm) Chrome/116.0.1938.76 Safari/537.36"
20.171.207.22 - - [27/Oct/2025:06:10:48 +0300] "GET /sitemap.xml?fileloc=/var/www/vhosts/3chukuk.com/httpdocs/wp-content/themes/Newspaper/includes/plugins/woocommerce/includes/legacy/class-wc-legacy-coupon.php&path=/var/www/vhosts/3chukuk.com/httpdocs/wp-content/themes/Newspaper/includes/plugins/woocommerce/includes/legacy HTTP/1.0" 200 18966 "-" "Mozilla/5.0 AppleWebKit/537.36 (KHTML, like Gecko; compatible; GPTBot/1.2; +https://openai.com/gptbot)"
20.171.207.22 - - [27/Oct/2025:06:10:51 +0300] "GET /sitemap.xml?fileloc=/var/www/vhosts/3chukuk.com/httpdocs/wp-content/themes/Newspaper/includes/plugins/woocommerce/includes/gateways/class-wc-payment-gateway-cc.php&path=/var/www/vhosts/3chukuk.com/httpdocs/wp-content/themes/Newspaper/includes/plugins/woocommerce/includes/gateways HTTP/1.0" 200 18523 "-" "Mozilla/5.0 AppleWebKit/537.36 (KHTML, like Gecko; compatible; GPTBot/1.2; +https://openai.com/gptbot)"
20.171.207.22 - - [27/Oct/2025:06:10:54 +0300] "GET /sitemap.xml?fileloc=/var/www/vhosts/3chukuk.com/httpdocs/wp-content/themes/Newspaper/includes/plugins/woocommerce/includes/widgets/class-wc-widget-layered-nav.php&path=/var/www/vhosts/3chukuk.com/httpdocs/wp-content/themes/Newspaper/includes/plugins/woocommerce/includes/widgets HTTP/1.0" 200 32132 "-" "Mozilla/5.0 AppleWebKit/537.36 (KHTML, like Gecko; compatible; GPTBot/1.2; +https://openai.com/gptbot)"
20.171.207.22 - - [27/Oct/2025:06:10:57 +0300] "GET /sitemap.xml?fileloc=/var/www/vhosts/3chukuk.com/httpdocs/wp-content/themes/Newspaper/includes/plugins/woocommerce/includes/class-wc-logger.php&path=/var/www/vhosts/3chukuk.com/httpdocs/wp-content/themes/Newspaper/includes/plugins/woocommerce/includes HTTP/1.0" 200 22362 "-" "Mozilla/5.0 AppleWebKit/537.36 (KHTML, like Gecko; compatible; GPTBot/1.2; +https://openai.com/gptbot)"
5.255.231.116 - - [27/Oct/2025:06:10:58 +0300] "GET /blog/2017/08/16/sisli-baskan-cinayetinde-yeni-gelisme/ HTTP/1.0" 200 60245 "-" "Mozilla/5.0 (compatible; YandexBot/3.0; +http://yandex.com/bots)"
157.55.39.6 - - [27/Oct/2025:06:10:57 +0300] "GET /blog/2017/10/23/tekrar-dusun/ HTTP/1.0" 200 602368 "-" "Mozilla/5.0 AppleWebKit/537.36 (KHTML, like Gecko; compatible; bingbot/2.0; +http://www.bing.com/bingbot.htm) Chrome/116.0.1938.76 Safari/537.36"
87.250.224.232 - - [27/Oct/2025:06:10:59 +0300] "GET /blog/2017/12/29/fffffutbol-fiesta-fashing-facebook/ HTTP/1.0" 200 60245 "-" "Mozilla/5.0 (compatible; YandexBot/3.0; +http://yandex.com/bots)"
20.171.207.22 - - [27/Oct/2025:06:11:00 +0300] "GET /sitemap.xml?fileloc=/var/www/vhosts/3chukuk.com/httpdocs/wp-content/themes/Newspaper/includes/plugins/woocommerce/includes/legacy/class-wc-legacy-webhook.php&path=/var/www/vhosts/3chukuk.com/httpdocs/wp-content/themes/Newspaper/includes/plugins/woocommerce/includes/legacy HTTP/1.0" 200 16438 "-" "Mozilla/5.0 AppleWebKit/537.36 (KHTML, like Gecko; compatible; GPTBot/1.2; +https://openai.com/gptbot)"
20.171.207.22 - - [27/Oct/2025:06:11:03 +0300] "GET /sitemap.xml?fileloc=/var/www/vhosts/3chukuk.com/httpdocs/wp-content/themes/Newspaper/includes/plugins/woocommerce/includes/export/abstract-wc-csv-batch-exporter.php&path=/var/www/vhosts/3chukuk.com/httpdocs/wp-content/themes/Newspaper/includes/plugins/woocommerce/includes/export HTTP/1.0" 200 17856 "-" "Mozilla/5.0 AppleWebKit/537.36 (KHTML, like Gecko; compatible; GPTBot/1.2; +https://openai.com/gptbot)"
57.141.0.25 - - [27/Oct/2025:06:11:04 +0300] "GET /wp-json/wp/v2/posts/11849 HTTP/1.0" 200 60245 "-" "meta-externalagent/1.1 (+https://developers.facebook.com/docs/sharing/webmasters/crawler)"
20.171.207.22 - - [27/Oct/2025:06:11:06 +0300] "GET /sitemap.xml?fileloc=/var/www/vhosts/3chukuk.com/httpdocs/wp-content/themes/Newspaper/includes/plugins/woocommerce/includes/class-wc-frontend-scripts.php&path=/var/www/vhosts/3chukuk.com/httpdocs/wp-content/themes/Newspaper/includes/plugins/woocommerce/includes HTTP/1.0" 200 40982 "-" "Mozilla/5.0 AppleWebKit/537.36 (KHTML, like Gecko; compatible; GPTBot/1.2; +https://openai.com/gptbot)"
20.171.207.22 - - [27/Oct/2025:06:11:09 +0300] "GET /sitemap.xml?fileloc=/var/www/vhosts/3chukuk.com/httpdocs/wp-content/themes/Newspaper/includes/plugins/woocommerce/includes/class-wc-data-exception.php&path=/var/www/vhosts/3chukuk.com/httpdocs/wp-content/themes/Newspaper/includes/plugins/woocommerce/includes HTTP/1.0" 200 15026 "-" "Mozilla/5.0 AppleWebKit/537.36 (KHTML, like Gecko; compatible; GPTBot/1.2; +https://openai.com/gptbot)"
20.171.207.22 - - [27/Oct/2025:06:11:13 +0300] "GET /sitemap.xml?fileloc=/var/www/vhosts/3chukuk.com/httpdocs/wp-content/themes/Newspaper/includes/plugins/woocommerce/includes/class-wc-webhook.php&path=/var/www/vhosts/3chukuk.com/httpdocs/wp-content/themes/Newspaper/includes/plugins/woocommerce/includes HTTP/1.0" 200 48459 "-" "Mozilla/5.0 AppleWebKit/537.36 (KHTML, like Gecko; compatible; GPTBot/1.2; +https://openai.com/gptbot)"
20.171.207.22 - - [27/Oct/2025:06:11:16 +0300] "GET /sitemap.xml?fileloc=/var/www/vhosts/3chukuk.com/httpdocs/wp-content/themes/Newspaper/includes/plugins/woocommerce/includes/class-wc-regenerate-images.php&path=/var/www/vhosts/3chukuk.com/httpdocs/wp-content/themes/Newspaper/includes/plugins/woocommerce/includes HTTP/1.0" 200 29648 "-" "Mozilla/5.0 AppleWebKit/537.36 (KHTML, like Gecko; compatible; GPTBot/1.2; +https://openai.com/gptbot)"
20.171.207.22 - - [27/Oct/2025:06:11:19 +0300] "GET /sitemap.xml?fileloc=/var/www/vhosts/3chukuk.com/httpdocs/wp-content/themes/Newspaper/includes/plugins/woocommerce/includes/widgets/class-wc-widget-recently-viewed.php&path=/var/www/vhosts/3chukuk.com/httpdocs/wp-content/themes/Newspaper/includes/plugins/woocommerce/includes/widgets HTTP/1.0" 200 16991 "-" "Mozilla/5.0 AppleWebKit/537.36 (KHTML, like Gecko; compatible; GPTBot/1.2; +https://openai.com/gptbot)"
20.171.207.22 - - [27/Oct/2025:06:11:22 +0300] "GET /sitemap.xml?fileloc=/var/www/vhosts/3chukuk.com/httpdocs/wp-content/themes/Newspaper/includes/plugins/woocommerce/includes/class-wc-form-handler.php&path=/var/www/vhosts/3chukuk.com/httpdocs/wp-content/themes/Newspaper/includes/plugins/woocommerce/includes HTTP/1.0" 200 59993 "-" "Mozilla/5.0 AppleWebKit/537.36 (KHTML, like Gecko; compatible; GPTBot/1.2; +https://openai.com/gptbot)"
20.171.207.22 - - [27/Oct/2025:06:11:25 +0300] "GET /?fileloc=/var/www/vhosts/3chukuk.com/httpdocs/wp-content/uploads/2018/06/ankara-baro.png&path=/var/www/vhosts/3chukuk.com/httpdocs/wp-content/uploads/2018/06 HTTP/1.0" 200 13245 "-" "Mozilla/5.0 AppleWebKit/537.36 (KHTML, like Gecko; compatible; GPTBot/1.2; +https://openai.com/gptbot)"
20.171.207.22 - - [27/Oct/2025:06:11:29 +0300] "GET /?fileloc=/var/www/vhosts/3chukuk.com/httpdocs/wp-content/uploads/2023/03/tares-damga-cengiz.docx&path=/var/www/vhosts/3chukuk.com/httpdocs/wp-content/uploads/2023/03 HTTP/1.0" 200 13253 "-" "Mozilla/5.0 AppleWebKit/537.36 (KHTML, like Gecko; compatible; GPTBot/1.2; +https://openai.com/gptbot)"
20.171.207.22 - - [27/Oct/2025:06:11:32 +0300] "GET /?fileloc=/var/www/vhosts/3chukuk.com/httpdocs/wp-content/uploads/2018/06/untitled.png&path=/var/www/vhosts/3chukuk.com/httpdocs/wp-content/uploads/2018/06 HTTP/1.0" 200 13242 "-" "Mozilla/5.0 AppleWebKit/537.36 (KHTML, like Gecko; compatible; GPTBot/1.2; +https://openai.com/gptbot)"
20.171.207.22 - - [27/Oct/2025:06:11:35 +0300] "GET /?fileloc=/var/www/vhosts/3chukuk.com/httpdocs/wp-content/uploads/2018/06/smoking_ban_collage.png&path=/var/www/vhosts/3chukuk.com/httpdocs/wp-content/uploads/2018/06 HTTP/1.0" 200 13253 "-" "Mozilla/5.0 AppleWebKit/537.36 (KHTML, like Gecko; compatible; GPTBot/1.2; +https://openai.com/gptbot)"
57.141.0.29 - - [27/Oct/2025:06:11:37 +0300] "GET /?p=18936 HTTP/1.0" 200 60245 "-" "meta-externalagent/1.1 (+https://developers.facebook.com/docs/sharing/webmasters/crawler)"
20.171.207.22 - - [27/Oct/2025:06:11:38 +0300] "GET /?fileloc=/var/www/vhosts/3chukuk.com/httpdocs/wp-content/uploads/2018/04/yaldizli_logo.png&path=/var/www/vhosts/3chukuk.com/httpdocs/wp-content/uploads/2018/04 HTTP/1.0" 200 13247 "-" "Mozilla/5.0 AppleWebKit/537.36 (KHTML, like Gecko; compatible; GPTBot/1.2; +https://openai.com/gptbot)"
20.171.207.22 - - [27/Oct/2025:06:11:41 +0300] "GET /?fileloc=/var/www/vhosts/3chukuk.com/httpdocs/wp-content/uploads/2018/04/mugabeb.jpeg&path=/var/www/vhosts/3chukuk.com/httpdocs/wp-content/uploads/2018/04 HTTP/1.0" 200 13242 "-" "Mozilla/5.0 AppleWebKit/537.36 (KHTML, like Gecko; compatible; GPTBot/1.2; +https://openai.com/gptbot)"
20.171.207.22 - - [27/Oct/2025:06:11:45 +0300] "GET /?fileloc=/var/www/vhosts/3chukuk.com/httpdocs/wp-content/uploads/2018/05/untitled.png&path=/var/www/vhosts/3chukuk.com/httpdocs/wp-content/uploads/2018/05 HTTP/1.0" 200 13242 "-" "Mozilla/5.0 AppleWebKit/537.36 (KHTML, like Gecko; compatible; GPTBot/1.2; +https://openai.com/gptbot)"
20.171.207.22 - - [27/Oct/2025:06:11:48 +0300] "GET /?path=/var/www/vhosts/3chukuk.com/httpdocs/wp-content/themes/Newspaper/includes/plugins/woocommerce/includes/theme-support HTTP/1.0" 200 37076 "-" "Mozilla/5.0 AppleWebKit/537.36 (KHTML, like Gecko; compatible; GPTBot/1.2; +https://openai.com/gptbot)"
20.171.207.22 - - [27/Oct/2025:06:11:51 +0300] "GET /?path=/var/www/vhosts/3chukuk.com/httpdocs/wp-content/plugins/td-composer/css-live HTTP/1.0" 200 26895 "-" "Mozilla/5.0 AppleWebKit/537.36 (KHTML, like Gecko; compatible; GPTBot/1.2; +https://openai.com/gptbot)"
20.171.207.22 - - [27/Oct/2025:06:11:54 +0300] "GET /?path=/var/www/vhosts/3chukuk.com/httpdocs/wp-content/uploads/revslider/templates/blooming-parties-text HTTP/1.0" 200 17320 "-" "Mozilla/5.0 AppleWebKit/537.36 (KHTML, like Gecko; compatible; GPTBot/1.2; +https://openai.com/gptbot)"
20.171.207.22 - - [27/Oct/2025:06:11:57 +0300] "GET /sitemap.xml?fileloc=/var/www/vhosts/3chukuk.com/httpdocs/wp-content/themes/Newspaper/mobile/author.php&path=/var/www/vhosts/3chukuk.com/httpdocs/wp-content/themes/Newspaper/mobile HTTP/1.0" 200 16725 "-" "Mozilla/5.0 AppleWebKit/537.36 (KHTML, like Gecko; compatible; GPTBot/1.2; +https://openai.com/gptbot)"
157.55.39.6 - - [27/Oct/2025:06:11:58 +0300] "GET /?x=26467296075 HTTP/1.0" 200 189154 "-" "Mozilla/5.0 AppleWebKit/537.36 (KHTML, like Gecko; compatible; bingbot/2.0; +http://www.bing.com/bingbot.htm) Chrome/116.0.1938.76 Safari/537.36"
20.171.207.22 - - [27/Oct/2025:06:12:01 +0300] "GET /?fileloc=/var/www/vhosts/3chukuk.com/httpdocs/wp-content/themes/Newspaper/includes/plugins/woocommerce/includes/theme-support/.htaccess&path=/var/www/vhosts/3chukuk.com/httpdocs/wp-content/themes/Newspaper/includes/plugins/woocommerce/includes/theme-support HTTP/1.0" 200 14193 "-" "Mozilla/5.0 AppleWebKit/537.36 (KHTML, like Gecko; compatible; GPTBot/1.2; +https://openai.com/gptbot)"
20.171.207.22 - - [27/Oct/2025:06:12:04 +0300] "GET /sitemap.xml?fileloc=/var/www/vhosts/3chukuk.com/httpdocs/wp-content/themes/Newspaper/images/no-thumb/.htaccess&path=/var/www/vhosts/3chukuk.com/httpdocs/wp-content/themes/Newspaper/images/no-thumb HTTP/1.0" 200 13744 "-" "Mozilla/5.0 AppleWebKit/537.36 (KHTML, like Gecko; compatible; GPTBot/1.2; +https://openai.com/gptbot)"
20.171.207.22 - - [27/Oct/2025:06:12:07 +0300] "GET /?fileloc=/var/www/vhosts/3chukuk.com/httpdocs/wp-content/themes/Newspaper/includes/plugins/woocommerce/includes/theme-support/class-wc-twenty-sixteen.php&path=/var/www/vhosts/3chukuk.com/httpdocs/wp-content/themes/Newspaper/includes/plugins/woocommerce/includes/theme-support HTTP/1.0" 200 15293 "-" "Mozilla/5.0 AppleWebKit/537.36 (KHTML, like Gecko; compatible; GPTBot/1.2; +https://openai.com/gptbot)"
20.171.207.22 - - [27/Oct/2025:06:12:10 +0300] "GET /?path=/var/www/vhosts/3chukuk.com/httpdocs/wp-content/plugins/td-composer/css-live/assets HTTP/1.0" 200 23116 "-" "Mozilla/5.0 AppleWebKit/537.36 (KHTML, like Gecko; compatible; GPTBot/1.2; +https://openai.com/gptbot)"
20.171.207.22 - - [27/Oct/2025:06:12:13 +0300] "GET /?path=/var/www/vhosts/3chukuk.com/httpdocs/wp-content/plugins/td-composer/css-live/includes HTTP/1.0" 200 22544 "-" "Mozilla/5.0 AppleWebKit/537.36 (KHTML, like Gecko; compatible; GPTBot/1.2; +https://openai.com/gptbot)"
52.167.144.142 - - [27/Oct/2025:06:12:15 +0300] "GET /?x=82428432711 HTTP/1.0" 200 189211 "-" "Mozilla/5.0 AppleWebKit/537.36 (KHTML, like Gecko; compatible; bingbot/2.0; +http://www.bing.com/bingbot.htm) Chrome/116.0.1938.76 Safari/537.36"
20.171.207.22 - - [27/Oct/2025:06:12:16 +0300] "GET /?fileloc=/var/www/vhosts/3chukuk.com/httpdocs/wp-content/themes/Newspaper/includes/plugins/woocommerce/includes/theme-support/class-wc-twenty-twenty.php&path=/var/www/vhosts/3chukuk.com/httpdocs/wp-content/themes/Newspaper/includes/plugins/woocommerce/includes/theme-support HTTP/1.0" 200 16852 "-" "Mozilla/5.0 AppleWebKit/537.36 (KHTML, like Gecko; compatible; GPTBot/1.2; +https://openai.com/gptbot)"
157.55.39.6 - - [27/Oct/2025:06:12:20 +0300] "GET /?x=20549420719 HTTP/1.0" 200 189582 "-" "Mozilla/5.0 AppleWebKit/537.36 (KHTML, like Gecko; compatible; bingbot/2.0; +http://www.bing.com/bingbot.htm) Chrome/116.0.1938.76 Safari/537.36"
20.171.207.22 - - [27/Oct/2025:06:12:19 +0300] "GET /?fileloc=/var/www/vhosts/3chukuk.com/httpdocs/wp-content/themes/Newspaper/includes/plugins/woocommerce/includes/theme-support/class-wc-twenty-eleven.php&path=/var/www/vhosts/3chukuk.com/httpdocs/wp-content/themes/Newspaper/includes/plugins/woocommerce/includes/theme-support HTTP/1.0" 200 15247 "-" "Mozilla/5.0 AppleWebKit/537.36 (KHTML, like Gecko; compatible; GPTBot/1.2; +https://openai.com/gptbot)"
20.171.207.22 - - [27/Oct/2025:06:12:23 +0300] "GET /?fileloc=/var/www/vhosts/3chukuk.com/httpdocs/wp-content/themes/Newspaper/includes/plugins/woocommerce/includes/theme-support/class-wc-twenty-fifteen.php&path=/var/www/vhosts/3chukuk.com/httpdocs/wp-content/themes/Newspaper/includes/plugins/woocommerce/includes/theme-support HTTP/1.0" 200 15327 "-" "Mozilla/5.0 AppleWebKit/537.36 (KHTML, like Gecko; compatible; GPTBot/1.2; +https://openai.com/gptbot)"
20.171.207.22 - - [27/Oct/2025:06:12:26 +0300] "GET /?path=/var/www/vhosts/3chukuk.com/httpdocs/wp-content/plugins/td-composer/css-live/assets/images HTTP/1.0" 200 22689 "-" "Mozilla/5.0 AppleWebKit/537.36 (KHTML, like Gecko; compatible; GPTBot/1.2; +https://openai.com/gptbot)"
20.171.207.22 - - [27/Oct/2025:06:12:29 +0300] "GET /?fileloc=/var/www/vhosts/3chukuk.com/httpdocs/wp-content/themes/Newspaper/includes/plugins/woocommerce/includes/theme-support/class-wc-twenty-twelve.php&path=/var/www/vhosts/3chukuk.com/httpdocs/wp-content/themes/Newspaper/includes/plugins/woocommerce/includes/theme-support HTTP/1.0" 200 15307 "-" "Mozilla/5.0 AppleWebKit/537.36 (KHTML, like Gecko; compatible; GPTBot/1.2; +https://openai.com/gptbot)"
20.171.207.22 - - [27/Oct/2025:06:12:32 +0300] "GET /?fileloc=/var/www/vhosts/3chukuk.com/httpdocs/wp-content/plugins/td-composer/css-live/includes/td_live_css_composer.php&path=/var/www/vhosts/3chukuk.com/httpdocs/wp-content/plugins/td-composer/css-live/includes HTTP/1.0" 200 13931 "-" "Mozilla/5.0 AppleWebKit/537.36 (KHTML, like Gecko; compatible; GPTBot/1.2; +https://openai.com/gptbot)"
20.171.207.22 - - [27/Oct/2025:06:12:35 +0300] "GET /?fileloc=/var/www/vhosts/3chukuk.com/httpdocs/wp-content/plugins/td-composer/css-live/includes/td_live_css_ajax.php&path=/var/www/vhosts/3chukuk.com/httpdocs/wp-content/plugins/td-composer/css-live/includes HTTP/1.0" 200 14212 "-" "Mozilla/5.0 AppleWebKit/537.36 (KHTML, like Gecko; compatible; GPTBot/1.2; +https://openai.com/gptbot)"
157.55.39.6 - - [27/Oct/2025:06:12:38 +0300] "GET /?r=13524800289 HTTP/1.0" 200 601240 "-" "Mozilla/5.0 AppleWebKit/537.36 (KHTML, like Gecko; compatible; bingbot/2.0; +http://www.bing.com/bingbot.htm) Chrome/116.0.1938.76 Safari/537.36"
20.171.207.22 - - [27/Oct/2025:06:12:39 +0300] "GET /?fileloc=/var/www/vhosts/3chukuk.com/httpdocs/wp-content/plugins/td-composer/css-live/includes/td_live_css_util.php&path=/var/www/vhosts/3chukuk.com/httpdocs/wp-content/plugins/td-composer/css-live/includes HTTP/1.0" 200 13730 "-" "Mozilla/5.0 AppleWebKit/537.36 (KHTML, like Gecko; compatible; GPTBot/1.2; +https://openai.com/gptbot)"
20.171.207.22 - - [27/Oct/2025:06:12:42 +0300] "GET /?fileloc=/var/www/vhosts/3chukuk.com/httpdocs/wp-content/plugins/td-composer/css-live/assets/images/.htaccess&path=/var/www/vhosts/3chukuk.com/httpdocs/wp-content/plugins/td-composer/css-live/assets/images HTTP/1.0" 200 13887 "-" "Mozilla/5.0 AppleWebKit/537.36 (KHTML, like Gecko; compatible; GPTBot/1.2; +https://openai.com/gptbot)"
57.141.0.11 - - [27/Oct/2025:06:12:43 +0300] "GET /wp-json/wp/v2/posts/14493 HTTP/1.0" 200 60245 "-" "meta-externalagent/1.1 (+https://developers.facebook.com/docs/sharing/webmasters/crawler)"
20.171.207.22 - - [27/Oct/2025:06:12:45 +0300] "GET /?fileloc=/var/www/vhosts/3chukuk.com/httpdocs/wp-content/plugins/td-composer/css-live/includes/td_live_css_storage.php&path=/var/www/vhosts/3chukuk.com/httpdocs/wp-content/plugins/td-composer/css-live/includes HTTP/1.0" 200 15205 "-" "Mozilla/5.0 AppleWebKit/537.36 (KHTML, like Gecko; compatible; GPTBot/1.2; +https://openai.com/gptbot)"
20.171.207.22 - - [27/Oct/2025:06:12:48 +0300] "GET /?path=/var/www/vhosts/3chukuk.com/httpdocs/wp-content/plugins/td-composer/css-live/assets/js HTTP/1.0" 200 15567 "-" "Mozilla/5.0 AppleWebKit/537.36 (KHTML, like Gecko; compatible; GPTBot/1.2; +https://openai.com/gptbot)"
20.171.207.22 - - [27/Oct/2025:06:12:51 +0300] "GET /?fileloc=/var/www/vhosts/3chukuk.com/httpdocs/wp-content/themes/Newspaper/includes/plugins/woocommerce/includes/theme-support/class-wc-twenty-thirteen.php&path=/var/www/vhosts/3chukuk.com/httpdocs/wp-content/themes/Newspaper/includes/plugins/woocommerce/includes/theme-support HTTP/1.0" 200 15335 "-" "Mozilla/5.0 AppleWebKit/537.36 (KHTML, like Gecko; compatible; GPTBot/1.2; +https://openai.com/gptbot)"
20.171.207.22 - - [27/Oct/2025:06:12:54 +0300] "GET /?fileloc=/var/www/vhosts/3chukuk.com/httpdocs/wp-content/themes/Newspaper/includes/plugins/woocommerce/includes/theme-support/class-wc-twenty-fourteen.php&path=/var/www/vhosts/3chukuk.com/httpdocs/wp-content/themes/Newspaper/includes/plugins/woocommerce/includes/theme-support HTTP/1.0" 200 15408 "-" "Mozilla/5.0 AppleWebKit/537.36 (KHTML, like Gecko; compatible; GPTBot/1.2; +https://openai.com/gptbot)"
20.171.207.22 - - [27/Oct/2025:06:12:57 +0300] "GET /?fileloc=/var/www/vhosts/3chukuk.com/httpdocs/wp-content/themes/Newspaper/includes/plugins/woocommerce/includes/theme-support/class-wc-twenty-nineteen.php&path=/var/www/vhosts/3chukuk.com/httpdocs/wp-content/themes/Newspaper/includes/plugins/woocommerce/includes/theme-support HTTP/1.0" 200 17638 "-" "Mozilla/5.0 AppleWebKit/537.36 (KHTML, like Gecko; compatible; GPTBot/1.2; +https://openai.com/gptbot)"
20.171.207.22 - - [27/Oct/2025:06:13:01 +0300] "GET /?fileloc=/var/www/vhosts/3chukuk.com/httpdocs/wp-content/themes/Newspaper/includes/plugins/woocommerce/includes/theme-support/class-wc-twenty-seventeen.php&path=/var/www/vhosts/3chukuk.com/httpdocs/wp-content/themes/Newspaper/includes/plugins/woocommerce/includes/theme-support HTTP/1.0" 200 17355 "-" "Mozilla/5.0 AppleWebKit/537.36 (KHTML, like Gecko; compatible; GPTBot/1.2; +https://openai.com/gptbot)"
20.171.207.22 - - [27/Oct/2025:06:13:04 +0300] "GET /?fileloc=/var/www/vhosts/3chukuk.com/httpdocs/wp-content/themes/Newspaper/includes/plugins/woocommerce/includes/theme-support/class-wc-twenty-twenty-one.php&path=/var/www/vhosts/3chukuk.com/httpdocs/wp-content/themes/Newspaper/includes/plugins/woocommerce/includes/theme-support HTTP/1.0" 200 16742 "-" "Mozilla/5.0 AppleWebKit/537.36 (KHTML, like Gecko; compatible; GPTBot/1.2; +https://openai.com/gptbot)"
20.171.207.22 - - [27/Oct/2025:06:13:07 +0300] "GET /?fileloc=/var/www/vhosts/3chukuk.com/httpdocs/wp-content/plugins/td-composer/css-live/css-live.php&path=/var/www/vhosts/3chukuk.com/httpdocs/wp-content/plugins/td-composer/css-live HTTP/1.0" 200 34137 "-" "Mozilla/5.0 AppleWebKit/537.36 (KHTML, like Gecko; compatible; GPTBot/1.2; +https://openai.com/gptbot)"
57.141.0.53 - - [27/Oct/2025:06:13:10 +0300] "GET /wp-json/wp/v2/posts/17188 HTTP/1.0" 200 60245 "-" "meta-externalagent/1.1 (+https://developers.facebook.com/docs/sharing/webmasters/crawler)"
157.55.39.6 - - [27/Oct/2025:06:13:10 +0300] "GET /?z=848339633 HTTP/1.0" 200 338666 "-" "Mozilla/5.0 AppleWebKit/537.36 (KHTML, like Gecko; compatible; bingbot/2.0; +http://www.bing.com/bingbot.htm) Chrome/116.0.1938.76 Safari/537.36"
20.171.207.22 - - [27/Oct/2025:06:13:10 +0300] "GET /?fileloc=/var/www/vhosts/3chukuk.com/httpdocs/wp-content/themes/Newspaper/includes/plugins/woocommerce/includes/theme-support/class-wc-twenty-ten.php&path=/var/www/vhosts/3chukuk.com/httpdocs/wp-content/themes/Newspaper/includes/plugins/woocommerce/includes/theme-support HTTP/1.0" 200 15203 "-" "Mozilla/5.0 AppleWebKit/537.36 (KHTML, like Gecko; compatible; GPTBot/1.2; +https://openai.com/gptbot)"
20.171.207.22 - - [27/Oct/2025:06:13:13 +0300] "GET /?path=/var/www/vhosts/3chukuk.com/httpdocs/wp-content/plugins/td-composer/css-live/assets/css HTTP/1.0" 200 22677 "-" "Mozilla/5.0 AppleWebKit/537.36 (KHTML, like Gecko; compatible; GPTBot/1.2; +https://openai.com/gptbot)"
57.141.0.64 - - [27/Oct/2025:06:13:16 +0300] "GET /?p=1860 HTTP/1.0" 200 60245 "-" "meta-externalagent/1.1 (+https://developers.facebook.com/docs/sharing/webmasters/crawler)"
