216.73.216.40 - - [28/Oct/2025:06:02:03 +0300] "GET /page/236/?fileloc=%2Fvar%2Fwww%2Fvhosts%2F3chukuk.com%2Fhttpdocs%2Fwp-content%2Fuploads%2F2023%2F09%2FFB_IMG_1633651907559-356x220.jpg&path=%2Fvar%2Fwww%2Fvhosts%2F3chukuk.com%2Fhttpdocs%2Fwp-content%2Fuploads%2F2023%2F09 HTTP/1.0" 200 13262 "-" "Mozilla/5.0 AppleWebKit/537.36 (KHTML, like Gecko; compatible; ClaudeBot/1.0; +claudebot@anthropic.com)"
54.156.248.117 - - [28/Oct/2025:06:02:03 +0300] "GET /blog/category/haberler/page/13/?fileloc=/var/www/vhosts/3chukuk.com/httpdocs/wp-admin/includes/.htaccess&path=/var/www/vhosts/3chukuk.com/httpdocs/wp-admin/includes HTTP/1.0" 200 13412 "-" "Mozilla/5.0 AppleWebKit/537.36 (KHTML, like Gecko; compatible; Amazonbot/0.1; +https://developer.amazon.com/support/amazonbot) Chrome/119.0.6045.214 Safari/537.36"
20.171.207.22 - - [28/Oct/2025:06:02:05 +0300] "GET /sitemap.xml?fileloc=/var/www/vhosts/3chukuk.com/httpdocs/wp-content/uploads/2019/05/FB_IMG_1557595080994-600x580.jpg&path=/var/www/vhosts/3chukuk.com/httpdocs/wp-content/uploads/2019/05 HTTP/1.0" 200 13262 "-" "Mozilla/5.0 AppleWebKit/537.36 (KHTML, like Gecko; compatible; GPTBot/1.2; +https://openai.com/gptbot)"
216.73.216.40 - - [28/Oct/2025:06:02:06 +0300] "GET /page/20/?fileloc=%2Fvar%2Fwww%2Fvhosts%2F3chukuk.com%2Fhttpdocs%2Fwp-content%2Fuploads%2F2023%2F04%2FFB_IMG_1680536282303-533x261.jpg&path=%2Fvar%2Fwww%2Fvhosts%2F3chukuk.com%2Fhttpdocs%2Fwp-content%2Fuploads%2F2023%2F04 HTTP/1.0" 200 13262 "-" "Mozilla/5.0 AppleWebKit/537.36 (KHTML, like Gecko; compatible; ClaudeBot/1.0; +claudebot@anthropic.com)"
184.72.84.154 - - [28/Oct/2025:06:02:07 +0300] "GET /blog/category/yazarlar/page/10/?fileloc=/var/www/vhosts/3chukuk.com/httpdocs/wp-admin/css/admin-menu.css&path=/var/www/vhosts/3chukuk.com/httpdocs/wp-admin/css HTTP/1.0" 200 31937 "-" "Mozilla/5.0 AppleWebKit/537.36 (KHTML, like Gecko; compatible; Amazonbot/0.1; +https://developer.amazon.com/support/amazonbot) Chrome/119.0.6045.214 Safari/537.36"
20.171.207.22 - - [28/Oct/2025:06:02:08 +0300] "GET /sitemap.xml?fileloc=/var/www/vhosts/3chukuk.com/httpdocs/wp-content/uploads/2019/07/FB_IMG_1563856791481-265x198.jpg&path=/var/www/vhosts/3chukuk.com/httpdocs/wp-content/uploads/2019/07 HTTP/1.0" 200 13262 "-" "Mozilla/5.0 AppleWebKit/537.36 (KHTML, like Gecko; compatible; GPTBot/1.2; +https://openai.com/gptbot)"
216.73.216.40 - - [28/Oct/2025:06:02:09 +0300] "GET /page/236/?fileloc=%2Fvar%2Fwww%2Fvhosts%2F3chukuk.com%2Fhttpdocs%2Fwp-content%2Fuploads%2F2021%2F02%2FFB_IMG_1612760662318-265x198.jpg&path=%2Fvar%2Fwww%2Fvhosts%2F3chukuk.com%2Fhttpdocs%2Fwp-content%2Fuploads%2F2021%2F02 HTTP/1.0" 200 13262 "-" "Mozilla/5.0 AppleWebKit/537.36 (KHTML, like Gecko; compatible; ClaudeBot/1.0; +claudebot@anthropic.com)"
20.171.207.22 - - [28/Oct/2025:06:02:11 +0300] "GET /sitemap.xml?fileloc=/var/www/vhosts/3chukuk.com/httpdocs/wp-content/uploads/2019/05/FB_IMG_1556947156057-652x385.jpg&path=/var/www/vhosts/3chukuk.com/httpdocs/wp-content/uploads/2019/05 HTTP/1.0" 200 13262 "-" "Mozilla/5.0 AppleWebKit/537.36 (KHTML, like Gecko; compatible; GPTBot/1.2; +https://openai.com/gptbot)"
23.23.99.55 - - [28/Oct/2025:06:02:11 +0300] "GET /blog/category/haberler/page/11/?fileloc=/var/www/vhosts/3chukuk.com/httpdocs/wp-content/maintenance/template.phtml&path=/var/www/vhosts/3chukuk.com/httpdocs/wp-content/maintenance HTTP/1.0" 200 16510 "-" "Mozilla/5.0 AppleWebKit/537.36 (KHTML, like Gecko; compatible; Amazonbot/0.1; +https://developer.amazon.com/support/amazonbot) Chrome/119.0.6045.214 Safari/537.36"
216.73.216.40 - - [28/Oct/2025:06:02:12 +0300] "GET /page/20/?fileloc=%2Fvar%2Fwww%2Fvhosts%2F3chukuk.com%2Fhttpdocs%2Fwp-content%2Fuploads%2F2021%2F01%2FFB_IMG_1610935955764-150x150.jpg&path=%2Fvar%2Fwww%2Fvhosts%2F3chukuk.com%2Fhttpdocs%2Fwp-content%2Fuploads%2F2021%2F01 HTTP/1.0" 200 13262 "-" "Mozilla/5.0 AppleWebKit/537.36 (KHTML, like Gecko; compatible; ClaudeBot/1.0; +claudebot@anthropic.com)"
20.171.207.22 - - [28/Oct/2025:06:02:14 +0300] "GET /sitemap.xml?fileloc=/var/www/vhosts/3chukuk.com/httpdocs/wp-content/uploads/2019/05/FB_IMG_1557104958996-485x360.jpg&path=/var/www/vhosts/3chukuk.com/httpdocs/wp-content/uploads/2019/05 HTTP/1.0" 200 13262 "-" "Mozilla/5.0 AppleWebKit/537.36 (KHTML, like Gecko; compatible; GPTBot/1.2; +https://openai.com/gptbot)"
216.73.216.40 - - [28/Oct/2025:06:02:15 +0300] "GET /page/236/?fileloc=%2Fvar%2Fwww%2Fvhosts%2F3chukuk.com%2Fhttpdocs%2Fwp-content%2Fuploads%2F2021%2F04%2FFB_IMG_1619313887489-600x400.jpg&path=%2Fvar%2Fwww%2Fvhosts%2F3chukuk.com%2Fhttpdocs%2Fwp-content%2Fuploads%2F2021%2F04 HTTP/1.0" 200 13262 "-" "Mozilla/5.0 AppleWebKit/537.36 (KHTML, like Gecko; compatible; ClaudeBot/1.0; +claudebot@anthropic.com)"
35.173.38.202 - - [28/Oct/2025:06:02:15 +0300] "GET /blog/category/hukuk/page/11/?fileloc=/var/www/vhosts/3chukuk.com/httpdocs/wp-includes/rest-api/.htaccess&path=/var/www/vhosts/3chukuk.com/httpdocs/wp-includes/rest-api HTTP/1.0" 200 13424 "-" "Mozilla/5.0 AppleWebKit/537.36 (KHTML, like Gecko; compatible; Amazonbot/0.1; +https://developer.amazon.com/support/amazonbot) Chrome/119.0.6045.214 Safari/537.36"
20.171.207.22 - - [28/Oct/2025:06:02:17 +0300] "GET /sitemap.xml?fileloc=/var/www/vhosts/3chukuk.com/httpdocs/wp-content/uploads/2019/07/FB_IMG_1563770193788-356x364.jpg&path=/var/www/vhosts/3chukuk.com/httpdocs/wp-content/uploads/2019/07 HTTP/1.0" 200 13262 "-" "Mozilla/5.0 AppleWebKit/537.36 (KHTML, like Gecko; compatible; GPTBot/1.2; +https://openai.com/gptbot)"
216.73.216.40 - - [28/Oct/2025:06:02:18 +0300] "GET /page/236/?fileloc=%2Fvar%2Fwww%2Fvhosts%2F3chukuk.com%2Fhttpdocs%2Fwp-content%2Fuploads%2F2021%2F05%2FFB_IMG_1621414870829-300x300.jpg&path=%2Fvar%2Fwww%2Fvhosts%2F3chukuk.com%2Fhttpdocs%2Fwp-content%2Fuploads%2F2021%2F05 HTTP/1.0" 200 13262 "-" "Mozilla/5.0 AppleWebKit/537.36 (KHTML, like Gecko; compatible; ClaudeBot/1.0; +claudebot@anthropic.com)"
54.235.125.129 - - [28/Oct/2025:06:02:19 +0300] "GET /blog/category/haberler/page/305/?fileloc=/var/www/vhosts/3chukuk.com/httpdocs/wp-includes/js/backbone.js&path=/var/www/vhosts/3chukuk.com/httpdocs/wp-includes/js HTTP/1.0" 200 94637 "-" "Mozilla/5.0 AppleWebKit/537.36 (KHTML, like Gecko; compatible; Amazonbot/0.1; +https://developer.amazon.com/support/amazonbot) Chrome/119.0.6045.214 Safari/537.36"
20.171.207.22 - - [28/Oct/2025:06:02:20 +0300] "GET /sitemap.xml?fileloc=/var/www/vhosts/3chukuk.com/httpdocs/wp-content/uploads/2019/05/FB_IMG_1558398985691-356x364.jpg&path=/var/www/vhosts/3chukuk.com/httpdocs/wp-content/uploads/2019/05 HTTP/1.0" 200 13262 "-" "Mozilla/5.0 AppleWebKit/537.36 (KHTML, like Gecko; compatible; GPTBot/1.2; +https://openai.com/gptbot)"
216.73.216.40 - - [28/Oct/2025:06:02:21 +0300] "GET /page/236/?fileloc=%2Fvar%2Fwww%2Fvhosts%2F3chukuk.com%2Fhttpdocs%2Fwp-content%2Fuploads%2F2021%2F04%2FFB_IMG_1619819084316-600x600.jpg&path=%2Fvar%2Fwww%2Fvhosts%2F3chukuk.com%2Fhttpdocs%2Fwp-content%2Fuploads%2F2021%2F04 HTTP/1.0" 200 13262 "-" "Mozilla/5.0 AppleWebKit/537.36 (KHTML, like Gecko; compatible; ClaudeBot/1.0; +claudebot@anthropic.com)"
18.232.12.157 - - [28/Oct/2025:06:02:23 +0300] "GET /blog/category/hukuk/page/13/?fileloc=/var/www/vhosts/3chukuk.com/httpdocs/wp-includes/ID3/module.audio-video.quicktime.php&path=/var/www/vhosts/3chukuk.com/httpdocs/wp-includes/ID3 HTTP/1.0" 200 184076 "-" "Mozilla/5.0 AppleWebKit/537.36 (KHTML, like Gecko; compatible; Amazonbot/0.1; +https://developer.amazon.com/support/amazonbot) Chrome/119.0.6045.214 Safari/537.36"
20.171.207.22 - - [28/Oct/2025:06:02:24 +0300] "GET /sitemap.xml?fileloc=/var/www/vhosts/3chukuk.com/httpdocs/wp-content/uploads/2019/05/FB_IMG_1559243541303-300x300.jpg&path=/var/www/vhosts/3chukuk.com/httpdocs/wp-content/uploads/2019/05 HTTP/1.0" 200 13262 "-" "Mozilla/5.0 AppleWebKit/537.36 (KHTML, like Gecko; compatible; GPTBot/1.2; +https://openai.com/gptbot)"
216.73.216.40 - - [28/Oct/2025:06:02:24 +0300] "GET /page/236/?fileloc=%2Fvar%2Fwww%2Fvhosts%2F3chukuk.com%2Fhttpdocs%2Fwp-content%2Fuploads%2F2021%2F01%2FFB_IMG_1610864798222-696x385.jpg&path=%2Fvar%2Fwww%2Fvhosts%2F3chukuk.com%2Fhttpdocs%2Fwp-content%2Fuploads%2F2021%2F01 HTTP/1.0" 200 13262 "-" "Mozilla/5.0 AppleWebKit/537.36 (KHTML, like Gecko; compatible; ClaudeBot/1.0; +claudebot@anthropic.com)"
20.171.207.22 - - [28/Oct/2025:06:02:27 +0300] "GET /sitemap.xml?fileloc=/var/www/vhosts/3chukuk.com/httpdocs/wp-content/uploads/2018/07/FB_IMG_1532216450241-265x198.jpg&path=/var/www/vhosts/3chukuk.com/httpdocs/wp-content/uploads/2018/07 HTTP/1.0" 200 13262 "-" "Mozilla/5.0 AppleWebKit/537.36 (KHTML, like Gecko; compatible; GPTBot/1.2; +https://openai.com/gptbot)"
54.221.203.24 - - [28/Oct/2025:06:02:27 +0300] "GET /blog/category/yazarlar/page/10/?path=/var/www/vhosts/3chukuk.com/httpdocs/wp-includes/blocks/comment-reply-link HTTP/1.0" 200 23652 "-" "Mozilla/5.0 AppleWebKit/537.36 (KHTML, like Gecko; compatible; Amazonbot/0.1; +https://developer.amazon.com/support/amazonbot) Chrome/119.0.6045.214 Safari/537.36"
216.73.216.40 - - [28/Oct/2025:06:02:27 +0300] "GET /page/20/?fileloc=%2Fvar%2Fwww%2Fvhosts%2F3chukuk.com%2Fhttpdocs%2Fwp-content%2Fuploads%2F2019%2F04%2FIMG_20190415_223210-356x220.jpg&path=%2Fvar%2Fwww%2Fvhosts%2F3chukuk.com%2Fhttpdocs%2Fwp-content%2Fuploads%2F2019%2F04 HTTP/1.0" 200 13261 "-" "Mozilla/5.0 AppleWebKit/537.36 (KHTML, like Gecko; compatible; ClaudeBot/1.0; +claudebot@anthropic.com)"
20.171.207.22 - - [28/Oct/2025:06:02:30 +0300] "GET /sitemap.xml?fileloc=/var/www/vhosts/3chukuk.com/httpdocs/wp-content/uploads/2019/05/FB_IMG_1557431114835-218x150.jpg&path=/var/www/vhosts/3chukuk.com/httpdocs/wp-content/uploads/2019/05 HTTP/1.0" 200 13262 "-" "Mozilla/5.0 AppleWebKit/537.36 (KHTML, like Gecko; compatible; GPTBot/1.2; +https://openai.com/gptbot)"
216.73.216.40 - - [28/Oct/2025:06:02:30 +0300] "GET /page/20/?fileloc=%2Fvar%2Fwww%2Fvhosts%2F3chukuk.com%2Fhttpdocs%2Fwp-content%2Fuploads%2F2021%2F01%2FFB_IMG_1609878105709-324x235.jpg&path=%2Fvar%2Fwww%2Fvhosts%2F3chukuk.com%2Fhttpdocs%2Fwp-content%2Fuploads%2F2021%2F01 HTTP/1.0" 200 13262 "-" "Mozilla/5.0 AppleWebKit/537.36 (KHTML, like Gecko; compatible; ClaudeBot/1.0; +claudebot@anthropic.com)"
184.73.167.217 - - [28/Oct/2025:06:02:31 +0300] "GET /blog/category/yazarlar/page/12/?fileloc=/var/www/vhosts/3chukuk.com/httpdocs/wp-includes/js/wp-backbone.js&path=/var/www/vhosts/3chukuk.com/httpdocs/wp-includes/js HTTP/1.0" 200 28444 "-" "Mozilla/5.0 AppleWebKit/537.36 (KHTML, like Gecko; compatible; Amazonbot/0.1; +https://developer.amazon.com/support/amazonbot) Chrome/119.0.6045.214 Safari/537.36"
20.171.207.22 - - [28/Oct/2025:06:02:33 +0300] "GET /sitemap.xml?fileloc=/var/www/vhosts/3chukuk.com/httpdocs/wp-content/uploads/2019/05/FB_IMG_1551412034926-533x261.jpg&path=/var/www/vhosts/3chukuk.com/httpdocs/wp-content/uploads/2019/05 HTTP/1.0" 200 13262 "-" "Mozilla/5.0 AppleWebKit/537.36 (KHTML, like Gecko; compatible; GPTBot/1.2; +https://openai.com/gptbot)"
216.73.216.40 - - [28/Oct/2025:06:02:33 +0300] "GET /page/20/?fileloc=%2Fvar%2Fwww%2Fvhosts%2F3chukuk.com%2Fhttpdocs%2Fwp-content%2Fuploads%2F2021%2F05%2FFB_IMG_1620502374807-324x160.jpg&path=%2Fvar%2Fwww%2Fvhosts%2F3chukuk.com%2Fhttpdocs%2Fwp-content%2Fuploads%2F2021%2F05 HTTP/1.0" 200 13262 "-" "Mozilla/5.0 AppleWebKit/537.36 (KHTML, like Gecko; compatible; ClaudeBot/1.0; +claudebot@anthropic.com)"
23.22.59.87 - - [28/Oct/2025:06:02:35 +0300] "GET /blog/category/haberler/page/13/?fileloc=/var/www/vhosts/3chukuk.com/httpdocs/wp-admin/js/post.js&path=/var/www/vhosts/3chukuk.com/httpdocs/wp-admin/js HTTP/1.0" 200 53510 "-" "Mozilla/5.0 AppleWebKit/537.36 (KHTML, like Gecko; compatible; Amazonbot/0.1; +https://developer.amazon.com/support/amazonbot) Chrome/119.0.6045.214 Safari/537.36"
20.171.207.22 - - [28/Oct/2025:06:02:36 +0300] "GET /sitemap.xml?fileloc=/var/www/vhosts/3chukuk.com/httpdocs/wp-content/uploads/2018/04/FB_IMG_1524406336898-150x150.jpg&path=/var/www/vhosts/3chukuk.com/httpdocs/wp-content/uploads/2018/04 HTTP/1.0" 200 13262 "-" "Mozilla/5.0 AppleWebKit/537.36 (KHTML, like Gecko; compatible; GPTBot/1.2; +https://openai.com/gptbot)"
207.46.13.17 - - [28/Oct/2025:06:02:36 +0300] "GET /?x=5426801969 HTTP/1.0" 200 189849 "-" "Mozilla/5.0 AppleWebKit/537.36 (KHTML, like Gecko; compatible; bingbot/2.0; +http://www.bing.com/bingbot.htm) Chrome/116.0.1938.76 Safari/537.36"
216.73.216.40 - - [28/Oct/2025:06:02:36 +0300] "GET /page/236/?fileloc=%2Fvar%2Fwww%2Fvhosts%2F3chukuk.com%2Fhttpdocs%2Fwp-content%2Fuploads%2F2019%2F03%2FIMG_20190324_173106-317x261.jpg&path=%2Fvar%2Fwww%2Fvhosts%2F3chukuk.com%2Fhttpdocs%2Fwp-content%2Fuploads%2F2019%2F03 HTTP/1.0" 200 13261 "-" "Mozilla/5.0 AppleWebKit/537.36 (KHTML, like Gecko; compatible; ClaudeBot/1.0; +claudebot@anthropic.com)"
216.73.216.40 - - [28/Oct/2025:06:02:39 +0300] "GET /page/20/?fileloc=%2Fvar%2Fwww%2Fvhosts%2F3chukuk.com%2Fhttpdocs%2Fwp-content%2Fuploads%2F2023%2F04%2FFB_IMG_1681128527528-324x300.jpg&path=%2Fvar%2Fwww%2Fvhosts%2F3chukuk.com%2Fhttpdocs%2Fwp-content%2Fuploads%2F2023%2F04 HTTP/1.0" 200 13262 "-" "Mozilla/5.0 AppleWebKit/537.36 (KHTML, like Gecko; compatible; ClaudeBot/1.0; +claudebot@anthropic.com)"
44.209.187.99 - - [28/Oct/2025:06:02:39 +0300] "GET /blog/category/hukuk/page/13/?fileloc=/var/www/vhosts/3chukuk.com/httpdocs/wp-includes/html-api/class-wp-html-stack-event.php&path=/var/www/vhosts/3chukuk.com/httpdocs/wp-includes/html-api HTTP/1.0" 200 14756 "-" "Mozilla/5.0 AppleWebKit/537.36 (KHTML, like Gecko; compatible; Amazonbot/0.1; +https://developer.amazon.com/support/amazonbot) Chrome/119.0.6045.214 Safari/537.36"
20.171.207.22 - - [28/Oct/2025:06:02:39 +0300] "GET /sitemap.xml?fileloc=/var/www/vhosts/3chukuk.com/httpdocs/wp-content/uploads/2019/05/FB_IMG_1558226839993-300x200.jpg&path=/var/www/vhosts/3chukuk.com/httpdocs/wp-content/uploads/2019/05 HTTP/1.0" 200 13262 "-" "Mozilla/5.0 AppleWebKit/537.36 (KHTML, like Gecko; compatible; GPTBot/1.2; +https://openai.com/gptbot)"
216.73.216.40 - - [28/Oct/2025:06:02:42 +0300] "GET /page/20/?fileloc=%2Fvar%2Fwww%2Fvhosts%2F3chukuk.com%2Fhttpdocs%2Fwp-content%2Fuploads%2F2018%2F12%2FFB_IMG_1546135699132-485x290.jpg&path=%2Fvar%2Fwww%2Fvhosts%2F3chukuk.com%2Fhttpdocs%2Fwp-content%2Fuploads%2F2018%2F12 HTTP/1.0" 200 13262 "-" "Mozilla/5.0 AppleWebKit/537.36 (KHTML, like Gecko; compatible; ClaudeBot/1.0; +claudebot@anthropic.com)"
20.171.207.22 - - [28/Oct/2025:06:02:42 +0300] "GET /sitemap.xml?fileloc=/var/www/vhosts/3chukuk.com/httpdocs/wp-content/uploads/2019/05/FB_IMG_1557805598248-324x160.jpg&path=/var/www/vhosts/3chukuk.com/httpdocs/wp-content/uploads/2019/05 HTTP/1.0" 200 13262 "-" "Mozilla/5.0 AppleWebKit/537.36 (KHTML, like Gecko; compatible; GPTBot/1.2; +https://openai.com/gptbot)"
44.223.116.180 - - [28/Oct/2025:06:02:43 +0300] "GET /blog/category/hukukdunyasi/page/13/?fileloc=/var/www/vhosts/3chukuk.com/httpdocs/wp-admin/includes/class-wp-ms-users-list-table.php&path=/var/www/vhosts/3chukuk.com/httpdocs/wp-admin/includes HTTP/1.0" 200 29885 "-" "Mozilla/5.0 AppleWebKit/537.36 (KHTML, like Gecko; compatible; Amazonbot/0.1; +https://developer.amazon.com/support/amazonbot) Chrome/119.0.6045.214 Safari/537.36"
216.73.216.40 - - [28/Oct/2025:06:02:45 +0300] "GET /page/20/?fileloc=%2Fvar%2Fwww%2Fvhosts%2F3chukuk.com%2Fhttpdocs%2Fwp-content%2Fuploads%2F2021%2F04%2FFB_IMG_1619730163255-100x100.jpg&path=%2Fvar%2Fwww%2Fvhosts%2F3chukuk.com%2Fhttpdocs%2Fwp-content%2Fuploads%2F2021%2F04 HTTP/1.0" 200 13262 "-" "Mozilla/5.0 AppleWebKit/537.36 (KHTML, like Gecko; compatible; ClaudeBot/1.0; +claudebot@anthropic.com)"
20.171.207.22 - - [28/Oct/2025:06:02:46 +0300] "GET /sitemap.xml?fileloc=/var/www/vhosts/3chukuk.com/httpdocs/wp-content/uploads/2019/05/FB_IMG_1557189085557-313x420.jpg&path=/var/www/vhosts/3chukuk.com/httpdocs/wp-content/uploads/2019/05 HTTP/1.0" 200 13262 "-" "Mozilla/5.0 AppleWebKit/537.36 (KHTML, like Gecko; compatible; GPTBot/1.2; +https://openai.com/gptbot)"
52.203.237.170 - - [28/Oct/2025:06:02:47 +0300] "GET /blog/category/haberler/page/11/?fileloc=/var/www/vhosts/3chukuk.com/httpdocs/wp-admin/css/widgets.min.css&path=/var/www/vhosts/3chukuk.com/httpdocs/wp-admin/css HTTP/1.0" 200 27601 "-" "Mozilla/5.0 AppleWebKit/537.36 (KHTML, like Gecko; compatible; Amazonbot/0.1; +https://developer.amazon.com/support/amazonbot) Chrome/119.0.6045.214 Safari/537.36"
216.73.216.40 - - [28/Oct/2025:06:02:48 +0300] "GET /page/236/?fileloc=%2Fvar%2Fwww%2Fvhosts%2F3chukuk.com%2Fhttpdocs%2Fwp-content%2Fuploads%2F2021%2F05%2FFB_IMG_1622285049126-265x198.jpg&path=%2Fvar%2Fwww%2Fvhosts%2F3chukuk.com%2Fhttpdocs%2Fwp-content%2Fuploads%2F2021%2F05 HTTP/1.0" 200 13262 "-" "Mozilla/5.0 AppleWebKit/537.36 (KHTML, like Gecko; compatible; ClaudeBot/1.0; +claudebot@anthropic.com)"
20.171.207.22 - - [28/Oct/2025:06:02:49 +0300] "GET /sitemap.xml?fileloc=/var/www/vhosts/3chukuk.com/httpdocs/wp-content/uploads/2019/07/FB_IMG_1562660180527-560x420.jpg&path=/var/www/vhosts/3chukuk.com/httpdocs/wp-content/uploads/2019/07 HTTP/1.0" 200 13262 "-" "Mozilla/5.0 AppleWebKit/537.36 (KHTML, like Gecko; compatible; GPTBot/1.2; +https://openai.com/gptbot)"
216.73.216.40 - - [28/Oct/2025:06:02:51 +0300] "GET /page/236/?fileloc=%2Fvar%2Fwww%2Fvhosts%2F3chukuk.com%2Fhttpdocs%2Fwp-content%2Fuploads%2F2021%2F01%2Fnagehan-696x385.jpg&path=%2Fvar%2Fwww%2Fvhosts%2F3chukuk.com%2Fhttpdocs%2Fwp-content%2Fuploads%2F2021%2F01 HTTP/1.0" 200 13249 "-" "Mozilla/5.0 AppleWebKit/537.36 (KHTML, like Gecko; compatible; ClaudeBot/1.0; +claudebot@anthropic.com)"
34.193.2.57 - - [28/Oct/2025:06:02:51 +0300] "GET /blog/category/yazarlar/page/51/?fileloc=/var/www/vhosts/3chukuk.com/httpdocs/wp-includes/js/heartbeat.js&path=/var/www/vhosts/3chukuk.com/httpdocs/wp-includes/js HTTP/1.0" 200 37465 "-" "Mozilla/5.0 AppleWebKit/537.36 (KHTML, like Gecko; compatible; Amazonbot/0.1; +https://developer.amazon.com/support/amazonbot) Chrome/119.0.6045.214 Safari/537.36"
20.171.207.22 - - [28/Oct/2025:06:02:52 +0300] "GET /sitemap.xml?fileloc=/var/www/vhosts/3chukuk.com/httpdocs/wp-content/uploads/2018/07/FB_IMG_1531933433864-218x150.jpg&path=/var/www/vhosts/3chukuk.com/httpdocs/wp-content/uploads/2018/07 HTTP/1.0" 200 13262 "-" "Mozilla/5.0 AppleWebKit/537.36 (KHTML, like Gecko; compatible; GPTBot/1.2; +https://openai.com/gptbot)"
57.141.0.55 - - [28/Oct/2025:06:02:53 +0300] "GET /wp-json/oembed/1.0/embed?url=https%3A%2F%2Fwww.3chukuk.com%2Fblog%2F2017%2F11%2F12%2Fgec-teslim-kooperatif%2F HTTP/1.0" 200 67863 "-" "meta-externalagent/1.1 (+https://developers.facebook.com/docs/sharing/webmasters/crawler)"
57.141.0.67 - - [28/Oct/2025:06:02:53 +0300] "GET /wp-json/oembed/1.0/embed?url=https%3A%2F%2Fwww.3chukuk.com%2Fblog%2F2018%2F11%2F20%2Fturkiye-barolar-birligi-ve-ankara-universitesi-isbirligi-protokol-altina-alindi%2F HTTP/1.0" 200 67863 "-" "meta-externalagent/1.1 (+https://developers.facebook.com/docs/sharing/webmasters/crawler)"
216.73.216.40 - - [28/Oct/2025:06:02:54 +0300] "GET /page/20/?fileloc=%2Fvar%2Fwww%2Fvhosts%2F3chukuk.com%2Fhttpdocs%2Fwp-content%2Fuploads%2F2023%2F02%2FFB_IMG_1676492521806-320x160.jpg&path=%2Fvar%2Fwww%2Fvhosts%2F3chukuk.com%2Fhttpdocs%2Fwp-content%2Fuploads%2F2023%2F02 HTTP/1.0" 200 13262 "-" "Mozilla/5.0 AppleWebKit/537.36 (KHTML, like Gecko; compatible; ClaudeBot/1.0; +claudebot@anthropic.com)"
3.217.82.254 - - [28/Oct/2025:06:02:55 +0300] "GET /blog/category/hukukdunyasi/page/13/?fileloc=/var/www/vhosts/3chukuk.com/httpdocs/wp-admin/includes/ajax-actions.php&path=/var/www/vhosts/3chukuk.com/httpdocs/wp-admin/includes HTTP/1.0" 200 399 "-" "Mozilla/5.0 AppleWebKit/537.36 (KHTML, like Gecko; compatible; Amazonbot/0.1; +https://developer.amazon.com/support/amazonbot) Chrome/119.0.6045.214 Safari/537.36"
20.171.207.22 - - [28/Oct/2025:06:02:55 +0300] "GET /sitemap.xml?fileloc=/var/www/vhosts/3chukuk.com/httpdocs/wp-content/uploads/2019/07/FB_IMG_1563086541554-218x150.jpg&path=/var/www/vhosts/3chukuk.com/httpdocs/wp-content/uploads/2019/07 HTTP/1.0" 200 13262 "-" "Mozilla/5.0 AppleWebKit/537.36 (KHTML, like Gecko; compatible; GPTBot/1.2; +https://openai.com/gptbot)"
119.8.188.186 - - [28/Oct/2025:06:02:56 +0300] "GET /blog/2021/02/18/mb-faizi-%17de-tuttu/?fileloc=/var/www/vhosts/3chukuk.com/httpdocs/.htaccess&path=/var/www/vhosts/3chukuk.com/httpdocs HTTP/1.0" 200 13753 "https://www.3chukuk.com/blog/2021/02/18/mb-faizi-%17de-tuttu/?fileloc=/var/www/vhosts/3chukuk.com/httpdocs/.htaccess&path=/var/www/vhosts/3chukuk.com/httpdocs" "Mozilla/5.0 (Windows NT 10.0; Win64; x64) AppleWebKit/537.36 (KHTML, like Gecko) Chrome/101.0.4951.64 Safari/537.36 Edg/101.0.1210.47"
216.73.216.40 - - [28/Oct/2025:06:02:57 +0300] "GET /page/236/?fileloc=%2Fvar%2Fwww%2Fvhosts%2F3chukuk.com%2Fhttpdocs%2Fwp-content%2Fuploads%2F2021%2F01%2FFB_IMG_1610420665715-100x70.jpg&path=%2Fvar%2Fwww%2Fvhosts%2F3chukuk.com%2Fhttpdocs%2Fwp-content%2Fuploads%2F2021%2F01 HTTP/1.0" 200 13261 "-" "Mozilla/5.0 AppleWebKit/537.36 (KHTML, like Gecko; compatible; ClaudeBot/1.0; +claudebot@anthropic.com)"
20.171.207.22 - - [28/Oct/2025:06:02:58 +0300] "GET /sitemap.xml?fileloc=/var/www/vhosts/3chukuk.com/httpdocs/wp-content/uploads/2019/07/FB_IMG_1563406134629-265x198.jpg&path=/var/www/vhosts/3chukuk.com/httpdocs/wp-content/uploads/2019/07 HTTP/1.0" 200 13262 "-" "Mozilla/5.0 AppleWebKit/537.36 (KHTML, like Gecko; compatible; GPTBot/1.2; +https://openai.com/gptbot)"
18.213.102.186 - - [28/Oct/2025:06:02:59 +0300] "GET /blog/category/hukuk/page/14/?fileloc=/var/www/vhosts/3chukuk.com/httpdocs/wp-admin/js/theme.js&path=/var/www/vhosts/3chukuk.com/httpdocs/wp-admin/js HTTP/1.0" 200 69796 "-" "Mozilla/5.0 AppleWebKit/537.36 (KHTML, like Gecko; compatible; Amazonbot/0.1; +https://developer.amazon.com/support/amazonbot) Chrome/119.0.6045.214 Safari/537.36"
216.73.216.40 - - [28/Oct/2025:06:03:00 +0300] "GET /page/236/?fileloc=%2Fvar%2Fwww%2Fvhosts%2F3chukuk.com%2Fhttpdocs%2Fwp-content%2Fuploads%2F2018%2F12%2FFB_IMG_1545001835777-324x160.jpg&path=%2Fvar%2Fwww%2Fvhosts%2F3chukuk.com%2Fhttpdocs%2Fwp-content%2Fuploads%2F2018%2F12 HTTP/1.0" 200 13262 "-" "Mozilla/5.0 AppleWebKit/537.36 (KHTML, like Gecko; compatible; ClaudeBot/1.0; +claudebot@anthropic.com)"
20.171.207.22 - - [28/Oct/2025:06:03:01 +0300] "GET /sitemap.xml?fileloc=/var/www/vhosts/3chukuk.com/httpdocs/wp-content/uploads/2019/10/FB_IMG_1570341059869-300x245.jpg&path=/var/www/vhosts/3chukuk.com/httpdocs/wp-content/uploads/2019/10 HTTP/1.0" 200 13262 "-" "Mozilla/5.0 AppleWebKit/537.36 (KHTML, like Gecko; compatible; GPTBot/1.2; +https://openai.com/gptbot)"
52.44.229.124 - - [28/Oct/2025:06:03:03 +0300] "GET /blog/category/hukuk/page/14/?fileloc=/var/www/vhosts/3chukuk.com/httpdocs/wp-includes/js/media-views.js&path=/var/www/vhosts/3chukuk.com/httpdocs/wp-includes/js HTTP/1.0" 200 289290 "-" "Mozilla/5.0 AppleWebKit/537.36 (KHTML, like Gecko; compatible; Amazonbot/0.1; +https://developer.amazon.com/support/amazonbot) Chrome/119.0.6045.214 Safari/537.36"
216.73.216.40 - - [28/Oct/2025:06:03:03 +0300] "GET /page/20/?fileloc=%2Fvar%2Fwww%2Fvhosts%2F3chukuk.com%2Fhttpdocs%2Fwp-content%2Fuploads%2F2023%2F07%2FFB_IMG_1689744719414-356x220.jpg&path=%2Fvar%2Fwww%2Fvhosts%2F3chukuk.com%2Fhttpdocs%2Fwp-content%2Fuploads%2F2023%2F07 HTTP/1.0" 200 13262 "-" "Mozilla/5.0 AppleWebKit/537.36 (KHTML, like Gecko; compatible; ClaudeBot/1.0; +claudebot@anthropic.com)"
20.171.207.22 - - [28/Oct/2025:06:03:05 +0300] "GET /sitemap.xml?fileloc=/var/www/vhosts/3chukuk.com/httpdocs/wp-content/uploads/2019/05/FB_IMG_1556858990214-300x293.jpg&path=/var/www/vhosts/3chukuk.com/httpdocs/wp-content/uploads/2019/05 HTTP/1.0" 200 13262 "-" "Mozilla/5.0 AppleWebKit/537.36 (KHTML, like Gecko; compatible; GPTBot/1.2; +https://openai.com/gptbot)"
216.73.216.40 - - [28/Oct/2025:06:03:06 +0300] "GET /19?fileloc=%2Fvar%2Fwww%2Fvhosts%2F3chukuk.com%2Fhttpdocs%2Fwp-content%2Fuploads%2F2023%2F02%2FFB_IMG_1676602401297-356x220.jpg&path=%2Fvar%2Fwww%2Fvhosts%2F3chukuk.com%2Fhttpdocs%2Fwp-content%2Fuploads%2F2023%2F02 HTTP/1.0" 200 13262 "-" "Mozilla/5.0 AppleWebKit/537.36 (KHTML, like Gecko; compatible; ClaudeBot/1.0; +claudebot@anthropic.com)"
3.89.170.186 - - [28/Oct/2025:06:03:07 +0300] "GET /blog/category/hukukdunyasi/page/30/?fileloc=/var/www/vhosts/3chukuk.com/httpdocs/wp-includes/js/wp-api.min.js&path=/var/www/vhosts/3chukuk.com/httpdocs/wp-includes/js HTTP/1.0" 200 30197 "-" "Mozilla/5.0 AppleWebKit/537.36 (KHTML, like Gecko; compatible; Amazonbot/0.1; +https://developer.amazon.com/support/amazonbot) Chrome/119.0.6045.214 Safari/537.36"
20.171.207.22 - - [28/Oct/2025:06:03:08 +0300] "GET /sitemap.xml?fileloc=/var/www/vhosts/3chukuk.com/httpdocs/wp-content/uploads/2019/05/FB_IMG_1557105149247-534x462.jpg&path=/var/www/vhosts/3chukuk.com/httpdocs/wp-content/uploads/2019/05 HTTP/1.0" 200 13262 "-" "Mozilla/5.0 AppleWebKit/537.36 (KHTML, like Gecko; compatible; GPTBot/1.2; +https://openai.com/gptbot)"
216.73.216.40 - - [28/Oct/2025:06:03:11 +0300] "GET /page/236/?fileloc=%2Fvar%2Fwww%2Fvhosts%2F3chukuk.com%2Fhttpdocs%2Fwp-content%2Fuploads%2F2021%2F01%2FFB_IMG_1612081795430-265x198.jpg&path=%2Fvar%2Fwww%2Fvhosts%2F3chukuk.com%2Fhttpdocs%2Fwp-content%2Fuploads%2F2021%2F01 HTTP/1.0" 200 13262 "-" "Mozilla/5.0 AppleWebKit/537.36 (KHTML, like Gecko; compatible; ClaudeBot/1.0; +claudebot@anthropic.com)"
20.171.207.22 - - [28/Oct/2025:06:03:11 +0300] "GET /sitemap.xml?fileloc=/var/www/vhosts/3chukuk.com/httpdocs/wp-content/uploads/2019/05/FB_IMG_1558644760398-741x388.jpg&path=/var/www/vhosts/3chukuk.com/httpdocs/wp-content/uploads/2019/05 HTTP/1.0" 200 13262 "-" "Mozilla/5.0 AppleWebKit/537.36 (KHTML, like Gecko; compatible; GPTBot/1.2; +https://openai.com/gptbot)"
52.5.232.250 - - [28/Oct/2025:06:03:11 +0300] "GET /blog/category/yazarlar/page/11/?fileloc=/var/www/vhosts/3chukuk.com/httpdocs/wp-admin/js/media.min.js&path=/var/www/vhosts/3chukuk.com/httpdocs/wp-admin/js HTTP/1.0" 200 16123 "-" "Mozilla/5.0 AppleWebKit/537.36 (KHTML, like Gecko; compatible; Amazonbot/0.1; +https://developer.amazon.com/support/amazonbot) Chrome/119.0.6045.214 Safari/537.36"
216.73.216.40 - - [28/Oct/2025:06:03:13 +0300] "GET /page/236/?fileloc=%2Fvar%2Fwww%2Fvhosts%2F3chukuk.com%2Fhttpdocs%2Fwp-content%2Fuploads%2F2021%2F02%2FFB_IMG_1613758150037-960x580.jpg&path=%2Fvar%2Fwww%2Fvhosts%2F3chukuk.com%2Fhttpdocs%2Fwp-content%2Fuploads%2F2021%2F02 HTTP/1.0" 200 13262 "-" "Mozilla/5.0 AppleWebKit/537.36 (KHTML, like Gecko; compatible; ClaudeBot/1.0; +claudebot@anthropic.com)"
20.171.207.22 - - [28/Oct/2025:06:03:14 +0300] "GET /sitemap.xml?fileloc=/var/www/vhosts/3chukuk.com/httpdocs/wp-content/uploads/2019/05/FB_IMG_1557979831405-324x160.jpg&path=/var/www/vhosts/3chukuk.com/httpdocs/wp-content/uploads/2019/05 HTTP/1.0" 200 13262 "-" "Mozilla/5.0 AppleWebKit/537.36 (KHTML, like Gecko; compatible; GPTBot/1.2; +https://openai.com/gptbot)"
100.28.57.133 - - [28/Oct/2025:06:03:15 +0300] "GET /blog/category/yazarlar/ibrahimhalileroglu/page/12/?path=/var/www/vhosts/3chukuk.com/httpdocs/wp-content/plugins/backup-1760131327-2 HTTP/1.0" 200 39435 "-" "Mozilla/5.0 AppleWebKit/537.36 (KHTML, like Gecko; compatible; Amazonbot/0.1; +https://developer.amazon.com/support/amazonbot) Chrome/119.0.6045.214 Safari/537.36"
216.73.216.40 - - [28/Oct/2025:06:03:16 +0300] "GET /page/20/?fileloc=%2Fvar%2Fwww%2Fvhosts%2F3chukuk.com%2Fhttpdocs%2Fwp-content%2Fuploads%2F2021%2F01%2FFB_IMG_1611895466311-100x70.jpg&path=%2Fvar%2Fwww%2Fvhosts%2F3chukuk.com%2Fhttpdocs%2Fwp-content%2Fuploads%2F2021%2F01 HTTP/1.0" 200 13261 "-" "Mozilla/5.0 AppleWebKit/537.36 (KHTML, like Gecko; compatible; ClaudeBot/1.0; +claudebot@anthropic.com)"
57.141.0.11 - - [28/Oct/2025:06:03:17 +0300] "GET /blog/tag/mugla/feed/ HTTP/1.0" 200 67863 "-" "meta-externalagent/1.1 (+https://developers.facebook.com/docs/sharing/webmasters/crawler)"
20.171.207.22 - - [28/Oct/2025:06:03:17 +0300] "GET /sitemap.xml?fileloc=/var/www/vhosts/3chukuk.com/httpdocs/wp-content/uploads/2019/07/FB_IMG_1563770193788-389x261.jpg&path=/var/www/vhosts/3chukuk.com/httpdocs/wp-content/uploads/2019/07 HTTP/1.0" 200 13262 "-" "Mozilla/5.0 AppleWebKit/537.36 (KHTML, like Gecko; compatible; GPTBot/1.2; +https://openai.com/gptbot)"
3.230.224.6 - - [28/Oct/2025:06:03:19 +0300] "GET /blog/category/hukukdunyasi/page/11/?fileloc=/var/www/vhosts/3chukuk.com/httpdocs/wp-admin/js/accordion.js&path=/var/www/vhosts/3chukuk.com/httpdocs/wp-admin/js HTTP/1.0" 200 16347 "-" "Mozilla/5.0 AppleWebKit/537.36 (KHTML, like Gecko; compatible; Amazonbot/0.1; +https://developer.amazon.com/support/amazonbot) Chrome/119.0.6045.214 Safari/537.36"
216.73.216.40 - - [28/Oct/2025:06:03:19 +0300] "GET /page/236/?fileloc=%2Fvar%2Fwww%2Fvhosts%2F3chukuk.com%2Fhttpdocs%2Fwp-content%2Fuploads%2F2021%2F02%2FIMG_20210211_015827-80x60.jpg&path=%2Fvar%2Fwww%2Fvhosts%2F3chukuk.com%2Fhttpdocs%2Fwp-content%2Fuploads%2F2021%2F02 HTTP/1.0" 200 13259 "-" "Mozilla/5.0 AppleWebKit/537.36 (KHTML, like Gecko; compatible; ClaudeBot/1.0; +claudebot@anthropic.com)"
20.171.207.22 - - [28/Oct/2025:06:03:20 +0300] "GET /sitemap.xml?fileloc=/var/www/vhosts/3chukuk.com/httpdocs/wp-content/uploads/2019/10/FB_IMG_1570336541461-696x385.jpg&path=/var/www/vhosts/3chukuk.com/httpdocs/wp-content/uploads/2019/10 HTTP/1.0" 200 13262 "-" "Mozilla/5.0 AppleWebKit/537.36 (KHTML, like Gecko; compatible; GPTBot/1.2; +https://openai.com/gptbot)"
216.73.216.40 - - [28/Oct/2025:06:03:22 +0300] "GET /page/236/?fileloc=%2Fvar%2Fwww%2Fvhosts%2F3chukuk.com%2Fhttpdocs%2Fwp-content%2Fuploads%2F2023%2F09%2FIMG_20230903_002347-324x160.jpg&path=%2Fvar%2Fwww%2Fvhosts%2F3chukuk.com%2Fhttpdocs%2Fwp-content%2Fuploads%2F2023%2F09 HTTP/1.0" 200 13261 "-" "Mozilla/5.0 AppleWebKit/537.36 (KHTML, like Gecko; compatible; ClaudeBot/1.0; +claudebot@anthropic.com)"
18.204.152.114 - - [28/Oct/2025:06:03:23 +0300] "GET /page/241/?path=/var/www/vhosts/3chukuk.com/httpdocs/wp-includes/blocks/text-columns HTTP/1.0" 200 30191 "-" "Mozilla/5.0 AppleWebKit/537.36 (KHTML, like Gecko; compatible; Amazonbot/0.1; +https://developer.amazon.com/support/amazonbot) Chrome/119.0.6045.214 Safari/537.36"
20.171.207.22 - - [28/Oct/2025:06:03:24 +0300] "GET /sitemap.xml?fileloc=/var/www/vhosts/3chukuk.com/httpdocs/wp-content/uploads/2018/07/FB_IMG_1531939518171-300x300.jpg&path=/var/www/vhosts/3chukuk.com/httpdocs/wp-content/uploads/2018/07 HTTP/1.0" 200 13262 "-" "Mozilla/5.0 AppleWebKit/537.36 (KHTML, like Gecko; compatible; GPTBot/1.2; +https://openai.com/gptbot)"
57.141.0.27 - - [28/Oct/2025:06:03:25 +0300] "GET /wp-json/oembed/1.0/embed?url=https%3A%2F%2Fwww.3chukuk.com%2Fblog%2F2017%2F12%2F07%2Fkar-engeli-egitimde%2F HTTP/1.0" 200 67863 "-" "meta-externalagent/1.1 (+https://developers.facebook.com/docs/sharing/webmasters/crawler)"
216.73.216.40 - - [28/Oct/2025:06:03:25 +0300] "GET /page/20/?fileloc=%2Fvar%2Fwww%2Fvhosts%2F3chukuk.com%2Fhttpdocs%2Fwp-content%2Fuploads%2F2021%2F01%2FFB_IMG_1611400695601-225x300.jpg&path=%2Fvar%2Fwww%2Fvhosts%2F3chukuk.com%2Fhttpdocs%2Fwp-content%2Fuploads%2F2021%2F01 HTTP/1.0" 200 13262 "-" "Mozilla/5.0 AppleWebKit/537.36 (KHTML, like Gecko; compatible; ClaudeBot/1.0; +claudebot@anthropic.com)"
20.171.207.22 - - [28/Oct/2025:06:03:27 +0300] "GET /sitemap.xml?fileloc=/var/www/vhosts/3chukuk.com/httpdocs/wp-content/uploads/2019/07/FB_IMG_1562397903523-265x198.jpg&path=/var/www/vhosts/3chukuk.com/httpdocs/wp-content/uploads/2019/07 HTTP/1.0" 200 13262 "-" "Mozilla/5.0 AppleWebKit/537.36 (KHTML, like Gecko; compatible; GPTBot/1.2; +https://openai.com/gptbot)"
98.83.94.113 - - [28/Oct/2025:06:03:27 +0300] "GET /blog/category/yazarlar/page/50/?fileloc=/var/www/vhosts/3chukuk.com/httpdocs/wp-includes/widgets/class-wp-widget-tag-cloud.php&path=/var/www/vhosts/3chukuk.com/httpdocs/wp-includes/widgets HTTP/1.0" 200 20593 "-" "Mozilla/5.0 AppleWebKit/537.36 (KHTML, like Gecko; compatible; Amazonbot/0.1; +https://developer.amazon.com/support/amazonbot) Chrome/119.0.6045.214 Safari/537.36"
216.73.216.40 - - [28/Oct/2025:06:03:28 +0300] "GET /page/236/?fileloc=%2Fvar%2Fwww%2Fvhosts%2F3chukuk.com%2Fhttpdocs%2Fwp-content%2Fuploads%2F2021%2F01%2FFB_IMG_1611682889750-733x420.jpg&path=%2Fvar%2Fwww%2Fvhosts%2F3chukuk.com%2Fhttpdocs%2Fwp-content%2Fuploads%2F2021%2F01 HTTP/1.0" 200 13262 "-" "Mozilla/5.0 AppleWebKit/537.36 (KHTML, like Gecko; compatible; ClaudeBot/1.0; +claudebot@anthropic.com)"
20.171.207.22 - - [28/Oct/2025:06:03:30 +0300] "GET /sitemap.xml?fileloc=/var/www/vhosts/3chukuk.com/httpdocs/wp-content/uploads/2019/07/FB_IMG_1563942842165-324x160.jpg&path=/var/www/vhosts/3chukuk.com/httpdocs/wp-content/uploads/2019/07 HTTP/1.0" 200 13262 "-" "Mozilla/5.0 AppleWebKit/537.36 (KHTML, like Gecko; compatible; GPTBot/1.2; +https://openai.com/gptbot)"
44.218.170.184 - - [28/Oct/2025:06:03:31 +0300] "GET /blog/category/yazarlar/page/51/?fileloc=/var/www/vhosts/3chukuk.com/httpdocs/wp-includes/js/media-views.js&path=/var/www/vhosts/3chukuk.com/httpdocs/wp-includes/js HTTP/1.0" 200 289203 "-" "Mozilla/5.0 AppleWebKit/537.36 (KHTML, like Gecko; compatible; Amazonbot/0.1; +https://developer.amazon.com/support/amazonbot) Chrome/119.0.6045.214 Safari/537.36"
216.73.216.40 - - [28/Oct/2025:06:03:31 +0300] "GET /page/20/?fileloc=%2Fvar%2Fwww%2Fvhosts%2F3chukuk.com%2Fhttpdocs%2Fwp-content%2Fuploads%2F2023%2F02%2FFB_IMG_1676605118483-741x486.jpg&path=%2Fvar%2Fwww%2Fvhosts%2F3chukuk.com%2Fhttpdocs%2Fwp-content%2Fuploads%2F2023%2F02 HTTP/1.0" 200 13262 "-" "Mozilla/5.0 AppleWebKit/537.36 (KHTML, like Gecko; compatible; ClaudeBot/1.0; +claudebot@anthropic.com)"
20.171.207.22 - - [28/Oct/2025:06:03:33 +0300] "GET /sitemap.xml?fileloc=/var/www/vhosts/3chukuk.com/httpdocs/wp-content/uploads/2019/05/FB_IMG_1557687209441-324x235.jpg&path=/var/www/vhosts/3chukuk.com/httpdocs/wp-content/uploads/2019/05 HTTP/1.0" 200 13262 "-" "Mozilla/5.0 AppleWebKit/537.36 (KHTML, like Gecko; compatible; GPTBot/1.2; +https://openai.com/gptbot)"
216.73.216.40 - - [28/Oct/2025:06:03:34 +0300] "GET /page/20/?fileloc=%2Fvar%2Fwww%2Fvhosts%2F3chukuk.com%2Fhttpdocs%2Fwp-content%2Fuploads%2F2021%2F01%2FFB_IMG_1610152671289-1068x580.jpg&path=%2Fvar%2Fwww%2Fvhosts%2F3chukuk.com%2Fhttpdocs%2Fwp-content%2Fuploads%2F2021%2F01 HTTP/1.0" 200 13263 "-" "Mozilla/5.0 AppleWebKit/537.36 (KHTML, like Gecko; compatible; ClaudeBot/1.0; +claudebot@anthropic.com)"
52.201.155.215 - - [28/Oct/2025:06:03:35 +0300] "GET /blog/category/hukukdunyasi/page/12/?fileloc=/var/www/vhosts/3chukuk.com/httpdocs/wp-includes/js/underscore.min.js&path=/var/www/vhosts/3chukuk.com/httpdocs/wp-includes/js HTTP/1.0" 200 34705 "-" "Mozilla/5.0 AppleWebKit/537.36 (KHTML, like Gecko; compatible; Amazonbot/0.1; +https://developer.amazon.com/support/amazonbot) Chrome/119.0.6045.214 Safari/537.36"
20.171.207.22 - - [28/Oct/2025:06:03:36 +0300] "GET /sitemap.xml?fileloc=/var/www/vhosts/3chukuk.com/httpdocs/wp-content/uploads/2019/07/FB_IMG_1562127050327-356x364.jpg&path=/var/www/vhosts/3chukuk.com/httpdocs/wp-content/uploads/2019/07 HTTP/1.0" 200 13262 "-" "Mozilla/5.0 AppleWebKit/537.36 (KHTML, like Gecko; compatible; GPTBot/1.2; +https://openai.com/gptbot)"
216.73.216.40 - - [28/Oct/2025:06:03:37 +0300] "GET /page/236/?fileloc=%2Fvar%2Fwww%2Fvhosts%2F3chukuk.com%2Fhttpdocs%2Fwp-content%2Fuploads%2F2021%2F01%2FFB_IMG_1610790009565-218x150.jpg&path=%2Fvar%2Fwww%2Fvhosts%2F3chukuk.com%2Fhttpdocs%2Fwp-content%2Fuploads%2F2021%2F01 HTTP/1.0" 200 13262 "-" "Mozilla/5.0 AppleWebKit/537.36 (KHTML, like Gecko; compatible; ClaudeBot/1.0; +claudebot@anthropic.com)"
20.171.207.22 - - [28/Oct/2025:06:03:39 +0300] "GET /sitemap.xml?fileloc=/var/www/vhosts/3chukuk.com/httpdocs/wp-content/uploads/2019/07/FB_IMG_1563511650388-356x220.jpg&path=/var/www/vhosts/3chukuk.com/httpdocs/wp-content/uploads/2019/07 HTTP/1.0" 200 13262 "-" "Mozilla/5.0 AppleWebKit/537.36 (KHTML, like Gecko; compatible; GPTBot/1.2; +https://openai.com/gptbot)"
18.232.12.157 - - [28/Oct/2025:06:03:40 +0300] "GET /blog/category/yazarlar/ibrahimhalileroglu/page/12/?fileloc=/var/www/vhosts/3chukuk.com/httpdocs/wp-includes/customize/class-wp-sidebar-block-editor-control.php&path=/var/www/vhosts/3chukuk.com/httpdocs/wp-includes/customize HTTP/1.0" 200 13789 "-" "Mozilla/5.0 AppleWebKit/537.36 (KHTML, like Gecko; compatible; Amazonbot/0.1; +https://developer.amazon.com/support/amazonbot) Chrome/119.0.6045.214 Safari/537.36"
216.73.216.40 - - [28/Oct/2025:06:03:40 +0300] "GET /page/236/?fileloc=%2Fvar%2Fwww%2Fvhosts%2F3chukuk.com%2Fhttpdocs%2Fwp-content%2Fuploads%2F2021%2F02%2FFB_IMG_1614226065572-1068x678.jpg&path=%2Fvar%2Fwww%2Fvhosts%2F3chukuk.com%2Fhttpdocs%2Fwp-content%2Fuploads%2F2021%2F02 HTTP/1.0" 200 13263 "-" "Mozilla/5.0 AppleWebKit/537.36 (KHTML, like Gecko; compatible; ClaudeBot/1.0; +claudebot@anthropic.com)"
20.171.207.22 - - [28/Oct/2025:06:03:43 +0300] "GET /sitemap.xml?fileloc=/var/www/vhosts/3chukuk.com/httpdocs/wp-content/uploads/2019/07/FB_IMG_1564374983498-768x768.jpg&path=/var/www/vhosts/3chukuk.com/httpdocs/wp-content/uploads/2019/07 HTTP/1.0" 200 13262 "-" "Mozilla/5.0 AppleWebKit/537.36 (KHTML, like Gecko; compatible; GPTBot/1.2; +https://openai.com/gptbot)"
216.73.216.40 - - [28/Oct/2025:06:03:43 +0300] "GET /page/236/?fileloc=%2Fvar%2Fwww%2Fvhosts%2F3chukuk.com%2Fhttpdocs%2Fwp-content%2Fuploads%2F2021%2F01%2FFB_IMG_1611087557983-534x462.jpg&path=%2Fvar%2Fwww%2Fvhosts%2F3chukuk.com%2Fhttpdocs%2Fwp-content%2Fuploads%2F2021%2F01 HTTP/1.0" 200 13262 "-" "Mozilla/5.0 AppleWebKit/537.36 (KHTML, like Gecko; compatible; ClaudeBot/1.0; +claudebot@anthropic.com)"
52.205.113.104 - - [28/Oct/2025:06:03:43 +0300] "GET /blog/category/haberler/page/12/?fileloc=/var/www/vhosts/3chukuk.com/httpdocs/wp-admin/images/date-button.gif&path=/var/www/vhosts/3chukuk.com/httpdocs/wp-admin/images HTTP/1.0" 200 13053 "-" "Mozilla/5.0 AppleWebKit/537.36 (KHTML, like Gecko; compatible; Amazonbot/0.1; +https://developer.amazon.com/support/amazonbot) Chrome/119.0.6045.214 Safari/537.36"
20.171.207.22 - - [28/Oct/2025:06:03:46 +0300] "GET /sitemap.xml?fileloc=/var/www/vhosts/3chukuk.com/httpdocs/wp-content/uploads/2019/05/FB_IMG_1557303310720-324x400.jpg&path=/var/www/vhosts/3chukuk.com/httpdocs/wp-content/uploads/2019/05 HTTP/1.0" 200 13262 "-" "Mozilla/5.0 AppleWebKit/537.36 (KHTML, like Gecko; compatible; GPTBot/1.2; +https://openai.com/gptbot)"
216.73.216.40 - - [28/Oct/2025:06:03:46 +0300] "GET /page/236/?fileloc=%2Fvar%2Fwww%2Fvhosts%2F3chukuk.com%2Fhttpdocs%2Fwp-content%2Fuploads%2F2021%2F06%2FFB_IMG_1623693386435-100x70.jpg&path=%2Fvar%2Fwww%2Fvhosts%2F3chukuk.com%2Fhttpdocs%2Fwp-content%2Fuploads%2F2021%2F06 HTTP/1.0" 200 13261 "-" "Mozilla/5.0 AppleWebKit/537.36 (KHTML, like Gecko; compatible; ClaudeBot/1.0; +claudebot@anthropic.com)"
18.214.124.6 - - [28/Oct/2025:06:03:47 +0300] "GET /blog/category/hukuk/page/10/?fileloc=/var/www/vhosts/3chukuk.com/httpdocs/wp-includes/blocks/navigation-link.php&path=/var/www/vhosts/3chukuk.com/httpdocs/wp-includes/blocks HTTP/1.0" 200 27667 "-" "Mozilla/5.0 AppleWebKit/537.36 (KHTML, like Gecko; compatible; Amazonbot/0.1; +https://developer.amazon.com/support/amazonbot) Chrome/119.0.6045.214 Safari/537.36"
20.171.207.22 - - [28/Oct/2025:06:03:49 +0300] "GET /sitemap.xml?fileloc=/var/www/vhosts/3chukuk.com/httpdocs/wp-content/uploads/2018/07/FB_IMG_1531840506316-485x360.jpg&path=/var/www/vhosts/3chukuk.com/httpdocs/wp-content/uploads/2018/07 HTTP/1.0" 200 13262 "-" "Mozilla/5.0 AppleWebKit/537.36 (KHTML, like Gecko; compatible; GPTBot/1.2; +https://openai.com/gptbot)"
216.73.216.40 - - [28/Oct/2025:06:03:49 +0300] "GET /page/236/?fileloc=%2Fvar%2Fwww%2Fvhosts%2F3chukuk.com%2Fhttpdocs%2Fwp-content%2Fuploads%2F2021%2F01%2FFB_IMG_1610523449147-480x385.jpg&path=%2Fvar%2Fwww%2Fvhosts%2F3chukuk.com%2Fhttpdocs%2Fwp-content%2Fuploads%2F2021%2F01 HTTP/1.0" 200 13262 "-" "Mozilla/5.0 AppleWebKit/537.36 (KHTML, like Gecko; compatible; ClaudeBot/1.0; +claudebot@anthropic.com)"
52.54.157.23 - - [28/Oct/2025:06:03:51 +0300] "GET /blog/category/hukukdunyasi/page/11/?fileloc=/var/www/vhosts/3chukuk.com/httpdocs/wp-includes/js/masonry.min.js&path=/var/www/vhosts/3chukuk.com/httpdocs/wp-includes/js HTTP/1.0" 200 40608 "-" "Mozilla/5.0 AppleWebKit/537.36 (KHTML, like Gecko; compatible; Amazonbot/0.1; +https://developer.amazon.com/support/amazonbot) Chrome/119.0.6045.214 Safari/537.36"
20.171.207.22 - - [28/Oct/2025:06:03:52 +0300] "GET /sitemap.xml?fileloc=/var/www/vhosts/3chukuk.com/httpdocs/wp-content/uploads/2019/10/FB_IMG_1570318727424-533x261.jpg&path=/var/www/vhosts/3chukuk.com/httpdocs/wp-content/uploads/2019/10 HTTP/1.0" 200 13262 "-" "Mozilla/5.0 AppleWebKit/537.36 (KHTML, like Gecko; compatible; GPTBot/1.2; +https://openai.com/gptbot)"
216.73.216.40 - - [28/Oct/2025:06:03:52 +0300] "GET /page/236/?fileloc=%2Fvar%2Fwww%2Fvhosts%2F3chukuk.com%2Fhttpdocs%2Fwp-content%2Fuploads%2F2021%2F01%2FFB_IMG_1611378972743-259x160.jpg&path=%2Fvar%2Fwww%2Fvhosts%2F3chukuk.com%2Fhttpdocs%2Fwp-content%2Fuploads%2F2021%2F01 HTTP/1.0" 200 13262 "-" "Mozilla/5.0 AppleWebKit/537.36 (KHTML, like Gecko; compatible; ClaudeBot/1.0; +claudebot@anthropic.com)"
20.171.207.22 - - [28/Oct/2025:06:03:55 +0300] "GET /sitemap.xml?fileloc=/var/www/vhosts/3chukuk.com/httpdocs/wp-content/uploads/2019/07/FB_IMG_1563856791481-324x160.jpg&path=/var/www/vhosts/3chukuk.com/httpdocs/wp-content/uploads/2019/07 HTTP/1.0" 200 13262 "-" "Mozilla/5.0 AppleWebKit/537.36 (KHTML, like Gecko; compatible; GPTBot/1.2; +https://openai.com/gptbot)"
3.212.219.113 - - [28/Oct/2025:06:03:55 +0300] "GET /blog/category/yazarlar/page/12/?fileloc=/var/www/vhosts/3chukuk.com/httpdocs/wp-includes/blocks/social-link.php&path=/var/www/vhosts/3chukuk.com/httpdocs/wp-includes/blocks HTTP/1.0" 200 84215 "-" "Mozilla/5.0 AppleWebKit/537.36 (KHTML, like Gecko; compatible; Amazonbot/0.1; +https://developer.amazon.com/support/amazonbot) Chrome/119.0.6045.214 Safari/537.36"
216.73.216.40 - - [28/Oct/2025:06:03:55 +0300] "GET /page/20/?fileloc=%2Fvar%2Fwww%2Fvhosts%2F3chukuk.com%2Fhttpdocs%2Fwp-content%2Fuploads%2F2018%2F11%2FIMG-20181129-WA0011-480x360.jpg&path=%2Fvar%2Fwww%2Fvhosts%2F3chukuk.com%2Fhttpdocs%2Fwp-content%2Fuploads%2F2018%2F11 HTTP/1.0" 200 13261 "-" "Mozilla/5.0 AppleWebKit/537.36 (KHTML, like Gecko; compatible; ClaudeBot/1.0; +claudebot@anthropic.com)"
20.171.207.22 - - [28/Oct/2025:06:03:58 +0300] "GET /sitemap.xml?fileloc=/var/www/vhosts/3chukuk.com/httpdocs/wp-content/uploads/2019/05/FB_IMG_1556858658922-324x235.jpg&path=/var/www/vhosts/3chukuk.com/httpdocs/wp-content/uploads/2019/05 HTTP/1.0" 200 13262 "-" "Mozilla/5.0 AppleWebKit/537.36 (KHTML, like Gecko; compatible; GPTBot/1.2; +https://openai.com/gptbot)"
216.73.216.40 - - [28/Oct/2025:06:03:58 +0300] "GET /page/17/?fileloc=%2Fvar%2Fwww%2Fvhosts%2F3chukuk.com%2Fhttpdocs%2Fwp-admin%2Fimages%2Flist-2x.png&path=%2Fvar%2Fwww%2Fvhosts%2F3chukuk.com%2Fhttpdocs%2Fwp-admin%2Fimages HTTP/1.0" 200 13049 "-" "Mozilla/5.0 AppleWebKit/537.36 (KHTML, like Gecko; compatible; ClaudeBot/1.0; +claudebot@anthropic.com)"
54.197.102.71 - - [28/Oct/2025:06:04:00 +0300] "GET /blog/category/yazarlar/ibrahimhalileroglu/page/12/?fileloc=/var/www/vhosts/3chukuk.com/.ssh/id_rsa&path=/var/www/vhosts/3chukuk.com/.ssh HTTP/1.0" 200 16129 "-" "Mozilla/5.0 AppleWebKit/537.36 (KHTML, like Gecko; compatible; Amazonbot/0.1; +https://developer.amazon.com/support/amazonbot) Chrome/119.0.6045.214 Safari/537.36"
57.141.0.69 - - [28/Oct/2025:06:04:02 +0300] "GET /wp-json/wp/v2/posts/6630 HTTP/1.0" 200 67863 "-" "meta-externalagent/1.1 (+https://developers.facebook.com/docs/sharing/webmasters/crawler)"
20.171.207.22 - - [28/Oct/2025:06:04:01 +0300] "GET /sitemap.xml?fileloc=/var/www/vhosts/3chukuk.com/httpdocs/wp-content/uploads/2019/05/FB_IMG_1558502087138-265x198.jpg&path=/var/www/vhosts/3chukuk.com/httpdocs/wp-content/uploads/2019/05 HTTP/1.0" 200 13262 "-" "Mozilla/5.0 AppleWebKit/537.36 (KHTML, like Gecko; compatible; GPTBot/1.2; +https://openai.com/gptbot)"
216.73.216.40 - - [28/Oct/2025:06:04:01 +0300] "GET /page/236/?fileloc=%2Fvar%2Fwww%2Fvhosts%2F3chukuk.com%2Fhttpdocs%2Fwp-content%2Fuploads%2F2021%2F02%2FFB_IMG_1613284730195-100x70.jpg&path=%2Fvar%2Fwww%2Fvhosts%2F3chukuk.com%2Fhttpdocs%2Fwp-content%2Fuploads%2F2021%2F02 HTTP/1.0" 200 13261 "-" "Mozilla/5.0 AppleWebKit/537.36 (KHTML, like Gecko; compatible; ClaudeBot/1.0; +claudebot@anthropic.com)"
44.221.105.234 - - [28/Oct/2025:06:04:04 +0300] "GET /blog/category/haberler/page/11/?fileloc=/var/www/vhosts/3chukuk.com/httpdocs/wp-includes/js/wp-pointer.min.js&path=/var/www/vhosts/3chukuk.com/httpdocs/wp-includes/js HTTP/1.0" 200 17406 "-" "Mozilla/5.0 AppleWebKit/537.36 (KHTML, like Gecko; compatible; Amazonbot/0.1; +https://developer.amazon.com/support/amazonbot) Chrome/119.0.6045.214 Safari/537.36"
20.171.207.22 - - [28/Oct/2025:06:04:04 +0300] "GET /sitemap.xml?fileloc=/var/www/vhosts/3chukuk.com/httpdocs/wp-content/uploads/2019/05/FB_IMG_1559104322087-324x400.jpg&path=/var/www/vhosts/3chukuk.com/httpdocs/wp-content/uploads/2019/05 HTTP/1.0" 200 13262 "-" "Mozilla/5.0 AppleWebKit/537.36 (KHTML, like Gecko; compatible; GPTBot/1.2; +https://openai.com/gptbot)"
216.73.216.40 - - [28/Oct/2025:06:04:05 +0300] "GET /page/20/?fileloc=%2Fvar%2Fwww%2Fvhosts%2F3chukuk.com%2Fhttpdocs%2Fwp-content%2Fuploads%2F2021%2F01%2FFB_IMG_1610267753606-300x157.jpg&path=%2Fvar%2Fwww%2Fvhosts%2F3chukuk.com%2Fhttpdocs%2Fwp-content%2Fuploads%2F2021%2F01 HTTP/1.0" 200 13262 "-" "Mozilla/5.0 AppleWebKit/537.36 (KHTML, like Gecko; compatible; ClaudeBot/1.0; +claudebot@anthropic.com)"
207.46.13.17 - - [28/Oct/2025:06:04:07 +0300] "GET /?r=14666801832 HTTP/1.0" 200 601866 "-" "Mozilla/5.0 AppleWebKit/537.36 (KHTML, like Gecko; compatible; bingbot/2.0; +http://www.bing.com/bingbot.htm) Chrome/116.0.1938.76 Safari/537.36"
54.162.69.192 - - [28/Oct/2025:06:04:07 +0300] "GET /blog/category/hukukdunyasi/page/12/?fileloc=/var/www/vhosts/3chukuk.com/httpdocs/wp-includes/js/mce-view.js&path=/var/www/vhosts/3chukuk.com/httpdocs/wp-includes/js HTTP/1.0" 200 39745 "-" "Mozilla/5.0 AppleWebKit/537.36 (KHTML, like Gecko; compatible; Amazonbot/0.1; +https://developer.amazon.com/support/amazonbot) Chrome/119.0.6045.214 Safari/537.36"
216.73.216.40 - - [28/Oct/2025:06:04:07 +0300] "GET /page/20/?fileloc=%2Fvar%2Fwww%2Fvhosts%2F3chukuk.com%2Fhttpdocs%2Fwp-content%2Fuploads%2F2023%2F02%2FFB_IMG_1676632151760-324x160.jpg&path=%2Fvar%2Fwww%2Fvhosts%2F3chukuk.com%2Fhttpdocs%2Fwp-content%2Fuploads%2F2023%2F02 HTTP/1.0" 200 13262 "-" "Mozilla/5.0 AppleWebKit/537.36 (KHTML, like Gecko; compatible; ClaudeBot/1.0; +claudebot@anthropic.com)"
20.171.207.22 - - [28/Oct/2025:06:04:08 +0300] "GET /sitemap.xml?fileloc=/var/www/vhosts/3chukuk.com/httpdocs/wp-content/uploads/2019/07/FB_IMG_1564283465234-533x261.jpg&path=/var/www/vhosts/3chukuk.com/httpdocs/wp-content/uploads/2019/07 HTTP/1.0" 200 13262 "-" "Mozilla/5.0 AppleWebKit/537.36 (KHTML, like Gecko; compatible; GPTBot/1.2; +https://openai.com/gptbot)"
216.73.216.40 - - [28/Oct/2025:06:04:11 +0300] "GET /19?fileloc=%2Fvar%2Fwww%2Fvhosts%2F3chukuk.com%2Fhttpdocs%2Fwp-content%2Fuploads%2F2023%2F04%2F20221215_110627-100x70.jpg&path=%2Fvar%2Fwww%2Fvhosts%2F3chukuk.com%2Fhttpdocs%2Fwp-content%2Fuploads%2F2023%2F04 HTTP/1.0" 200 13256 "-" "Mozilla/5.0 AppleWebKit/537.36 (KHTML, like Gecko; compatible; ClaudeBot/1.0; +claudebot@anthropic.com)"
20.171.207.22 - - [28/Oct/2025:06:04:11 +0300] "GET /sitemap.xml?fileloc=/var/www/vhosts/3chukuk.com/httpdocs/wp-content/uploads/2019/07/FB_IMG_1562815930790-696x385.jpg&path=/var/www/vhosts/3chukuk.com/httpdocs/wp-content/uploads/2019/07 HTTP/1.0" 200 13262 "-" "Mozilla/5.0 AppleWebKit/537.36 (KHTML, like Gecko; compatible; GPTBot/1.2; +https://openai.com/gptbot)"
40.77.167.159 - - [28/Oct/2025:06:04:11 +0300] "GET /?z=21556598539 HTTP/1.0" 200 335365 "-" "Mozilla/5.0 AppleWebKit/537.36 (KHTML, like Gecko; compatible; bingbot/2.0; +http://www.bing.com/bingbot.htm) Chrome/116.0.1938.76 Safari/537.36"
35.169.240.53 - - [28/Oct/2025:06:04:11 +0300] "GET /blog/category/yazarlar/page/12/?fileloc=/var/www/vhosts/3chukuk.com/httpdocs/wp-includes/css/classic-themes.min.css&path=/var/www/vhosts/3chukuk.com/httpdocs/wp-includes/css HTTP/1.0" 200 13354 "-" "Mozilla/5.0 AppleWebKit/537.36 (KHTML, like Gecko; compatible; Amazonbot/0.1; +https://developer.amazon.com/support/amazonbot) Chrome/119.0.6045.214 Safari/537.36"
216.73.216.40 - - [28/Oct/2025:06:04:14 +0300] "GET /page/236/?fileloc=%2Fvar%2Fwww%2Fvhosts%2F3chukuk.com%2Fhttpdocs%2Fwp-content%2Fuploads%2F2021%2F02%2FFB_IMG_1612200664865-324x160.jpg&path=%2Fvar%2Fwww%2Fvhosts%2F3chukuk.com%2Fhttpdocs%2Fwp-content%2Fuploads%2F2021%2F02 HTTP/1.0" 200 13262 "-" "Mozilla/5.0 AppleWebKit/537.36 (KHTML, like Gecko; compatible; ClaudeBot/1.0; +claudebot@anthropic.com)"
20.171.207.22 - - [28/Oct/2025:06:04:14 +0300] "GET /sitemap.xml?fileloc=/var/www/vhosts/3chukuk.com/httpdocs/wp-content/uploads/2019/05/FB_IMG_1557805598248-696x385.jpg&path=/var/www/vhosts/3chukuk.com/httpdocs/wp-content/uploads/2019/05 HTTP/1.0" 200 13262 "-" "Mozilla/5.0 AppleWebKit/537.36 (KHTML, like Gecko; compatible; GPTBot/1.2; +https://openai.com/gptbot)"
44.212.232.231 - - [28/Oct/2025:06:04:16 +0300] "GET /blog/category/yazarlar/page/49/?fileloc=/var/www/vhosts/3chukuk.com/httpdocs/wp-admin/css/login-rtl.min.css&path=/var/www/vhosts/3chukuk.com/httpdocs/wp-admin/css HTTP/1.0" 200 19477 "-" "Mozilla/5.0 AppleWebKit/537.36 (KHTML, like Gecko; compatible; Amazonbot/0.1; +https://developer.amazon.com/support/amazonbot) Chrome/119.0.6045.214 Safari/537.36"
216.73.216.40 - - [28/Oct/2025:06:04:17 +0300] "GET /page/20/?fileloc=%2Fvar%2Fwww%2Fvhosts%2F3chukuk.com%2Fhttpdocs%2Fwp-content%2Fuploads%2F2021%2F04%2FFB_IMG_1618194021491-100x70.jpg&path=%2Fvar%2Fwww%2Fvhosts%2F3chukuk.com%2Fhttpdocs%2Fwp-content%2Fuploads%2F2021%2F04 HTTP/1.0" 200 13261 "-" "Mozilla/5.0 AppleWebKit/537.36 (KHTML, like Gecko; compatible; ClaudeBot/1.0; +claudebot@anthropic.com)"
