216.73.216.40 - - [28/Oct/2025:05:11:53 +0300] "GET /page/20/?fileloc=%2Fvar%2Fwww%2Fvhosts%2F3chukuk.com%2Fhttpdocs%2Fwp-content%2Fuploads%2F2018%2F11%2FFB_IMG_1543548365835-356x354.jpg&path=%2Fvar%2Fwww%2Fvhosts%2F3chukuk.com%2Fhttpdocs%2Fwp-content%2Fuploads%2F2018%2F11 HTTP/1.0" 200 13262 "-" "Mozilla/5.0 AppleWebKit/537.36 (KHTML, like Gecko; compatible; ClaudeBot/1.0; +claudebot@anthropic.com)"
52.6.5.24 - - [28/Oct/2025:05:11:55 +0300] "GET /blog/author/ibrahimhalileroglu/page/54/?fileloc=/var/www/vhosts/3chukuk.com/httpdocs/wp-admin/user/user-edit.php&path=/var/www/vhosts/3chukuk.com/httpdocs/wp-admin/user HTTP/1.0" 200 13298 "-" "Mozilla/5.0 AppleWebKit/537.36 (KHTML, like Gecko; compatible; Amazonbot/0.1; +https://developer.amazon.com/support/amazonbot) Chrome/119.0.6045.214 Safari/537.36"
216.73.216.40 - - [28/Oct/2025:05:11:56 +0300] "GET /page/20/?fileloc=%2Fvar%2Fwww%2Fvhosts%2F3chukuk.com%2Fhttpdocs%2Fwp-content%2Fuploads%2F2019%2F04%2FFB_IMG_1554951273225-324x235.jpg&path=%2Fvar%2Fwww%2Fvhosts%2F3chukuk.com%2Fhttpdocs%2Fwp-content%2Fuploads%2F2019%2F04 HTTP/1.0" 200 13262 "-" "Mozilla/5.0 AppleWebKit/537.36 (KHTML, like Gecko; compatible; ClaudeBot/1.0; +claudebot@anthropic.com)"
216.73.216.40 - - [28/Oct/2025:05:11:59 +0300] "GET /page/20/?fileloc=%2Fvar%2Fwww%2Fvhosts%2F3chukuk.com%2Fhttpdocs%2Fwp-content%2Fuploads%2F2019%2F02%2FIMG_20190204_083210-218x150.jpg&path=%2Fvar%2Fwww%2Fvhosts%2F3chukuk.com%2Fhttpdocs%2Fwp-content%2Fuploads%2F2019%2F02 HTTP/1.0" 200 13261 "-" "Mozilla/5.0 AppleWebKit/537.36 (KHTML, like Gecko; compatible; ClaudeBot/1.0; +claudebot@anthropic.com)"
20.171.207.22 - - [28/Oct/2025:05:11:59 +0300] "GET /sitemap.xml?fileloc=/var/www/vhosts/3chukuk.com/httpdocs/wp-content/uploads/2019/05/FB_IMG_1558398044634-534x325.jpg&path=/var/www/vhosts/3chukuk.com/httpdocs/wp-content/uploads/2019/05 HTTP/1.0" 200 13262 "-" "Mozilla/5.0 AppleWebKit/537.36 (KHTML, like Gecko; compatible; GPTBot/1.2; +https://openai.com/gptbot)"
3.221.244.28 - - [28/Oct/2025:05:11:59 +0300] "GET /blog/author/www3chukuk/page/13/?fileloc=/var/www/vhosts/3chukuk.com/httpdocs/wp-includes/blocks/query-pagination-numbers.php&path=/var/www/vhosts/3chukuk.com/httpdocs/wp-includes/blocks HTTP/1.0" 200 18017 "-" "Mozilla/5.0 AppleWebKit/537.36 (KHTML, like Gecko; compatible; Amazonbot/0.1; +https://developer.amazon.com/support/amazonbot) Chrome/119.0.6045.214 Safari/537.36"
216.73.216.40 - - [28/Oct/2025:05:12:02 +0300] "GET /page/236/?fileloc=%2Fvar%2Fwww%2Fvhosts%2F3chukuk.com%2Fhttpdocs%2Fwp-content%2Fuploads%2F2018%2F12%2FIMG_20181211_074752-356x364.jpg&path=%2Fvar%2Fwww%2Fvhosts%2F3chukuk.com%2Fhttpdocs%2Fwp-content%2Fuploads%2F2018%2F12 HTTP/1.0" 200 13261 "-" "Mozilla/5.0 AppleWebKit/537.36 (KHTML, like Gecko; compatible; ClaudeBot/1.0; +claudebot@anthropic.com)"
20.171.207.22 - - [28/Oct/2025:05:12:02 +0300] "GET /sitemap.xml?fileloc=/var/www/vhosts/3chukuk.com/httpdocs/wp-content/uploads/2019/05/FB_IMG_1558305147760-265x198.jpg&path=/var/www/vhosts/3chukuk.com/httpdocs/wp-content/uploads/2019/05 HTTP/1.0" 200 13262 "-" "Mozilla/5.0 AppleWebKit/537.36 (KHTML, like Gecko; compatible; GPTBot/1.2; +https://openai.com/gptbot)"
44.210.204.255 - - [28/Oct/2025:05:12:04 +0300] "GET /blog/author/www3chukuk/page/422/?fileloc=/var/www/vhosts/3chukuk.com/httpdocs/wp-includes/interactivity-api/class-wp-interactivity-api.php&path=/var/www/vhosts/3chukuk.com/httpdocs/wp-includes/interactivity-api HTTP/1.0" 200 59025 "-" "Mozilla/5.0 AppleWebKit/537.36 (KHTML, like Gecko; compatible; Amazonbot/0.1; +https://developer.amazon.com/support/amazonbot) Chrome/119.0.6045.214 Safari/537.36"
216.73.216.40 - - [28/Oct/2025:05:12:05 +0300] "GET /page/20/?fileloc=%2Fvar%2Fwww%2Fvhosts%2F3chukuk.com%2Fhttpdocs%2Fwp-content%2Fuploads%2F2021%2F05%2FFB_IMG_1620346262794-150x150.jpg&path=%2Fvar%2Fwww%2Fvhosts%2F3chukuk.com%2Fhttpdocs%2Fwp-content%2Fuploads%2F2021%2F05 HTTP/1.0" 200 13262 "-" "Mozilla/5.0 AppleWebKit/537.36 (KHTML, like Gecko; compatible; ClaudeBot/1.0; +claudebot@anthropic.com)"
20.171.207.22 - - [28/Oct/2025:05:12:05 +0300] "GET /sitemap.xml?fileloc=/var/www/vhosts/3chukuk.com/httpdocs/wp-content/uploads/2019/07/FB_IMG_1563406134629-356x289.jpg&path=/var/www/vhosts/3chukuk.com/httpdocs/wp-content/uploads/2019/07 HTTP/1.0" 200 13262 "-" "Mozilla/5.0 AppleWebKit/537.36 (KHTML, like Gecko; compatible; GPTBot/1.2; +https://openai.com/gptbot)"
3.221.156.96 - - [28/Oct/2025:05:12:07 +0300] "GET /blog/author/www3chukuk/page/13/?fileloc=/var/www/vhosts/3chukuk.com/httpdocs/wp-includes/fonts/class-wp-font-face-resolver.php&path=/var/www/vhosts/3chukuk.com/httpdocs/wp-includes/fonts HTTP/1.0" 200 18842 "-" "Mozilla/5.0 AppleWebKit/537.36 (KHTML, like Gecko; compatible; Amazonbot/0.1; +https://developer.amazon.com/support/amazonbot) Chrome/119.0.6045.214 Safari/537.36"
216.73.216.40 - - [28/Oct/2025:05:12:08 +0300] "GET /page/20/?fileloc=%2Fvar%2Fwww%2Fvhosts%2F3chukuk.com%2Fhttpdocs%2Fwp-content%2Fuploads%2F2017%2F11%2Ffet%C3%B6-324x235.jpg&path=%2Fvar%2Fwww%2Fvhosts%2F3chukuk.com%2Fhttpdocs%2Fwp-content%2Fuploads%2F2017%2F11 HTTP/1.0" 200 13247 "-" "Mozilla/5.0 AppleWebKit/537.36 (KHTML, like Gecko; compatible; ClaudeBot/1.0; +claudebot@anthropic.com)"
216.73.216.40 - - [28/Oct/2025:05:12:11 +0300] "GET /page/236/?fileloc=%2Fvar%2Fwww%2Fvhosts%2F3chukuk.com%2Fhttpdocs%2Fwp-content%2Fuploads%2F2018%2F06%2Fabla-5-300x167.png&path=%2Fvar%2Fwww%2Fvhosts%2F3chukuk.com%2Fhttpdocs%2Fwp-content%2Fuploads%2F2018%2F06 HTTP/1.0" 200 13248 "-" "Mozilla/5.0 AppleWebKit/537.36 (KHTML, like Gecko; compatible; ClaudeBot/1.0; +claudebot@anthropic.com)"
20.171.207.22 - - [28/Oct/2025:05:12:11 +0300] "GET /sitemap.xml?fileloc=/var/www/vhosts/3chukuk.com/httpdocs/wp-content/uploads/2019/05/FB_IMG_1558914993514-741x486.jpg&path=/var/www/vhosts/3chukuk.com/httpdocs/wp-content/uploads/2019/05 HTTP/1.0" 200 13262 "-" "Mozilla/5.0 AppleWebKit/537.36 (KHTML, like Gecko; compatible; GPTBot/1.2; +https://openai.com/gptbot)"
54.157.84.74 - - [28/Oct/2025:05:12:11 +0300] "GET /blog/category/yazarlar/ibrahimhalileroglu/page/17/?fileloc=/var/www/vhosts/3chukuk.com/httpdocs/wp-content/languages/tr_TR-7c90cd4398ee2d9d3628c387a87a70e5.json&path=/var/www/vhosts/3chukuk.com/httpdocs/wp-content/languages HTTP/1.0" 200 13775 "-" "Mozilla/5.0 AppleWebKit/537.36 (KHTML, like Gecko; compatible; Amazonbot/0.1; +https://developer.amazon.com/support/amazonbot) Chrome/119.0.6045.214 Safari/537.36"
216.73.216.40 - - [28/Oct/2025:05:12:14 +0300] "GET /19?fileloc=%2Fvar%2Fwww%2Fvhosts%2F3chukuk.com%2Fhttpdocs%2Fwp-content%2Fuploads%2F2019%2F03%2FIMG_20190319_045344-268x220.jpg&path=%2Fvar%2Fwww%2Fvhosts%2F3chukuk.com%2Fhttpdocs%2Fwp-content%2Fuploads%2F2019%2F03 HTTP/1.0" 200 13261 "-" "Mozilla/5.0 AppleWebKit/537.36 (KHTML, like Gecko; compatible; ClaudeBot/1.0; +claudebot@anthropic.com)"
20.171.207.22 - - [28/Oct/2025:05:12:15 +0300] "GET /sitemap.xml?fileloc=/var/www/vhosts/3chukuk.com/httpdocs/wp-content/uploads/2018/07/FB_IMG_1531357187617-150x150.jpg&path=/var/www/vhosts/3chukuk.com/httpdocs/wp-content/uploads/2018/07 HTTP/1.0" 200 13262 "-" "Mozilla/5.0 AppleWebKit/537.36 (KHTML, like Gecko; compatible; GPTBot/1.2; +https://openai.com/gptbot)"
52.21.62.139 - - [28/Oct/2025:05:12:15 +0300] "GET /blog/category/yazarlar/page/50/?fileloc=/var/www/vhosts/3chukuk.com/httpdocs/wp-content/languages/tr_TR-0ce75ad2f775d1cac9696967d484808c.json&path=/var/www/vhosts/3chukuk.com/httpdocs/wp-content/languages HTTP/1.0" 200 13813 "-" "Mozilla/5.0 AppleWebKit/537.36 (KHTML, like Gecko; compatible; Amazonbot/0.1; +https://developer.amazon.com/support/amazonbot) Chrome/119.0.6045.214 Safari/537.36"
216.73.216.40 - - [28/Oct/2025:05:12:17 +0300] "GET /page/236/?fileloc=%2Fvar%2Fwww%2Fvhosts%2F3chukuk.com%2Fhttpdocs%2Fwp-content%2Fuploads%2F2019%2F03%2FFB_IMG_1551659468272-640x486.jpg&path=%2Fvar%2Fwww%2Fvhosts%2F3chukuk.com%2Fhttpdocs%2Fwp-content%2Fuploads%2F2019%2F03 HTTP/1.0" 200 13262 "-" "Mozilla/5.0 AppleWebKit/537.36 (KHTML, like Gecko; compatible; ClaudeBot/1.0; +claudebot@anthropic.com)"
20.171.207.22 - - [28/Oct/2025:05:12:18 +0300] "GET /sitemap.xml?fileloc=/var/www/vhosts/3chukuk.com/httpdocs/wp-content/uploads/2019/05/FB_IMG_1556843314941-324x160.jpg&path=/var/www/vhosts/3chukuk.com/httpdocs/wp-content/uploads/2019/05 HTTP/1.0" 200 13262 "-" "Mozilla/5.0 AppleWebKit/537.36 (KHTML, like Gecko; compatible; GPTBot/1.2; +https://openai.com/gptbot)"
216.73.216.40 - - [28/Oct/2025:05:12:20 +0300] "GET /page/20/?fileloc=%2Fvar%2Fwww%2Fvhosts%2F3chukuk.com%2Fhttpdocs%2Fwp-content%2Fuploads%2F2019%2F02%2FFB_IMG_1549914801950-324x160.jpg&path=%2Fvar%2Fwww%2Fvhosts%2F3chukuk.com%2Fhttpdocs%2Fwp-content%2Fuploads%2F2019%2F02 HTTP/1.0" 200 13262 "-" "Mozilla/5.0 AppleWebKit/537.36 (KHTML, like Gecko; compatible; ClaudeBot/1.0; +claudebot@anthropic.com)"
20.171.207.22 - - [28/Oct/2025:05:12:21 +0300] "GET /sitemap.xml?fileloc=/var/www/vhosts/3chukuk.com/httpdocs/wp-content/uploads/2019/05/FB_IMG_1558227482320-356x364.jpg&path=/var/www/vhosts/3chukuk.com/httpdocs/wp-content/uploads/2019/05 HTTP/1.0" 200 13262 "-" "Mozilla/5.0 AppleWebKit/537.36 (KHTML, like Gecko; compatible; GPTBot/1.2; +https://openai.com/gptbot)"
18.204.89.56 - - [28/Oct/2025:05:12:21 +0300] "GET /blog/category/yazarlar/page/49/?fileloc=/var/www/vhosts/3chukuk.com/httpdocs/wp-content/languages/tr_TR-0ce75ad2f775d1cac9696967d484808c.json&path=/var/www/vhosts/3chukuk.com/httpdocs/wp-content/languages HTTP/1.0" 200 13813 "-" "Mozilla/5.0 AppleWebKit/537.36 (KHTML, like Gecko; compatible; Amazonbot/0.1; +https://developer.amazon.com/support/amazonbot) Chrome/119.0.6045.214 Safari/537.36"
213.180.203.235 - - [28/Oct/2025:05:12:22 +0300] "GET /blog/2018/04/11/adliye-personeli-6-ay-icinde-7-intihar/ HTTP/1.0" 200 64809 "-" "Mozilla/5.0 (compatible; YandexBot/3.0; +http://yandex.com/bots)"
216.73.216.40 - - [28/Oct/2025:05:12:23 +0300] "GET /page/236/?fileloc=%2Fvar%2Fwww%2Fvhosts%2F3chukuk.com%2Fhttpdocs%2Fwp-content%2Fuploads%2F2019%2F03%2FFB_IMG_1553105595325-356x364.jpg&path=%2Fvar%2Fwww%2Fvhosts%2F3chukuk.com%2Fhttpdocs%2Fwp-content%2Fuploads%2F2019%2F03 HTTP/1.0" 200 13262 "-" "Mozilla/5.0 AppleWebKit/537.36 (KHTML, like Gecko; compatible; ClaudeBot/1.0; +claudebot@anthropic.com)"
34.231.45.47 - - [28/Oct/2025:05:12:23 +0300] "GET /blog/author/ibrahimhalileroglu/page/54/?fileloc=/var/www/vhosts/3chukuk.com/httpdocs/wp-admin/network/user-edit.php&path=/var/www/vhosts/3chukuk.com/httpdocs/wp-admin/network HTTP/1.0" 200 13310 "-" "Mozilla/5.0 AppleWebKit/537.36 (KHTML, like Gecko; compatible; Amazonbot/0.1; +https://developer.amazon.com/support/amazonbot) Chrome/119.0.6045.214 Safari/537.36"
20.171.207.22 - - [28/Oct/2025:05:12:24 +0300] "GET /sitemap.xml?fileloc=/var/www/vhosts/3chukuk.com/httpdocs/wp-content/uploads/2018/07/FB_IMG_1531840459937-150x150.jpg&path=/var/www/vhosts/3chukuk.com/httpdocs/wp-content/uploads/2018/07 HTTP/1.0" 200 13262 "-" "Mozilla/5.0 AppleWebKit/537.36 (KHTML, like Gecko; compatible; GPTBot/1.2; +https://openai.com/gptbot)"
216.73.216.40 - - [28/Oct/2025:05:12:26 +0300] "GET /19?fileloc=%2Fvar%2Fwww%2Fvhosts%2F3chukuk.com%2Fhttpdocs%2Fwp-content%2Fuploads%2F2021%2F05%2FFB_IMG_1620597599667-324x160.jpg&path=%2Fvar%2Fwww%2Fvhosts%2F3chukuk.com%2Fhttpdocs%2Fwp-content%2Fuploads%2F2021%2F05 HTTP/1.0" 200 13262 "-" "Mozilla/5.0 AppleWebKit/537.36 (KHTML, like Gecko; compatible; ClaudeBot/1.0; +claudebot@anthropic.com)"
20.171.207.22 - - [28/Oct/2025:05:12:27 +0300] "GET /sitemap.xml?fileloc=/var/www/vhosts/3chukuk.com/httpdocs/wp-content/uploads/2019/05/FB_IMG_1557699346854-474x261.jpg&path=/var/www/vhosts/3chukuk.com/httpdocs/wp-content/uploads/2019/05 HTTP/1.0" 200 13262 "-" "Mozilla/5.0 AppleWebKit/537.36 (KHTML, like Gecko; compatible; GPTBot/1.2; +https://openai.com/gptbot)"
34.206.193.60 - - [28/Oct/2025:05:12:27 +0300] "GET /blog/category/haberler/page/13/?fileloc=/var/www/vhosts/3chukuk.com/httpdocs/wp-content/languages/tr_TR-a2796e57f680e25d84c4b352ee6d7280.json&path=/var/www/vhosts/3chukuk.com/httpdocs/wp-content/languages HTTP/1.0" 200 14252 "-" "Mozilla/5.0 AppleWebKit/537.36 (KHTML, like Gecko; compatible; Amazonbot/0.1; +https://developer.amazon.com/support/amazonbot) Chrome/119.0.6045.214 Safari/537.36"
216.73.216.40 - - [28/Oct/2025:05:12:29 +0300] "GET /19?fileloc=%2Fvar%2Fwww%2Fvhosts%2F3chukuk.com%2Fhttpdocs%2Fwp-content%2Fuploads%2F2021%2F01%2FFB_IMG_1610936649484-534x314.jpg&path=%2Fvar%2Fwww%2Fvhosts%2F3chukuk.com%2Fhttpdocs%2Fwp-content%2Fuploads%2F2021%2F01 HTTP/1.0" 200 13262 "-" "Mozilla/5.0 AppleWebKit/537.36 (KHTML, like Gecko; compatible; ClaudeBot/1.0; +claudebot@anthropic.com)"
20.171.207.22 - - [28/Oct/2025:05:12:30 +0300] "GET /sitemap.xml?fileloc=/var/www/vhosts/3chukuk.com/httpdocs/wp-content/uploads/2019/05/FB_IMG_1557805598248-741x486.jpg&path=/var/www/vhosts/3chukuk.com/httpdocs/wp-content/uploads/2019/05 HTTP/1.0" 200 13262 "-" "Mozilla/5.0 AppleWebKit/537.36 (KHTML, like Gecko; compatible; GPTBot/1.2; +https://openai.com/gptbot)"
100.28.44.58 - - [28/Oct/2025:05:12:31 +0300] "GET /blog/category/yazarlar/ibrahimhalileroglu/page/12/?fileloc=/var/www/vhosts/3chukuk.com/httpdocs/wp-content/languages/tr_TR-8240df461220d1d3a028a9a4c5652a5b.json&path=/var/www/vhosts/3chukuk.com/httpdocs/wp-content/languages HTTP/1.0" 200 14421 "-" "Mozilla/5.0 AppleWebKit/537.36 (KHTML, like Gecko; compatible; Amazonbot/0.1; +https://developer.amazon.com/support/amazonbot) Chrome/119.0.6045.214 Safari/537.36"
216.73.216.40 - - [28/Oct/2025:05:12:32 +0300] "GET /page/236/?fileloc=%2Fvar%2Fwww%2Fvhosts%2F3chukuk.com%2Fhttpdocs%2Fwp-content%2Fuploads%2F2018%2F12%2FFB_IMG_1544376554133-80x60.jpg&path=%2Fvar%2Fwww%2Fvhosts%2F3chukuk.com%2Fhttpdocs%2Fwp-content%2Fuploads%2F2018%2F12 HTTP/1.0" 200 13260 "-" "Mozilla/5.0 AppleWebKit/537.36 (KHTML, like Gecko; compatible; ClaudeBot/1.0; +claudebot@anthropic.com)"
20.171.207.22 - - [28/Oct/2025:05:12:33 +0300] "GET /sitemap.xml?fileloc=/var/www/vhosts/3chukuk.com/httpdocs/wp-content/uploads/2018/07/FB_IMG_1531630574194-960x580.jpg&path=/var/www/vhosts/3chukuk.com/httpdocs/wp-content/uploads/2018/07 HTTP/1.0" 200 13262 "-" "Mozilla/5.0 AppleWebKit/537.36 (KHTML, like Gecko; compatible; GPTBot/1.2; +https://openai.com/gptbot)"
216.73.216.40 - - [28/Oct/2025:05:12:35 +0300] "GET /19?fileloc=%2Fvar%2Fwww%2Fvhosts%2F3chukuk.com%2Fhttpdocs%2Fwp-content%2Fuploads%2F2021%2F01%2FFB_IMG_1610622738908-150x150.jpg&path=%2Fvar%2Fwww%2Fvhosts%2F3chukuk.com%2Fhttpdocs%2Fwp-content%2Fuploads%2F2021%2F01 HTTP/1.0" 200 13262 "-" "Mozilla/5.0 AppleWebKit/537.36 (KHTML, like Gecko; compatible; ClaudeBot/1.0; +claudebot@anthropic.com)"
34.225.243.131 - - [28/Oct/2025:05:12:35 +0300] "GET /blog/author/www3chukuk/page/422/?fileloc=/var/www/vhosts/3chukuk.com/httpdocs/wp-includes/images/spinner.gif&path=/var/www/vhosts/3chukuk.com/httpdocs/wp-includes/images HTTP/1.0" 200 13061 "-" "Mozilla/5.0 AppleWebKit/537.36 (KHTML, like Gecko; compatible; Amazonbot/0.1; +https://developer.amazon.com/support/amazonbot) Chrome/119.0.6045.214 Safari/537.36"
20.171.207.22 - - [28/Oct/2025:05:12:37 +0300] "GET /sitemap.xml?fileloc=/var/www/vhosts/3chukuk.com/httpdocs/wp-content/uploads/2019/07/FB_IMG_1564214437851-356x220.jpg&path=/var/www/vhosts/3chukuk.com/httpdocs/wp-content/uploads/2019/07 HTTP/1.0" 200 13262 "-" "Mozilla/5.0 AppleWebKit/537.36 (KHTML, like Gecko; compatible; GPTBot/1.2; +https://openai.com/gptbot)"
216.73.216.40 - - [28/Oct/2025:05:12:38 +0300] "GET /19?fileloc=%2Fvar%2Fwww%2Fvhosts%2F3chukuk.com%2Fhttpdocs%2Fwp-content%2Fuploads%2F2021%2F01%2FFB_IMG_1610264219862-651x580.jpg&path=%2Fvar%2Fwww%2Fvhosts%2F3chukuk.com%2Fhttpdocs%2Fwp-content%2Fuploads%2F2021%2F01 HTTP/1.0" 200 13262 "-" "Mozilla/5.0 AppleWebKit/537.36 (KHTML, like Gecko; compatible; ClaudeBot/1.0; +claudebot@anthropic.com)"
18.204.89.56 - - [28/Oct/2025:05:12:39 +0300] "GET /blog/author/ibrahimhalileroglu/page/13/?fileloc=/var/www/vhosts/3chukuk.com/httpdocs/wp-includes/IXR/class-IXR-base64.php&path=/var/www/vhosts/3chukuk.com/httpdocs/wp-includes/IXR HTTP/1.0" 200 13496 "-" "Mozilla/5.0 AppleWebKit/537.36 (KHTML, like Gecko; compatible; Amazonbot/0.1; +https://developer.amazon.com/support/amazonbot) Chrome/119.0.6045.214 Safari/537.36"
20.171.207.22 - - [28/Oct/2025:05:12:40 +0300] "GET /sitemap.xml?fileloc=/var/www/vhosts/3chukuk.com/httpdocs/wp-content/uploads/2018/07/FB_IMG_1531976560737-356x220.jpg&path=/var/www/vhosts/3chukuk.com/httpdocs/wp-content/uploads/2018/07 HTTP/1.0" 200 13262 "-" "Mozilla/5.0 AppleWebKit/537.36 (KHTML, like Gecko; compatible; GPTBot/1.2; +https://openai.com/gptbot)"
216.73.216.40 - - [28/Oct/2025:05:12:41 +0300] "GET /page/20/?fileloc=%2Fvar%2Fwww%2Fvhosts%2F3chukuk.com%2Fhttpdocs%2Fwp-content%2Fuploads%2F2019%2F04%2FFB_IMG_1555621058222-485x360.jpg&path=%2Fvar%2Fwww%2Fvhosts%2F3chukuk.com%2Fhttpdocs%2Fwp-content%2Fuploads%2F2019%2F04 HTTP/1.0" 200 13262 "-" "Mozilla/5.0 AppleWebKit/537.36 (KHTML, like Gecko; compatible; ClaudeBot/1.0; +claudebot@anthropic.com)"
20.171.207.22 - - [28/Oct/2025:05:12:43 +0300] "GET /sitemap.xml?fileloc=/var/www/vhosts/3chukuk.com/httpdocs/wp-content/uploads/2018/04/FB_IMG_1522567982105-696x928.jpg&path=/var/www/vhosts/3chukuk.com/httpdocs/wp-content/uploads/2018/04 HTTP/1.0" 200 13262 "-" "Mozilla/5.0 AppleWebKit/537.36 (KHTML, like Gecko; compatible; GPTBot/1.2; +https://openai.com/gptbot)"
44.205.120.22 - - [28/Oct/2025:05:12:43 +0300] "GET /blog/category/yazarlar/ibrahimhalileroglu/page/17/?fileloc=/var/www/vhosts/3chukuk.com/httpdocs/wp-content/languages/tr_TR-4bfa11da57ff2600004bb500368247f4.json&path=/var/www/vhosts/3chukuk.com/httpdocs/wp-content/languages HTTP/1.0" 200 13971 "-" "Mozilla/5.0 AppleWebKit/537.36 (KHTML, like Gecko; compatible; Amazonbot/0.1; +https://developer.amazon.com/support/amazonbot) Chrome/119.0.6045.214 Safari/537.36"
20.171.207.22 - - [28/Oct/2025:05:12:46 +0300] "GET /sitemap.xml?fileloc=/var/www/vhosts/3chukuk.com/httpdocs/wp-content/uploads/2018/07/FB_IMG_1531079922955-324x160.jpg&path=/var/www/vhosts/3chukuk.com/httpdocs/wp-content/uploads/2018/07 HTTP/1.0" 200 13262 "-" "Mozilla/5.0 AppleWebKit/537.36 (KHTML, like Gecko; compatible; GPTBot/1.2; +https://openai.com/gptbot)"
216.73.216.40 - - [28/Oct/2025:05:12:46 +0300] "GET /page/20/?fileloc=%2Fvar%2Fwww%2Fvhosts%2F3chukuk.com%2Fhttpdocs%2Fwp-content%2Fuploads%2F2018%2F11%2FFB_IMG_1543033527851-324x315.jpg&path=%2Fvar%2Fwww%2Fvhosts%2F3chukuk.com%2Fhttpdocs%2Fwp-content%2Fuploads%2F2018%2F11 HTTP/1.0" 200 13262 "-" "Mozilla/5.0 AppleWebKit/537.36 (KHTML, like Gecko; compatible; ClaudeBot/1.0; +claudebot@anthropic.com)"
54.84.93.8 - - [28/Oct/2025:05:12:48 +0300] "GET /blog/category/yazarlar/page/10/?fileloc=/var/www/vhosts/3chukuk.com/httpdocs/wp-content/languages/tr_TR-ac23eee47530ac63a1178c827db28087.json&path=/var/www/vhosts/3chukuk.com/httpdocs/wp-content/languages HTTP/1.0" 200 13608 "-" "Mozilla/5.0 AppleWebKit/537.36 (KHTML, like Gecko; compatible; Amazonbot/0.1; +https://developer.amazon.com/support/amazonbot) Chrome/119.0.6045.214 Safari/537.36"
114.119.182.224 - - [28/Oct/2025:05:12:48 +0300] "GET /blog/category/yazarlar/ozcanpehlivanoglu/page/4/?path=/var/www HTTP/1.0" 200 13090 "https://www.3chukuk.com/blog/category/yazarlar/ozcanpehlivanoglu/page/4/?path=/var/www" "Mozilla/5.0 (Macintosh; Intel Mac OS X 10_15_7) AppleWebKit/537.36 (KHTML, like Gecko) Chrome/131.0.0.0 Safari/537.36"
20.171.207.22 - - [28/Oct/2025:05:12:49 +0300] "GET /sitemap.xml?fileloc=/var/www/vhosts/3chukuk.com/httpdocs/wp-content/uploads/2018/07/FB_IMG_1531354554545-1024x536.jpg&path=/var/www/vhosts/3chukuk.com/httpdocs/wp-content/uploads/2018/07 HTTP/1.0" 200 13263 "-" "Mozilla/5.0 AppleWebKit/537.36 (KHTML, like Gecko; compatible; GPTBot/1.2; +https://openai.com/gptbot)"
216.73.216.40 - - [28/Oct/2025:05:12:49 +0300] "GET /page/20/?fileloc=%2Fvar%2Fwww%2Fvhosts%2F3chukuk.com%2Fhttpdocs%2Fwp-content%2Fuploads%2F2019%2F02%2FFB_IMG_1550464805637-1-534x462.jpg&path=%2Fvar%2Fwww%2Fvhosts%2F3chukuk.com%2Fhttpdocs%2Fwp-content%2Fuploads%2F2019%2F02 HTTP/1.0" 200 13264 "-" "Mozilla/5.0 AppleWebKit/537.36 (KHTML, like Gecko; compatible; ClaudeBot/1.0; +claudebot@anthropic.com)"
44.215.235.20 - - [28/Oct/2025:05:12:51 +0300] "GET /blog/category/haberler/page/13/?fileloc=/var/www/vhosts/3chukuk.com/httpdocs/wp-content/languages/tr_TR-1780a2033cf98d69ce13c2e5c8510004.json&path=/var/www/vhosts/3chukuk.com/httpdocs/wp-content/languages HTTP/1.0" 200 14419 "-" "Mozilla/5.0 AppleWebKit/537.36 (KHTML, like Gecko; compatible; Amazonbot/0.1; +https://developer.amazon.com/support/amazonbot) Chrome/119.0.6045.214 Safari/537.36"
20.171.207.22 - - [28/Oct/2025:05:12:52 +0300] "GET /sitemap.xml?fileloc=/var/www/vhosts/3chukuk.com/httpdocs/wp-content/uploads/2019/07/FB_IMG_1562488522762-768x1153.jpg&path=/var/www/vhosts/3chukuk.com/httpdocs/wp-content/uploads/2019/07 HTTP/1.0" 200 13263 "-" "Mozilla/5.0 AppleWebKit/537.36 (KHTML, like Gecko; compatible; GPTBot/1.2; +https://openai.com/gptbot)"
216.73.216.40 - - [28/Oct/2025:05:12:52 +0300] "GET /page/236/?fileloc=%2Fvar%2Fwww%2Fvhosts%2F3chukuk.com%2Fhttpdocs%2Fwp-content%2Fuploads%2F2019%2F03%2FFB_IMG_1551412034926-100x70.jpg&path=%2Fvar%2Fwww%2Fvhosts%2F3chukuk.com%2Fhttpdocs%2Fwp-content%2Fuploads%2F2019%2F03 HTTP/1.0" 200 13261 "-" "Mozilla/5.0 AppleWebKit/537.36 (KHTML, like Gecko; compatible; ClaudeBot/1.0; +claudebot@anthropic.com)"
3.94.156.104 - - [28/Oct/2025:05:12:55 +0300] "GET /blog/author/ibrahimhalileroglu/page/54/?fileloc=/var/www/vhosts/3chukuk.com/httpdocs/wp-admin/css/nav-menus.css&path=/var/www/vhosts/3chukuk.com/httpdocs/wp-admin/css HTTP/1.0" 200 31181 "-" "Mozilla/5.0 AppleWebKit/537.36 (KHTML, like Gecko; compatible; Amazonbot/0.1; +https://developer.amazon.com/support/amazonbot) Chrome/119.0.6045.214 Safari/537.36"
20.171.207.22 - - [28/Oct/2025:05:12:55 +0300] "GET /sitemap.xml?fileloc=/var/www/vhosts/3chukuk.com/httpdocs/wp-content/uploads/2019/05/FB_IMG_1558896954322-356x220.jpg&path=/var/www/vhosts/3chukuk.com/httpdocs/wp-content/uploads/2019/05 HTTP/1.0" 200 13262 "-" "Mozilla/5.0 AppleWebKit/537.36 (KHTML, like Gecko; compatible; GPTBot/1.2; +https://openai.com/gptbot)"
216.73.216.40 - - [28/Oct/2025:05:12:55 +0300] "GET /page/236/?fileloc=%2Fvar%2Fwww%2Fvhosts%2F3chukuk.com%2Fhttpdocs%2Fwp-content%2Fuploads%2F2018%2F12%2FFB_IMG_1544675451311-534x462.jpg&path=%2Fvar%2Fwww%2Fvhosts%2F3chukuk.com%2Fhttpdocs%2Fwp-content%2Fuploads%2F2018%2F12 HTTP/1.0" 200 13262 "-" "Mozilla/5.0 AppleWebKit/537.36 (KHTML, like Gecko; compatible; ClaudeBot/1.0; +claudebot@anthropic.com)"
20.171.207.22 - - [28/Oct/2025:05:12:58 +0300] "GET /sitemap.xml?fileloc=/var/www/vhosts/3chukuk.com/httpdocs/wp-content/uploads/2019/05/FB_IMG_1559243541303-150x150.jpg&path=/var/www/vhosts/3chukuk.com/httpdocs/wp-content/uploads/2019/05 HTTP/1.0" 200 13262 "-" "Mozilla/5.0 AppleWebKit/537.36 (KHTML, like Gecko; compatible; GPTBot/1.2; +https://openai.com/gptbot)"
216.73.216.40 - - [28/Oct/2025:05:12:58 +0300] "GET /page/20/?fileloc=%2Fvar%2Fwww%2Fvhosts%2F3chukuk.com%2Fhttpdocs%2Fwp-content%2Fuploads%2F2018%2F12%2FFB_IMG_1544246407941-100x70.jpg&path=%2Fvar%2Fwww%2Fvhosts%2F3chukuk.com%2Fhttpdocs%2Fwp-content%2Fuploads%2F2018%2F12 HTTP/1.0" 200 13261 "-" "Mozilla/5.0 AppleWebKit/537.36 (KHTML, like Gecko; compatible; ClaudeBot/1.0; +claudebot@anthropic.com)"
57.141.0.37 - - [28/Oct/2025:05:12:59 +0300] "GET /wp-json/wp/v2/posts/4036 HTTP/1.0" 200 64809 "-" "meta-externalagent/1.1 (+https://developers.facebook.com/docs/sharing/webmasters/crawler)"
54.152.163.42 - - [28/Oct/2025:05:12:59 +0300] "GET /blog/author/www3chukuk/page/422/?fileloc=/var/www/vhosts/3chukuk.com/httpdocs/wp-includes/blocks/comment-edit-link.php&path=/var/www/vhosts/3chukuk.com/httpdocs/wp-includes/blocks HTTP/1.0" 200 14846 "-" "Mozilla/5.0 AppleWebKit/537.36 (KHTML, like Gecko; compatible; Amazonbot/0.1; +https://developer.amazon.com/support/amazonbot) Chrome/119.0.6045.214 Safari/537.36"
20.171.207.22 - - [28/Oct/2025:05:13:01 +0300] "GET /sitemap.xml?fileloc=/var/www/vhosts/3chukuk.com/httpdocs/wp-content/uploads/2019/07/FB_IMG_1563086541554-324x235.jpg&path=/var/www/vhosts/3chukuk.com/httpdocs/wp-content/uploads/2019/07 HTTP/1.0" 200 13262 "-" "Mozilla/5.0 AppleWebKit/537.36 (KHTML, like Gecko; compatible; GPTBot/1.2; +https://openai.com/gptbot)"
216.73.216.40 - - [28/Oct/2025:05:13:01 +0300] "GET /19?fileloc=%2Fvar%2Fwww%2Fvhosts%2F3chukuk.com%2Fhttpdocs%2Fwp-content%2Fuploads%2F2021%2F06%2FFB_IMG_1623614006356-218x150.jpg&path=%2Fvar%2Fwww%2Fvhosts%2F3chukuk.com%2Fhttpdocs%2Fwp-content%2Fuploads%2F2021%2F06 HTTP/1.0" 200 13262 "-" "Mozilla/5.0 AppleWebKit/537.36 (KHTML, like Gecko; compatible; ClaudeBot/1.0; +claudebot@anthropic.com)"
52.6.97.88 - - [28/Oct/2025:05:13:03 +0300] "GET /page/13/?fileloc=/var/www/vhosts/3chukuk.com/httpdocs/wp-admin/images/stars-2x.png&path=/var/www/vhosts/3chukuk.com/httpdocs/wp-admin/images HTTP/1.0" 200 13050 "-" "Mozilla/5.0 AppleWebKit/537.36 (KHTML, like Gecko; compatible; Amazonbot/0.1; +https://developer.amazon.com/support/amazonbot) Chrome/119.0.6045.214 Safari/537.36"
20.171.207.22 - - [28/Oct/2025:05:13:04 +0300] "GET /sitemap.xml?fileloc=/var/www/vhosts/3chukuk.com/httpdocs/wp-content/uploads/2019/05/FB_IMG_1558643832920-300x169.jpg&path=/var/www/vhosts/3chukuk.com/httpdocs/wp-content/uploads/2019/05 HTTP/1.0" 200 13262 "-" "Mozilla/5.0 AppleWebKit/537.36 (KHTML, like Gecko; compatible; GPTBot/1.2; +https://openai.com/gptbot)"
40.77.167.57 - - [28/Oct/2025:05:13:06 +0300] "GET /?x=73484623788 HTTP/1.0" 200 189543 "-" "Mozilla/5.0 AppleWebKit/537.36 (KHTML, like Gecko; compatible; bingbot/2.0; +http://www.bing.com/bingbot.htm) Chrome/116.0.1938.76 Safari/537.36"
52.5.232.250 - - [28/Oct/2025:05:13:07 +0300] "GET /page/244/?fileloc=/var/www/vhosts/3chukuk.com/httpdocs/wp-content/languages/tr_TR-440127dd25bde48a531ded36f33e927b.json&path=/var/www/vhosts/3chukuk.com/httpdocs/wp-content/languages HTTP/1.0" 200 20228 "-" "Mozilla/5.0 AppleWebKit/537.36 (KHTML, like Gecko; compatible; Amazonbot/0.1; +https://developer.amazon.com/support/amazonbot) Chrome/119.0.6045.214 Safari/537.36"
20.171.207.22 - - [28/Oct/2025:05:13:08 +0300] "GET /sitemap.xml?fileloc=/var/www/vhosts/3chukuk.com/httpdocs/wp-content/uploads/2019/05/FB_IMG_1557186123510-324x235.jpg&path=/var/www/vhosts/3chukuk.com/httpdocs/wp-content/uploads/2019/05 HTTP/1.0" 200 13262 "-" "Mozilla/5.0 AppleWebKit/537.36 (KHTML, like Gecko; compatible; GPTBot/1.2; +https://openai.com/gptbot)"
57.141.0.75 - - [28/Oct/2025:05:13:09 +0300] "GET /wp-json/oembed/1.0/embed?url=https%3A%2F%2Fwww.3chukuk.com%2Fblog%2F2019%2F03%2F26%2Fanayasaya-aykiriligin-mahkemece-ileri-surulme-usulu%2F HTTP/1.0" 200 64809 "-" "meta-externalagent/1.1 (+https://developers.facebook.com/docs/sharing/webmasters/crawler)"
157.55.39.193 - - [28/Oct/2025:05:13:10 +0300] "GET /?x=60439437531 HTTP/1.0" 200 190020 "-" "Mozilla/5.0 AppleWebKit/537.36 (KHTML, like Gecko; compatible; bingbot/2.0; +http://www.bing.com/bingbot.htm) Chrome/116.0.1938.76 Safari/537.36"
20.171.207.22 - - [28/Oct/2025:05:13:11 +0300] "GET /sitemap.xml?fileloc=/var/www/vhosts/3chukuk.com/httpdocs/wp-content/uploads/2019/05/FB_IMG_1557293869541-300x150.jpg&path=/var/www/vhosts/3chukuk.com/httpdocs/wp-content/uploads/2019/05 HTTP/1.0" 200 13262 "-" "Mozilla/5.0 AppleWebKit/537.36 (KHTML, like Gecko; compatible; GPTBot/1.2; +https://openai.com/gptbot)"
34.239.197.197 - - [28/Oct/2025:05:13:11 +0300] "GET /blog/author/ibrahimhalileroglu/page/54/?fileloc=/var/www/vhosts/3chukuk.com/httpdocs/wp-includes/images/admin-bar-sprite.png&path=/var/www/vhosts/3chukuk.com/httpdocs/wp-includes/images HTTP/1.0" 200 13070 "-" "Mozilla/5.0 AppleWebKit/537.36 (KHTML, like Gecko; compatible; Amazonbot/0.1; +https://developer.amazon.com/support/amazonbot) Chrome/119.0.6045.214 Safari/537.36"
20.171.207.22 - - [28/Oct/2025:05:13:14 +0300] "GET /sitemap.xml?fileloc=/var/www/vhosts/3chukuk.com/httpdocs/wp-content/uploads/2019/07/FB_IMG_1564464795941-324x235.jpg&path=/var/www/vhosts/3chukuk.com/httpdocs/wp-content/uploads/2019/07 HTTP/1.0" 200 13262 "-" "Mozilla/5.0 AppleWebKit/537.36 (KHTML, like Gecko; compatible; GPTBot/1.2; +https://openai.com/gptbot)"
40.77.167.57 - - [28/Oct/2025:05:13:16 +0300] "GET /?x=33121844082 HTTP/1.0" 200 189819 "-" "Mozilla/5.0 AppleWebKit/537.36 (KHTML, like Gecko; compatible; bingbot/2.0; +http://www.bing.com/bingbot.htm) Chrome/116.0.1938.76 Safari/537.36"
52.203.152.231 - - [28/Oct/2025:05:13:16 +0300] "GET /page/241/?fileloc=/var/www/vhosts/3chukuk.com/httpdocs/wp-admin/images/about-texture.png&path=/var/www/vhosts/3chukuk.com/httpdocs/wp-admin/images HTTP/1.0" 200 13055 "-" "Mozilla/5.0 AppleWebKit/537.36 (KHTML, like Gecko; compatible; Amazonbot/0.1; +https://developer.amazon.com/support/amazonbot) Chrome/119.0.6045.214 Safari/537.36"
20.171.207.22 - - [28/Oct/2025:05:13:17 +0300] "GET /sitemap.xml?fileloc=/var/www/vhosts/3chukuk.com/httpdocs/wp-content/uploads/2019/05/FB_IMG_1558398985691-356x220.jpg&path=/var/www/vhosts/3chukuk.com/httpdocs/wp-content/uploads/2019/05 HTTP/1.0" 200 13262 "-" "Mozilla/5.0 AppleWebKit/537.36 (KHTML, like Gecko; compatible; GPTBot/1.2; +https://openai.com/gptbot)"
98.82.63.147 - - [28/Oct/2025:05:13:20 +0300] "GET /blog/author/ibrahimhalileroglu/page/54/?fileloc=/var/www/vhosts/3chukuk.com/httpdocs/wp-content/languages/tr_TR-68f2cec7514bf8563c723a4d675fcfe6.json&path=/var/www/vhosts/3chukuk.com/httpdocs/wp-content/languages HTTP/1.0" 200 16002 "-" "Mozilla/5.0 AppleWebKit/537.36 (KHTML, like Gecko; compatible; Amazonbot/0.1; +https://developer.amazon.com/support/amazonbot) Chrome/119.0.6045.214 Safari/537.36"
57.141.0.31 - - [28/Oct/2025:05:13:20 +0300] "GET /wp-json/wp/v2/tags/804 HTTP/1.0" 200 64809 "-" "meta-externalagent/1.1 (+https://developers.facebook.com/docs/sharing/webmasters/crawler)"
20.171.207.22 - - [28/Oct/2025:05:13:20 +0300] "GET /sitemap.xml?fileloc=/var/www/vhosts/3chukuk.com/httpdocs/wp-content/uploads/2019/05/FB_IMG_1558644760398-218x150.jpg&path=/var/www/vhosts/3chukuk.com/httpdocs/wp-content/uploads/2019/05 HTTP/1.0" 200 13262 "-" "Mozilla/5.0 AppleWebKit/537.36 (KHTML, like Gecko; compatible; GPTBot/1.2; +https://openai.com/gptbot)"
20.171.207.22 - - [28/Oct/2025:05:13:23 +0300] "GET /sitemap.xml?fileloc=/var/www/vhosts/3chukuk.com/httpdocs/wp-content/uploads/2019/05/FB_IMG_1558304726071-324x360.jpg&path=/var/www/vhosts/3chukuk.com/httpdocs/wp-content/uploads/2019/05 HTTP/1.0" 200 13262 "-" "Mozilla/5.0 AppleWebKit/537.36 (KHTML, like Gecko; compatible; GPTBot/1.2; +https://openai.com/gptbot)"
18.205.213.231 - - [28/Oct/2025:05:13:24 +0300] "GET /page/244/?fileloc=/var/www/vhosts/3chukuk.com/httpdocs/wp-content/languages/tr_TR-17179a5f2930647c89151e365f843b6e.json&path=/var/www/vhosts/3chukuk.com/httpdocs/wp-content/languages HTTP/1.0" 200 13666 "-" "Mozilla/5.0 AppleWebKit/537.36 (KHTML, like Gecko; compatible; Amazonbot/0.1; +https://developer.amazon.com/support/amazonbot) Chrome/119.0.6045.214 Safari/537.36"
20.171.207.22 - - [28/Oct/2025:05:13:27 +0300] "GET /sitemap.xml?fileloc=/var/www/vhosts/3chukuk.com/httpdocs/wp-content/uploads/2018/07/FB_IMG_1531557417105-324x235.jpg&path=/var/www/vhosts/3chukuk.com/httpdocs/wp-content/uploads/2018/07 HTTP/1.0" 200 13262 "-" "Mozilla/5.0 AppleWebKit/537.36 (KHTML, like Gecko; compatible; GPTBot/1.2; +https://openai.com/gptbot)"
100.29.107.38 - - [28/Oct/2025:05:13:27 +0300] "GET /blog/author/ibrahimhalileroglu/page/13/?fileloc=/var/www/vhosts/3chukuk.com/httpdocs/wp-content/languages/tr_TR-5251f7623766a714c8207c7edb938628.json&path=/var/www/vhosts/3chukuk.com/httpdocs/wp-content/languages HTTP/1.0" 200 13970 "-" "Mozilla/5.0 AppleWebKit/537.36 (KHTML, like Gecko; compatible; Amazonbot/0.1; +https://developer.amazon.com/support/amazonbot) Chrome/119.0.6045.214 Safari/537.36"
20.171.207.22 - - [28/Oct/2025:05:13:30 +0300] "GET /sitemap.xml?fileloc=/var/www/vhosts/3chukuk.com/httpdocs/wp-content/uploads/2018/07/FB_IMG_1532763630169-218x150.jpg&path=/var/www/vhosts/3chukuk.com/httpdocs/wp-content/uploads/2018/07 HTTP/1.0" 200 13262 "-" "Mozilla/5.0 AppleWebKit/537.36 (KHTML, like Gecko; compatible; GPTBot/1.2; +https://openai.com/gptbot)"
20.171.207.22 - - [28/Oct/2025:05:13:33 +0300] "GET /sitemap.xml?fileloc=/var/www/vhosts/3chukuk.com/httpdocs/wp-content/uploads/2019/05/FB_IMG_1559265306146-356x364.jpg&path=/var/www/vhosts/3chukuk.com/httpdocs/wp-content/uploads/2019/05 HTTP/1.0" 200 13262 "-" "Mozilla/5.0 AppleWebKit/537.36 (KHTML, like Gecko; compatible; GPTBot/1.2; +https://openai.com/gptbot)"
20.171.207.22 - - [28/Oct/2025:05:13:36 +0300] "GET /sitemap.xml?fileloc=/var/www/vhosts/3chukuk.com/httpdocs/wp-content/uploads/2019/07/FB_IMG_1563942842165-265x198.jpg&path=/var/www/vhosts/3chukuk.com/httpdocs/wp-content/uploads/2019/07 HTTP/1.0" 200 13262 "-" "Mozilla/5.0 AppleWebKit/537.36 (KHTML, like Gecko; compatible; GPTBot/1.2; +https://openai.com/gptbot)"
20.171.207.22 - - [28/Oct/2025:05:13:39 +0300] "GET /sitemap.xml?fileloc=/var/www/vhosts/3chukuk.com/httpdocs/wp-content/uploads/2018/07/FB_IMG_1531406612537-324x400.jpg&path=/var/www/vhosts/3chukuk.com/httpdocs/wp-content/uploads/2018/07 HTTP/1.0" 200 13262 "-" "Mozilla/5.0 AppleWebKit/537.36 (KHTML, like Gecko; compatible; GPTBot/1.2; +https://openai.com/gptbot)"
20.171.207.22 - - [28/Oct/2025:05:13:42 +0300] "GET /sitemap.xml?fileloc=/var/www/vhosts/3chukuk.com/httpdocs/wp-content/uploads/2019/07/FB_IMG_1563729122000-218x150.jpg&path=/var/www/vhosts/3chukuk.com/httpdocs/wp-content/uploads/2019/07 HTTP/1.0" 200 13262 "-" "Mozilla/5.0 AppleWebKit/537.36 (KHTML, like Gecko; compatible; GPTBot/1.2; +https://openai.com/gptbot)"
20.171.207.22 - - [28/Oct/2025:05:13:46 +0300] "GET /sitemap.xml?fileloc=/var/www/vhosts/3chukuk.com/httpdocs/wp-content/uploads/2019/07/FB_IMG_1564215824073-534x462.jpg&path=/var/www/vhosts/3chukuk.com/httpdocs/wp-content/uploads/2019/07 HTTP/1.0" 200 13262 "-" "Mozilla/5.0 AppleWebKit/537.36 (KHTML, like Gecko; compatible; GPTBot/1.2; +https://openai.com/gptbot)"
20.171.207.22 - - [28/Oct/2025:05:13:49 +0300] "GET /sitemap.xml?fileloc=/var/www/vhosts/3chukuk.com/httpdocs/wp-content/uploads/2019/05/FB_IMG_1559107623061-218x150.jpg&path=/var/www/vhosts/3chukuk.com/httpdocs/wp-content/uploads/2019/05 HTTP/1.0" 200 13262 "-" "Mozilla/5.0 AppleWebKit/537.36 (KHTML, like Gecko; compatible; GPTBot/1.2; +https://openai.com/gptbot)"
52.167.144.159 - - [28/Oct/2025:05:13:52 +0300] "GET /?d=bunjang-day6-denimals-japan-goods-face-badge-pil-t-SL23RmnxF HTTP/1.0" 200 157501 "-" "Mozilla/5.0 AppleWebKit/537.36 (KHTML, like Gecko; compatible; bingbot/2.0; +http://www.bing.com/bingbot.htm) Chrome/116.0.1938.76 Safari/537.36"
20.171.207.22 - - [28/Oct/2025:05:13:52 +0300] "GET /sitemap.xml?fileloc=/var/www/vhosts/3chukuk.com/httpdocs/wp-content/uploads/2019/05/FB_IMG_1558465504007-696x385.jpg&path=/var/www/vhosts/3chukuk.com/httpdocs/wp-content/uploads/2019/05 HTTP/1.0" 200 13262 "-" "Mozilla/5.0 AppleWebKit/537.36 (KHTML, like Gecko; compatible; GPTBot/1.2; +https://openai.com/gptbot)"
20.171.207.22 - - [28/Oct/2025:05:13:55 +0300] "GET /sitemap.xml?fileloc=/var/www/vhosts/3chukuk.com/httpdocs/wp-content/uploads/2019/05/FB_IMG_1557693548793-324x235.jpg&path=/var/www/vhosts/3chukuk.com/httpdocs/wp-content/uploads/2019/05 HTTP/1.0" 200 13262 "-" "Mozilla/5.0 AppleWebKit/537.36 (KHTML, like Gecko; compatible; GPTBot/1.2; +https://openai.com/gptbot)"
20.171.207.22 - - [28/Oct/2025:05:13:58 +0300] "GET /sitemap.xml?fileloc=/var/www/vhosts/3chukuk.com/httpdocs/wp-content/uploads/2018/07/FB_IMG_1530899337831-324x235.jpg&path=/var/www/vhosts/3chukuk.com/httpdocs/wp-content/uploads/2018/07 HTTP/1.0" 200 13262 "-" "Mozilla/5.0 AppleWebKit/537.36 (KHTML, like Gecko; compatible; GPTBot/1.2; +https://openai.com/gptbot)"
216.73.216.40 - - [28/Oct/2025:05:13:59 +0300] "GET /19?fileloc=%2Fvar%2Fwww%2Fvhosts%2F3chukuk.com%2Fhttpdocs%2Fwp-content%2Fuploads%2F2021%2F01%2FFB_IMG_1611897745861-534x462.jpg&path=%2Fvar%2Fwww%2Fvhosts%2F3chukuk.com%2Fhttpdocs%2Fwp-content%2Fuploads%2F2021%2F01 HTTP/1.0" 200 13262 "-" "Mozilla/5.0 AppleWebKit/537.36 (KHTML, like Gecko; compatible; ClaudeBot/1.0; +claudebot@anthropic.com)"
216.73.216.40 - - [28/Oct/2025:05:14:02 +0300] "GET /page/236/?fileloc=%2Fvar%2Fwww%2Fvhosts%2F3chukuk.com%2Fhttpdocs%2Fwp-content%2Fuploads%2F2018%2F12%2FFB_IMG_1543722421690-1-768x381.jpg&path=%2Fvar%2Fwww%2Fvhosts%2F3chukuk.com%2Fhttpdocs%2Fwp-content%2Fuploads%2F2018%2F12 HTTP/1.0" 200 13264 "-" "Mozilla/5.0 AppleWebKit/537.36 (KHTML, like Gecko; compatible; ClaudeBot/1.0; +claudebot@anthropic.com)"
20.171.207.22 - - [28/Oct/2025:05:14:02 +0300] "GET /sitemap.xml?fileloc=/var/www/vhosts/3chukuk.com/httpdocs/wp-content/uploads/2019/05/FB_IMG_1557805598248-300x169.jpg&path=/var/www/vhosts/3chukuk.com/httpdocs/wp-content/uploads/2019/05 HTTP/1.0" 200 13262 "-" "Mozilla/5.0 AppleWebKit/537.36 (KHTML, like Gecko; compatible; GPTBot/1.2; +https://openai.com/gptbot)"
216.73.216.40 - - [28/Oct/2025:05:14:05 +0300] "GET /page/20/?fileloc=%2Fvar%2Fwww%2Fvhosts%2F3chukuk.com%2Fhttpdocs%2Fwp-content%2Fuploads%2F2018%2F11%2FFB_IMG_1542334167240-300x225.jpg&path=%2Fvar%2Fwww%2Fvhosts%2F3chukuk.com%2Fhttpdocs%2Fwp-content%2Fuploads%2F2018%2F11 HTTP/1.0" 200 13262 "-" "Mozilla/5.0 AppleWebKit/537.36 (KHTML, like Gecko; compatible; ClaudeBot/1.0; +claudebot@anthropic.com)"
20.171.207.22 - - [28/Oct/2025:05:14:05 +0300] "GET /sitemap.xml?fileloc=/var/www/vhosts/3chukuk.com/httpdocs/wp-content/uploads/2019/05/FB_IMG_1558179924375-324x235.jpg&path=/var/www/vhosts/3chukuk.com/httpdocs/wp-content/uploads/2019/05 HTTP/1.0" 200 13262 "-" "Mozilla/5.0 AppleWebKit/537.36 (KHTML, like Gecko; compatible; GPTBot/1.2; +https://openai.com/gptbot)"
216.73.216.40 - - [28/Oct/2025:05:14:08 +0300] "GET /page/236/?fileloc=%2Fvar%2Fwww%2Fvhosts%2F3chukuk.com%2Fhttpdocs%2Fwp-content%2Fuploads%2F2021%2F05%2FFB_IMG_1621067653433-356x364.jpg&path=%2Fvar%2Fwww%2Fvhosts%2F3chukuk.com%2Fhttpdocs%2Fwp-content%2Fuploads%2F2021%2F05 HTTP/1.0" 200 13262 "-" "Mozilla/5.0 AppleWebKit/537.36 (KHTML, like Gecko; compatible; ClaudeBot/1.0; +claudebot@anthropic.com)"
20.171.207.22 - - [28/Oct/2025:05:14:08 +0300] "GET /sitemap.xml?fileloc=/var/www/vhosts/3chukuk.com/httpdocs/wp-content/uploads/2019/07/FB_IMG_1562517560558-150x150.jpg&path=/var/www/vhosts/3chukuk.com/httpdocs/wp-content/uploads/2019/07 HTTP/1.0" 200 13262 "-" "Mozilla/5.0 AppleWebKit/537.36 (KHTML, like Gecko; compatible; GPTBot/1.2; +https://openai.com/gptbot)"
46.250.175.149 - - [28/Oct/2025:05:14:10 +0300] "GET /blog/category/hukuk/page/6/?path=/var/www/vhosts/3chukuk.com/httpdocs HTTP/1.0" 200 64809 "https://www.3chukuk.com/blog/category/hukuk/page/6/?path=/var/www/vhosts/3chukuk.com/httpdocs" "Mozilla/5.0 (Macintosh; Intel Mac OS X 10_15_7) AppleWebKit/537.36 (KHTML, like Gecko) Chrome/119.0.0.0 Safari/537.36"
216.73.216.40 - - [28/Oct/2025:05:14:11 +0300] "GET /page/236/?fileloc=%2Fvar%2Fwww%2Fvhosts%2F3chukuk.com%2Fhttpdocs%2Fwp-content%2Fuploads%2F2018%2F12%2FFB_IMG_1544591247804-640x385.jpg&path=%2Fvar%2Fwww%2Fvhosts%2F3chukuk.com%2Fhttpdocs%2Fwp-content%2Fuploads%2F2018%2F12 HTTP/1.0" 200 13262 "-" "Mozilla/5.0 AppleWebKit/537.36 (KHTML, like Gecko; compatible; ClaudeBot/1.0; +claudebot@anthropic.com)"
20.171.207.22 - - [28/Oct/2025:05:14:11 +0300] "GET /sitemap.xml?fileloc=/var/www/vhosts/3chukuk.com/httpdocs/wp-content/uploads/2019/05/FB_IMG_1559242391321-218x150.jpg&path=/var/www/vhosts/3chukuk.com/httpdocs/wp-content/uploads/2019/05 HTTP/1.0" 200 13262 "-" "Mozilla/5.0 AppleWebKit/537.36 (KHTML, like Gecko; compatible; GPTBot/1.2; +https://openai.com/gptbot)"
216.73.216.40 - - [28/Oct/2025:05:14:14 +0300] "GET /page/20/?fileloc=%2Fvar%2Fwww%2Fvhosts%2F3chukuk.com%2Fhttpdocs%2Fwp-content%2Fuploads%2F2017%2F12%2FBANK-OF-356x220.jpg&path=%2Fvar%2Fwww%2Fvhosts%2F3chukuk.com%2Fhttpdocs%2Fwp-content%2Fuploads%2F2017%2F12 HTTP/1.0" 200 13249 "-" "Mozilla/5.0 AppleWebKit/537.36 (KHTML, like Gecko; compatible; ClaudeBot/1.0; +claudebot@anthropic.com)"
20.171.207.22 - - [28/Oct/2025:05:14:14 +0300] "GET /sitemap.xml?fileloc=/var/www/vhosts/3chukuk.com/httpdocs/wp-content/uploads/2018/07/FB_IMG_1531933433864-150x150.jpg&path=/var/www/vhosts/3chukuk.com/httpdocs/wp-content/uploads/2018/07 HTTP/1.0" 200 13262 "-" "Mozilla/5.0 AppleWebKit/537.36 (KHTML, like Gecko; compatible; GPTBot/1.2; +https://openai.com/gptbot)"
216.73.216.40 - - [28/Oct/2025:05:14:17 +0300] "GET /19?fileloc=%2Fvar%2Fwww%2Fvhosts%2F3chukuk.com%2Fhttpdocs%2Fwp-content%2Fuploads%2F2021%2F05%2FFB_IMG_1620264796577-584x420.jpg&path=%2Fvar%2Fwww%2Fvhosts%2F3chukuk.com%2Fhttpdocs%2Fwp-content%2Fuploads%2F2021%2F05 HTTP/1.0" 200 13262 "-" "Mozilla/5.0 AppleWebKit/537.36 (KHTML, like Gecko; compatible; ClaudeBot/1.0; +claudebot@anthropic.com)"
20.171.207.22 - - [28/Oct/2025:05:14:17 +0300] "GET /sitemap.xml?fileloc=/var/www/vhosts/3chukuk.com/httpdocs/wp-content/uploads/2019/07/FB_IMG_1564215319912-741x486.jpg&path=/var/www/vhosts/3chukuk.com/httpdocs/wp-content/uploads/2019/07 HTTP/1.0" 200 13262 "-" "Mozilla/5.0 AppleWebKit/537.36 (KHTML, like Gecko; compatible; GPTBot/1.2; +https://openai.com/gptbot)"
216.73.216.40 - - [28/Oct/2025:05:14:20 +0300] "GET /page/20/?fileloc=%2Fvar%2Fwww%2Fvhosts%2F3chukuk.com%2Fhttpdocs%2Fwp-content%2Fuploads%2F2018%2F12%2FFB_IMG_1546163167487-741x486.jpg&path=%2Fvar%2Fwww%2Fvhosts%2F3chukuk.com%2Fhttpdocs%2Fwp-content%2Fuploads%2F2018%2F12 HTTP/1.0" 200 13262 "-" "Mozilla/5.0 AppleWebKit/537.36 (KHTML, like Gecko; compatible; ClaudeBot/1.0; +claudebot@anthropic.com)"
20.171.207.22 - - [28/Oct/2025:05:14:20 +0300] "GET /sitemap.xml?fileloc=/var/www/vhosts/3chukuk.com/httpdocs/wp-content/uploads/2018/07/FB_IMG_1531840521792-356x220.jpg&path=/var/www/vhosts/3chukuk.com/httpdocs/wp-content/uploads/2018/07 HTTP/1.0" 200 13262 "-" "Mozilla/5.0 AppleWebKit/537.36 (KHTML, like Gecko; compatible; GPTBot/1.2; +https://openai.com/gptbot)"
216.73.216.40 - - [28/Oct/2025:05:14:23 +0300] "GET /page/20/?fileloc=%2Fvar%2Fwww%2Fvhosts%2F3chukuk.com%2Fhttpdocs%2Fwp-content%2Fuploads%2F2019%2F04%2FFB_IMG_1556047285037-485x360.jpg&path=%2Fvar%2Fwww%2Fvhosts%2F3chukuk.com%2Fhttpdocs%2Fwp-content%2Fuploads%2F2019%2F04 HTTP/1.0" 200 13262 "-" "Mozilla/5.0 AppleWebKit/537.36 (KHTML, like Gecko; compatible; ClaudeBot/1.0; +claudebot@anthropic.com)"
20.171.207.22 - - [28/Oct/2025:05:14:24 +0300] "GET /sitemap.xml?fileloc=/var/www/vhosts/3chukuk.com/httpdocs/wp-content/uploads/2019/05/FB_IMG_1557598245732-356x364.jpg&path=/var/www/vhosts/3chukuk.com/httpdocs/wp-content/uploads/2019/05 HTTP/1.0" 200 13262 "-" "Mozilla/5.0 AppleWebKit/537.36 (KHTML, like Gecko; compatible; GPTBot/1.2; +https://openai.com/gptbot)"
216.73.216.40 - - [28/Oct/2025:05:14:26 +0300] "GET /page/20/?fileloc=%2Fvar%2Fwww%2Fvhosts%2F3chukuk.com%2Fhttpdocs%2Fwp-content%2Fuploads%2F2018%2F12%2FFB_IMG_1544675738369-218x150.jpg&path=%2Fvar%2Fwww%2Fvhosts%2F3chukuk.com%2Fhttpdocs%2Fwp-content%2Fuploads%2F2018%2F12 HTTP/1.0" 200 13262 "-" "Mozilla/5.0 AppleWebKit/537.36 (KHTML, like Gecko; compatible; ClaudeBot/1.0; +claudebot@anthropic.com)"
95.108.213.179 - - [28/Oct/2025:05:14:27 +0300] "GET /blog/2019/03/22/abd-de-feto-universitesinin-lisansinin-iptali-icin-adim-atildi/ HTTP/1.0" 200 64809 "-" "Mozilla/5.0 (compatible; YandexBot/3.0; +http://yandex.com/bots)"
20.171.207.22 - - [28/Oct/2025:05:14:27 +0300] "GET /sitemap.xml?fileloc=/var/www/vhosts/3chukuk.com/httpdocs/wp-content/uploads/2019/05/FB_IMG_1556762125222-696x385.jpg&path=/var/www/vhosts/3chukuk.com/httpdocs/wp-content/uploads/2019/05 HTTP/1.0" 200 13262 "-" "Mozilla/5.0 AppleWebKit/537.36 (KHTML, like Gecko; compatible; GPTBot/1.2; +https://openai.com/gptbot)"
216.73.216.40 - - [28/Oct/2025:05:14:29 +0300] "GET /page/20/?fileloc=%2Fvar%2Fwww%2Fvhosts%2F3chukuk.com%2Fhttpdocs%2Fwp-content%2Fuploads%2F2018%2F11%2FFB_IMG_1541923759335-480x261.jpg&path=%2Fvar%2Fwww%2Fvhosts%2F3chukuk.com%2Fhttpdocs%2Fwp-content%2Fuploads%2F2018%2F11 HTTP/1.0" 200 13262 "-" "Mozilla/5.0 AppleWebKit/537.36 (KHTML, like Gecko; compatible; ClaudeBot/1.0; +claudebot@anthropic.com)"
20.171.207.22 - - [28/Oct/2025:05:14:30 +0300] "GET /sitemap.xml?fileloc=/var/www/vhosts/3chukuk.com/httpdocs/wp-content/uploads/2019/05/FB_IMG_1558304423397-300x166.jpg&path=/var/www/vhosts/3chukuk.com/httpdocs/wp-content/uploads/2019/05 HTTP/1.0" 200 13262 "-" "Mozilla/5.0 AppleWebKit/537.36 (KHTML, like Gecko; compatible; GPTBot/1.2; +https://openai.com/gptbot)"
216.73.216.40 - - [28/Oct/2025:05:14:32 +0300] "GET /page/20/?fileloc=%2Fvar%2Fwww%2Fvhosts%2F3chukuk.com%2Fhttpdocs%2Fwp-content%2Fuploads%2F2018%2F12%2FFB_IMG_1544549513683-485x360.jpg&path=%2Fvar%2Fwww%2Fvhosts%2F3chukuk.com%2Fhttpdocs%2Fwp-content%2Fuploads%2F2018%2F12 HTTP/1.0" 200 13262 "-" "Mozilla/5.0 AppleWebKit/537.36 (KHTML, like Gecko; compatible; ClaudeBot/1.0; +claudebot@anthropic.com)"
20.171.207.22 - - [28/Oct/2025:05:14:33 +0300] "GET /sitemap.xml?fileloc=/var/www/vhosts/3chukuk.com/httpdocs/wp-content/uploads/2019/07/FB_IMG_1562022655123-218x150.jpg&path=/var/www/vhosts/3chukuk.com/httpdocs/wp-content/uploads/2019/07 HTTP/1.0" 200 13262 "-" "Mozilla/5.0 AppleWebKit/537.36 (KHTML, like Gecko; compatible; GPTBot/1.2; +https://openai.com/gptbot)"
216.73.216.40 - - [28/Oct/2025:05:14:35 +0300] "GET /page/20/?fileloc=%2Fvar%2Fwww%2Fvhosts%2F3chukuk.com%2Fhttpdocs%2Fwp-content%2Fuploads%2F2019%2F04%2FFB_IMG_1556129492863-100x70.jpg&path=%2Fvar%2Fwww%2Fvhosts%2F3chukuk.com%2Fhttpdocs%2Fwp-content%2Fuploads%2F2019%2F04 HTTP/1.0" 200 13261 "-" "Mozilla/5.0 AppleWebKit/537.36 (KHTML, like Gecko; compatible; ClaudeBot/1.0; +claudebot@anthropic.com)"
20.171.207.22 - - [28/Oct/2025:05:14:36 +0300] "GET /sitemap.xml?fileloc=/var/www/vhosts/3chukuk.com/httpdocs/wp-content/uploads/2019/05/FB_IMG_1557693357185-283x300.jpg&path=/var/www/vhosts/3chukuk.com/httpdocs/wp-content/uploads/2019/05 HTTP/1.0" 200 13262 "-" "Mozilla/5.0 AppleWebKit/537.36 (KHTML, like Gecko; compatible; GPTBot/1.2; +https://openai.com/gptbot)"
216.73.216.40 - - [28/Oct/2025:05:14:38 +0300] "GET /page/236/?fileloc=%2Fvar%2Fwww%2Fvhosts%2F3chukuk.com%2Fhttpdocs%2Fwp-content%2Fuploads%2F2018%2F12%2FFB_IMG_1544321565263-485x304.jpg&path=%2Fvar%2Fwww%2Fvhosts%2F3chukuk.com%2Fhttpdocs%2Fwp-content%2Fuploads%2F2018%2F12 HTTP/1.0" 200 13262 "-" "Mozilla/5.0 AppleWebKit/537.36 (KHTML, like Gecko; compatible; ClaudeBot/1.0; +claudebot@anthropic.com)"
20.171.207.22 - - [28/Oct/2025:05:14:40 +0300] "GET /sitemap.xml?fileloc=/var/www/vhosts/3chukuk.com/httpdocs/wp-content/uploads/2019/07/FB_IMG_1563856791481-696x392.jpg&path=/var/www/vhosts/3chukuk.com/httpdocs/wp-content/uploads/2019/07 HTTP/1.0" 200 13262 "-" "Mozilla/5.0 AppleWebKit/537.36 (KHTML, like Gecko; compatible; GPTBot/1.2; +https://openai.com/gptbot)"
157.55.39.193 - - [28/Oct/2025:05:14:40 +0300] "GET /?z=64250420681 HTTP/1.0" 200 335526 "-" "Mozilla/5.0 AppleWebKit/537.36 (KHTML, like Gecko; compatible; bingbot/2.0; +http://www.bing.com/bingbot.htm) Chrome/116.0.1938.76 Safari/537.36"
216.73.216.40 - - [28/Oct/2025:05:14:41 +0300] "GET /page/20/?fileloc=%2Fvar%2Fwww%2Fvhosts%2F3chukuk.com%2Fhttpdocs%2Fwp-content%2Fuploads%2F2019%2F02%2F1785882-f09ipg-218x150.jpg&path=%2Fvar%2Fwww%2Fvhosts%2F3chukuk.com%2Fhttpdocs%2Fwp-content%2Fuploads%2F2019%2F02 HTTP/1.0" 200 13256 "-" "Mozilla/5.0 AppleWebKit/537.36 (KHTML, like Gecko; compatible; ClaudeBot/1.0; +claudebot@anthropic.com)"
20.171.207.22 - - [28/Oct/2025:05:14:43 +0300] "GET /sitemap.xml?fileloc=/var/www/vhosts/3chukuk.com/httpdocs/wp-content/uploads/2019/10/FB_IMG_1570341059869-356x220.jpg&path=/var/www/vhosts/3chukuk.com/httpdocs/wp-content/uploads/2019/10 HTTP/1.0" 200 13262 "-" "Mozilla/5.0 AppleWebKit/537.36 (KHTML, like Gecko; compatible; GPTBot/1.2; +https://openai.com/gptbot)"
216.73.216.40 - - [28/Oct/2025:05:14:44 +0300] "GET /page/236/?fileloc=%2Fvar%2Fwww%2Fvhosts%2F3chukuk.com%2Fhttpdocs%2Fwp-content%2Fuploads%2F2018%2F12%2FFB_IMG_1543734546099-356x220.jpg&path=%2Fvar%2Fwww%2Fvhosts%2F3chukuk.com%2Fhttpdocs%2Fwp-content%2Fuploads%2F2018%2F12 HTTP/1.0" 200 13262 "-" "Mozilla/5.0 AppleWebKit/537.36 (KHTML, like Gecko; compatible; ClaudeBot/1.0; +claudebot@anthropic.com)"
52.167.144.159 - - [28/Oct/2025:05:14:44 +0300] "GET /?z=18180511205 HTTP/1.0" 200 360349 "-" "Mozilla/5.0 AppleWebKit/537.36 (KHTML, like Gecko; compatible; bingbot/2.0; +http://www.bing.com/bingbot.htm) Chrome/116.0.1938.76 Safari/537.36"
57.141.0.29 - - [28/Oct/2025:05:14:45 +0300] "GET /wp-json/wp/v2/posts/2675 HTTP/1.0" 200 64809 "-" "meta-externalagent/1.1 (+https://developers.facebook.com/docs/sharing/webmasters/crawler)"
20.171.207.22 - - [28/Oct/2025:05:14:46 +0300] "GET /sitemap.xml?fileloc=/var/www/vhosts/3chukuk.com/httpdocs/wp-content/uploads/2018/07/FB_IMG_1532763630169-485x360.jpg&path=/var/www/vhosts/3chukuk.com/httpdocs/wp-content/uploads/2018/07 HTTP/1.0" 200 13262 "-" "Mozilla/5.0 AppleWebKit/537.36 (KHTML, like Gecko; compatible; GPTBot/1.2; +https://openai.com/gptbot)"
216.73.216.40 - - [28/Oct/2025:05:14:47 +0300] "GET /19?fileloc=%2Fvar%2Fwww%2Fvhosts%2F3chukuk.com%2Fhttpdocs%2Fwp-content%2Fuploads%2F2021%2F05%2FFB_IMG_1622160147823-600x535.jpg&path=%2Fvar%2Fwww%2Fvhosts%2F3chukuk.com%2Fhttpdocs%2Fwp-content%2Fuploads%2F2021%2F05 HTTP/1.0" 200 13262 "-" "Mozilla/5.0 AppleWebKit/537.36 (KHTML, like Gecko; compatible; ClaudeBot/1.0; +claudebot@anthropic.com)"
20.171.207.22 - - [28/Oct/2025:05:14:49 +0300] "GET /sitemap.xml?fileloc=/var/www/vhosts/3chukuk.com/httpdocs/wp-content/uploads/2018/07/FB_IMG_1531931355700-300x300.jpg&path=/var/www/vhosts/3chukuk.com/httpdocs/wp-content/uploads/2018/07 HTTP/1.0" 200 13262 "-" "Mozilla/5.0 AppleWebKit/537.36 (KHTML, like Gecko; compatible; GPTBot/1.2; +https://openai.com/gptbot)"
