216.73.216.40 - - [28/Oct/2025:05:14:50 +0300] "GET /19?fileloc=%2Fvar%2Fwww%2Fvhosts%2F3chukuk.com%2Fhttpdocs%2Fwp-content%2Fuploads%2F2019%2F03%2FIMG_20190320_081144-324x237.jpg&path=%2Fvar%2Fwww%2Fvhosts%2F3chukuk.com%2Fhttpdocs%2Fwp-content%2Fuploads%2F2019%2F03 HTTP/1.0" 200 13261 "-" "Mozilla/5.0 AppleWebKit/537.36 (KHTML, like Gecko; compatible; ClaudeBot/1.0; +claudebot@anthropic.com)"
20.171.207.22 - - [28/Oct/2025:05:14:52 +0300] "GET /sitemap.xml?fileloc=/var/www/vhosts/3chukuk.com/httpdocs/wp-content/uploads/2019/07/FB_IMG_1563942456972-356x354.jpg&path=/var/www/vhosts/3chukuk.com/httpdocs/wp-content/uploads/2019/07 HTTP/1.0" 200 13262 "-" "Mozilla/5.0 AppleWebKit/537.36 (KHTML, like Gecko; compatible; GPTBot/1.2; +https://openai.com/gptbot)"
216.73.216.40 - - [28/Oct/2025:05:14:53 +0300] "GET /page/20/?fileloc=%2Fvar%2Fwww%2Fvhosts%2F3chukuk.com%2Fhttpdocs%2Fwp-content%2Fuploads%2F2018%2F12%2FIMG_20181208_201552-150x150.jpg&path=%2Fvar%2Fwww%2Fvhosts%2F3chukuk.com%2Fhttpdocs%2Fwp-content%2Fuploads%2F2018%2F12 HTTP/1.0" 200 13261 "-" "Mozilla/5.0 AppleWebKit/537.36 (KHTML, like Gecko; compatible; ClaudeBot/1.0; +claudebot@anthropic.com)"
57.141.0.23 - - [28/Oct/2025:05:14:53 +0300] "GET /blog/tag/denizustu/feed/ HTTP/1.0" 200 64809 "-" "meta-externalagent/1.1 (+https://developers.facebook.com/docs/sharing/webmasters/crawler)"
20.171.207.22 - - [28/Oct/2025:05:14:56 +0300] "GET /sitemap.xml?fileloc=/var/www/vhosts/3chukuk.com/httpdocs/wp-content/uploads/2019/05/FB_IMG_1556947156057-534x400.jpg&path=/var/www/vhosts/3chukuk.com/httpdocs/wp-content/uploads/2019/05 HTTP/1.0" 200 13262 "-" "Mozilla/5.0 AppleWebKit/537.36 (KHTML, like Gecko; compatible; GPTBot/1.2; +https://openai.com/gptbot)"
216.73.216.40 - - [28/Oct/2025:05:14:56 +0300] "GET /page/20/?fileloc=%2Fvar%2Fwww%2Fvhosts%2F3chukuk.com%2Fhttpdocs%2Fwp-content%2Fuploads%2F2019%2F02%2Ffft99_mf13238649-324x160.jpg&path=%2Fvar%2Fwww%2Fvhosts%2F3chukuk.com%2Fhttpdocs%2Fwp-content%2Fuploads%2F2019%2F02 HTTP/1.0" 200 13258 "-" "Mozilla/5.0 AppleWebKit/537.36 (KHTML, like Gecko; compatible; ClaudeBot/1.0; +claudebot@anthropic.com)"
57.141.0.31 - - [28/Oct/2025:05:14:59 +0300] "GET /wp-json/wp/v2/posts/6640 HTTP/1.0" 200 64809 "-" "meta-externalagent/1.1 (+https://developers.facebook.com/docs/sharing/webmasters/crawler)"
20.171.207.22 - - [28/Oct/2025:05:14:59 +0300] "GET /sitemap.xml?fileloc=/var/www/vhosts/3chukuk.com/httpdocs/wp-content/uploads/2018/07/FB_IMG_1531581664703-678x486.jpg&path=/var/www/vhosts/3chukuk.com/httpdocs/wp-content/uploads/2018/07 HTTP/1.0" 200 13262 "-" "Mozilla/5.0 AppleWebKit/537.36 (KHTML, like Gecko; compatible; GPTBot/1.2; +https://openai.com/gptbot)"
216.73.216.40 - - [28/Oct/2025:05:14:59 +0300] "GET /page/236/?fileloc=%2Fvar%2Fwww%2Fvhosts%2F3chukuk.com%2Fhttpdocs%2Fwp-content%2Fuploads%2F2018%2F06%2Fad%C4%B1y-324x400.jpg&path=%2Fvar%2Fwww%2Fvhosts%2F3chukuk.com%2Fhttpdocs%2Fwp-content%2Fuploads%2F2018%2F06 HTTP/1.0" 200 13247 "-" "Mozilla/5.0 AppleWebKit/537.36 (KHTML, like Gecko; compatible; ClaudeBot/1.0; +claudebot@anthropic.com)"
52.167.144.159 - - [28/Oct/2025:05:15:02 +0300] "GET /?x=12836747543 HTTP/1.0" 200 189336 "-" "Mozilla/5.0 AppleWebKit/537.36 (KHTML, like Gecko; compatible; bingbot/2.0; +http://www.bing.com/bingbot.htm) Chrome/116.0.1938.76 Safari/537.36"
20.171.207.22 - - [28/Oct/2025:05:15:02 +0300] "GET /sitemap.xml?fileloc=/var/www/vhosts/3chukuk.com/httpdocs/wp-content/uploads/2019/07/FB_IMG_1564309992446-534x431.jpg&path=/var/www/vhosts/3chukuk.com/httpdocs/wp-content/uploads/2019/07 HTTP/1.0" 200 13262 "-" "Mozilla/5.0 AppleWebKit/537.36 (KHTML, like Gecko; compatible; GPTBot/1.2; +https://openai.com/gptbot)"
216.73.216.40 - - [28/Oct/2025:05:15:02 +0300] "GET /page/20/?fileloc=%2Fvar%2Fwww%2Fvhosts%2F3chukuk.com%2Fhttpdocs%2Fwp-content%2Fuploads%2F2019%2F02%2FFB_IMG_1551057169865-768x503.jpg&path=%2Fvar%2Fwww%2Fvhosts%2F3chukuk.com%2Fhttpdocs%2Fwp-content%2Fuploads%2F2019%2F02 HTTP/1.0" 200 13262 "-" "Mozilla/5.0 AppleWebKit/537.36 (KHTML, like Gecko; compatible; ClaudeBot/1.0; +claudebot@anthropic.com)"
216.73.216.40 - - [28/Oct/2025:05:15:05 +0300] "GET /page/236/?fileloc=%2Fvar%2Fwww%2Fvhosts%2F3chukuk.com%2Fhttpdocs%2Fwp-content%2Fuploads%2F2017%2F08%2Fshurubu-kayhan-638x368-356x364.jpg&path=%2Fvar%2Fwww%2Fvhosts%2F3chukuk.com%2Fhttpdocs%2Fwp-content%2Fuploads%2F2017%2F08 HTTP/1.0" 200 13264 "-" "Mozilla/5.0 AppleWebKit/537.36 (KHTML, like Gecko; compatible; ClaudeBot/1.0; +claudebot@anthropic.com)"
20.171.207.22 - - [28/Oct/2025:05:15:05 +0300] "GET /sitemap.xml?fileloc=/var/www/vhosts/3chukuk.com/httpdocs/wp-content/uploads/2018/07/FB_IMG_1531050779162-560x420.jpg&path=/var/www/vhosts/3chukuk.com/httpdocs/wp-content/uploads/2018/07 HTTP/1.0" 200 13262 "-" "Mozilla/5.0 AppleWebKit/537.36 (KHTML, like Gecko; compatible; GPTBot/1.2; +https://openai.com/gptbot)"
216.73.216.40 - - [28/Oct/2025:05:15:08 +0300] "GET /page/20/?fileloc=%2Fvar%2Fwww%2Fvhosts%2F3chukuk.com%2Fhttpdocs%2Fwp-content%2Fuploads%2F2021%2F05%2FFB_IMG_1619910274676-100x70.jpg&path=%2Fvar%2Fwww%2Fvhosts%2F3chukuk.com%2Fhttpdocs%2Fwp-content%2Fuploads%2F2021%2F05 HTTP/1.0" 200 13261 "-" "Mozilla/5.0 AppleWebKit/537.36 (KHTML, like Gecko; compatible; ClaudeBot/1.0; +claudebot@anthropic.com)"
20.171.207.22 - - [28/Oct/2025:05:15:08 +0300] "GET /sitemap.xml?fileloc=/var/www/vhosts/3chukuk.com/httpdocs/wp-content/uploads/2019/05/FB_IMG_1557724173567-324x160.jpg&path=/var/www/vhosts/3chukuk.com/httpdocs/wp-content/uploads/2019/05 HTTP/1.0" 200 13262 "-" "Mozilla/5.0 AppleWebKit/537.36 (KHTML, like Gecko; compatible; GPTBot/1.2; +https://openai.com/gptbot)"
216.73.216.40 - - [28/Oct/2025:05:15:11 +0300] "GET /page/236/?fileloc=%2Fvar%2Fwww%2Fvhosts%2F3chukuk.com%2Fhttpdocs%2Fwp-content%2Fuploads%2F2019%2F03%2FFB_IMG_1553438240200-356x220.jpg&path=%2Fvar%2Fwww%2Fvhosts%2F3chukuk.com%2Fhttpdocs%2Fwp-content%2Fuploads%2F2019%2F03 HTTP/1.0" 200 13262 "-" "Mozilla/5.0 AppleWebKit/537.36 (KHTML, like Gecko; compatible; ClaudeBot/1.0; +claudebot@anthropic.com)"
20.171.207.22 - - [28/Oct/2025:05:15:11 +0300] "GET /sitemap.xml?fileloc=/var/www/vhosts/3chukuk.com/httpdocs/wp-content/uploads/2019/05/FB_IMG_1557104958996-324x160.jpg&path=/var/www/vhosts/3chukuk.com/httpdocs/wp-content/uploads/2019/05 HTTP/1.0" 200 13262 "-" "Mozilla/5.0 AppleWebKit/537.36 (KHTML, like Gecko; compatible; GPTBot/1.2; +https://openai.com/gptbot)"
52.167.144.159 - - [28/Oct/2025:05:15:12 +0300] "GET /?x=10064632772 HTTP/1.0" 200 189613 "-" "Mozilla/5.0 AppleWebKit/537.36 (KHTML, like Gecko; compatible; bingbot/2.0; +http://www.bing.com/bingbot.htm) Chrome/116.0.1938.76 Safari/537.36"
213.180.203.48 - - [28/Oct/2025:05:15:14 +0300] "GET /blog/2019/03/15/cami-saldirgani-terorist-2016-da-turkiye-de-bulunmus/ HTTP/1.0" 200 64809 "-" "Mozilla/5.0 (compatible; YandexBot/3.0; +http://yandex.com/bots)"
216.73.216.40 - - [28/Oct/2025:05:15:14 +0300] "GET /page/20/?fileloc=%2Fvar%2Fwww%2Fvhosts%2F3chukuk.com%2Fhttpdocs%2Fwp-content%2Fuploads%2F2018%2F12%2FFB_IMG_1544383453260-324x400.jpg&path=%2Fvar%2Fwww%2Fvhosts%2F3chukuk.com%2Fhttpdocs%2Fwp-content%2Fuploads%2F2018%2F12 HTTP/1.0" 200 13262 "-" "Mozilla/5.0 AppleWebKit/537.36 (KHTML, like Gecko; compatible; ClaudeBot/1.0; +claudebot@anthropic.com)"
20.171.207.22 - - [28/Oct/2025:05:15:14 +0300] "GET /sitemap.xml?fileloc=/var/www/vhosts/3chukuk.com/httpdocs/wp-content/uploads/2019/05/FB_IMG_1559264112071-403x385.jpg&path=/var/www/vhosts/3chukuk.com/httpdocs/wp-content/uploads/2019/05 HTTP/1.0" 200 13262 "-" "Mozilla/5.0 AppleWebKit/537.36 (KHTML, like Gecko; compatible; GPTBot/1.2; +https://openai.com/gptbot)"
216.73.216.40 - - [28/Oct/2025:05:15:17 +0300] "GET /page/236/?fileloc=%2Fvar%2Fwww%2Fvhosts%2F3chukuk.com%2Fhttpdocs%2Fwp-content%2Fuploads%2F2018%2F01%2Fa%C3%BCk-265x198.jpg&path=%2Fvar%2Fwww%2Fvhosts%2F3chukuk.com%2Fhttpdocs%2Fwp-content%2Fuploads%2F2018%2F01 HTTP/1.0" 200 13246 "-" "Mozilla/5.0 AppleWebKit/537.36 (KHTML, like Gecko; compatible; ClaudeBot/1.0; +claudebot@anthropic.com)"
20.171.207.22 - - [28/Oct/2025:05:15:17 +0300] "GET /sitemap.xml?fileloc=/var/www/vhosts/3chukuk.com/httpdocs/wp-content/uploads/2019/05/FB_IMG_1558468617050-301x385.jpg&path=/var/www/vhosts/3chukuk.com/httpdocs/wp-content/uploads/2019/05 HTTP/1.0" 200 13262 "-" "Mozilla/5.0 AppleWebKit/537.36 (KHTML, like Gecko; compatible; GPTBot/1.2; +https://openai.com/gptbot)"
216.73.216.40 - - [28/Oct/2025:05:15:20 +0300] "GET /page/20/?fileloc=%2Fvar%2Fwww%2Fvhosts%2F3chukuk.com%2Fhttpdocs%2Fwp-content%2Fuploads%2F2018%2F12%2FFB_IMG_1545858094366-590x385.jpg&path=%2Fvar%2Fwww%2Fvhosts%2F3chukuk.com%2Fhttpdocs%2Fwp-content%2Fuploads%2F2018%2F12 HTTP/1.0" 200 13262 "-" "Mozilla/5.0 AppleWebKit/537.36 (KHTML, like Gecko; compatible; ClaudeBot/1.0; +claudebot@anthropic.com)"
20.171.207.22 - - [28/Oct/2025:05:15:20 +0300] "GET /sitemap.xml?fileloc=/var/www/vhosts/3chukuk.com/httpdocs/wp-content/uploads/2019/05/FB_IMG_1559027435204-324x235.jpg&path=/var/www/vhosts/3chukuk.com/httpdocs/wp-content/uploads/2019/05 HTTP/1.0" 200 13262 "-" "Mozilla/5.0 AppleWebKit/537.36 (KHTML, like Gecko; compatible; GPTBot/1.2; +https://openai.com/gptbot)"
216.73.216.40 - - [28/Oct/2025:05:15:23 +0300] "GET /page/236/?fileloc=%2Fvar%2Fwww%2Fvhosts%2F3chukuk.com%2Fhttpdocs%2Fwp-content%2Fuploads%2F2018%2F12%2FFB_IMG_1544893304973-80x60.jpg&path=%2Fvar%2Fwww%2Fvhosts%2F3chukuk.com%2Fhttpdocs%2Fwp-content%2Fuploads%2F2018%2F12 HTTP/1.0" 200 13260 "-" "Mozilla/5.0 AppleWebKit/537.36 (KHTML, like Gecko; compatible; ClaudeBot/1.0; +claudebot@anthropic.com)"
20.171.207.22 - - [28/Oct/2025:05:15:23 +0300] "GET /sitemap.xml?fileloc=/var/www/vhosts/3chukuk.com/httpdocs/wp-content/uploads/2019/05/FB_IMG_1557292072683-741x486.jpg&path=/var/www/vhosts/3chukuk.com/httpdocs/wp-content/uploads/2019/05 HTTP/1.0" 200 13262 "-" "Mozilla/5.0 AppleWebKit/537.36 (KHTML, like Gecko; compatible; GPTBot/1.2; +https://openai.com/gptbot)"
216.73.216.40 - - [28/Oct/2025:05:15:26 +0300] "GET /page/20/?fileloc=%2Fvar%2Fwww%2Fvhosts%2F3chukuk.com%2Fhttpdocs%2Fwp-content%2Fuploads%2F2018%2F12%2FFB_IMG_1543734546099-324x235.jpg&path=%2Fvar%2Fwww%2Fvhosts%2F3chukuk.com%2Fhttpdocs%2Fwp-content%2Fuploads%2F2018%2F12 HTTP/1.0" 200 13262 "-" "Mozilla/5.0 AppleWebKit/537.36 (KHTML, like Gecko; compatible; ClaudeBot/1.0; +claudebot@anthropic.com)"
20.171.207.22 - - [28/Oct/2025:05:15:27 +0300] "GET /sitemap.xml?fileloc=/var/www/vhosts/3chukuk.com/httpdocs/wp-content/uploads/2019/05/FB_IMG_1558187295148-485x360.jpg&path=/var/www/vhosts/3chukuk.com/httpdocs/wp-content/uploads/2019/05 HTTP/1.0" 200 13262 "-" "Mozilla/5.0 AppleWebKit/537.36 (KHTML, like Gecko; compatible; GPTBot/1.2; +https://openai.com/gptbot)"
216.73.216.40 - - [28/Oct/2025:05:15:29 +0300] "GET /19?fileloc=%2Fvar%2Fwww%2Fvhosts%2F3chukuk.com%2Fhttpdocs%2Fwp-content%2Fuploads%2F2021%2F01%2FFB_IMG_1609811150251-150x150.jpg&path=%2Fvar%2Fwww%2Fvhosts%2F3chukuk.com%2Fhttpdocs%2Fwp-content%2Fuploads%2F2021%2F01 HTTP/1.0" 200 13262 "-" "Mozilla/5.0 AppleWebKit/537.36 (KHTML, like Gecko; compatible; ClaudeBot/1.0; +claudebot@anthropic.com)"
20.171.207.22 - - [28/Oct/2025:05:15:30 +0300] "GET /sitemap.xml?fileloc=/var/www/vhosts/3chukuk.com/httpdocs/wp-content/uploads/2018/07/FB_IMG_1531993175022-1068x580.jpg&path=/var/www/vhosts/3chukuk.com/httpdocs/wp-content/uploads/2018/07 HTTP/1.0" 200 13263 "-" "Mozilla/5.0 AppleWebKit/537.36 (KHTML, like Gecko; compatible; GPTBot/1.2; +https://openai.com/gptbot)"
216.73.216.40 - - [28/Oct/2025:05:15:32 +0300] "GET /page/20/?fileloc=%2Fvar%2Fwww%2Fvhosts%2F3chukuk.com%2Fhttpdocs%2Fwp-content%2Fuploads%2F2018%2F12%2FFB_IMG_1544744555295-324x160.jpg&path=%2Fvar%2Fwww%2Fvhosts%2F3chukuk.com%2Fhttpdocs%2Fwp-content%2Fuploads%2F2018%2F12 HTTP/1.0" 200 13262 "-" "Mozilla/5.0 AppleWebKit/537.36 (KHTML, like Gecko; compatible; ClaudeBot/1.0; +claudebot@anthropic.com)"
20.171.207.22 - - [28/Oct/2025:05:15:33 +0300] "GET /sitemap.xml?fileloc=/var/www/vhosts/3chukuk.com/httpdocs/wp-content/uploads/2018/07/FB_IMG_1532238274791-356x220.jpg&path=/var/www/vhosts/3chukuk.com/httpdocs/wp-content/uploads/2018/07 HTTP/1.0" 200 13262 "-" "Mozilla/5.0 AppleWebKit/537.36 (KHTML, like Gecko; compatible; GPTBot/1.2; +https://openai.com/gptbot)"
124.243.185.143 - - [28/Oct/2025:05:15:33 +0300] "GET /blog/2021/02/18/mb-faizi-%17de-tuttu/?fileloc=/var/www/vhosts/3chukuk.com/httpdocs/wp-activate.php&path=/var/www/vhosts/3chukuk.com/httpdocs HTTP/1.0" 200 21285 "https://www.3chukuk.com/blog/2021/02/18/mb-faizi-%17de-tuttu/?fileloc=/var/www/vhosts/3chukuk.com/httpdocs/wp-activate.php&path=/var/www/vhosts/3chukuk.com/httpdocs" "Mozilla/5.0 (Macintosh; Intel Mac OS X 10_15_7) AppleWebKit/537.36 (KHTML, like Gecko) Chrome/120.0.0.0 Safari/537.36"
216.73.216.40 - - [28/Oct/2025:05:15:35 +0300] "GET /19?fileloc=%2Fvar%2Fwww%2Fvhosts%2F3chukuk.com%2Fhttpdocs%2Fwp-content%2Fuploads%2F2021%2F06%2FFB_IMG_1624129647120-741x486.jpg&path=%2Fvar%2Fwww%2Fvhosts%2F3chukuk.com%2Fhttpdocs%2Fwp-content%2Fuploads%2F2021%2F06 HTTP/1.0" 200 13262 "-" "Mozilla/5.0 AppleWebKit/537.36 (KHTML, like Gecko; compatible; ClaudeBot/1.0; +claudebot@anthropic.com)"
20.171.207.22 - - [28/Oct/2025:05:15:36 +0300] "GET /sitemap.xml?fileloc=/var/www/vhosts/3chukuk.com/httpdocs/wp-content/uploads/2018/04/FB_IMG_1524406020284-720x580.jpg&path=/var/www/vhosts/3chukuk.com/httpdocs/wp-content/uploads/2018/04 HTTP/1.0" 200 13262 "-" "Mozilla/5.0 AppleWebKit/537.36 (KHTML, like Gecko; compatible; GPTBot/1.2; +https://openai.com/gptbot)"
216.73.216.40 - - [28/Oct/2025:05:15:38 +0300] "GET /page/236/?fileloc=%2Fvar%2Fwww%2Fvhosts%2F3chukuk.com%2Fhttpdocs%2Fwp-content%2Fuploads%2F2018%2F12%2FFB_IMG_1543736590931-356x364.jpg&path=%2Fvar%2Fwww%2Fvhosts%2F3chukuk.com%2Fhttpdocs%2Fwp-content%2Fuploads%2F2018%2F12 HTTP/1.0" 200 13262 "-" "Mozilla/5.0 AppleWebKit/537.36 (KHTML, like Gecko; compatible; ClaudeBot/1.0; +claudebot@anthropic.com)"
20.171.207.22 - - [28/Oct/2025:05:15:39 +0300] "GET /sitemap.xml?fileloc=/var/www/vhosts/3chukuk.com/httpdocs/wp-content/uploads/2018/07/FB_IMG_1531581664703-485x360.jpg&path=/var/www/vhosts/3chukuk.com/httpdocs/wp-content/uploads/2018/07 HTTP/1.0" 200 13262 "-" "Mozilla/5.0 AppleWebKit/537.36 (KHTML, like Gecko; compatible; GPTBot/1.2; +https://openai.com/gptbot)"
216.73.216.40 - - [28/Oct/2025:05:15:41 +0300] "GET /19?fileloc=%2Fvar%2Fwww%2Fvhosts%2F3chukuk.com%2Fhttpdocs%2Fwp-content%2Fuploads%2F2021%2F05%2FFB_IMG_1621065153692-265x198.jpg&path=%2Fvar%2Fwww%2Fvhosts%2F3chukuk.com%2Fhttpdocs%2Fwp-content%2Fuploads%2F2021%2F05 HTTP/1.0" 200 13262 "-" "Mozilla/5.0 AppleWebKit/537.36 (KHTML, like Gecko; compatible; ClaudeBot/1.0; +claudebot@anthropic.com)"
20.171.207.22 - - [28/Oct/2025:05:15:42 +0300] "GET /sitemap.xml?fileloc=/var/www/vhosts/3chukuk.com/httpdocs/wp-content/uploads/2018/04/FB_IMG_1523383787668-534x462.jpg&path=/var/www/vhosts/3chukuk.com/httpdocs/wp-content/uploads/2018/04 HTTP/1.0" 200 13262 "-" "Mozilla/5.0 AppleWebKit/537.36 (KHTML, like Gecko; compatible; GPTBot/1.2; +https://openai.com/gptbot)"
216.73.216.40 - - [28/Oct/2025:05:15:44 +0300] "GET /19?fileloc=%2Fvar%2Fwww%2Fvhosts%2F3chukuk.com%2Fhttpdocs%2Fwp-content%2Fuploads%2F2021%2F05%2FFB_IMG_1620546171154-100x70.jpg&path=%2Fvar%2Fwww%2Fvhosts%2F3chukuk.com%2Fhttpdocs%2Fwp-content%2Fuploads%2F2021%2F05 HTTP/1.0" 200 13261 "-" "Mozilla/5.0 AppleWebKit/537.36 (KHTML, like Gecko; compatible; ClaudeBot/1.0; +claudebot@anthropic.com)"
20.171.207.22 - - [28/Oct/2025:05:15:45 +0300] "GET /sitemap.xml?fileloc=/var/www/vhosts/3chukuk.com/httpdocs/wp-content/uploads/2019/07/FB_IMG_1564214437851-218x150.jpg&path=/var/www/vhosts/3chukuk.com/httpdocs/wp-content/uploads/2019/07 HTTP/1.0" 200 13262 "-" "Mozilla/5.0 AppleWebKit/537.36 (KHTML, like Gecko; compatible; GPTBot/1.2; +https://openai.com/gptbot)"
216.73.216.40 - - [28/Oct/2025:05:15:47 +0300] "GET /page/20/?fileloc=%2Fvar%2Fwww%2Fvhosts%2F3chukuk.com%2Fhttpdocs%2Fwp-content%2Fuploads%2F2019%2F02%2FFB_IMG_1550534085731-218x150.jpg&path=%2Fvar%2Fwww%2Fvhosts%2F3chukuk.com%2Fhttpdocs%2Fwp-content%2Fuploads%2F2019%2F02 HTTP/1.0" 200 13262 "-" "Mozilla/5.0 AppleWebKit/537.36 (KHTML, like Gecko; compatible; ClaudeBot/1.0; +claudebot@anthropic.com)"
20.171.207.22 - - [28/Oct/2025:05:15:49 +0300] "GET /sitemap.xml?fileloc=/var/www/vhosts/3chukuk.com/httpdocs/wp-content/uploads/2019/07/FB_IMG_1562734652726-768x451.jpg&path=/var/www/vhosts/3chukuk.com/httpdocs/wp-content/uploads/2019/07 HTTP/1.0" 200 13262 "-" "Mozilla/5.0 AppleWebKit/537.36 (KHTML, like Gecko; compatible; GPTBot/1.2; +https://openai.com/gptbot)"
216.73.216.40 - - [28/Oct/2025:05:15:50 +0300] "GET /page/20/?fileloc=%2Fvar%2Fwww%2Fvhosts%2F3chukuk.com%2Fhttpdocs%2Fwp-content%2Fuploads%2F2018%2F12%2FFB_IMG_1545350227947-225x300.jpg&path=%2Fvar%2Fwww%2Fvhosts%2F3chukuk.com%2Fhttpdocs%2Fwp-content%2Fuploads%2F2018%2F12 HTTP/1.0" 200 13262 "-" "Mozilla/5.0 AppleWebKit/537.36 (KHTML, like Gecko; compatible; ClaudeBot/1.0; +claudebot@anthropic.com)"
20.171.207.22 - - [28/Oct/2025:05:15:52 +0300] "GET /sitemap.xml?fileloc=/var/www/vhosts/3chukuk.com/httpdocs/wp-content/uploads/2019/05/FB_IMG_1556843314941-218x150.jpg&path=/var/www/vhosts/3chukuk.com/httpdocs/wp-content/uploads/2019/05 HTTP/1.0" 200 13262 "-" "Mozilla/5.0 AppleWebKit/537.36 (KHTML, like Gecko; compatible; GPTBot/1.2; +https://openai.com/gptbot)"
216.73.216.40 - - [28/Oct/2025:05:15:53 +0300] "GET /blog/author/www3chukuk/page/420?fileloc=%2Fvar%2Fwww%2Fvhosts%2F3chukuk.com%2Fhttpdocs%2Fwp-content%2Fuploads%2F2018%2F06%2F%C3%B6kka%C5%9Fe-5.jpg&path=%2Fvar%2Fwww%2Fvhosts%2F3chukuk.com%2Fhttpdocs%2Fwp-content%2Fuploads%2F2018%2F06 HTTP/1.0" 200 13244 "-" "Mozilla/5.0 AppleWebKit/537.36 (KHTML, like Gecko; compatible; ClaudeBot/1.0; +claudebot@anthropic.com)"
20.171.207.22 - - [28/Oct/2025:05:15:55 +0300] "GET /sitemap.xml?fileloc=/var/www/vhosts/3chukuk.com/httpdocs/wp-content/uploads/2019/05/FB_IMG_1559107623061-324x400.jpg&path=/var/www/vhosts/3chukuk.com/httpdocs/wp-content/uploads/2019/05 HTTP/1.0" 200 13262 "-" "Mozilla/5.0 AppleWebKit/537.36 (KHTML, like Gecko; compatible; GPTBot/1.2; +https://openai.com/gptbot)"
216.73.216.40 - - [28/Oct/2025:05:15:56 +0300] "GET /page/236/?fileloc=%2Fvar%2Fwww%2Fvhosts%2F3chukuk.com%2Fhttpdocs%2Fwp-content%2Fuploads%2F2018%2F06%2Fabla-3-300x177.jpg&path=%2Fvar%2Fwww%2Fvhosts%2F3chukuk.com%2Fhttpdocs%2Fwp-content%2Fuploads%2F2018%2F06 HTTP/1.0" 200 13248 "-" "Mozilla/5.0 AppleWebKit/537.36 (KHTML, like Gecko; compatible; ClaudeBot/1.0; +claudebot@anthropic.com)"
5.255.231.59 - - [28/Oct/2025:05:15:57 +0300] "GET /blog/2018/12/17/anayasa-mahkemesi-baska-bir-yerde-gorevlendirme-de-aile-yasamina-saygi-olcutu-getirdi/ HTTP/1.0" 200 64809 "-" "Mozilla/5.0 (compatible; YandexBot/3.0; +http://yandex.com/bots)"
40.77.167.57 - - [28/Oct/2025:05:15:57 +0300] "GET /blog/2020/12/10/ab-uyeleri-arasinda-butce-birligi-saglandi/ HTTP/1.0" 200 84775 "-" "Mozilla/5.0 AppleWebKit/537.36 (KHTML, like Gecko; compatible; bingbot/2.0; +http://www.bing.com/bingbot.htm) Chrome/116.0.1938.76 Safari/537.36"
20.171.207.22 - - [28/Oct/2025:05:15:58 +0300] "GET /sitemap.xml?fileloc=/var/www/vhosts/3chukuk.com/httpdocs/wp-content/uploads/2019/05/FB_IMG_1559241005399-324x160.jpg&path=/var/www/vhosts/3chukuk.com/httpdocs/wp-content/uploads/2019/05 HTTP/1.0" 200 13262 "-" "Mozilla/5.0 AppleWebKit/537.36 (KHTML, like Gecko; compatible; GPTBot/1.2; +https://openai.com/gptbot)"
216.73.216.40 - - [28/Oct/2025:05:15:59 +0300] "GET /page/20/?fileloc=%2Fvar%2Fwww%2Fvhosts%2F3chukuk.com%2Fhttpdocs%2Fwp-content%2Fuploads%2F2023%2F07%2FFB_IMG_1651909273485-265x198.jpg&path=%2Fvar%2Fwww%2Fvhosts%2F3chukuk.com%2Fhttpdocs%2Fwp-content%2Fuploads%2F2023%2F07 HTTP/1.0" 200 13262 "-" "Mozilla/5.0 AppleWebKit/537.36 (KHTML, like Gecko; compatible; ClaudeBot/1.0; +claudebot@anthropic.com)"
20.171.207.22 - - [28/Oct/2025:05:16:01 +0300] "GET /sitemap.xml?fileloc=/var/www/vhosts/3chukuk.com/httpdocs/wp-content/uploads/2018/07/FB_IMG_1530900216201-960x580.jpg&path=/var/www/vhosts/3chukuk.com/httpdocs/wp-content/uploads/2018/07 HTTP/1.0" 200 13262 "-" "Mozilla/5.0 AppleWebKit/537.36 (KHTML, like Gecko; compatible; GPTBot/1.2; +https://openai.com/gptbot)"
216.73.216.40 - - [28/Oct/2025:05:16:02 +0300] "GET /page/20/?fileloc=%2Fvar%2Fwww%2Fvhosts%2F3chukuk.com%2Fhttpdocs%2Fwp-content%2Fuploads%2F2017%2F12%2Fa%C5%9Fk-741x486.jpg&path=%2Fvar%2Fwww%2Fvhosts%2F3chukuk.com%2Fhttpdocs%2Fwp-content%2Fuploads%2F2017%2F12 HTTP/1.0" 200 13246 "-" "Mozilla/5.0 AppleWebKit/537.36 (KHTML, like Gecko; compatible; ClaudeBot/1.0; +claudebot@anthropic.com)"
216.73.216.40 - - [28/Oct/2025:05:16:05 +0300] "GET /19?fileloc=%2Fvar%2Fwww%2Fvhosts%2F3chukuk.com%2Fhttpdocs%2Fwp-content%2Fuploads%2F2021%2F01%2FFB_IMG_1611554965864-533x261.jpg&path=%2Fvar%2Fwww%2Fvhosts%2F3chukuk.com%2Fhttpdocs%2Fwp-content%2Fuploads%2F2021%2F01 HTTP/1.0" 200 13262 "-" "Mozilla/5.0 AppleWebKit/537.36 (KHTML, like Gecko; compatible; ClaudeBot/1.0; +claudebot@anthropic.com)"
20.171.207.22 - - [28/Oct/2025:05:16:05 +0300] "GET /sitemap.xml?fileloc=/var/www/vhosts/3chukuk.com/httpdocs/wp-content/uploads/2019/07/FB_IMG_1563747336834-534x462.jpg&path=/var/www/vhosts/3chukuk.com/httpdocs/wp-content/uploads/2019/07 HTTP/1.0" 200 13262 "-" "Mozilla/5.0 AppleWebKit/537.36 (KHTML, like Gecko; compatible; GPTBot/1.2; +https://openai.com/gptbot)"
216.73.216.40 - - [28/Oct/2025:05:16:08 +0300] "GET /page/236/?fileloc=%2Fvar%2Fwww%2Fvhosts%2F3chukuk.com%2Fhttpdocs%2Fwp-content%2Fuploads%2F2018%2F12%2FFB_IMG_1546095514694-100x70.jpg&path=%2Fvar%2Fwww%2Fvhosts%2F3chukuk.com%2Fhttpdocs%2Fwp-content%2Fuploads%2F2018%2F12 HTTP/1.0" 200 13261 "-" "Mozilla/5.0 AppleWebKit/537.36 (KHTML, like Gecko; compatible; ClaudeBot/1.0; +claudebot@anthropic.com)"
20.171.207.22 - - [28/Oct/2025:05:16:08 +0300] "GET /sitemap.xml?fileloc=/var/www/vhosts/3chukuk.com/httpdocs/wp-content/uploads/2019/05/FB_IMG_1557775720681-218x150.jpg&path=/var/www/vhosts/3chukuk.com/httpdocs/wp-content/uploads/2019/05 HTTP/1.0" 200 13262 "-" "Mozilla/5.0 AppleWebKit/537.36 (KHTML, like Gecko; compatible; GPTBot/1.2; +https://openai.com/gptbot)"
216.73.216.40 - - [28/Oct/2025:05:16:11 +0300] "GET /page/20/?fileloc=%2Fvar%2Fwww%2Fvhosts%2F3chukuk.com%2Fhttpdocs%2Fwp-content%2Fuploads%2F2021%2F05%2FFB_IMG_1620174358397-356x220.jpg&path=%2Fvar%2Fwww%2Fvhosts%2F3chukuk.com%2Fhttpdocs%2Fwp-content%2Fuploads%2F2021%2F05 HTTP/1.0" 200 13262 "-" "Mozilla/5.0 AppleWebKit/537.36 (KHTML, like Gecko; compatible; ClaudeBot/1.0; +claudebot@anthropic.com)"
20.171.207.22 - - [28/Oct/2025:05:16:11 +0300] "GET /sitemap.xml?fileloc=/var/www/vhosts/3chukuk.com/httpdocs/wp-content/uploads/2019/05/FB_IMG_1559242391321-696x385.jpg&path=/var/www/vhosts/3chukuk.com/httpdocs/wp-content/uploads/2019/05 HTTP/1.0" 200 13262 "-" "Mozilla/5.0 AppleWebKit/537.36 (KHTML, like Gecko; compatible; GPTBot/1.2; +https://openai.com/gptbot)"
157.55.39.193 - - [28/Oct/2025:05:16:11 +0300] "GET /blog/2019/04/24/zorunlu-trafik-sigortasinda-yeni-donemhataliysam-prime-yazin/ HTTP/1.0" 200 848328 "-" "Mozilla/5.0 AppleWebKit/537.36 (KHTML, like Gecko; compatible; bingbot/2.0; +http://www.bing.com/bingbot.htm) Chrome/116.0.1938.76 Safari/537.36"
216.73.216.40 - - [28/Oct/2025:05:16:14 +0300] "GET /page/20/?fileloc=%2Fvar%2Fwww%2Fvhosts%2F3chukuk.com%2Fhttpdocs%2Fwp-content%2Fuploads%2F2018%2F12%2FFB_IMG_1545549600705-150x150.jpg&path=%2Fvar%2Fwww%2Fvhosts%2F3chukuk.com%2Fhttpdocs%2Fwp-content%2Fuploads%2F2018%2F12 HTTP/1.0" 200 13262 "-" "Mozilla/5.0 AppleWebKit/537.36 (KHTML, like Gecko; compatible; ClaudeBot/1.0; +claudebot@anthropic.com)"
20.171.207.22 - - [28/Oct/2025:05:16:14 +0300] "GET /sitemap.xml?fileloc=/var/www/vhosts/3chukuk.com/httpdocs/wp-content/uploads/2019/05/FB_IMG_1556762125222-696x463.jpg&path=/var/www/vhosts/3chukuk.com/httpdocs/wp-content/uploads/2019/05 HTTP/1.0" 200 13262 "-" "Mozilla/5.0 AppleWebKit/537.36 (KHTML, like Gecko; compatible; GPTBot/1.2; +https://openai.com/gptbot)"
52.167.144.169 - - [28/Oct/2025:05:16:15 +0300] "GET /?z=66625887448 HTTP/1.0" 200 344726 "-" "Mozilla/5.0 AppleWebKit/537.36 (KHTML, like Gecko; compatible; bingbot/2.0; +http://www.bing.com/bingbot.htm) Chrome/116.0.1938.76 Safari/537.36"
216.73.216.40 - - [28/Oct/2025:05:16:17 +0300] "GET /page/20/?fileloc=%2Fvar%2Fwww%2Fvhosts%2F3chukuk.com%2Fhttpdocs%2Fwp-content%2Fuploads%2F2023%2F09%2FFB_IMG_1695504170770-741x486.jpg&path=%2Fvar%2Fwww%2Fvhosts%2F3chukuk.com%2Fhttpdocs%2Fwp-content%2Fuploads%2F2023%2F09 HTTP/1.0" 200 13262 "-" "Mozilla/5.0 AppleWebKit/537.36 (KHTML, like Gecko; compatible; ClaudeBot/1.0; +claudebot@anthropic.com)"
20.171.207.22 - - [28/Oct/2025:05:16:17 +0300] "GET /sitemap.xml?fileloc=/var/www/vhosts/3chukuk.com/httpdocs/wp-content/uploads/2019/05/FB_IMG_1557805598248-218x150.jpg&path=/var/www/vhosts/3chukuk.com/httpdocs/wp-content/uploads/2019/05 HTTP/1.0" 200 13262 "-" "Mozilla/5.0 AppleWebKit/537.36 (KHTML, like Gecko; compatible; GPTBot/1.2; +https://openai.com/gptbot)"
216.73.216.40 - - [28/Oct/2025:05:16:20 +0300] "GET /page/20/?fileloc=%2Fvar%2Fwww%2Fvhosts%2F3chukuk.com%2Fhttpdocs%2Fwp-content%2Fuploads%2F2017%2F11%2Fflorenca-534x462.jpg&path=%2Fvar%2Fwww%2Fvhosts%2F3chukuk.com%2Fhttpdocs%2Fwp-content%2Fuploads%2F2017%2F11 HTTP/1.0" 200 13250 "-" "Mozilla/5.0 AppleWebKit/537.36 (KHTML, like Gecko; compatible; ClaudeBot/1.0; +claudebot@anthropic.com)"
20.171.207.22 - - [28/Oct/2025:05:16:20 +0300] "GET /sitemap.xml?fileloc=/var/www/vhosts/3chukuk.com/httpdocs/wp-content/uploads/2019/05/FB_IMG_1557599559321-324x358.jpg&path=/var/www/vhosts/3chukuk.com/httpdocs/wp-content/uploads/2019/05 HTTP/1.0" 200 13262 "-" "Mozilla/5.0 AppleWebKit/537.36 (KHTML, like Gecko; compatible; GPTBot/1.2; +https://openai.com/gptbot)"
216.73.216.40 - - [28/Oct/2025:05:16:23 +0300] "GET /page/20/?fileloc=%2Fvar%2Fwww%2Fvhosts%2F3chukuk.com%2Fhttpdocs%2Fwp-content%2Fuploads%2F2018%2F12%2FFB_IMG_1544497485759-265x198.jpg&path=%2Fvar%2Fwww%2Fvhosts%2F3chukuk.com%2Fhttpdocs%2Fwp-content%2Fuploads%2F2018%2F12 HTTP/1.0" 200 13262 "-" "Mozilla/5.0 AppleWebKit/537.36 (KHTML, like Gecko; compatible; ClaudeBot/1.0; +claudebot@anthropic.com)"
20.171.207.22 - - [28/Oct/2025:05:16:23 +0300] "GET /sitemap.xml?fileloc=/var/www/vhosts/3chukuk.com/httpdocs/wp-content/uploads/2018/07/FB_IMG_1531297185314-300x300.jpg&path=/var/www/vhosts/3chukuk.com/httpdocs/wp-content/uploads/2018/07 HTTP/1.0" 200 13262 "-" "Mozilla/5.0 AppleWebKit/537.36 (KHTML, like Gecko; compatible; GPTBot/1.2; +https://openai.com/gptbot)"
216.73.216.40 - - [28/Oct/2025:05:16:26 +0300] "GET /page/236/?fileloc=%2Fvar%2Fwww%2Fvhosts%2F3chukuk.com%2Fhttpdocs%2Fwp-content%2Fuploads%2F2017%2F07%2F3C-Hukuk-Dergisi-Yatay-265x190.png&path=%2Fvar%2Fwww%2Fvhosts%2F3chukuk.com%2Fhttpdocs%2Fwp-content%2Fuploads%2F2017%2F07 HTTP/1.0" 200 13264 "-" "Mozilla/5.0 AppleWebKit/537.36 (KHTML, like Gecko; compatible; ClaudeBot/1.0; +claudebot@anthropic.com)"
20.171.207.22 - - [28/Oct/2025:05:16:26 +0300] "GET /sitemap.xml?fileloc=/var/www/vhosts/3chukuk.com/httpdocs/wp-content/uploads/2019/05/FB_IMG_1557600082289-324x288.jpg&path=/var/www/vhosts/3chukuk.com/httpdocs/wp-content/uploads/2019/05 HTTP/1.0" 200 13262 "-" "Mozilla/5.0 AppleWebKit/537.36 (KHTML, like Gecko; compatible; GPTBot/1.2; +https://openai.com/gptbot)"
216.73.216.40 - - [28/Oct/2025:05:16:29 +0300] "GET /page/20/?fileloc=%2Fvar%2Fwww%2Fvhosts%2F3chukuk.com%2Fhttpdocs%2Fwp-content%2Fuploads%2F2019%2F04%2FFB_IMG_1556503788965-356x364.jpg&path=%2Fvar%2Fwww%2Fvhosts%2F3chukuk.com%2Fhttpdocs%2Fwp-content%2Fuploads%2F2019%2F04 HTTP/1.0" 200 13262 "-" "Mozilla/5.0 AppleWebKit/537.36 (KHTML, like Gecko; compatible; ClaudeBot/1.0; +claudebot@anthropic.com)"
20.171.207.22 - - [28/Oct/2025:05:16:30 +0300] "GET /sitemap.xml?fileloc=/var/www/vhosts/3chukuk.com/httpdocs/wp-content/uploads/2019/05/FB_IMG_1558031581769-150x150.jpg&path=/var/www/vhosts/3chukuk.com/httpdocs/wp-content/uploads/2019/05 HTTP/1.0" 200 13262 "-" "Mozilla/5.0 AppleWebKit/537.36 (KHTML, like Gecko; compatible; GPTBot/1.2; +https://openai.com/gptbot)"
157.55.39.193 - - [28/Oct/2025:05:16:29 +0300] "GET /?r=31419172581 HTTP/1.0" 200 597501 "-" "Mozilla/5.0 AppleWebKit/537.36 (KHTML, like Gecko; compatible; bingbot/2.0; +http://www.bing.com/bingbot.htm) Chrome/116.0.1938.76 Safari/537.36"
216.73.216.40 - - [28/Oct/2025:05:16:32 +0300] "GET /page/20/?fileloc=%2Fvar%2Fwww%2Fvhosts%2F3chukuk.com%2Fhttpdocs%2Fwp-content%2Fuploads%2F2021%2F01%2FFB_IMG_1610792256574.jpg&path=%2Fvar%2Fwww%2Fvhosts%2F3chukuk.com%2Fhttpdocs%2Fwp-content%2Fuploads%2F2021%2F01 HTTP/1.0" 200 13254 "-" "Mozilla/5.0 AppleWebKit/537.36 (KHTML, like Gecko; compatible; ClaudeBot/1.0; +claudebot@anthropic.com)"
20.171.207.22 - - [28/Oct/2025:05:16:33 +0300] "GET /sitemap.xml?fileloc=/var/www/vhosts/3chukuk.com/httpdocs/wp-content/uploads/2019/07/FB_IMG_1563182652339-324x399.jpg&path=/var/www/vhosts/3chukuk.com/httpdocs/wp-content/uploads/2019/07 HTTP/1.0" 200 13262 "-" "Mozilla/5.0 AppleWebKit/537.36 (KHTML, like Gecko; compatible; GPTBot/1.2; +https://openai.com/gptbot)"
216.73.216.40 - - [28/Oct/2025:05:16:35 +0300] "GET /page/236/?fileloc=%2Fvar%2Fwww%2Fvhosts%2F3chukuk.com%2Fhttpdocs%2Fwp-content%2Fuploads%2F2018%2F12%2FFB_IMG_1544591247804-100x70.jpg&path=%2Fvar%2Fwww%2Fvhosts%2F3chukuk.com%2Fhttpdocs%2Fwp-content%2Fuploads%2F2018%2F12 HTTP/1.0" 200 13261 "-" "Mozilla/5.0 AppleWebKit/537.36 (KHTML, like Gecko; compatible; ClaudeBot/1.0; +claudebot@anthropic.com)"
20.171.207.22 - - [28/Oct/2025:05:16:36 +0300] "GET /sitemap.xml?fileloc=/var/www/vhosts/3chukuk.com/httpdocs/wp-content/uploads/2018/07/FB_IMG_1531357187617-356x220.jpg&path=/var/www/vhosts/3chukuk.com/httpdocs/wp-content/uploads/2018/07 HTTP/1.0" 200 13262 "-" "Mozilla/5.0 AppleWebKit/537.36 (KHTML, like Gecko; compatible; GPTBot/1.2; +https://openai.com/gptbot)"
216.73.216.40 - - [28/Oct/2025:05:16:38 +0300] "GET /page/20/?fileloc=%2Fvar%2Fwww%2Fvhosts%2F3chukuk.com%2Fhttpdocs%2Fwp-content%2Fuploads%2F2019%2F02%2FFB_IMG_1550563315871-356x220.jpg&path=%2Fvar%2Fwww%2Fvhosts%2F3chukuk.com%2Fhttpdocs%2Fwp-content%2Fuploads%2F2019%2F02 HTTP/1.0" 200 13262 "-" "Mozilla/5.0 AppleWebKit/537.36 (KHTML, like Gecko; compatible; ClaudeBot/1.0; +claudebot@anthropic.com)"
20.171.207.22 - - [28/Oct/2025:05:16:39 +0300] "GET /sitemap.xml?fileloc=/var/www/vhosts/3chukuk.com/httpdocs/wp-content/uploads/2019/05/FB_IMG_1558305147760-960x580.jpg&path=/var/www/vhosts/3chukuk.com/httpdocs/wp-content/uploads/2019/05 HTTP/1.0" 200 13262 "-" "Mozilla/5.0 AppleWebKit/537.36 (KHTML, like Gecko; compatible; GPTBot/1.2; +https://openai.com/gptbot)"
216.73.216.40 - - [28/Oct/2025:05:16:41 +0300] "GET /page/20/?fileloc=%2Fvar%2Fwww%2Fvhosts%2F3chukuk.com%2Fhttpdocs%2Fwp-content%2Fuploads%2F2021%2F05%2FFB_IMG_1620347451794-324x400.jpg&path=%2Fvar%2Fwww%2Fvhosts%2F3chukuk.com%2Fhttpdocs%2Fwp-content%2Fuploads%2F2021%2F05 HTTP/1.0" 200 13262 "-" "Mozilla/5.0 AppleWebKit/537.36 (KHTML, like Gecko; compatible; ClaudeBot/1.0; +claudebot@anthropic.com)"
20.171.207.22 - - [28/Oct/2025:05:16:42 +0300] "GET /sitemap.xml?fileloc=/var/www/vhosts/3chukuk.com/httpdocs/wp-content/uploads/2019/07/FB_IMG_1562397903523-324x160.jpg&path=/var/www/vhosts/3chukuk.com/httpdocs/wp-content/uploads/2019/07 HTTP/1.0" 200 16441 "-" "Mozilla/5.0 AppleWebKit/537.36 (KHTML, like Gecko; compatible; GPTBot/1.2; +https://openai.com/gptbot)"
216.73.216.40 - - [28/Oct/2025:05:16:44 +0300] "GET /page/236/?fileloc=%2Fvar%2Fwww%2Fvhosts%2F3chukuk.com%2Fhttpdocs%2Fwp-content%2Fuploads%2F2018%2F12%2FFB_IMG_1544502251641-356x220.jpg&path=%2Fvar%2Fwww%2Fvhosts%2F3chukuk.com%2Fhttpdocs%2Fwp-content%2Fuploads%2F2018%2F12 HTTP/1.0" 200 13262 "-" "Mozilla/5.0 AppleWebKit/537.36 (KHTML, like Gecko; compatible; ClaudeBot/1.0; +claudebot@anthropic.com)"
20.171.207.22 - - [28/Oct/2025:05:16:45 +0300] "GET /sitemap.xml?fileloc=/var/www/vhosts/3chukuk.com/httpdocs/wp-content/uploads/2019/05/FB_IMG_1558573595186-300x148.jpg&path=/var/www/vhosts/3chukuk.com/httpdocs/wp-content/uploads/2019/05 HTTP/1.0" 200 13262 "-" "Mozilla/5.0 AppleWebKit/537.36 (KHTML, like Gecko; compatible; GPTBot/1.2; +https://openai.com/gptbot)"
216.73.216.40 - - [28/Oct/2025:05:16:47 +0300] "GET /page/236/?fileloc=%2Fvar%2Fwww%2Fvhosts%2F3chukuk.com%2Fhttpdocs%2Fwp-content%2Fuploads%2F2018%2F12%2FFB_IMG_1545349887915-768x432.jpg&path=%2Fvar%2Fwww%2Fvhosts%2F3chukuk.com%2Fhttpdocs%2Fwp-content%2Fuploads%2F2018%2F12 HTTP/1.0" 200 13262 "-" "Mozilla/5.0 AppleWebKit/537.36 (KHTML, like Gecko; compatible; ClaudeBot/1.0; +claudebot@anthropic.com)"
20.171.207.22 - - [28/Oct/2025:05:16:48 +0300] "GET /sitemap.xml?fileloc=/var/www/vhosts/3chukuk.com/httpdocs/wp-content/uploads/2019/07/FB_IMG_1563771533566-218x150.jpg&path=/var/www/vhosts/3chukuk.com/httpdocs/wp-content/uploads/2019/07 HTTP/1.0" 200 13262 "-" "Mozilla/5.0 AppleWebKit/537.36 (KHTML, like Gecko; compatible; GPTBot/1.2; +https://openai.com/gptbot)"
20.171.207.22 - - [28/Oct/2025:05:16:51 +0300] "GET /sitemap.xml?fileloc=/var/www/vhosts/3chukuk.com/httpdocs/wp-content/uploads/2019/10/FB_IMG_1570318727424-696x385.jpg&path=/var/www/vhosts/3chukuk.com/httpdocs/wp-content/uploads/2019/10 HTTP/1.0" 200 13262 "-" "Mozilla/5.0 AppleWebKit/537.36 (KHTML, like Gecko; compatible; GPTBot/1.2; +https://openai.com/gptbot)"
20.171.207.22 - - [28/Oct/2025:05:16:55 +0300] "GET /sitemap.xml?fileloc=/var/www/vhosts/3chukuk.com/httpdocs/wp-content/uploads/2019/05/FB_IMG_1558570125410-265x198.jpg&path=/var/www/vhosts/3chukuk.com/httpdocs/wp-content/uploads/2019/05 HTTP/1.0" 200 13262 "-" "Mozilla/5.0 AppleWebKit/537.36 (KHTML, like Gecko; compatible; GPTBot/1.2; +https://openai.com/gptbot)"
20.171.207.22 - - [28/Oct/2025:05:16:58 +0300] "GET /sitemap.xml?fileloc=/var/www/vhosts/3chukuk.com/httpdocs/wp-content/uploads/2019/07/FB_IMG_1562488260848-218x150.jpg&path=/var/www/vhosts/3chukuk.com/httpdocs/wp-content/uploads/2019/07 HTTP/1.0" 200 13262 "-" "Mozilla/5.0 AppleWebKit/537.36 (KHTML, like Gecko; compatible; GPTBot/1.2; +https://openai.com/gptbot)"
101.44.161.43 - - [28/Oct/2025:05:16:58 +0300] "GET /blog/category/yazarlar/salihaltun/page/4/?fileloc=/var/www/vhosts/3chukuk.com/httpdocs/wp-blog-header.php&path=/var/www/vhosts/3chukuk.com/httpdocs HTTP/1.0" 200 13239 "https://www.3chukuk.com/blog/category/yazarlar/salihaltun/page/4/?fileloc=/var/www/vhosts/3chukuk.com/httpdocs/wp-blog-header.php&path=/var/www/vhosts/3chukuk.com/httpdocs" "Mozilla/5.0 (Macintosh; Intel Mac OS X 10_15_7) AppleWebKit/537.36 (KHTML, like Gecko) Chrome/131.0.0.0 Safari/537.36"
20.171.207.22 - - [28/Oct/2025:05:17:01 +0300] "GET /sitemap.xml?fileloc=/var/www/vhosts/3chukuk.com/httpdocs/wp-content/uploads/2019/07/FB_IMG_1562397903523-696x378.jpg&path=/var/www/vhosts/3chukuk.com/httpdocs/wp-content/uploads/2019/07 HTTP/1.0" 200 13262 "-" "Mozilla/5.0 AppleWebKit/537.36 (KHTML, like Gecko; compatible; GPTBot/1.2; +https://openai.com/gptbot)"
20.171.207.22 - - [28/Oct/2025:05:17:04 +0300] "GET /sitemap.xml?fileloc=/var/www/vhosts/3chukuk.com/httpdocs/wp-content/uploads/2019/07/FB_IMG_1564374983498-533x261.jpg&path=/var/www/vhosts/3chukuk.com/httpdocs/wp-content/uploads/2019/07 HTTP/1.0" 200 13262 "-" "Mozilla/5.0 AppleWebKit/537.36 (KHTML, like Gecko; compatible; GPTBot/1.2; +https://openai.com/gptbot)"
40.77.167.57 - - [28/Oct/2025:05:17:07 +0300] "GET /?c=11967982269 HTTP/1.0" 200 278457 "-" "Mozilla/5.0 AppleWebKit/537.36 (KHTML, like Gecko; compatible; bingbot/2.0; +http://www.bing.com/bingbot.htm) Chrome/116.0.1938.76 Safari/537.36"
20.171.207.22 - - [28/Oct/2025:05:17:07 +0300] "GET /sitemap.xml?fileloc=/var/www/vhosts/3chukuk.com/httpdocs/wp-content/uploads/2019/07/FB_IMG_1564375225553-356x220.jpg&path=/var/www/vhosts/3chukuk.com/httpdocs/wp-content/uploads/2019/07 HTTP/1.0" 200 13262 "-" "Mozilla/5.0 AppleWebKit/537.36 (KHTML, like Gecko; compatible; GPTBot/1.2; +https://openai.com/gptbot)"
20.171.207.22 - - [28/Oct/2025:05:17:11 +0300] "GET /sitemap.xml?fileloc=/var/www/vhosts/3chukuk.com/httpdocs/wp-content/uploads/2019/05/FB_IMG_1556858152511-696x385.jpg&path=/var/www/vhosts/3chukuk.com/httpdocs/wp-content/uploads/2019/05 HTTP/1.0" 200 13262 "-" "Mozilla/5.0 AppleWebKit/537.36 (KHTML, like Gecko; compatible; GPTBot/1.2; +https://openai.com/gptbot)"
52.167.144.169 - - [28/Oct/2025:05:17:12 +0300] "GET /?r=12477804926 HTTP/1.0" 200 601025 "-" "Mozilla/5.0 AppleWebKit/537.36 (KHTML, like Gecko; compatible; bingbot/2.0; +http://www.bing.com/bingbot.htm) Chrome/116.0.1938.76 Safari/537.36"
20.171.207.22 - - [28/Oct/2025:05:17:14 +0300] "GET /sitemap.xml?fileloc=/var/www/vhosts/3chukuk.com/httpdocs/wp-content/uploads/2019/07/FB_IMG_1563510854370-150x150.jpg&path=/var/www/vhosts/3chukuk.com/httpdocs/wp-content/uploads/2019/07 HTTP/1.0" 200 13262 "-" "Mozilla/5.0 AppleWebKit/537.36 (KHTML, like Gecko; compatible; GPTBot/1.2; +https://openai.com/gptbot)"
20.171.207.22 - - [28/Oct/2025:05:17:17 +0300] "GET /sitemap.xml?fileloc=/var/www/vhosts/3chukuk.com/httpdocs/wp-content/uploads/2019/07/FB_IMG_1563856791481-747x420.jpg&path=/var/www/vhosts/3chukuk.com/httpdocs/wp-content/uploads/2019/07 HTTP/1.0" 200 13262 "-" "Mozilla/5.0 AppleWebKit/537.36 (KHTML, like Gecko; compatible; GPTBot/1.2; +https://openai.com/gptbot)"
20.171.207.22 - - [28/Oct/2025:05:17:20 +0300] "GET /sitemap.xml?fileloc=/var/www/vhosts/3chukuk.com/httpdocs/wp-content/uploads/2019/05/FB_IMG_1557979831405-356x220.jpg&path=/var/www/vhosts/3chukuk.com/httpdocs/wp-content/uploads/2019/05 HTTP/1.0" 200 13262 "-" "Mozilla/5.0 AppleWebKit/537.36 (KHTML, like Gecko; compatible; GPTBot/1.2; +https://openai.com/gptbot)"
52.167.144.169 - - [28/Oct/2025:05:17:21 +0300] "GET /?r=99949946399 HTTP/1.0" 200 600369 "-" "Mozilla/5.0 AppleWebKit/537.36 (KHTML, like Gecko; compatible; bingbot/2.0; +http://www.bing.com/bingbot.htm) Chrome/116.0.1938.76 Safari/537.36"
20.171.207.22 - - [28/Oct/2025:05:17:23 +0300] "GET /sitemap.xml?fileloc=/var/www/vhosts/3chukuk.com/httpdocs/wp-content/uploads/2019/05/FB_IMG_1557045209399-324x160.jpg&path=/var/www/vhosts/3chukuk.com/httpdocs/wp-content/uploads/2019/05 HTTP/1.0" 200 13262 "-" "Mozilla/5.0 AppleWebKit/537.36 (KHTML, like Gecko; compatible; GPTBot/1.2; +https://openai.com/gptbot)"
20.171.207.22 - - [28/Oct/2025:05:17:26 +0300] "GET /sitemap.xml?fileloc=/var/www/vhosts/3chukuk.com/httpdocs/wp-content/uploads/2019/05/FB_IMG_1558226598124-356x220.jpg&path=/var/www/vhosts/3chukuk.com/httpdocs/wp-content/uploads/2019/05 HTTP/1.0" 200 13262 "-" "Mozilla/5.0 AppleWebKit/537.36 (KHTML, like Gecko; compatible; GPTBot/1.2; +https://openai.com/gptbot)"
20.171.207.22 - - [28/Oct/2025:05:17:29 +0300] "GET /sitemap.xml?fileloc=/var/www/vhosts/3chukuk.com/httpdocs/wp-content/uploads/2019/05/FB_IMG_1557045209399-300x225.jpg&path=/var/www/vhosts/3chukuk.com/httpdocs/wp-content/uploads/2019/05 HTTP/1.0" 200 13262 "-" "Mozilla/5.0 AppleWebKit/537.36 (KHTML, like Gecko; compatible; GPTBot/1.2; +https://openai.com/gptbot)"
20.171.207.22 - - [28/Oct/2025:05:17:33 +0300] "GET /sitemap.xml?fileloc=/var/www/vhosts/3chukuk.com/httpdocs/wp-content/uploads/2019/07/FB_IMG_1564102065940-218x150.jpg&path=/var/www/vhosts/3chukuk.com/httpdocs/wp-content/uploads/2019/07 HTTP/1.0" 200 13262 "-" "Mozilla/5.0 AppleWebKit/537.36 (KHTML, like Gecko; compatible; GPTBot/1.2; +https://openai.com/gptbot)"
20.171.207.22 - - [28/Oct/2025:05:17:36 +0300] "GET /sitemap.xml?fileloc=/var/www/vhosts/3chukuk.com/httpdocs/wp-content/uploads/2018/07/FB_IMG_1531933433864-324x160.jpg&path=/var/www/vhosts/3chukuk.com/httpdocs/wp-content/uploads/2018/07 HTTP/1.0" 200 13262 "-" "Mozilla/5.0 AppleWebKit/537.36 (KHTML, like Gecko; compatible; GPTBot/1.2; +https://openai.com/gptbot)"
20.171.207.22 - - [28/Oct/2025:05:17:39 +0300] "GET /sitemap.xml?fileloc=/var/www/vhosts/3chukuk.com/httpdocs/wp-content/uploads/2019/05/FB_IMG_1558243416898-324x400.jpg&path=/var/www/vhosts/3chukuk.com/httpdocs/wp-content/uploads/2019/05 HTTP/1.0" 200 13262 "-" "Mozilla/5.0 AppleWebKit/537.36 (KHTML, like Gecko; compatible; GPTBot/1.2; +https://openai.com/gptbot)"
20.171.207.22 - - [28/Oct/2025:05:17:42 +0300] "GET /sitemap.xml?fileloc=/var/www/vhosts/3chukuk.com/httpdocs/wp-content/uploads/2019/07/FB_IMG_1562871722271-300x168.jpg&path=/var/www/vhosts/3chukuk.com/httpdocs/wp-content/uploads/2019/07 HTTP/1.0" 200 13262 "-" "Mozilla/5.0 AppleWebKit/537.36 (KHTML, like Gecko; compatible; GPTBot/1.2; +https://openai.com/gptbot)"
20.171.207.22 - - [28/Oct/2025:05:17:45 +0300] "GET /sitemap.xml?fileloc=/var/www/vhosts/3chukuk.com/httpdocs/wp-content/uploads/2019/07/FB_IMG_1562043915809-534x462.jpg&path=/var/www/vhosts/3chukuk.com/httpdocs/wp-content/uploads/2019/07 HTTP/1.0" 200 13262 "-" "Mozilla/5.0 AppleWebKit/537.36 (KHTML, like Gecko; compatible; GPTBot/1.2; +https://openai.com/gptbot)"
20.171.207.22 - - [28/Oct/2025:05:17:49 +0300] "GET /sitemap.xml?fileloc=/var/www/vhosts/3chukuk.com/httpdocs/wp-content/uploads/2019/05/FB_IMG_1551412034926-696x385.jpg&path=/var/www/vhosts/3chukuk.com/httpdocs/wp-content/uploads/2019/05 HTTP/1.0" 200 13262 "-" "Mozilla/5.0 AppleWebKit/537.36 (KHTML, like Gecko; compatible; GPTBot/1.2; +https://openai.com/gptbot)"
216.73.216.40 - - [28/Oct/2025:05:17:52 +0300] "GET /page/20/?fileloc=%2Fvar%2Fwww%2Fvhosts%2F3chukuk.com%2Fhttpdocs%2Fwp-content%2Fuploads%2F2018%2F12%2FFB_IMG_1545520086985-150x150.jpg&path=%2Fvar%2Fwww%2Fvhosts%2F3chukuk.com%2Fhttpdocs%2Fwp-content%2Fuploads%2F2018%2F12 HTTP/1.0" 200 13262 "-" "Mozilla/5.0 AppleWebKit/537.36 (KHTML, like Gecko; compatible; ClaudeBot/1.0; +claudebot@anthropic.com)"
20.171.207.22 - - [28/Oct/2025:05:17:52 +0300] "GET /sitemap.xml?fileloc=/var/www/vhosts/3chukuk.com/httpdocs/wp-content/uploads/2019/05/FB_IMG_1559344080047-265x198.jpg&path=/var/www/vhosts/3chukuk.com/httpdocs/wp-content/uploads/2019/05 HTTP/1.0" 200 13262 "-" "Mozilla/5.0 AppleWebKit/537.36 (KHTML, like Gecko; compatible; GPTBot/1.2; +https://openai.com/gptbot)"
216.73.216.40 - - [28/Oct/2025:05:17:54 +0300] "GET /page/20/?fileloc=%2Fvar%2Fwww%2Fvhosts%2F3chukuk.com%2Fhttpdocs%2Fwp-content%2Fuploads%2F2017%2F12%2Faaa-424x360.jpg&path=%2Fvar%2Fwww%2Fvhosts%2F3chukuk.com%2Fhttpdocs%2Fwp-content%2Fuploads%2F2017%2F12 HTTP/1.0" 200 13245 "-" "Mozilla/5.0 AppleWebKit/537.36 (KHTML, like Gecko; compatible; ClaudeBot/1.0; +claudebot@anthropic.com)"
20.171.207.22 - - [28/Oct/2025:05:17:55 +0300] "GET /sitemap.xml?fileloc=/var/www/vhosts/3chukuk.com/httpdocs/wp-content/uploads/2018/07/FB_IMG_1530900232009-265x198.jpg&path=/var/www/vhosts/3chukuk.com/httpdocs/wp-content/uploads/2018/07 HTTP/1.0" 200 13262 "-" "Mozilla/5.0 AppleWebKit/537.36 (KHTML, like Gecko; compatible; GPTBot/1.2; +https://openai.com/gptbot)"
40.77.167.57 - - [28/Oct/2025:05:17:56 +0300] "GET /?r=mochila-33cm-stitch-you-are-magical-e-FPztwe4xF HTTP/1.0" 200 600333 "-" "Mozilla/5.0 AppleWebKit/537.36 (KHTML, like Gecko; compatible; bingbot/2.0; +http://www.bing.com/bingbot.htm) Chrome/116.0.1938.76 Safari/537.36"
216.73.216.40 - - [28/Oct/2025:05:17:57 +0300] "GET /page/20/?fileloc=%2Fvar%2Fwww%2Fvhosts%2F3chukuk.com%2Fhttpdocs%2Fwp-content%2Fuploads%2F2018%2F12%2FFB_IMG_1543734403924-265x198.jpg&path=%2Fvar%2Fwww%2Fvhosts%2F3chukuk.com%2Fhttpdocs%2Fwp-content%2Fuploads%2F2018%2F12 HTTP/1.0" 200 13262 "-" "Mozilla/5.0 AppleWebKit/537.36 (KHTML, like Gecko; compatible; ClaudeBot/1.0; +claudebot@anthropic.com)"
20.171.207.22 - - [28/Oct/2025:05:17:58 +0300] "GET /sitemap.xml?fileloc=/var/www/vhosts/3chukuk.com/httpdocs/wp-content/uploads/2019/05/FB_IMG_1559104322087-150x150.jpg&path=/var/www/vhosts/3chukuk.com/httpdocs/wp-content/uploads/2019/05 HTTP/1.0" 200 13262 "-" "Mozilla/5.0 AppleWebKit/537.36 (KHTML, like Gecko; compatible; GPTBot/1.2; +https://openai.com/gptbot)"
216.73.216.40 - - [28/Oct/2025:05:18:00 +0300] "GET /page/20/?fileloc=%2Fvar%2Fwww%2Fvhosts%2F3chukuk.com%2Fhttpdocs%2Fwp-content%2Fuploads%2F2018%2F12%2FFB_IMG_1545268005290-696x928.jpg&path=%2Fvar%2Fwww%2Fvhosts%2F3chukuk.com%2Fhttpdocs%2Fwp-content%2Fuploads%2F2018%2F12 HTTP/1.0" 200 13262 "-" "Mozilla/5.0 AppleWebKit/537.36 (KHTML, like Gecko; compatible; ClaudeBot/1.0; +claudebot@anthropic.com)"
20.171.207.22 - - [28/Oct/2025:05:18:01 +0300] "GET /sitemap.xml?fileloc=/var/www/vhosts/3chukuk.com/httpdocs/wp-content/uploads/2019/07/FB_IMG_1563407781518-324x400.jpg&path=/var/www/vhosts/3chukuk.com/httpdocs/wp-content/uploads/2019/07 HTTP/1.0" 200 13262 "-" "Mozilla/5.0 AppleWebKit/537.36 (KHTML, like Gecko; compatible; GPTBot/1.2; +https://openai.com/gptbot)"
216.73.216.40 - - [28/Oct/2025:05:18:03 +0300] "GET /page/236/?fileloc=%2Fvar%2Fwww%2Fvhosts%2F3chukuk.com%2Fhttpdocs%2Fwp-content%2Fuploads%2F2018%2F01%2Fabi%C5%9F2-218x150.jpg&path=%2Fvar%2Fwww%2Fvhosts%2F3chukuk.com%2Fhttpdocs%2Fwp-content%2Fuploads%2F2018%2F01 HTTP/1.0" 200 13248 "-" "Mozilla/5.0 AppleWebKit/537.36 (KHTML, like Gecko; compatible; ClaudeBot/1.0; +claudebot@anthropic.com)"
20.171.207.22 - - [28/Oct/2025:05:18:04 +0300] "GET /sitemap.xml?fileloc=/var/www/vhosts/3chukuk.com/httpdocs/wp-content/uploads/2019/05/FB_IMG_1557013700636-1068x712.jpg&path=/var/www/vhosts/3chukuk.com/httpdocs/wp-content/uploads/2019/05 HTTP/1.0" 200 13263 "-" "Mozilla/5.0 AppleWebKit/537.36 (KHTML, like Gecko; compatible; GPTBot/1.2; +https://openai.com/gptbot)"
216.73.216.40 - - [28/Oct/2025:05:18:06 +0300] "GET /19?fileloc=%2Fvar%2Fwww%2Fvhosts%2F3chukuk.com%2Fhttpdocs%2Fwp-content%2Fuploads%2F2021%2F05%2FFB_IMG_1621414870829-356x364.jpg&path=%2Fvar%2Fwww%2Fvhosts%2F3chukuk.com%2Fhttpdocs%2Fwp-content%2Fuploads%2F2021%2F05 HTTP/1.0" 200 13262 "-" "Mozilla/5.0 AppleWebKit/537.36 (KHTML, like Gecko; compatible; ClaudeBot/1.0; +claudebot@anthropic.com)"
20.171.207.22 - - [28/Oct/2025:05:18:07 +0300] "GET /sitemap.xml?fileloc=/var/www/vhosts/3chukuk.com/httpdocs/wp-content/uploads/2019/07/FB_IMG_1563086541554-485x360.jpg&path=/var/www/vhosts/3chukuk.com/httpdocs/wp-content/uploads/2019/07 HTTP/1.0" 200 13262 "-" "Mozilla/5.0 AppleWebKit/537.36 (KHTML, like Gecko; compatible; GPTBot/1.2; +https://openai.com/gptbot)"
216.73.216.40 - - [28/Oct/2025:05:18:09 +0300] "GET /blog/author/www3chukuk/page/420?fileloc=%2Fvar%2Fwww%2Fvhosts%2F3chukuk.com%2Fhttpdocs%2Fwp-content%2Fuploads%2F2023%2F08%2F1666611953012-356x364.jpg&path=%2Fvar%2Fwww%2Fvhosts%2F3chukuk.com%2Fhttpdocs%2Fwp-content%2Fuploads%2F2023%2F08 HTTP/1.0" 200 13255 "-" "Mozilla/5.0 AppleWebKit/537.36 (KHTML, like Gecko; compatible; ClaudeBot/1.0; +claudebot@anthropic.com)"
20.171.207.22 - - [28/Oct/2025:05:18:10 +0300] "GET /sitemap.xml?fileloc=/var/www/vhosts/3chukuk.com/httpdocs/wp-content/uploads/2019/05/FB_IMG_1558398985691-324x160.jpg&path=/var/www/vhosts/3chukuk.com/httpdocs/wp-content/uploads/2019/05 HTTP/1.0" 200 13262 "-" "Mozilla/5.0 AppleWebKit/537.36 (KHTML, like Gecko; compatible; GPTBot/1.2; +https://openai.com/gptbot)"
216.73.216.40 - - [28/Oct/2025:05:18:12 +0300] "GET /19?fileloc=%2Fvar%2Fwww%2Fvhosts%2F3chukuk.com%2Fhttpdocs%2Fwp-content%2Fuploads%2F2021%2F01%2FFB_IMG_1610423846599-356x364.jpg&path=%2Fvar%2Fwww%2Fvhosts%2F3chukuk.com%2Fhttpdocs%2Fwp-content%2Fuploads%2F2021%2F01 HTTP/1.0" 200 13262 "-" "Mozilla/5.0 AppleWebKit/537.36 (KHTML, like Gecko; compatible; ClaudeBot/1.0; +claudebot@anthropic.com)"
20.171.207.22 - - [28/Oct/2025:05:18:14 +0300] "GET /sitemap.xml?fileloc=/var/www/vhosts/3chukuk.com/httpdocs/wp-content/uploads/2018/07/FB_IMG_1531581664703-212x300.jpg&path=/var/www/vhosts/3chukuk.com/httpdocs/wp-content/uploads/2018/07 HTTP/1.0" 200 13262 "-" "Mozilla/5.0 AppleWebKit/537.36 (KHTML, like Gecko; compatible; GPTBot/1.2; +https://openai.com/gptbot)"
216.73.216.40 - - [28/Oct/2025:05:18:15 +0300] "GET /page/236/?fileloc=%2Fvar%2Fwww%2Fvhosts%2F3chukuk.com%2Fhttpdocs%2Fwp-content%2Fuploads%2F2018%2F01%2Fa-gen-1-150x150.jpg&path=%2Fvar%2Fwww%2Fvhosts%2F3chukuk.com%2Fhttpdocs%2Fwp-content%2Fuploads%2F2018%2F01 HTTP/1.0" 200 13249 "-" "Mozilla/5.0 AppleWebKit/537.36 (KHTML, like Gecko; compatible; ClaudeBot/1.0; +claudebot@anthropic.com)"
20.171.207.22 - - [28/Oct/2025:05:18:17 +0300] "GET /sitemap.xml?fileloc=/var/www/vhosts/3chukuk.com/httpdocs/wp-content/uploads/2019/05/FB_IMG_1558187295148-768x432.jpg&path=/var/www/vhosts/3chukuk.com/httpdocs/wp-content/uploads/2019/05 HTTP/1.0" 200 13262 "-" "Mozilla/5.0 AppleWebKit/537.36 (KHTML, like Gecko; compatible; GPTBot/1.2; +https://openai.com/gptbot)"
216.73.216.40 - - [28/Oct/2025:05:18:18 +0300] "GET /page/20/?fileloc=%2Fvar%2Fwww%2Fvhosts%2F3chukuk.com%2Fhttpdocs%2Fwp-content%2Fuploads%2F2018%2F11%2FFB_IMG_1545589822306-265x198.jpg&path=%2Fvar%2Fwww%2Fvhosts%2F3chukuk.com%2Fhttpdocs%2Fwp-content%2Fuploads%2F2018%2F11 HTTP/1.0" 200 13262 "-" "Mozilla/5.0 AppleWebKit/537.36 (KHTML, like Gecko; compatible; ClaudeBot/1.0; +claudebot@anthropic.com)"
20.171.207.22 - - [28/Oct/2025:05:18:20 +0300] "GET /sitemap.xml?fileloc=/var/www/vhosts/3chukuk.com/httpdocs/wp-content/uploads/2018/07/FB_IMG_1531840400068-960x580.jpg&path=/var/www/vhosts/3chukuk.com/httpdocs/wp-content/uploads/2018/07 HTTP/1.0" 200 13262 "-" "Mozilla/5.0 AppleWebKit/537.36 (KHTML, like Gecko; compatible; GPTBot/1.2; +https://openai.com/gptbot)"
157.55.39.193 - - [28/Oct/2025:05:18:20 +0300] "GET /?x=21945890439 HTTP/1.0" 200 190600 "-" "Mozilla/5.0 AppleWebKit/537.36 (KHTML, like Gecko; compatible; bingbot/2.0; +http://www.bing.com/bingbot.htm) Chrome/116.0.1938.76 Safari/537.36"
216.73.216.40 - - [28/Oct/2025:05:18:21 +0300] "GET /page/20/?fileloc=%2Fvar%2Fwww%2Fvhosts%2F3chukuk.com%2Fhttpdocs%2Fwp-content%2Fuploads%2F2019%2F04%2FFB_IMG_1555356453231-300x200.jpg&path=%2Fvar%2Fwww%2Fvhosts%2F3chukuk.com%2Fhttpdocs%2Fwp-content%2Fuploads%2F2019%2F04 HTTP/1.0" 200 13262 "-" "Mozilla/5.0 AppleWebKit/537.36 (KHTML, like Gecko; compatible; ClaudeBot/1.0; +claudebot@anthropic.com)"
