54.157.84.74 - - [26/Oct/2025:06:29:59 +0300] "GET /blog/category/hukuk/page/14/?fileloc=/var/www/vhosts/3chukuk.com/httpdocs/wp-mail.php&path=/var/www/vhosts/3chukuk.com/httpdocs HTTP/1.0" 200 21919 "-" "Mozilla/5.0 AppleWebKit/537.36 (KHTML, like Gecko; compatible; Amazonbot/0.1; +https://developer.amazon.com/support/amazonbot) Chrome/119.0.6045.214 Safari/537.36"
20.171.207.22 - - [26/Oct/2025:06:30:00 +0300] "GET /?fileloc=/var/www/vhosts/3chukuk.com/httpdocs/wp-content/uploads/2019/04/IMG_20190408_090439.jpg&path=/var/www/vhosts/3chukuk.com/httpdocs/wp-content/uploads/2019/04 HTTP/1.0" 200 13253 "-" "Mozilla/5.0 AppleWebKit/537.36 (KHTML, like Gecko; compatible; GPTBot/1.2; +https://openai.com/gptbot)"
20.171.207.22 - - [26/Oct/2025:06:30:03 +0300] "GET /?fileloc=/var/www/vhosts/3chukuk.com/httpdocs/wp-content/uploads/2019/07/IMG_20190714_092902.jpg&path=/var/www/vhosts/3chukuk.com/httpdocs/wp-content/uploads/2019/07 HTTP/1.0" 200 13253 "-" "Mozilla/5.0 AppleWebKit/537.36 (KHTML, like Gecko; compatible; GPTBot/1.2; +https://openai.com/gptbot)"
34.225.138.57 - - [26/Oct/2025:06:30:04 +0300] "GET /blog/category/yazarlar/page/50/?fileloc=/var/www/vhosts/3chukuk.com/httpdocs/.htaccess&path=/var/www/vhosts/3chukuk.com/httpdocs HTTP/1.0" 200 13753 "-" "Mozilla/5.0 AppleWebKit/537.36 (KHTML, like Gecko; compatible; Amazonbot/0.1; +https://developer.amazon.com/support/amazonbot) Chrome/119.0.6045.214 Safari/537.36"
52.54.249.218 - - [26/Oct/2025:06:30:05 +0300] "GET /blog/category/hukukdunyasi/page/12/?fileloc=/var/www/vhosts/3chukuk.com/httpdocs/wp-links-opml.php&path=/var/www/vhosts/3chukuk.com/httpdocs HTTP/1.0" 200 15687 "-" "Mozilla/5.0 AppleWebKit/537.36 (KHTML, like Gecko; compatible; Amazonbot/0.1; +https://developer.amazon.com/support/amazonbot) Chrome/119.0.6045.214 Safari/537.36"
57.141.0.25 - - [26/Oct/2025:06:30:07 +0300] "GET /wp-json/oembed/1.0/embed?url=https%3A%2F%2Fwww.3chukuk.com%2Fblog%2F2017%2F11%2F26%2Fmuhendis-ve-avukat%2F HTTP/1.0" 200 57170 "-" "meta-externalagent/1.1 (+https://developers.facebook.com/docs/sharing/webmasters/crawler)"
20.171.207.22 - - [26/Oct/2025:06:30:07 +0300] "GET /?fileloc=/var/www/vhosts/3chukuk.com/httpdocs/wp-content/uploads/2019/04/IMG_20190420_081914.jpg&path=/var/www/vhosts/3chukuk.com/httpdocs/wp-content/uploads/2019/04 HTTP/1.0" 200 13253 "-" "Mozilla/5.0 AppleWebKit/537.36 (KHTML, like Gecko; compatible; GPTBot/1.2; +https://openai.com/gptbot)"
20.171.207.22 - - [26/Oct/2025:06:30:10 +0300] "GET /?fileloc=/var/www/vhosts/3chukuk.com/httpdocs/wp-content/uploads/2019/07/IMG_20190701_100846.jpg&path=/var/www/vhosts/3chukuk.com/httpdocs/wp-content/uploads/2019/07 HTTP/1.0" 200 13253 "-" "Mozilla/5.0 AppleWebKit/537.36 (KHTML, like Gecko; compatible; GPTBot/1.2; +https://openai.com/gptbot)"
159.253.45.41 - - [26/Oct/2025:06:30:11 +0300] "GET / HTTP/1.0" 200 57170 "http://3chukuk.com" "Go-http-client/2.0"
18.206.47.187 - - [26/Oct/2025:06:30:11 +0300] "GET /blog/category/haberler/page/306/?fileloc=/var/www/vhosts/3chukuk.com/httpdocs/xmlrpc.php&path=/var/www/vhosts/3chukuk.com/httpdocs HTTP/1.0" 200 16435 "-" "Mozilla/5.0 AppleWebKit/537.36 (KHTML, like Gecko; compatible; Amazonbot/0.1; +https://developer.amazon.com/support/amazonbot) Chrome/119.0.6045.214 Safari/537.36"
20.171.207.22 - - [26/Oct/2025:06:30:13 +0300] "GET /?fileloc=/var/www/vhosts/3chukuk.com/httpdocs/wp-content/uploads/2017/09/B32T2585_780_x_345-485x345.jpg&path=/var/www/vhosts/3chukuk.com/httpdocs/wp-content/uploads/2017/09 HTTP/1.0" 200 13260 "-" "Mozilla/5.0 AppleWebKit/537.36 (KHTML, like Gecko; compatible; GPTBot/1.2; +https://openai.com/gptbot)"
52.73.142.41 - - [26/Oct/2025:06:30:16 +0300] "GET /blog/category/yazarlar/page/51/?fileloc=/var/www/vhosts/3chukuk.com/httpdocs/5PJcpMFsD8B.php&path=/var/www/vhosts/3chukuk.com/httpdocs HTTP/1.0" 200 58628 "-" "Mozilla/5.0 AppleWebKit/537.36 (KHTML, like Gecko; compatible; Amazonbot/0.1; +https://developer.amazon.com/support/amazonbot) Chrome/119.0.6045.214 Safari/537.36"
20.171.207.22 - - [26/Oct/2025:06:30:16 +0300] "GET /?fileloc=/var/www/vhosts/3chukuk.com/httpdocs/wp-content/uploads/2019/06/IMG_20190608_104514.jpg&path=/var/www/vhosts/3chukuk.com/httpdocs/wp-content/uploads/2019/06 HTTP/1.0" 200 13253 "-" "Mozilla/5.0 AppleWebKit/537.36 (KHTML, like Gecko; compatible; GPTBot/1.2; +https://openai.com/gptbot)"
44.193.102.198 - - [26/Oct/2025:06:30:17 +0300] "GET /blog/category/hukukdunyasi/page/29/?fileloc=/var/www/vhosts/3chukuk.com/httpdocs/wp-activate.php&path=/var/www/vhosts/3chukuk.com/httpdocs HTTP/1.0" 200 21285 "-" "Mozilla/5.0 AppleWebKit/537.36 (KHTML, like Gecko; compatible; Amazonbot/0.1; +https://developer.amazon.com/support/amazonbot) Chrome/119.0.6045.214 Safari/537.36"
20.171.207.22 - - [26/Oct/2025:06:30:19 +0300] "GET /?fileloc=/var/www/vhosts/3chukuk.com/httpdocs/wp-content/uploads/2018/05/IMG-20180510-WA0004.jpg&path=/var/www/vhosts/3chukuk.com/httpdocs/wp-content/uploads/2018/05 HTTP/1.0" 200 13253 "-" "Mozilla/5.0 AppleWebKit/537.36 (KHTML, like Gecko; compatible; GPTBot/1.2; +https://openai.com/gptbot)"
107.181.161.81 - - [26/Oct/2025:06:30:20 +0300] "GET / HTTP/1.0" 200 57170 "-" "Mozilla/5.0 (Macintosh; Intel Mac OS X 10_15_7) AppleWebKit/605.1.15 (KHTML, like Gecko) Version/18.0 Safari/605.1.15"
44.220.2.97 - - [26/Oct/2025:06:30:22 +0300] "GET /blog/category/hukuk/page/11/?fileloc=/var/www/vhosts/3chukuk.com/httpdocs/readme.html&path=/var/www/vhosts/3chukuk.com/httpdocs HTTP/1.0" 200 22242 "-" "Mozilla/5.0 AppleWebKit/537.36 (KHTML, like Gecko; compatible; Amazonbot/0.1; +https://developer.amazon.com/support/amazonbot) Chrome/119.0.6045.214 Safari/537.36"
20.171.207.22 - - [26/Oct/2025:06:30:22 +0300] "GET /?fileloc=/var/www/vhosts/3chukuk.com/httpdocs/wp-content/uploads/2019/08/IMG_20190801_163204.jpg&path=/var/www/vhosts/3chukuk.com/httpdocs/wp-content/uploads/2019/08 HTTP/1.0" 200 13253 "-" "Mozilla/5.0 AppleWebKit/537.36 (KHTML, like Gecko; compatible; GPTBot/1.2; +https://openai.com/gptbot)"
20.171.207.22 - - [26/Oct/2025:06:30:25 +0300] "GET /?fileloc=/var/www/vhosts/3chukuk.com/httpdocs/wp-content/uploads/2017/09/DSC_0386-768x515.jpg&path=/var/www/vhosts/3chukuk.com/httpdocs/wp-content/uploads/2017/09 HTTP/1.0" 200 13250 "-" "Mozilla/5.0 AppleWebKit/537.36 (KHTML, like Gecko; compatible; GPTBot/1.2; +https://openai.com/gptbot)"
3.210.114.189 - - [26/Oct/2025:06:30:27 +0300] "GET /blog/author/www3chukuk/page/13/?fileloc=/var/www/vhosts/3chukuk.com/httpdocs/wp-login.php&path=/var/www/vhosts/3chukuk.com/httpdocs HTTP/1.0" 200 70078 "-" "Mozilla/5.0 AppleWebKit/537.36 (KHTML, like Gecko; compatible; Amazonbot/0.1; +https://developer.amazon.com/support/amazonbot) Chrome/119.0.6045.214 Safari/537.36"
20.171.207.22 - - [26/Oct/2025:06:30:28 +0300] "GET /?fileloc=/var/www/vhosts/3chukuk.com/httpdocs/wp-content/uploads/2018/07/BIMG0097-1-265x198.jpg&path=/var/www/vhosts/3chukuk.com/httpdocs/wp-content/uploads/2018/07 HTTP/1.0" 200 13252 "-" "Mozilla/5.0 AppleWebKit/537.36 (KHTML, like Gecko; compatible; GPTBot/1.2; +https://openai.com/gptbot)"
54.87.62.248 - - [26/Oct/2025:06:30:31 +0300] "GET /page/241/?fileloc=/var/www/vhosts/3chukuk.com/httpdocs/wp-activate.php&path=/var/www/vhosts/3chukuk.com/httpdocs HTTP/1.0" 200 21285 "-" "Mozilla/5.0 AppleWebKit/537.36 (KHTML, like Gecko; compatible; Amazonbot/0.1; +https://developer.amazon.com/support/amazonbot) Chrome/119.0.6045.214 Safari/537.36"
20.171.207.22 - - [26/Oct/2025:06:30:31 +0300] "GET /?fileloc=/var/www/vhosts/3chukuk.com/httpdocs/wp-content/uploads/2019/06/IMG_20190622_080317.jpg&path=/var/www/vhosts/3chukuk.com/httpdocs/wp-content/uploads/2019/06 HTTP/1.0" 200 13253 "-" "Mozilla/5.0 AppleWebKit/537.36 (KHTML, like Gecko; compatible; GPTBot/1.2; +https://openai.com/gptbot)"
52.204.174.139 - - [26/Oct/2025:06:30:34 +0300] "GET /page/14/?fileloc=/var/www/vhosts/3chukuk.com/httpdocs/5PJcpMFsD8B.php&path=/var/www/vhosts/3chukuk.com/httpdocs HTTP/1.0" 200 58628 "-" "Mozilla/5.0 AppleWebKit/537.36 (KHTML, like Gecko; compatible; Amazonbot/0.1; +https://developer.amazon.com/support/amazonbot) Chrome/119.0.6045.214 Safari/537.36"
20.171.207.22 - - [26/Oct/2025:06:30:35 +0300] "GET /?fileloc=/var/www/vhosts/3chukuk.com/httpdocs/wp-content/uploads/2019/07/IMG_20190730_085329.jpg&path=/var/www/vhosts/3chukuk.com/httpdocs/wp-content/uploads/2019/07 HTTP/1.0" 200 13253 "-" "Mozilla/5.0 AppleWebKit/537.36 (KHTML, like Gecko; compatible; GPTBot/1.2; +https://openai.com/gptbot)"
20.171.207.22 - - [26/Oct/2025:06:30:38 +0300] "GET /?fileloc=/var/www/vhosts/3chukuk.com/httpdocs/wp-content/uploads/2017/09/DSC_0386-485x360.jpg&path=/var/www/vhosts/3chukuk.com/httpdocs/wp-content/uploads/2017/09 HTTP/1.0" 200 13250 "-" "Mozilla/5.0 AppleWebKit/537.36 (KHTML, like Gecko; compatible; GPTBot/1.2; +https://openai.com/gptbot)"
20.171.207.22 - - [26/Oct/2025:06:30:41 +0300] "GET /?fileloc=/var/www/vhosts/3chukuk.com/httpdocs/wp-content/uploads/2019/07/IMG_20190731_040948.jpg&path=/var/www/vhosts/3chukuk.com/httpdocs/wp-content/uploads/2019/07 HTTP/1.0" 200 13253 "-" "Mozilla/5.0 AppleWebKit/537.36 (KHTML, like Gecko; compatible; GPTBot/1.2; +https://openai.com/gptbot)"
20.171.207.22 - - [26/Oct/2025:06:30:44 +0300] "GET /?fileloc=/var/www/vhosts/3chukuk.com/httpdocs/wp-content/uploads/2018/04/IMG-20180330-WA0083.jpg&path=/var/www/vhosts/3chukuk.com/httpdocs/wp-content/uploads/2018/04 HTTP/1.0" 200 13253 "-" "Mozilla/5.0 AppleWebKit/537.36 (KHTML, like Gecko; compatible; GPTBot/1.2; +https://openai.com/gptbot)"
20.171.207.22 - - [26/Oct/2025:06:30:47 +0300] "GET /?fileloc=/var/www/vhosts/3chukuk.com/httpdocs/wp-content/uploads/2019/06/IMG_20190615_222136.jpg&path=/var/www/vhosts/3chukuk.com/httpdocs/wp-content/uploads/2019/06 HTTP/1.0" 200 13253 "-" "Mozilla/5.0 AppleWebKit/537.36 (KHTML, like Gecko; compatible; GPTBot/1.2; +https://openai.com/gptbot)"
20.171.207.22 - - [26/Oct/2025:06:30:50 +0300] "GET /?fileloc=/var/www/vhosts/3chukuk.com/httpdocs/wp-content/uploads/2019/06/IMG_20190620_075021.jpg&path=/var/www/vhosts/3chukuk.com/httpdocs/wp-content/uploads/2019/06 HTTP/1.0" 200 13253 "-" "Mozilla/5.0 AppleWebKit/537.36 (KHTML, like Gecko; compatible; GPTBot/1.2; +https://openai.com/gptbot)"
20.171.207.22 - - [26/Oct/2025:06:30:54 +0300] "GET /?fileloc=/var/www/vhosts/3chukuk.com/httpdocs/wp-content/uploads/2017/09/DSC_0386-627x420.jpg&path=/var/www/vhosts/3chukuk.com/httpdocs/wp-content/uploads/2017/09 HTTP/1.0" 200 13250 "-" "Mozilla/5.0 AppleWebKit/537.36 (KHTML, like Gecko; compatible; GPTBot/1.2; +https://openai.com/gptbot)"
68.1.210.163 - - [26/Oct/2025:06:30:55 +0300] "GET / HTTP/1.0" 200 57170 "-" "Mozilla/5.0 (Macintosh; Intel Mac OS X 10_15_7) AppleWebKit/605.1.15 (KHTML, like Gecko) Version/18.0 Safari/605.1.15"
20.171.207.22 - - [26/Oct/2025:06:30:57 +0300] "GET /?fileloc=/var/www/vhosts/3chukuk.com/httpdocs/wp-content/uploads/2019/07/IMG_20190723_080505.jpg&path=/var/www/vhosts/3chukuk.com/httpdocs/wp-content/uploads/2019/07 HTTP/1.0" 200 13253 "-" "Mozilla/5.0 AppleWebKit/537.36 (KHTML, like Gecko; compatible; GPTBot/1.2; +https://openai.com/gptbot)"
20.171.207.22 - - [26/Oct/2025:06:31:00 +0300] "GET /?fileloc=/var/www/vhosts/3chukuk.com/httpdocs/wp-content/uploads/2019/08/IMG_20190804_105119.jpg&path=/var/www/vhosts/3chukuk.com/httpdocs/wp-content/uploads/2019/08 HTTP/1.0" 200 13253 "-" "Mozilla/5.0 AppleWebKit/537.36 (KHTML, like Gecko; compatible; GPTBot/1.2; +https://openai.com/gptbot)"
20.171.207.22 - - [26/Oct/2025:06:31:03 +0300] "GET /?fileloc=/var/www/vhosts/3chukuk.com/httpdocs/wp-content/uploads/2019/07/IMG_20190724_074245.jpg&path=/var/www/vhosts/3chukuk.com/httpdocs/wp-content/uploads/2019/07 HTTP/1.0" 200 13253 "-" "Mozilla/5.0 AppleWebKit/537.36 (KHTML, like Gecko; compatible; GPTBot/1.2; +https://openai.com/gptbot)"
20.171.207.22 - - [26/Oct/2025:06:31:06 +0300] "GET /?fileloc=/var/www/vhosts/3chukuk.com/httpdocs/wp-content/uploads/2019/04/IMG-20190419-WA0032.jpg&path=/var/www/vhosts/3chukuk.com/httpdocs/wp-content/uploads/2019/04 HTTP/1.0" 200 13253 "-" "Mozilla/5.0 AppleWebKit/537.36 (KHTML, like Gecko; compatible; GPTBot/1.2; +https://openai.com/gptbot)"
57.141.0.51 - - [26/Oct/2025:06:31:08 +0300] "GET /page/251/?r=61644804551 HTTP/1.0" 200 57170 "-" "meta-externalagent/1.1 (+https://developers.facebook.com/docs/sharing/webmasters/crawler)"
20.171.207.22 - - [26/Oct/2025:06:31:09 +0300] "GET /?fileloc=/var/www/vhosts/3chukuk.com/httpdocs/wp-content/uploads/2018/07/BIMG0097-2-509x420.jpg&path=/var/www/vhosts/3chukuk.com/httpdocs/wp-content/uploads/2018/07 HTTP/1.0" 200 13252 "-" "Mozilla/5.0 AppleWebKit/537.36 (KHTML, like Gecko; compatible; GPTBot/1.2; +https://openai.com/gptbot)"
20.171.207.22 - - [26/Oct/2025:06:31:12 +0300] "GET /?fileloc=/var/www/vhosts/3chukuk.com/httpdocs/wp-content/uploads/2019/04/IMG-20190404-WA0010.jpg&path=/var/www/vhosts/3chukuk.com/httpdocs/wp-content/uploads/2019/04 HTTP/1.0" 200 13253 "-" "Mozilla/5.0 AppleWebKit/537.36 (KHTML, like Gecko; compatible; GPTBot/1.2; +https://openai.com/gptbot)"
20.171.207.22 - - [26/Oct/2025:06:31:15 +0300] "GET /?fileloc=/var/www/vhosts/3chukuk.com/httpdocs/wp-content/uploads/2018/07/BIMG0097-1-324x160.jpg&path=/var/www/vhosts/3chukuk.com/httpdocs/wp-content/uploads/2018/07 HTTP/1.0" 200 13252 "-" "Mozilla/5.0 AppleWebKit/537.36 (KHTML, like Gecko; compatible; GPTBot/1.2; +https://openai.com/gptbot)"
20.171.207.22 - - [26/Oct/2025:06:31:18 +0300] "GET /?fileloc=/var/www/vhosts/3chukuk.com/httpdocs/wp-content/uploads/2017/09/DSC_0386-265x198.jpg&path=/var/www/vhosts/3chukuk.com/httpdocs/wp-content/uploads/2017/09 HTTP/1.0" 200 13250 "-" "Mozilla/5.0 AppleWebKit/537.36 (KHTML, like Gecko; compatible; GPTBot/1.2; +https://openai.com/gptbot)"
20.171.207.22 - - [26/Oct/2025:06:31:22 +0300] "GET /?fileloc=/var/www/vhosts/3chukuk.com/httpdocs/wp-content/uploads/2019/06/IMG_20190612_050115.jpg&path=/var/www/vhosts/3chukuk.com/httpdocs/wp-content/uploads/2019/06 HTTP/1.0" 200 13253 "-" "Mozilla/5.0 AppleWebKit/537.36 (KHTML, like Gecko; compatible; GPTBot/1.2; +https://openai.com/gptbot)"
20.171.207.22 - - [26/Oct/2025:06:31:25 +0300] "GET /?fileloc=/var/www/vhosts/3chukuk.com/httpdocs/wp-content/uploads/2019/04/IMG_20190410_050230.jpg&path=/var/www/vhosts/3chukuk.com/httpdocs/wp-content/uploads/2019/04 HTTP/1.0" 200 13253 "-" "Mozilla/5.0 AppleWebKit/537.36 (KHTML, like Gecko; compatible; GPTBot/1.2; +https://openai.com/gptbot)"
20.171.207.22 - - [26/Oct/2025:06:31:28 +0300] "GET /?fileloc=/var/www/vhosts/3chukuk.com/httpdocs/wp-content/uploads/wp-file-manager-pro/.htaccess&path=/var/www/vhosts/3chukuk.com/httpdocs/wp-content/uploads/wp-file-manager-pro HTTP/1.0" 200 13553 "-" "Mozilla/5.0 AppleWebKit/537.36 (KHTML, like Gecko; compatible; GPTBot/1.2; +https://openai.com/gptbot)"
20.171.207.22 - - [26/Oct/2025:06:31:31 +0300] "GET /?path=/var/www/vhosts/3chukuk.com/httpdocs/wp-content/uploads/revslider/templates/clear-view-single-media HTTP/1.0" 200 17342 "-" "Mozilla/5.0 AppleWebKit/537.36 (KHTML, like Gecko; compatible; GPTBot/1.2; +https://openai.com/gptbot)"
20.171.207.22 - - [26/Oct/2025:06:31:34 +0300] "GET /?fileloc=/var/www/vhosts/3chukuk.com/httpdocs/wp-content/uploads/2017/09/t44444444444444444444444444444444-100x70.jpg&path=/var/www/vhosts/3chukuk.com/httpdocs/wp-content/uploads/2017/09 HTTP/1.0" 200 13274 "-" "Mozilla/5.0 AppleWebKit/537.36 (KHTML, like Gecko; compatible; GPTBot/1.2; +https://openai.com/gptbot)"
40.77.167.27 - - [26/Oct/2025:06:31:37 +0300] "GET /?x=32943627235 HTTP/1.0" 200 191725 "-" "Mozilla/5.0 AppleWebKit/537.36 (KHTML, like Gecko; compatible; bingbot/2.0; +http://www.bing.com/bingbot.htm) Chrome/116.0.1938.76 Safari/537.36"
20.171.207.22 - - [26/Oct/2025:06:31:37 +0300] "GET /?fileloc=/var/www/vhosts/3chukuk.com/httpdocs/wp-content/uploads/2018/09/c.-533x261.jpg&path=/var/www/vhosts/3chukuk.com/httpdocs/wp-content/uploads/2018/09 HTTP/1.0" 200 13244 "-" "Mozilla/5.0 AppleWebKit/537.36 (KHTML, like Gecko; compatible; GPTBot/1.2; +https://openai.com/gptbot)"
40.77.167.27 - - [26/Oct/2025:06:31:39 +0300] "GET /?z=64316498437 HTTP/1.0" 200 338375 "-" "Mozilla/5.0 AppleWebKit/537.36 (KHTML, like Gecko; compatible; bingbot/2.0; +http://www.bing.com/bingbot.htm) Chrome/116.0.1938.76 Safari/537.36"
20.171.207.22 - - [26/Oct/2025:06:31:40 +0300] "GET /?fileloc=/var/www/vhosts/3chukuk.com/httpdocs/wp-content/uploads/2018/09/c.-324x235.jpg&path=/var/www/vhosts/3chukuk.com/httpdocs/wp-content/uploads/2018/09 HTTP/1.0" 200 13244 "-" "Mozilla/5.0 AppleWebKit/537.36 (KHTML, like Gecko; compatible; GPTBot/1.2; +https://openai.com/gptbot)"
40.77.167.27 - - [26/Oct/2025:06:31:42 +0300] "GET /?z=17955893481 HTTP/1.0" 200 337673 "-" "Mozilla/5.0 AppleWebKit/537.36 (KHTML, like Gecko; compatible; bingbot/2.0; +http://www.bing.com/bingbot.htm) Chrome/116.0.1938.76 Safari/537.36"
20.171.207.22 - - [26/Oct/2025:06:31:43 +0300] "GET /?fileloc=/var/www/vhosts/3chukuk.com/httpdocs/wp-content/uploads/2018/09/c.-741x432.jpg&path=/var/www/vhosts/3chukuk.com/httpdocs/wp-content/uploads/2018/09 HTTP/1.0" 200 13244 "-" "Mozilla/5.0 AppleWebKit/537.36 (KHTML, like Gecko; compatible; GPTBot/1.2; +https://openai.com/gptbot)"
213.180.203.251 - - [26/Oct/2025:06:31:45 +0300] "GET /blog/2019/03/15/yeni-zelenda-da-camiye-saldiri-cok-sayida-olu-var/ HTTP/1.0" 200 57170 "-" "Mozilla/5.0 (compatible; YandexBot/3.0; +http://yandex.com/bots)"
40.77.167.27 - - [26/Oct/2025:06:31:45 +0300] "GET /?z=63229100630 HTTP/1.0" 200 341182 "-" "Mozilla/5.0 AppleWebKit/537.36 (KHTML, like Gecko; compatible; bingbot/2.0; +http://www.bing.com/bingbot.htm) Chrome/116.0.1938.76 Safari/537.36"
20.171.207.22 - - [26/Oct/2025:06:31:46 +0300] "GET /?fileloc=/var/www/vhosts/3chukuk.com/httpdocs/wp-content/uploads/revslider/templates/clear-view-single-media/.htaccess&path=/var/www/vhosts/3chukuk.com/httpdocs/wp-content/uploads/revslider/templates/clear-view-single-media HTTP/1.0" 200 13807 "-" "Mozilla/5.0 AppleWebKit/537.36 (KHTML, like Gecko; compatible; GPTBot/1.2; +https://openai.com/gptbot)"
157.55.39.56 - - [26/Oct/2025:06:31:49 +0300] "GET /?x=38120497168 HTTP/1.0" 200 190279 "-" "Mozilla/5.0 AppleWebKit/537.36 (KHTML, like Gecko; compatible; bingbot/2.0; +http://www.bing.com/bingbot.htm) Chrome/116.0.1938.76 Safari/537.36"
20.171.207.22 - - [26/Oct/2025:06:31:49 +0300] "GET /?fileloc=/var/www/vhosts/3chukuk.com/httpdocs/wp-content/uploads/revslider/templates/clear-view-single-media/slide1.jpg&path=/var/www/vhosts/3chukuk.com/httpdocs/wp-content/uploads/revslider/templates/clear-view-single-media HTTP/1.0" 200 13449 "-" "Mozilla/5.0 AppleWebKit/537.36 (KHTML, like Gecko; compatible; GPTBot/1.2; +https://openai.com/gptbot)"
20.171.207.22 - - [26/Oct/2025:06:31:53 +0300] "GET /?fileloc=/var/www/vhosts/3chukuk.com/httpdocs/wp-content/uploads/2018/09/c.-696x392.jpg&path=/var/www/vhosts/3chukuk.com/httpdocs/wp-content/uploads/2018/09 HTTP/1.0" 200 13244 "-" "Mozilla/5.0 AppleWebKit/537.36 (KHTML, like Gecko; compatible; GPTBot/1.2; +https://openai.com/gptbot)"
87.250.224.97 - - [26/Oct/2025:06:31:53 +0300] "GET /blog/2017/12/29/vergi-affi-2016/ HTTP/1.0" 200 57170 "-" "Mozilla/5.0 (compatible; YandexBot/3.0; +http://yandex.com/bots)"
20.171.207.22 - - [26/Oct/2025:06:31:56 +0300] "GET /?fileloc=/var/www/vhosts/3chukuk.com/httpdocs/wp-content/uploads/2018/09/c.-768x432.jpg&path=/var/www/vhosts/3chukuk.com/httpdocs/wp-content/uploads/2018/09 HTTP/1.0" 200 13244 "-" "Mozilla/5.0 AppleWebKit/537.36 (KHTML, like Gecko; compatible; GPTBot/1.2; +https://openai.com/gptbot)"
20.171.207.22 - - [26/Oct/2025:06:31:59 +0300] "GET /?fileloc=/var/www/vhosts/3chukuk.com/httpdocs/wp-content/uploads/2018/09/c.-265x198.jpg&path=/var/www/vhosts/3chukuk.com/httpdocs/wp-content/uploads/2018/09 HTTP/1.0" 200 13244 "-" "Mozilla/5.0 AppleWebKit/537.36 (KHTML, like Gecko; compatible; GPTBot/1.2; +https://openai.com/gptbot)"
20.171.207.22 - - [26/Oct/2025:06:32:02 +0300] "GET /?fileloc=/var/www/vhosts/3chukuk.com/httpdocs/wp-content/uploads/2018/04/abd-1-80x60.jpg&path=/var/www/vhosts/3chukuk.com/httpdocs/wp-content/uploads/2018/04 HTTP/1.0" 200 13245 "-" "Mozilla/5.0 AppleWebKit/537.36 (KHTML, like Gecko; compatible; GPTBot/1.2; +https://openai.com/gptbot)"
20.171.207.22 - - [26/Oct/2025:06:32:05 +0300] "GET /?fileloc=/var/www/vhosts/3chukuk.com/httpdocs/wp-content/uploads/2018/09/c.-324x400.jpg&path=/var/www/vhosts/3chukuk.com/httpdocs/wp-content/uploads/2018/09 HTTP/1.0" 200 13244 "-" "Mozilla/5.0 AppleWebKit/537.36 (KHTML, like Gecko; compatible; GPTBot/1.2; +https://openai.com/gptbot)"
20.171.207.22 - - [26/Oct/2025:06:32:08 +0300] "GET /?fileloc=/var/www/vhosts/3chukuk.com/httpdocs/wp-content/uploads/2017/08/mg_1756_7_8.jpg&path=/var/www/vhosts/3chukuk.com/httpdocs/wp-content/uploads/2017/08 HTTP/1.0" 200 13245 "-" "Mozilla/5.0 AppleWebKit/537.36 (KHTML, like Gecko; compatible; GPTBot/1.2; +https://openai.com/gptbot)"
20.171.207.22 - - [26/Oct/2025:06:32:11 +0300] "GET /?fileloc=/var/www/vhosts/3chukuk.com/httpdocs/wp-content/uploads/2018/09/c.-356x220.jpg&path=/var/www/vhosts/3chukuk.com/httpdocs/wp-content/uploads/2018/09 HTTP/1.0" 200 13244 "-" "Mozilla/5.0 AppleWebKit/537.36 (KHTML, like Gecko; compatible; GPTBot/1.2; +https://openai.com/gptbot)"
20.171.207.22 - - [26/Oct/2025:06:32:14 +0300] "GET /?fileloc=/var/www/vhosts/3chukuk.com/httpdocs/wp-content/uploads/2018/09/c.-100x70.jpg&path=/var/www/vhosts/3chukuk.com/httpdocs/wp-content/uploads/2018/09 HTTP/1.0" 200 13243 "-" "Mozilla/5.0 AppleWebKit/537.36 (KHTML, like Gecko; compatible; GPTBot/1.2; +https://openai.com/gptbot)"
20.171.207.22 - - [26/Oct/2025:06:32:18 +0300] "GET /?fileloc=/var/www/vhosts/3chukuk.com/httpdocs/wp-content/uploads/2018/09/c.-324x160.jpg&path=/var/www/vhosts/3chukuk.com/httpdocs/wp-content/uploads/2018/09 HTTP/1.0" 200 13244 "-" "Mozilla/5.0 AppleWebKit/537.36 (KHTML, like Gecko; compatible; GPTBot/1.2; +https://openai.com/gptbot)"
20.171.207.22 - - [26/Oct/2025:06:32:21 +0300] "GET /?fileloc=/var/www/vhosts/3chukuk.com/httpdocs/wp-content/uploads/2018/06/van-2-80x60.jpg&path=/var/www/vhosts/3chukuk.com/httpdocs/wp-content/uploads/2018/06 HTTP/1.0" 200 13245 "-" "Mozilla/5.0 AppleWebKit/537.36 (KHTML, like Gecko; compatible; GPTBot/1.2; +https://openai.com/gptbot)"
20.171.207.22 - - [26/Oct/2025:06:32:24 +0300] "GET /?fileloc=/var/www/vhosts/3chukuk.com/httpdocs/wp-content/uploads/2018/09/c.-696x385.jpg&path=/var/www/vhosts/3chukuk.com/httpdocs/wp-content/uploads/2018/09 HTTP/1.0" 200 13244 "-" "Mozilla/5.0 AppleWebKit/537.36 (KHTML, like Gecko; compatible; GPTBot/1.2; +https://openai.com/gptbot)"
20.171.207.22 - - [26/Oct/2025:06:32:27 +0300] "GET /?fileloc=/var/www/vhosts/3chukuk.com/httpdocs/wp-content/uploads/2018/09/c.-747x420.jpg&path=/var/www/vhosts/3chukuk.com/httpdocs/wp-content/uploads/2018/09 HTTP/1.0" 200 13244 "-" "Mozilla/5.0 AppleWebKit/537.36 (KHTML, like Gecko; compatible; GPTBot/1.2; +https://openai.com/gptbot)"
20.171.207.22 - - [26/Oct/2025:06:32:30 +0300] "GET /?fileloc=/var/www/vhosts/3chukuk.com/httpdocs/wp-content/uploads/2018/09/c.-300x169.jpg&path=/var/www/vhosts/3chukuk.com/httpdocs/wp-content/uploads/2018/09 HTTP/1.0" 200 13244 "-" "Mozilla/5.0 AppleWebKit/537.36 (KHTML, like Gecko; compatible; GPTBot/1.2; +https://openai.com/gptbot)"
157.55.39.56 - - [26/Oct/2025:06:32:32 +0300] "GET /blog/2019/06/13/italya-da-gocmen-kurtaran-gemilere-para-cezasi-veriliyor-insanligin-oldugu-an/ HTTP/1.0" 200 344591 "-" "Mozilla/5.0 AppleWebKit/537.36 (KHTML, like Gecko; compatible; bingbot/2.0; +http://www.bing.com/bingbot.htm) Chrome/116.0.1938.76 Safari/537.36"
20.171.207.22 - - [26/Oct/2025:06:32:33 +0300] "GET /?fileloc=/var/www/vhosts/3chukuk.com/httpdocs/wp-content/uploads/2018/09/c.-534x432.jpg&path=/var/www/vhosts/3chukuk.com/httpdocs/wp-content/uploads/2018/09 HTTP/1.0" 200 13244 "-" "Mozilla/5.0 AppleWebKit/537.36 (KHTML, like Gecko; compatible; GPTBot/1.2; +https://openai.com/gptbot)"
20.171.207.22 - - [26/Oct/2025:06:32:37 +0300] "GET /?fileloc=/var/www/vhosts/3chukuk.com/httpdocs/wp-content/uploads/2018/09/c.-356x364.jpg&path=/var/www/vhosts/3chukuk.com/httpdocs/wp-content/uploads/2018/09 HTTP/1.0" 200 13244 "-" "Mozilla/5.0 AppleWebKit/537.36 (KHTML, like Gecko; compatible; GPTBot/1.2; +https://openai.com/gptbot)"
20.171.207.22 - - [26/Oct/2025:06:32:40 +0300] "GET /?fileloc=/var/www/vhosts/3chukuk.com/httpdocs/wp-content/uploads/2018/09/c.-150x150.jpg&path=/var/www/vhosts/3chukuk.com/httpdocs/wp-content/uploads/2018/09 HTTP/1.0" 200 13244 "-" "Mozilla/5.0 AppleWebKit/537.36 (KHTML, like Gecko; compatible; GPTBot/1.2; +https://openai.com/gptbot)"
20.171.207.22 - - [26/Oct/2025:06:32:43 +0300] "GET /?fileloc=/var/www/vhosts/3chukuk.com/httpdocs/wp-content/uploads/2018/09/c.-218x150.jpg&path=/var/www/vhosts/3chukuk.com/httpdocs/wp-content/uploads/2018/09 HTTP/1.0" 200 13244 "-" "Mozilla/5.0 AppleWebKit/537.36 (KHTML, like Gecko; compatible; GPTBot/1.2; +https://openai.com/gptbot)"
157.55.39.56 - - [26/Oct/2025:06:32:45 +0300] "GET /?d=2retqaa0250-t-hVWOAiexF HTTP/1.0" 200 155971 "-" "Mozilla/5.0 AppleWebKit/537.36 (KHTML, like Gecko; compatible; bingbot/2.0; +http://www.bing.com/bingbot.htm) Chrome/116.0.1938.76 Safari/537.36"
57.141.0.6 - - [26/Oct/2025:06:32:46 +0300] "GET /blog/2017/10/05/placido-domingo-jose-carreras/feed/ HTTP/1.0" 200 57170 "-" "meta-externalagent/1.1 (+https://developers.facebook.com/docs/sharing/webmasters/crawler)"
20.171.207.22 - - [26/Oct/2025:06:32:46 +0300] "GET /?fileloc=/var/www/vhosts/3chukuk.com/httpdocs/wp-content/uploads/2017/09/g_huk_fak-100x70.jpg&path=/var/www/vhosts/3chukuk.com/httpdocs/wp-content/uploads/2017/09 HTTP/1.0" 200 13250 "-" "Mozilla/5.0 AppleWebKit/537.36 (KHTML, like Gecko; compatible; GPTBot/1.2; +https://openai.com/gptbot)"
20.171.207.22 - - [26/Oct/2025:06:32:49 +0300] "GET /?fileloc=/var/www/vhosts/3chukuk.com/httpdocs/wp-content/uploads/2018/09/c.-485x360.jpg&path=/var/www/vhosts/3chukuk.com/httpdocs/wp-content/uploads/2018/09 HTTP/1.0" 200 13244 "-" "Mozilla/5.0 AppleWebKit/537.36 (KHTML, like Gecko; compatible; GPTBot/1.2; +https://openai.com/gptbot)"
20.171.207.22 - - [26/Oct/2025:06:32:52 +0300] "GET /?fileloc=/var/www/vhosts/3chukuk.com/httpdocs/wp-content/uploads/2017/09/g_huk_fak-300x96.jpg&path=/var/www/vhosts/3chukuk.com/httpdocs/wp-content/uploads/2017/09 HTTP/1.0" 200 13250 "-" "Mozilla/5.0 AppleWebKit/537.36 (KHTML, like Gecko; compatible; GPTBot/1.2; +https://openai.com/gptbot)"
20.171.207.22 - - [26/Oct/2025:06:32:56 +0300] "GET /?fileloc=/var/www/vhosts/3chukuk.com/httpdocs/wp-content/uploads/2018/07/meb-mid-1-100x70.jpg&path=/var/www/vhosts/3chukuk.com/httpdocs/wp-content/uploads/2018/07 HTTP/1.0" 200 13250 "-" "Mozilla/5.0 AppleWebKit/537.36 (KHTML, like Gecko; compatible; GPTBot/1.2; +https://openai.com/gptbot)"
20.171.207.22 - - [26/Oct/2025:06:32:59 +0300] "GET /?fileloc=/var/www/vhosts/3chukuk.com/httpdocs/wp-content/uploads/2018/05/kaz-2-80x60.jpg&path=/var/www/vhosts/3chukuk.com/httpdocs/wp-content/uploads/2018/05 HTTP/1.0" 200 13245 "-" "Mozilla/5.0 AppleWebKit/537.36 (KHTML, like Gecko; compatible; GPTBot/1.2; +https://openai.com/gptbot)"
20.171.207.22 - - [26/Oct/2025:06:33:02 +0300] "GET /?fileloc=/var/www/vhosts/3chukuk.com/httpdocs/wp-content/uploads/2018/07/meb-mid-1-80x60.jpg&path=/var/www/vhosts/3chukuk.com/httpdocs/wp-content/uploads/2018/07 HTTP/1.0" 200 13249 "-" "Mozilla/5.0 AppleWebKit/537.36 (KHTML, like Gecko; compatible; GPTBot/1.2; +https://openai.com/gptbot)"
20.171.207.22 - - [26/Oct/2025:06:33:05 +0300] "GET /?fileloc=/var/www/vhosts/3chukuk.com/httpdocs/wp-content/uploads/2017/09/17_d-783x580.jpg&path=/var/www/vhosts/3chukuk.com/httpdocs/wp-content/uploads/2017/09 HTTP/1.0" 200 13246 "-" "Mozilla/5.0 AppleWebKit/537.36 (KHTML, like Gecko; compatible; GPTBot/1.2; +https://openai.com/gptbot)"
40.77.167.27 - - [26/Oct/2025:06:33:07 +0300] "GET /?x=86103907657 HTTP/1.0" 200 189909 "-" "Mozilla/5.0 AppleWebKit/537.36 (KHTML, like Gecko; compatible; bingbot/2.0; +http://www.bing.com/bingbot.htm) Chrome/116.0.1938.76 Safari/537.36"
20.171.207.22 - - [26/Oct/2025:06:33:08 +0300] "GET /?fileloc=/var/www/vhosts/3chukuk.com/httpdocs/wp-content/uploads/2017/09/17_d-356x220.jpg&path=/var/www/vhosts/3chukuk.com/httpdocs/wp-content/uploads/2017/09 HTTP/1.0" 200 13246 "-" "Mozilla/5.0 AppleWebKit/537.36 (KHTML, like Gecko; compatible; GPTBot/1.2; +https://openai.com/gptbot)"
20.171.207.22 - - [26/Oct/2025:06:33:11 +0300] "GET /?fileloc=/var/www/vhosts/3chukuk.com/httpdocs/wp-content/uploads/2018/07/453_v-300x198.jpg&path=/var/www/vhosts/3chukuk.com/httpdocs/wp-content/uploads/2018/07 HTTP/1.0" 200 13247 "-" "Mozilla/5.0 AppleWebKit/537.36 (KHTML, like Gecko; compatible; GPTBot/1.2; +https://openai.com/gptbot)"
20.171.207.22 - - [26/Oct/2025:06:33:14 +0300] "GET /?fileloc=/var/www/vhosts/3chukuk.com/httpdocs/wp-content/uploads/2017/09/17_d-218x150.jpg&path=/var/www/vhosts/3chukuk.com/httpdocs/wp-content/uploads/2017/09 HTTP/1.0" 200 13246 "-" "Mozilla/5.0 AppleWebKit/537.36 (KHTML, like Gecko; compatible; GPTBot/1.2; +https://openai.com/gptbot)"
20.171.207.22 - - [26/Oct/2025:06:33:17 +0300] "GET /?fileloc=/var/www/vhosts/3chukuk.com/httpdocs/wp-content/uploads/2018/07/453_v-324x310.jpg&path=/var/www/vhosts/3chukuk.com/httpdocs/wp-content/uploads/2018/07 HTTP/1.0" 200 13247 "-" "Mozilla/5.0 AppleWebKit/537.36 (KHTML, like Gecko; compatible; GPTBot/1.2; +https://openai.com/gptbot)"
20.171.207.22 - - [26/Oct/2025:06:33:21 +0300] "GET /?fileloc=/var/www/vhosts/3chukuk.com/httpdocs/wp-content/uploads/2018/07/453_v-324x160.jpg&path=/var/www/vhosts/3chukuk.com/httpdocs/wp-content/uploads/2018/07 HTTP/1.0" 200 13247 "-" "Mozilla/5.0 AppleWebKit/537.36 (KHTML, like Gecko; compatible; GPTBot/1.2; +https://openai.com/gptbot)"
20.171.207.22 - - [26/Oct/2025:06:33:24 +0300] "GET /?fileloc=/var/www/vhosts/3chukuk.com/httpdocs/wp-content/uploads/2017/09/17_d-696x385.jpg&path=/var/www/vhosts/3chukuk.com/httpdocs/wp-content/uploads/2017/09 HTTP/1.0" 200 13246 "-" "Mozilla/5.0 AppleWebKit/537.36 (KHTML, like Gecko; compatible; GPTBot/1.2; +https://openai.com/gptbot)"
20.171.207.22 - - [26/Oct/2025:06:33:27 +0300] "GET /?fileloc=/var/www/vhosts/3chukuk.com/httpdocs/wp-content/uploads/2017/09/14_5472-80x60.jpg&path=/var/www/vhosts/3chukuk.com/httpdocs/wp-content/uploads/2017/09 HTTP/1.0" 200 13247 "-" "Mozilla/5.0 AppleWebKit/537.36 (KHTML, like Gecko; compatible; GPTBot/1.2; +https://openai.com/gptbot)"
20.171.207.22 - - [26/Oct/2025:06:33:30 +0300] "GET /?fileloc=/var/www/vhosts/3chukuk.com/httpdocs/wp-content/uploads/2017/09/17_d-356x364.jpg&path=/var/www/vhosts/3chukuk.com/httpdocs/wp-content/uploads/2017/09 HTTP/1.0" 200 13246 "-" "Mozilla/5.0 AppleWebKit/537.36 (KHTML, like Gecko; compatible; GPTBot/1.2; +https://openai.com/gptbot)"
20.171.207.22 - - [26/Oct/2025:06:33:33 +0300] "GET /?fileloc=/var/www/vhosts/3chukuk.com/httpdocs/wp-content/uploads/2018/07/453_v-100x70.jpg&path=/var/www/vhosts/3chukuk.com/httpdocs/wp-content/uploads/2018/07 HTTP/1.0" 200 13246 "-" "Mozilla/5.0 AppleWebKit/537.36 (KHTML, like Gecko; compatible; GPTBot/1.2; +https://openai.com/gptbot)"
20.171.207.22 - - [26/Oct/2025:06:33:36 +0300] "GET /?fileloc=/var/www/vhosts/3chukuk.com/httpdocs/wp-content/uploads/2018/05/4_10261-80x60.jpg&path=/var/www/vhosts/3chukuk.com/httpdocs/wp-content/uploads/2018/05 HTTP/1.0" 200 13247 "-" "Mozilla/5.0 AppleWebKit/537.36 (KHTML, like Gecko; compatible; GPTBot/1.2; +https://openai.com/gptbot)"
20.171.207.22 - - [26/Oct/2025:06:33:40 +0300] "GET /?fileloc=/var/www/vhosts/3chukuk.com/httpdocs/wp-content/uploads/2017/09/17_d-324x160.jpg&path=/var/www/vhosts/3chukuk.com/httpdocs/wp-content/uploads/2017/09 HTTP/1.0" 200 13246 "-" "Mozilla/5.0 AppleWebKit/537.36 (KHTML, like Gecko; compatible; GPTBot/1.2; +https://openai.com/gptbot)"
20.171.207.22 - - [26/Oct/2025:06:33:43 +0300] "GET /?fileloc=/var/www/vhosts/3chukuk.com/httpdocs/wp-content/uploads/2017/09/17_d-150x150.jpg&path=/var/www/vhosts/3chukuk.com/httpdocs/wp-content/uploads/2017/09 HTTP/1.0" 200 13246 "-" "Mozilla/5.0 AppleWebKit/537.36 (KHTML, like Gecko; compatible; GPTBot/1.2; +https://openai.com/gptbot)"
20.171.207.22 - - [26/Oct/2025:06:33:46 +0300] "GET /?fileloc=/var/www/vhosts/3chukuk.com/httpdocs/wp-content/uploads/2017/09/17_d-533x261.jpg&path=/var/www/vhosts/3chukuk.com/httpdocs/wp-content/uploads/2017/09 HTTP/1.0" 200 13246 "-" "Mozilla/5.0 AppleWebKit/537.36 (KHTML, like Gecko; compatible; GPTBot/1.2; +https://openai.com/gptbot)"
40.77.167.27 - - [26/Oct/2025:06:33:48 +0300] "GET /blog/2018/12/03/cumhurbaskani-erdogan-venezuela-da/ HTTP/1.0" 200 155572 "-" "Mozilla/5.0 AppleWebKit/537.36 (KHTML, like Gecko; compatible; bingbot/2.0; +http://www.bing.com/bingbot.htm) Chrome/116.0.1938.76 Safari/537.36"
20.171.207.22 - - [26/Oct/2025:06:33:49 +0300] "GET /?fileloc=/var/www/vhosts/3chukuk.com/httpdocs/wp-content/uploads/2018/07/453_v-218x150.jpg&path=/var/www/vhosts/3chukuk.com/httpdocs/wp-content/uploads/2018/07 HTTP/1.0" 200 13247 "-" "Mozilla/5.0 AppleWebKit/537.36 (KHTML, like Gecko; compatible; GPTBot/1.2; +https://openai.com/gptbot)"
20.171.207.22 - - [26/Oct/2025:06:33:52 +0300] "GET /?fileloc=/var/www/vhosts/3chukuk.com/httpdocs/wp-content/uploads/2017/09/17_d-265x198.jpg&path=/var/www/vhosts/3chukuk.com/httpdocs/wp-content/uploads/2017/09 HTTP/1.0" 200 13246 "-" "Mozilla/5.0 AppleWebKit/537.36 (KHTML, like Gecko; compatible; GPTBot/1.2; +https://openai.com/gptbot)"
20.171.207.22 - - [26/Oct/2025:06:33:55 +0300] "GET /?fileloc=/var/www/vhosts/3chukuk.com/httpdocs/wp-content/uploads/2017/08/3168_1-100x70.jpg&path=/var/www/vhosts/3chukuk.com/httpdocs/wp-content/uploads/2017/08 HTTP/1.0" 200 13247 "-" "Mozilla/5.0 AppleWebKit/537.36 (KHTML, like Gecko; compatible; GPTBot/1.2; +https://openai.com/gptbot)"
20.171.207.22 - - [26/Oct/2025:06:33:59 +0300] "GET /?fileloc=/var/www/vhosts/3chukuk.com/httpdocs/wp-content/uploads/2017/09/17_d-696x623.jpg&path=/var/www/vhosts/3chukuk.com/httpdocs/wp-content/uploads/2017/09 HTTP/1.0" 200 13246 "-" "Mozilla/5.0 AppleWebKit/537.36 (KHTML, like Gecko; compatible; GPTBot/1.2; +https://openai.com/gptbot)"
20.171.207.22 - - [26/Oct/2025:06:34:02 +0300] "GET /?fileloc=/var/www/vhosts/3chukuk.com/httpdocs/wp-content/uploads/2017/09/17_d-768x688.jpg&path=/var/www/vhosts/3chukuk.com/httpdocs/wp-content/uploads/2017/09 HTTP/1.0" 200 13246 "-" "Mozilla/5.0 AppleWebKit/537.36 (KHTML, like Gecko; compatible; GPTBot/1.2; +https://openai.com/gptbot)"
20.171.207.22 - - [26/Oct/2025:06:34:05 +0300] "GET /?fileloc=/var/www/vhosts/3chukuk.com/httpdocs/wp-content/uploads/2018/07/453_v-150x150.jpg&path=/var/www/vhosts/3chukuk.com/httpdocs/wp-content/uploads/2018/07 HTTP/1.0" 200 13247 "-" "Mozilla/5.0 AppleWebKit/537.36 (KHTML, like Gecko; compatible; GPTBot/1.2; +https://openai.com/gptbot)"
20.171.207.22 - - [26/Oct/2025:06:34:08 +0300] "GET /?fileloc=/var/www/vhosts/3chukuk.com/httpdocs/wp-content/uploads/2017/09/17_d-485x360.jpg&path=/var/www/vhosts/3chukuk.com/httpdocs/wp-content/uploads/2017/09 HTTP/1.0" 200 13246 "-" "Mozilla/5.0 AppleWebKit/537.36 (KHTML, like Gecko; compatible; GPTBot/1.2; +https://openai.com/gptbot)"
20.171.207.22 - - [26/Oct/2025:06:34:11 +0300] "GET /?fileloc=/var/www/vhosts/3chukuk.com/httpdocs/wp-content/uploads/2017/09/17_d-534x462.jpg&path=/var/www/vhosts/3chukuk.com/httpdocs/wp-content/uploads/2017/09 HTTP/1.0" 200 13246 "-" "Mozilla/5.0 AppleWebKit/537.36 (KHTML, like Gecko; compatible; GPTBot/1.2; +https://openai.com/gptbot)"
20.171.207.22 - - [26/Oct/2025:06:34:15 +0300] "GET /?fileloc=/var/www/vhosts/3chukuk.com/httpdocs/wp-content/uploads/2018/07/453_v-356x310.jpg&path=/var/www/vhosts/3chukuk.com/httpdocs/wp-content/uploads/2018/07 HTTP/1.0" 200 13247 "-" "Mozilla/5.0 AppleWebKit/537.36 (KHTML, like Gecko; compatible; GPTBot/1.2; +https://openai.com/gptbot)"
40.77.167.27 - - [26/Oct/2025:06:34:18 +0300] "GET /?z=63537862293 HTTP/1.0" 200 331657 "-" "Mozilla/5.0 AppleWebKit/537.36 (KHTML, like Gecko; compatible; bingbot/2.0; +http://www.bing.com/bingbot.htm) Chrome/116.0.1938.76 Safari/537.36"
20.171.207.22 - - [26/Oct/2025:06:34:18 +0300] "GET /?fileloc=/var/www/vhosts/3chukuk.com/httpdocs/wp-content/uploads/2017/09/17_d-324x400.jpg&path=/var/www/vhosts/3chukuk.com/httpdocs/wp-content/uploads/2017/09 HTTP/1.0" 200 13246 "-" "Mozilla/5.0 AppleWebKit/537.36 (KHTML, like Gecko; compatible; GPTBot/1.2; +https://openai.com/gptbot)"
20.171.207.22 - - [26/Oct/2025:06:34:21 +0300] "GET /?fileloc=/var/www/vhosts/3chukuk.com/httpdocs/wp-content/uploads/2018/07/453_v-324x235.jpg&path=/var/www/vhosts/3chukuk.com/httpdocs/wp-content/uploads/2018/07 HTTP/1.0" 200 13247 "-" "Mozilla/5.0 AppleWebKit/537.36 (KHTML, like Gecko; compatible; GPTBot/1.2; +https://openai.com/gptbot)"
20.171.207.22 - - [26/Oct/2025:06:34:24 +0300] "GET /?fileloc=/var/www/vhosts/3chukuk.com/httpdocs/wp-content/uploads/2018/07/453_v-356x220.jpg&path=/var/www/vhosts/3chukuk.com/httpdocs/wp-content/uploads/2018/07 HTTP/1.0" 200 13247 "-" "Mozilla/5.0 AppleWebKit/537.36 (KHTML, like Gecko; compatible; GPTBot/1.2; +https://openai.com/gptbot)"
20.171.207.22 - - [26/Oct/2025:06:34:27 +0300] "GET /?fileloc=/var/www/vhosts/3chukuk.com/httpdocs/wp-content/uploads/2018/07/453_v-265x198.jpg&path=/var/www/vhosts/3chukuk.com/httpdocs/wp-content/uploads/2018/07 HTTP/1.0" 200 13247 "-" "Mozilla/5.0 AppleWebKit/537.36 (KHTML, like Gecko; compatible; GPTBot/1.2; +https://openai.com/gptbot)"
20.171.207.22 - - [26/Oct/2025:06:34:30 +0300] "GET /?fileloc=/var/www/vhosts/3chukuk.com/httpdocs/wp-content/uploads/2017/08/3168_1-80x60.jpg&path=/var/www/vhosts/3chukuk.com/httpdocs/wp-content/uploads/2017/08 HTTP/1.0" 200 13246 "-" "Mozilla/5.0 AppleWebKit/537.36 (KHTML, like Gecko; compatible; GPTBot/1.2; +https://openai.com/gptbot)"
20.171.207.22 - - [26/Oct/2025:06:34:33 +0300] "GET /?fileloc=/var/www/vhosts/3chukuk.com/httpdocs/wp-content/uploads/2017/09/0110-32-80x60.jpg&path=/var/www/vhosts/3chukuk.com/httpdocs/wp-content/uploads/2017/09 HTTP/1.0" 200 13247 "-" "Mozilla/5.0 AppleWebKit/537.36 (KHTML, like Gecko; compatible; GPTBot/1.2; +https://openai.com/gptbot)"
20.171.207.22 - - [26/Oct/2025:06:34:37 +0300] "GET /?fileloc=/var/www/vhosts/3chukuk.com/httpdocs/wp-content/uploads/2017/09/17_d-300x269.jpg&path=/var/www/vhosts/3chukuk.com/httpdocs/wp-content/uploads/2017/09 HTTP/1.0" 200 13246 "-" "Mozilla/5.0 AppleWebKit/537.36 (KHTML, like Gecko; compatible; GPTBot/1.2; +https://openai.com/gptbot)"
20.171.207.22 - - [26/Oct/2025:06:34:40 +0300] "GET /?fileloc=/var/www/vhosts/3chukuk.com/httpdocs/wp-content/uploads/2017/09/17_d-324x235.jpg&path=/var/www/vhosts/3chukuk.com/httpdocs/wp-content/uploads/2017/09 HTTP/1.0" 200 13246 "-" "Mozilla/5.0 AppleWebKit/537.36 (KHTML, like Gecko; compatible; GPTBot/1.2; +https://openai.com/gptbot)"
20.171.207.22 - - [26/Oct/2025:06:34:43 +0300] "GET /?fileloc=/var/www/vhosts/3chukuk.com/httpdocs/wp-content/uploads/2023/03/20230328-5-pdf.jpg&path=/var/www/vhosts/3chukuk.com/httpdocs/wp-content/uploads/2023/03 HTTP/1.0" 200 13248 "-" "Mozilla/5.0 AppleWebKit/537.36 (KHTML, like Gecko; compatible; GPTBot/1.2; +https://openai.com/gptbot)"
20.171.207.22 - - [26/Oct/2025:06:34:46 +0300] "GET /?fileloc=/var/www/vhosts/3chukuk.com/httpdocs/wp-content/uploads/2018/07/453_v-470x261.jpg&path=/var/www/vhosts/3chukuk.com/httpdocs/wp-content/uploads/2018/07 HTTP/1.0" 200 13247 "-" "Mozilla/5.0 AppleWebKit/537.36 (KHTML, like Gecko; compatible; GPTBot/1.2; +https://openai.com/gptbot)"
20.171.207.22 - - [26/Oct/2025:06:34:49 +0300] "GET /?fileloc=/var/www/vhosts/3chukuk.com/httpdocs/wp-content/uploads/js_composer/custom.css&path=/var/www/vhosts/3chukuk.com/httpdocs/wp-content/uploads/js_composer HTTP/1.0" 200 13171 "-" "Mozilla/5.0 AppleWebKit/537.36 (KHTML, like Gecko; compatible; GPTBot/1.2; +https://openai.com/gptbot)"
20.171.207.22 - - [26/Oct/2025:06:34:52 +0300] "GET /?fileloc=/var/www/vhosts/3chukuk.com/httpdocs/wp-content/uploads/2017/09/17_d-741x486.jpg&path=/var/www/vhosts/3chukuk.com/httpdocs/wp-content/uploads/2017/09 HTTP/1.0" 200 13246 "-" "Mozilla/5.0 AppleWebKit/537.36 (KHTML, like Gecko; compatible; GPTBot/1.2; +https://openai.com/gptbot)"
20.171.207.22 - - [26/Oct/2025:06:34:55 +0300] "GET /?fileloc=/var/www/vhosts/3chukuk.com/httpdocs/wp-content/themes/Newspaper/images/flags/flags.png&path=/var/www/vhosts/3chukuk.com/httpdocs/wp-content/themes/Newspaper/images/flags HTTP/1.0" 200 13376 "-" "Mozilla/5.0 AppleWebKit/537.36 (KHTML, like Gecko; compatible; GPTBot/1.2; +https://openai.com/gptbot)"
20.171.207.22 - - [26/Oct/2025:06:34:59 +0300] "GET /?fileloc=/var/www/vhosts/3chukuk.com/httpdocs/wp-content/themes/Newspaper/images/no-thumb/thumbnail.png&path=/var/www/vhosts/3chukuk.com/httpdocs/wp-content/themes/Newspaper/images/no-thumb HTTP/1.0" 200 13389 "-" "Mozilla/5.0 AppleWebKit/537.36 (KHTML, like Gecko; compatible; GPTBot/1.2; +https://openai.com/gptbot)"
57.141.0.69 - - [26/Oct/2025:06:34:59 +0300] "GET /wp-json/wp/v2/posts/12865 HTTP/1.0" 200 57170 "-" "meta-externalagent/1.1 (+https://developers.facebook.com/docs/sharing/webmasters/crawler)"
20.171.207.22 - - [26/Oct/2025:06:35:02 +0300] "GET /?fileloc=/var/www/vhosts/3chukuk.com/httpdocs/wp-content/themes/Newspaper/images/panel/smart_lists/td_smart_list_default.png&path=/var/www/vhosts/3chukuk.com/httpdocs/wp-content/themes/Newspaper/images/panel/smart_lists HTTP/1.0" 200 13526 "-" "Mozilla/5.0 AppleWebKit/537.36 (KHTML, like Gecko; compatible; GPTBot/1.2; +https://openai.com/gptbot)"
20.171.207.22 - - [26/Oct/2025:06:35:05 +0300] "GET /?fileloc=/var/www/vhosts/3chukuk.com/httpdocs/wp-content/uploads/2017/09/beyoglunda-bonzai-icen-gence-once-yardim-sonra-ogut-h1505309120-77e4b6-696x390.jpg&path=/var/www/vhosts/3chukuk.com/httpdocs/wp-content/uploads/2017/09 HTTP/1.0" 200 13312 "-" "Mozilla/5.0 AppleWebKit/537.36 (KHTML, like Gecko; compatible; GPTBot/1.2; +https://openai.com/gptbot)"
20.171.207.22 - - [26/Oct/2025:06:35:08 +0300] "GET /?fileloc=/var/www/vhosts/3chukuk.com/httpdocs/wp-content/uploads/2017/08/fetonun-avukat-havuzu-ortaya-cikti-h1502958491-9e76e1-356x350.jpg&path=/var/www/vhosts/3chukuk.com/httpdocs/wp-content/uploads/2017/08 HTTP/1.0" 200 13295 "-" "Mozilla/5.0 AppleWebKit/537.36 (KHTML, like Gecko; compatible; GPTBot/1.2; +https://openai.com/gptbot)"
20.171.207.22 - - [26/Oct/2025:06:35:11 +0300] "GET /?fileloc=/var/www/vhosts/3chukuk.com/httpdocs/wp-content/themes/Newspaper/mobile/includes/category_templates/.htaccess&path=/var/www/vhosts/3chukuk.com/httpdocs/wp-content/themes/Newspaper/mobile/includes/category_templates HTTP/1.0" 200 13902 "-" "Mozilla/5.0 AppleWebKit/537.36 (KHTML, like Gecko; compatible; GPTBot/1.2; +https://openai.com/gptbot)"
157.55.39.56 - - [26/Oct/2025:06:35:14 +0300] "GET /?z=6904245968 HTTP/1.0" 200 334654 "-" "Mozilla/5.0 AppleWebKit/537.36 (KHTML, like Gecko; compatible; bingbot/2.0; +http://www.bing.com/bingbot.htm) Chrome/116.0.1938.76 Safari/537.36"
20.171.207.22 - - [26/Oct/2025:06:35:14 +0300] "GET /?fileloc=/var/www/vhosts/3chukuk.com/httpdocs/wp-content/themes/Newspaper/images/flags/flags@2x.png&path=/var/www/vhosts/3chukuk.com/httpdocs/wp-content/themes/Newspaper/images/flags HTTP/1.0" 200 399 "-" "Mozilla/5.0 AppleWebKit/537.36 (KHTML, like Gecko; compatible; GPTBot/1.2; +https://openai.com/gptbot)"
20.171.207.22 - - [26/Oct/2025:06:35:17 +0300] "GET /?fileloc=/var/www/vhosts/3chukuk.com/httpdocs/wp-content/uploads/2018/06/%C3%B6ks%C3%BCz.jpg&path=/var/www/vhosts/3chukuk.com/httpdocs/wp-content/uploads/2018/06 HTTP/1.0" 200 13241 "-" "Mozilla/5.0 AppleWebKit/537.36 (KHTML, like Gecko; compatible; GPTBot/1.2; +https://openai.com/gptbot)"
20.171.207.22 - - [26/Oct/2025:06:35:21 +0300] "GET /?fileloc=/var/www/vhosts/3chukuk.com/httpdocs/wp-content/uploads/2018/06/tun%C3%A7eli-halbur%C4%B1.jpg&path=/var/www/vhosts/3chukuk.com/httpdocs/wp-content/uploads/2018/06 HTTP/1.0" 200 13251 "-" "Mozilla/5.0 AppleWebKit/537.36 (KHTML, like Gecko; compatible; GPTBot/1.2; +https://openai.com/gptbot)"
20.171.207.22 - - [26/Oct/2025:06:35:24 +0300] "GET /?fileloc=/var/www/vhosts/3chukuk.com/httpdocs/wp-content/uploads/2018/04/374220Image1.jpg&path=/var/www/vhosts/3chukuk.com/httpdocs/wp-content/uploads/2018/04 HTTP/1.0" 200 13246 "-" "Mozilla/5.0 AppleWebKit/537.36 (KHTML, like Gecko; compatible; GPTBot/1.2; +https://openai.com/gptbot)"
20.171.207.22 - - [26/Oct/2025:06:35:27 +0300] "GET /?fileloc=/var/www/vhosts/3chukuk.com/httpdocs/wp-content/uploads/2018/06/%C3%B6kka%C5%9Fe.jpg&path=/var/www/vhosts/3chukuk.com/httpdocs/wp-content/uploads/2018/06 HTTP/1.0" 200 13242 "-" "Mozilla/5.0 AppleWebKit/537.36 (KHTML, like Gecko; compatible; GPTBot/1.2; +https://openai.com/gptbot)"
20.171.207.22 - - [26/Oct/2025:06:35:30 +0300] "GET /?fileloc=/var/www/vhosts/3chukuk.com/httpdocs/wp-content/uploads/2018/06/%C3%B6kk%C5%9F.jpg&path=/var/www/vhosts/3chukuk.com/httpdocs/wp-content/uploads/2018/06 HTTP/1.0" 200 13240 "-" "Mozilla/5.0 AppleWebKit/537.36 (KHTML, like Gecko; compatible; GPTBot/1.2; +https://openai.com/gptbot)"
20.171.207.22 - - [26/Oct/2025:06:35:33 +0300] "GET /?fileloc=/var/www/vhosts/3chukuk.com/httpdocs/wp-content/uploads/2018/07/images-13-1-265x198.jpeg&path=/var/www/vhosts/3chukuk.com/httpdocs/wp-content/uploads/2018/07 HTTP/1.0" 200 13254 "-" "Mozilla/5.0 AppleWebKit/537.36 (KHTML, like Gecko; compatible; GPTBot/1.2; +https://openai.com/gptbot)"
20.171.207.22 - - [26/Oct/2025:06:35:36 +0300] "GET /?path=/var/www/vhosts/3chukuk.com/httpdocs/wp-content/themes/Newspaper/images/panel/block_templates HTTP/1.0" 200 46373 "-" "Mozilla/5.0 AppleWebKit/537.36 (KHTML, like Gecko; compatible; GPTBot/1.2; +https://openai.com/gptbot)"
20.171.207.22 - - [26/Oct/2025:06:35:40 +0300] "GET /?fileloc=/var/www/vhosts/3chukuk.com/httpdocs/wp-content/uploads/2018/07/images-13-1-356x220.jpeg&path=/var/www/vhosts/3chukuk.com/httpdocs/wp-content/uploads/2018/07 HTTP/1.0" 200 13254 "-" "Mozilla/5.0 AppleWebKit/537.36 (KHTML, like Gecko; compatible; GPTBot/1.2; +https://openai.com/gptbot)"
20.171.207.22 - - [26/Oct/2025:06:35:43 +0300] "GET /?fileloc=/var/www/vhosts/3chukuk.com/httpdocs/wp-content/uploads/2018/07/images-13-1-534x376.jpeg&path=/var/www/vhosts/3chukuk.com/httpdocs/wp-content/uploads/2018/07 HTTP/1.0" 200 13254 "-" "Mozilla/5.0 AppleWebKit/537.36 (KHTML, like Gecko; compatible; GPTBot/1.2; +https://openai.com/gptbot)"
20.171.207.22 - - [26/Oct/2025:06:35:46 +0300] "GET /?fileloc=/var/www/vhosts/3chukuk.com/httpdocs/wp-content/uploads/2018/07/images-13-1-300x138.jpeg&path=/var/www/vhosts/3chukuk.com/httpdocs/wp-content/uploads/2018/07 HTTP/1.0" 200 13254 "-" "Mozilla/5.0 AppleWebKit/537.36 (KHTML, like Gecko; compatible; GPTBot/1.2; +https://openai.com/gptbot)"
20.171.207.22 - - [26/Oct/2025:06:35:49 +0300] "GET /?fileloc=/var/www/vhosts/3chukuk.com/httpdocs/wp-content/uploads/2018/07/images-13-1-533x261.jpeg&path=/var/www/vhosts/3chukuk.com/httpdocs/wp-content/uploads/2018/07 HTTP/1.0" 200 13254 "-" "Mozilla/5.0 AppleWebKit/537.36 (KHTML, like Gecko; compatible; GPTBot/1.2; +https://openai.com/gptbot)"
20.171.207.22 - - [26/Oct/2025:06:35:52 +0300] "GET /?fileloc=/var/www/vhosts/3chukuk.com/httpdocs/wp-content/themes/Newspaper/images/panel/block_templates/.htaccess&path=/var/www/vhosts/3chukuk.com/httpdocs/wp-content/themes/Newspaper/images/panel/block_templates HTTP/1.0" 200 13881 "-" "Mozilla/5.0 AppleWebKit/537.36 (KHTML, like Gecko; compatible; GPTBot/1.2; +https://openai.com/gptbot)"
20.171.207.22 - - [26/Oct/2025:06:35:55 +0300] "GET /?fileloc=/var/www/vhosts/3chukuk.com/httpdocs/wp-content/uploads/2018/07/images-13-1-218x150.jpeg&path=/var/www/vhosts/3chukuk.com/httpdocs/wp-content/uploads/2018/07 HTTP/1.0" 200 13254 "-" "Mozilla/5.0 AppleWebKit/537.36 (KHTML, like Gecko; compatible; GPTBot/1.2; +https://openai.com/gptbot)"
57.141.0.40 - - [26/Oct/2025:06:35:58 +0300] "GET /blog/tag/casus/feed/ HTTP/1.0" 200 57170 "-" "meta-externalagent/1.1 (+https://developers.facebook.com/docs/sharing/webmasters/crawler)"
20.171.207.22 - - [26/Oct/2025:06:35:58 +0300] "GET /?fileloc=/var/www/vhosts/3chukuk.com/httpdocs/wp-content/themes/Newspaper/images/panel/block_templates/icon-block-header-3.png&path=/var/www/vhosts/3chukuk.com/httpdocs/wp-content/themes/Newspaper/images/panel/block_templates HTTP/1.0" 200 13536 "-" "Mozilla/5.0 AppleWebKit/537.36 (KHTML, like Gecko; compatible; GPTBot/1.2; +https://openai.com/gptbot)"
20.171.207.22 - - [26/Oct/2025:06:36:01 +0300] "GET /?fileloc=/var/www/vhosts/3chukuk.com/httpdocs/wp-content/themes/Newspaper/images/panel/block_templates/icon-block-header-6.png&path=/var/www/vhosts/3chukuk.com/httpdocs/wp-content/themes/Newspaper/images/panel/block_templates HTTP/1.0" 200 13536 "-" "Mozilla/5.0 AppleWebKit/537.36 (KHTML, like Gecko; compatible; GPTBot/1.2; +https://openai.com/gptbot)"
157.55.39.56 - - [26/Oct/2025:06:36:04 +0300] "GET /?z=14479474582 HTTP/1.0" 200 346325 "-" "Mozilla/5.0 AppleWebKit/537.36 (KHTML, like Gecko; compatible; bingbot/2.0; +http://www.bing.com/bingbot.htm) Chrome/116.0.1938.76 Safari/537.36"
20.171.207.22 - - [26/Oct/2025:06:36:04 +0300] "GET /?fileloc=/var/www/vhosts/3chukuk.com/httpdocs/wp-content/themes/Newspaper/images/panel/block_templates/icon-block-header-8.png&path=/var/www/vhosts/3chukuk.com/httpdocs/wp-content/themes/Newspaper/images/panel/block_templates HTTP/1.0" 200 13536 "-" "Mozilla/5.0 AppleWebKit/537.36 (KHTML, like Gecko; compatible; GPTBot/1.2; +https://openai.com/gptbot)"
157.55.39.56 - - [26/Oct/2025:06:36:06 +0300] "GET /?x=32654296661 HTTP/1.0" 200 191909 "-" "Mozilla/5.0 AppleWebKit/537.36 (KHTML, like Gecko; compatible; bingbot/2.0; +http://www.bing.com/bingbot.htm) Chrome/116.0.1938.76 Safari/537.36"
