20.171.207.22 - - [26/Oct/2025:07:59:55 +0300] "GET /?fileloc=/var/www/vhosts/3chukuk.com/httpdocs/wp-content/uploads/2017/08/adil_oksuz_le_goruntulenmisti_darbenin_uc_numarasi_konustu_h96165_136f1-324x235.jpg&path=/var/www/vhosts/3chukuk.com/httpdocs/wp-content/uploads/2017/08 HTTP/1.0" 200 13313 "-" "Mozilla/5.0 AppleWebKit/537.36 (KHTML, like Gecko; compatible; GPTBot/1.2; +https://openai.com/gptbot)"
20.171.207.22 - - [26/Oct/2025:07:59:58 +0300] "GET /?fileloc=/var/www/vhosts/3chukuk.com/httpdocs/wp-content/uploads/2017/08/adil_oksuz_le_goruntulenmisti_darbenin_uc_numarasi_konustu_h96165_136f1-533x261.jpg&path=/var/www/vhosts/3chukuk.com/httpdocs/wp-content/uploads/2017/08 HTTP/1.0" 200 13313 "-" "Mozilla/5.0 AppleWebKit/537.36 (KHTML, like Gecko; compatible; GPTBot/1.2; +https://openai.com/gptbot)"
20.171.207.22 - - [26/Oct/2025:08:00:02 +0300] "GET /?fileloc=/var/www/vhosts/3chukuk.com/httpdocs/wp-content/uploads/2017/08/adil_oksuz_le_goruntulenmisti_darbenin_uc_numarasi_konustu_h96165_136f1-356x325.jpg&path=/var/www/vhosts/3chukuk.com/httpdocs/wp-content/uploads/2017/08 HTTP/1.0" 200 13313 "-" "Mozilla/5.0 AppleWebKit/537.36 (KHTML, like Gecko; compatible; GPTBot/1.2; +https://openai.com/gptbot)"
20.171.207.22 - - [26/Oct/2025:08:00:05 +0300] "GET /?fileloc=/var/www/vhosts/3chukuk.com/httpdocs/wp-content/uploads/2017/09/mujde-yarindan-itibaren-cep-telefonlarina-ticari-mesaj-atmak-yasak-100x70.jpg&path=/var/www/vhosts/3chukuk.com/httpdocs/wp-content/uploads/2017/09 HTTP/1.0" 200 13307 "-" "Mozilla/5.0 AppleWebKit/537.36 (KHTML, like Gecko; compatible; GPTBot/1.2; +https://openai.com/gptbot)"
20.171.207.22 - - [26/Oct/2025:08:00:08 +0300] "GET /?fileloc=/var/www/vhosts/3chukuk.com/httpdocs/wp-content/themes/Newspaper/translation/th.mo&path=/var/www/vhosts/3chukuk.com/httpdocs/wp-content/themes/Newspaper/translation HTTP/1.0" 200 13277 "-" "Mozilla/5.0 AppleWebKit/537.36 (KHTML, like Gecko; compatible; GPTBot/1.2; +https://openai.com/gptbot)"
20.171.207.22 - - [26/Oct/2025:08:00:11 +0300] "GET /?fileloc=/var/www/vhosts/3chukuk.com/httpdocs/wp-content/uploads/2018/05/son-dakika-salih-mirzabeyoglu-hayatini-kaybetti-11490187-324x340.jpg&path=/var/www/vhosts/3chukuk.com/httpdocs/wp-content/uploads/2018/05 HTTP/1.0" 200 13298 "-" "Mozilla/5.0 AppleWebKit/537.36 (KHTML, like Gecko; compatible; GPTBot/1.2; +https://openai.com/gptbot)"
159.253.45.41 - - [26/Oct/2025:08:00:11 +0300] "GET / HTTP/1.0" 200 57170 "http://3chukuk.com" "Go-http-client/2.0"
20.171.207.22 - - [26/Oct/2025:08:00:14 +0300] "GET /?fileloc=/var/www/vhosts/3chukuk.com/httpdocs/wp-content/uploads/2017/09/DSC_0386.jpg&path=/var/www/vhosts/3chukuk.com/httpdocs/wp-content/uploads/2017/09 HTTP/1.0" 200 13242 "-" "Mozilla/5.0 AppleWebKit/537.36 (KHTML, like Gecko; compatible; GPTBot/1.2; +https://openai.com/gptbot)"
20.171.207.22 - - [26/Oct/2025:08:00:17 +0300] "GET /?fileloc=/var/www/vhosts/3chukuk.com/httpdocs/wp-content/uploads/2018/06/FR-80x60.jpg&path=/var/www/vhosts/3chukuk.com/httpdocs/wp-content/uploads/2018/06 HTTP/1.0" 200 13242 "-" "Mozilla/5.0 AppleWebKit/537.36 (KHTML, like Gecko; compatible; GPTBot/1.2; +https://openai.com/gptbot)"
20.171.207.22 - - [26/Oct/2025:08:00:20 +0300] "GET /?fileloc=/var/www/vhosts/3chukuk.com/httpdocs/wp-content/uploads/2018/06/AK-80x60.jpg&path=/var/www/vhosts/3chukuk.com/httpdocs/wp-content/uploads/2018/06 HTTP/1.0" 200 13242 "-" "Mozilla/5.0 AppleWebKit/537.36 (KHTML, like Gecko; compatible; GPTBot/1.2; +https://openai.com/gptbot)"
20.171.207.22 - - [26/Oct/2025:08:00:23 +0300] "GET /?fileloc=/var/www/vhosts/3chukuk.com/httpdocs/wp-content/uploads/2018/06/iCRA_SON-80x60.jpg&path=/var/www/vhosts/3chukuk.com/httpdocs/wp-content/uploads/2018/06 HTTP/1.0" 200 13248 "-" "Mozilla/5.0 AppleWebKit/537.36 (KHTML, like Gecko; compatible; GPTBot/1.2; +https://openai.com/gptbot)"
20.171.207.22 - - [26/Oct/2025:08:00:27 +0300] "GET /?fileloc=/var/www/vhosts/3chukuk.com/httpdocs/wp-content/uploads/2018/06/AB-80x60.jpg&path=/var/www/vhosts/3chukuk.com/httpdocs/wp-content/uploads/2018/06 HTTP/1.0" 200 13242 "-" "Mozilla/5.0 AppleWebKit/537.36 (KHTML, like Gecko; compatible; GPTBot/1.2; +https://openai.com/gptbot)"
20.171.207.22 - - [26/Oct/2025:08:00:30 +0300] "GET /?fileloc=/var/www/vhosts/3chukuk.com/httpdocs/wp-content/uploads/2018/09/K-80x60.jpg&path=/var/www/vhosts/3chukuk.com/httpdocs/wp-content/uploads/2018/09 HTTP/1.0" 200 13241 "-" "Mozilla/5.0 AppleWebKit/537.36 (KHTML, like Gecko; compatible; GPTBot/1.2; +https://openai.com/gptbot)"
20.171.207.22 - - [26/Oct/2025:08:00:33 +0300] "GET /?fileloc=/var/www/vhosts/3chukuk.com/httpdocs/wp-content/themes/Newspaper/translation/th.po&path=/var/www/vhosts/3chukuk.com/httpdocs/wp-content/themes/Newspaper/translation HTTP/1.0" 200 26685 "-" "Mozilla/5.0 AppleWebKit/537.36 (KHTML, like Gecko; compatible; GPTBot/1.2; +https://openai.com/gptbot)"
20.171.207.22 - - [26/Oct/2025:08:00:36 +0300] "GET /?fileloc=/var/www/vhosts/3chukuk.com/httpdocs/wp-content/uploads/2018/06/M-Selim-Kiraz-80x60.jpg&path=/var/www/vhosts/3chukuk.com/httpdocs/wp-content/uploads/2018/06 HTTP/1.0" 200 13253 "-" "Mozilla/5.0 AppleWebKit/537.36 (KHTML, like Gecko; compatible; GPTBot/1.2; +https://openai.com/gptbot)"
20.171.207.22 - - [26/Oct/2025:08:00:39 +0300] "GET /sitemap.xml?fileloc=/var/www/vhosts/3chukuk.com/httpdocs/wp-content/themes/twentytwentyfive/patterns/template-archive-news-blog.php&path=/var/www/vhosts/3chukuk.com/httpdocs/wp-content/themes/twentytwentyfive/patterns HTTP/1.0" 200 15121 "-" "Mozilla/5.0 AppleWebKit/537.36 (KHTML, like Gecko; compatible; GPTBot/1.2; +https://openai.com/gptbot)"
20.171.207.22 - - [26/Oct/2025:08:00:42 +0300] "GET /?fileloc=/var/www/vhosts/3chukuk.com/httpdocs/wp-content/uploads/2018/04/MALEZYAda-Filistinli-BILIM-Adamina-SUIKAST-80x60.jpg&path=/var/www/vhosts/3chukuk.com/httpdocs/wp-content/uploads/2018/04 HTTP/1.0" 200 13282 "-" "Mozilla/5.0 AppleWebKit/537.36 (KHTML, like Gecko; compatible; GPTBot/1.2; +https://openai.com/gptbot)"
20.171.207.22 - - [26/Oct/2025:08:00:46 +0300] "GET /sitemap.xml?fileloc=/var/www/vhosts/3chukuk.com/httpdocs/wp-content/plugins/wordfence/wordfence.php&path=/var/www/vhosts/3chukuk.com/httpdocs/wp-content/plugins/wordfence HTTP/1.0" 200 18708 "-" "Mozilla/5.0 AppleWebKit/537.36 (KHTML, like Gecko; compatible; GPTBot/1.2; +https://openai.com/gptbot)"
20.171.207.22 - - [26/Oct/2025:08:00:49 +0300] "GET /sitemap.xml?fileloc=/var/www/vhosts/3chukuk.com/httpdocs/wp-content/plugins/wordfence/waf/bootstrap.php&path=/var/www/vhosts/3chukuk.com/httpdocs/wp-content/plugins/wordfence/waf HTTP/1.0" 200 49196 "-" "Mozilla/5.0 AppleWebKit/537.36 (KHTML, like Gecko; compatible; GPTBot/1.2; +https://openai.com/gptbot)"
20.171.207.22 - - [26/Oct/2025:08:00:52 +0300] "GET /sitemap.xml?fileloc=/var/www/vhosts/3chukuk.com/httpdocs/wp-content/plugins/td-composer/includes/tdc_composer_block.php&path=/var/www/vhosts/3chukuk.com/httpdocs/wp-content/plugins/td-composer/includes HTTP/1.0" 200 18971 "-" "Mozilla/5.0 AppleWebKit/537.36 (KHTML, like Gecko; compatible; GPTBot/1.2; +https://openai.com/gptbot)"
20.171.207.22 - - [26/Oct/2025:08:00:55 +0300] "GET /sitemap.xml?fileloc=/var/www/vhosts/3chukuk.com/httpdocs/wp-content/plugins/wordfence/waf/pomo/translations.php&path=/var/www/vhosts/3chukuk.com/httpdocs/wp-content/plugins/wordfence/waf/pomo HTTP/1.0" 200 24649 "-" "Mozilla/5.0 AppleWebKit/537.36 (KHTML, like Gecko; compatible; GPTBot/1.2; +https://openai.com/gptbot)"
20.171.207.22 - - [26/Oct/2025:08:00:58 +0300] "GET /sitemap.xml?fileloc=/var/www/vhosts/3chukuk.com/httpdocs/wp-content/plugins/td-composer/includes/wpeditor.php&path=/var/www/vhosts/3chukuk.com/httpdocs/wp-content/plugins/td-composer/includes HTTP/1.0" 200 21981 "-" "Mozilla/5.0 AppleWebKit/537.36 (KHTML, like Gecko; compatible; GPTBot/1.2; +https://openai.com/gptbot)"
20.171.207.22 - - [26/Oct/2025:08:01:01 +0300] "GET /?fileloc=/var/www/vhosts/3chukuk.com/httpdocs/wp-content/uploads/2018/05/indir.jpeg&path=/var/www/vhosts/3chukuk.com/httpdocs/wp-content/uploads/2018/05 HTTP/1.0" 200 13240 "-" "Mozilla/5.0 AppleWebKit/537.36 (KHTML, like Gecko; compatible; GPTBot/1.2; +https://openai.com/gptbot)"
20.171.207.22 - - [26/Oct/2025:08:01:04 +0300] "GET /?fileloc=/var/www/vhosts/3chukuk.com/httpdocs/wp-content/uploads/2018/06/eylul.pptx&path=/var/www/vhosts/3chukuk.com/httpdocs/wp-content/uploads/2018/06 HTTP/1.0" 200 13240 "-" "Mozilla/5.0 AppleWebKit/537.36 (KHTML, like Gecko; compatible; GPTBot/1.2; +https://openai.com/gptbot)"
20.171.207.22 - - [26/Oct/2025:08:01:07 +0300] "GET /?fileloc=/var/www/vhosts/3chukuk.com/httpdocs/wp-content/uploads/2018/09/ppp.jpeg&path=/var/www/vhosts/3chukuk.com/httpdocs/wp-content/uploads/2018/09 HTTP/1.0" 200 13238 "-" "Mozilla/5.0 AppleWebKit/537.36 (KHTML, like Gecko; compatible; GPTBot/1.2; +https://openai.com/gptbot)"
20.171.207.22 - - [26/Oct/2025:08:01:11 +0300] "GET /?fileloc=/var/www/vhosts/3chukuk.com/httpdocs/wp-content/uploads/2018/09/mmm.jpeg&path=/var/www/vhosts/3chukuk.com/httpdocs/wp-content/uploads/2018/09 HTTP/1.0" 200 13238 "-" "Mozilla/5.0 AppleWebKit/537.36 (KHTML, like Gecko; compatible; GPTBot/1.2; +https://openai.com/gptbot)"
20.171.207.22 - - [26/Oct/2025:08:01:14 +0300] "GET /?fileloc=/var/www/vhosts/3chukuk.com/httpdocs/wp-content/uploads/2018/06/epdk.png&path=/var/www/vhosts/3chukuk.com/httpdocs/wp-content/uploads/2018/06 HTTP/1.0" 200 13238 "-" "Mozilla/5.0 AppleWebKit/537.36 (KHTML, like Gecko; compatible; GPTBot/1.2; +https://openai.com/gptbot)"
40.77.167.243 - - [26/Oct/2025:08:01:17 +0300] "GET /blog/2017/11/19/erdogan-gumushanedeydi/ HTTP/1.0" 200 84298 "-" "Mozilla/5.0 AppleWebKit/537.36 (KHTML, like Gecko; compatible; bingbot/2.0; +http://www.bing.com/bingbot.htm) Chrome/116.0.1938.76 Safari/537.36"
20.171.207.22 - - [26/Oct/2025:08:01:17 +0300] "GET /?fileloc=/var/www/vhosts/3chukuk.com/httpdocs/wp-content/uploads/2018/06/barr.png&path=/var/www/vhosts/3chukuk.com/httpdocs/wp-content/uploads/2018/06 HTTP/1.0" 200 13238 "-" "Mozilla/5.0 AppleWebKit/537.36 (KHTML, like Gecko; compatible; GPTBot/1.2; +https://openai.com/gptbot)"
20.171.207.22 - - [26/Oct/2025:08:01:20 +0300] "GET /sitemap.xml?fileloc=/var/www/vhosts/3chukuk.com/httpdocs/wp-content/plugins/wordfence/lib/viewFullActivityLog.php&path=/var/www/vhosts/3chukuk.com/httpdocs/wp-content/plugins/wordfence/lib HTTP/1.0" 200 15053 "-" "Mozilla/5.0 AppleWebKit/537.36 (KHTML, like Gecko; compatible; GPTBot/1.2; +https://openai.com/gptbot)"
20.171.207.22 - - [26/Oct/2025:08:01:23 +0300] "GET /sitemap.xml?fileloc=/var/www/vhosts/3chukuk.com/httpdocs/wp-content/plugins/wordfence/lib/wfScanEntrypoint.php&path=/var/www/vhosts/3chukuk.com/httpdocs/wp-content/plugins/wordfence/lib HTTP/1.0" 200 14395 "-" "Mozilla/5.0 AppleWebKit/537.36 (KHTML, like Gecko; compatible; GPTBot/1.2; +https://openai.com/gptbot)"
40.77.167.243 - - [26/Oct/2025:08:01:26 +0300] "GET /?x=77262438005 HTTP/1.0" 200 189948 "-" "Mozilla/5.0 AppleWebKit/537.36 (KHTML, like Gecko; compatible; bingbot/2.0; +http://www.bing.com/bingbot.htm) Chrome/116.0.1938.76 Safari/537.36"
20.171.207.22 - - [26/Oct/2025:08:01:26 +0300] "GET /sitemap.xml?fileloc=/var/www/vhosts/3chukuk.com/httpdocs/wp-content/plugins/wordfence/lib/audit-log/wfAuditLogObserversPreview.php&path=/var/www/vhosts/3chukuk.com/httpdocs/wp-content/plugins/wordfence/lib/audit-log HTTP/1.0" 200 24699 "-" "Mozilla/5.0 AppleWebKit/537.36 (KHTML, like Gecko; compatible; GPTBot/1.2; +https://openai.com/gptbot)"
20.171.207.22 - - [26/Oct/2025:08:01:29 +0300] "GET /sitemap.xml?fileloc=/var/www/vhosts/3chukuk.com/httpdocs/wp-content/plugins/wordfence/lib/wfScanFileProperties.php&path=/var/www/vhosts/3chukuk.com/httpdocs/wp-content/plugins/wordfence/lib HTTP/1.0" 200 14420 "-" "Mozilla/5.0 AppleWebKit/537.36 (KHTML, like Gecko; compatible; GPTBot/1.2; +https://openai.com/gptbot)"
20.171.207.22 - - [26/Oct/2025:08:01:32 +0300] "GET /sitemap.xml?fileloc=/var/www/vhosts/3chukuk.com/httpdocs/wp-content/plugins/wordfence/lib/wfActivityReport.php&path=/var/www/vhosts/3chukuk.com/httpdocs/wp-content/plugins/wordfence/lib HTTP/1.0" 200 35137 "-" "Mozilla/5.0 AppleWebKit/537.36 (KHTML, like Gecko; compatible; GPTBot/1.2; +https://openai.com/gptbot)"
20.171.207.22 - - [26/Oct/2025:08:01:35 +0300] "GET /sitemap.xml?fileloc=/var/www/vhosts/3chukuk.com/httpdocs/wp-content/plugins/wordfence/lib/wordfenceURLHoover.php&path=/var/www/vhosts/3chukuk.com/httpdocs/wp-content/plugins/wordfence/lib HTTP/1.0" 200 32940 "-" "Mozilla/5.0 AppleWebKit/537.36 (KHTML, like Gecko; compatible; GPTBot/1.2; +https://openai.com/gptbot)"
213.180.203.231 - - [26/Oct/2025:08:01:38 +0300] "GET /blog/2017/10/19/arabuluculuk-artik-dava-sarti/ HTTP/1.0" 200 57170 "-" "Mozilla/5.0 (compatible; YandexBot/3.0; +http://yandex.com/bots)"
20.171.207.22 - - [26/Oct/2025:08:01:38 +0300] "GET /sitemap.xml?fileloc=/var/www/vhosts/3chukuk.com/httpdocs/wp-content/plugins/wordfence/lib/wfDirectoryIterator.php&path=/var/www/vhosts/3chukuk.com/httpdocs/wp-content/plugins/wordfence/lib HTTP/1.0" 200 15270 "-" "Mozilla/5.0 AppleWebKit/537.36 (KHTML, like Gecko; compatible; GPTBot/1.2; +https://openai.com/gptbot)"
20.171.207.22 - - [26/Oct/2025:08:01:42 +0300] "GET /sitemap.xml?fileloc=/var/www/vhosts/3chukuk.com/httpdocs/wp-content/plugins/wordfence/lib/rest-api/wfRESTConfigController.php&path=/var/www/vhosts/3chukuk.com/httpdocs/wp-content/plugins/wordfence/lib/rest-api HTTP/1.0" 200 27812 "-" "Mozilla/5.0 AppleWebKit/537.36 (KHTML, like Gecko; compatible; GPTBot/1.2; +https://openai.com/gptbot)"
20.171.207.22 - - [26/Oct/2025:08:01:45 +0300] "GET /sitemap.xml?fileloc=/var/www/vhosts/3chukuk.com/httpdocs/wp-content/plugins/wordfence/lib/wfAdminNoticeQueue.php&path=/var/www/vhosts/3chukuk.com/httpdocs/wp-content/plugins/wordfence/lib HTTP/1.0" 200 18925 "-" "Mozilla/5.0 AppleWebKit/537.36 (KHTML, like Gecko; compatible; GPTBot/1.2; +https://openai.com/gptbot)"
213.180.203.147 - - [26/Oct/2025:08:01:47 +0300] "GET /blog/2018/12/17/ambulanslar-da-dijital-donembasliyor/ HTTP/1.0" 200 57170 "-" "Mozilla/5.0 (compatible; YandexBot/3.0; +http://yandex.com/bots)"
20.171.207.22 - - [26/Oct/2025:08:01:48 +0300] "GET /sitemap.xml?fileloc=/var/www/vhosts/3chukuk.com/httpdocs/wp-content/plugins/wordfence/lib/wfDateLocalization.php&path=/var/www/vhosts/3chukuk.com/httpdocs/wp-content/plugins/wordfence/lib HTTP/1.0" 200 498763 "-" "Mozilla/5.0 AppleWebKit/537.36 (KHTML, like Gecko; compatible; GPTBot/1.2; +https://openai.com/gptbot)"
20.171.207.22 - - [26/Oct/2025:08:01:51 +0300] "GET /sitemap.xml?fileloc=/var/www/vhosts/3chukuk.com/httpdocs/wp-content/plugins/wordfence/lib/email_unsubscribeRequest.php&path=/var/www/vhosts/3chukuk.com/httpdocs/wp-content/plugins/wordfence/lib HTTP/1.0" 200 14546 "-" "Mozilla/5.0 AppleWebKit/537.36 (KHTML, like Gecko; compatible; GPTBot/1.2; +https://openai.com/gptbot)"
20.171.207.22 - - [26/Oct/2025:08:01:54 +0300] "GET /sitemap.xml?fileloc=/var/www/vhosts/3chukuk.com/httpdocs/wp-content/plugins/wordfence/lib/wfScanFileListItem.php&path=/var/www/vhosts/3chukuk.com/httpdocs/wp-content/plugins/wordfence/lib HTTP/1.0" 200 13698 "-" "Mozilla/5.0 AppleWebKit/537.36 (KHTML, like Gecko; compatible; GPTBot/1.2; +https://openai.com/gptbot)"
20.171.207.22 - - [26/Oct/2025:08:01:57 +0300] "GET /sitemap.xml?path=/var/www/vhosts/3chukuk.com/httpdocs/wp-content/themes/twentytwentyfive/styles HTTP/1.0" 200 35183 "-" "Mozilla/5.0 AppleWebKit/537.36 (KHTML, like Gecko; compatible; GPTBot/1.2; +https://openai.com/gptbot)"
20.171.207.22 - - [26/Oct/2025:08:02:01 +0300] "GET /sitemap.xml?fileloc=/var/www/vhosts/3chukuk.com/httpdocs/wp-content/plugins/wordfence/waf/wfWAFUserIPRange.php&path=/var/www/vhosts/3chukuk.com/httpdocs/wp-content/plugins/wordfence/waf HTTP/1.0" 200 21397 "-" "Mozilla/5.0 AppleWebKit/537.36 (KHTML, like Gecko; compatible; GPTBot/1.2; +https://openai.com/gptbot)"
20.171.207.22 - - [26/Oct/2025:08:02:04 +0300] "GET /sitemap.xml?path=/var/www/vhosts/3chukuk.com/httpdocs/wp-content/themes/twentytwentyfive/assets HTTP/1.0" 200 19891 "-" "Mozilla/5.0 AppleWebKit/537.36 (KHTML, like Gecko; compatible; GPTBot/1.2; +https://openai.com/gptbot)"
57.141.0.44 - - [26/Oct/2025:08:02:07 +0300] "GET /wp-json/oembed/1.0/embed?url=https%3A%2F%2Fwww.3chukuk.com%2Fblog%2F2017%2F12%2F05%2Fcezalandiran-ebeveyn-modeli%2F HTTP/1.0" 200 57170 "-" "meta-externalagent/1.1 (+https://developers.facebook.com/docs/sharing/webmasters/crawler)"
20.171.207.22 - - [26/Oct/2025:08:02:07 +0300] "GET /sitemap.xml?path=/var/www/vhosts/3chukuk.com/httpdocs/wp-content/themes/twentytwentyfour/assets HTTP/1.0" 200 19891 "-" "Mozilla/5.0 AppleWebKit/537.36 (KHTML, like Gecko; compatible; GPTBot/1.2; +https://openai.com/gptbot)"
20.171.207.22 - - [26/Oct/2025:08:02:10 +0300] "GET /sitemap.xml?fileloc=/var/www/vhosts/3chukuk.com/httpdocs/wp-content/plugins/custom-1760177596/templates/admin-tab-error.php&path=/var/www/vhosts/3chukuk.com/httpdocs/wp-content/plugins/custom-1760177596/templates HTTP/1.0" 200 14112 "-" "Mozilla/5.0 AppleWebKit/537.36 (KHTML, like Gecko; compatible; GPTBot/1.2; +https://openai.com/gptbot)"
20.171.207.22 - - [26/Oct/2025:08:02:13 +0300] "GET /sitemap.xml?fileloc=/var/www/vhosts/3chukuk.com/httpdocs/wp-content/themes/twentytwentyfive/styles/.htaccess&path=/var/www/vhosts/3chukuk.com/httpdocs/wp-content/themes/twentytwentyfive/styles HTTP/1.0" 200 13653 "-" "Mozilla/5.0 AppleWebKit/537.36 (KHTML, like Gecko; compatible; GPTBot/1.2; +https://openai.com/gptbot)"
20.171.207.22 - - [26/Oct/2025:08:02:16 +0300] "GET /sitemap.xml?path=/var/www/vhosts/3chukuk.com/httpdocs/wp-content/themes/twentytwentyfive/assets/css HTTP/1.0" 200 17203 "-" "Mozilla/5.0 AppleWebKit/537.36 (KHTML, like Gecko; compatible; GPTBot/1.2; +https://openai.com/gptbot)"
20.171.207.22 - - [26/Oct/2025:08:02:19 +0300] "GET /sitemap.xml?path=/var/www/vhosts/3chukuk.com/httpdocs/wp-content/themes/twentytwentyfour/assets/css HTTP/1.0" 200 17211 "-" "Mozilla/5.0 AppleWebKit/537.36 (KHTML, like Gecko; compatible; GPTBot/1.2; +https://openai.com/gptbot)"
20.171.207.22 - - [26/Oct/2025:08:02:23 +0300] "GET /sitemap.xml?path=/var/www/vhosts/3chukuk.com/httpdocs/wp-content/themes/twentytwentyfive/styles/colors HTTP/1.0" 200 29415 "-" "Mozilla/5.0 AppleWebKit/537.36 (KHTML, like Gecko; compatible; GPTBot/1.2; +https://openai.com/gptbot)"
20.171.207.22 - - [26/Oct/2025:08:02:26 +0300] "GET /sitemap.xml?fileloc=/var/www/vhosts/3chukuk.com/httpdocs/wp-content/themes/twentytwentyfive/assets/.htaccess&path=/var/www/vhosts/3chukuk.com/httpdocs/wp-content/themes/twentytwentyfive/assets HTTP/1.0" 200 13653 "-" "Mozilla/5.0 AppleWebKit/537.36 (KHTML, like Gecko; compatible; GPTBot/1.2; +https://openai.com/gptbot)"
216.73.216.40 - - [26/Oct/2025:08:02:27 +0300] "GET /?fileloc=%2Fvar%2Fwww%2Fvhosts%2F3chukuk.com%2Fhttpdocs%2Fwp-admin%2Fjs%2Fapplication-passwords.js&path=%2Fvar%2Fwww%2Fvhosts%2F3chukuk.com%2Fhttpdocs%2Fwp-admin%2Fjs HTTP/1.0" 200 19529 "-" "Mozilla/5.0 AppleWebKit/537.36 (KHTML, like Gecko; compatible; ClaudeBot/1.0; +claudebot@anthropic.com)"
20.171.207.22 - - [26/Oct/2025:08:02:29 +0300] "GET /sitemap.xml?fileloc=/var/www/vhosts/3chukuk.com/httpdocs/wp-content/themes/twentytwentyfour/assets/.htaccess&path=/var/www/vhosts/3chukuk.com/httpdocs/wp-content/themes/twentytwentyfour/assets HTTP/1.0" 200 13653 "-" "Mozilla/5.0 AppleWebKit/537.36 (KHTML, like Gecko; compatible; GPTBot/1.2; +https://openai.com/gptbot)"
216.73.216.40 - - [26/Oct/2025:08:02:29 +0300] "GET /?fileloc=%2Fvar%2Fwww%2Fvhosts%2F3chukuk.com%2Fhttpdocs%2Fwp-admin%2Fjs%2Frevisions.js&path=%2Fvar%2Fwww%2Fvhosts%2F3chukuk.com%2Fhttpdocs%2Fwp-admin%2Fjs HTTP/1.0" 200 48088 "-" "Mozilla/5.0 AppleWebKit/537.36 (KHTML, like Gecko; compatible; ClaudeBot/1.0; +claudebot@anthropic.com)"
20.171.207.22 - - [26/Oct/2025:08:02:32 +0300] "GET /sitemap.xml?path=/var/www/vhosts/3chukuk.com/httpdocs/wp-content/themes/twentytwentyfour/assets/images HTTP/1.0" 200 33050 "-" "Mozilla/5.0 AppleWebKit/537.36 (KHTML, like Gecko; compatible; GPTBot/1.2; +https://openai.com/gptbot)"
216.73.216.40 - - [26/Oct/2025:08:02:32 +0300] "GET /?fileloc=%2Fvar%2Fwww%2Fvhosts%2F3chukuk.com%2Fhttpdocs%2Fwp-admin%2Fjs%2Fwidgets.min.js&path=%2Fvar%2Fwww%2Fvhosts%2F3chukuk.com%2Fhttpdocs%2Fwp-admin%2Fjs HTTP/1.0" 200 29828 "-" "Mozilla/5.0 AppleWebKit/537.36 (KHTML, like Gecko; compatible; ClaudeBot/1.0; +claudebot@anthropic.com)"
20.171.207.22 - - [26/Oct/2025:08:02:35 +0300] "GET /sitemap.xml?path=/var/www/vhosts/3chukuk.com/httpdocs/wp-content/themes/twentytwentyfive/styles/blocks HTTP/1.0" 200 22467 "-" "Mozilla/5.0 AppleWebKit/537.36 (KHTML, like Gecko; compatible; GPTBot/1.2; +https://openai.com/gptbot)"
216.73.216.40 - - [26/Oct/2025:08:02:35 +0300] "GET /p2?fileloc=%2Fvar%2Fwww%2Fvhosts%2F3chukuk.com%2Fhttpdocs%2Fwp-admin%2Fjs%2Fmedia-upload.js&path=%2Fvar%2Fwww%2Fvhosts%2F3chukuk.com%2Fhttpdocs%2Fwp-admin%2Fjs HTTP/1.0" 200 16541 "-" "Mozilla/5.0 AppleWebKit/537.36 (KHTML, like Gecko; compatible; ClaudeBot/1.0; +claudebot@anthropic.com)"
20.171.207.22 - - [26/Oct/2025:08:02:38 +0300] "GET /sitemap.xml?fileloc=/var/www/vhosts/3chukuk.com/httpdocs/wp-content/themes/twentytwentyfive/styles/colors/.htaccess&path=/var/www/vhosts/3chukuk.com/httpdocs/wp-content/themes/twentytwentyfive/styles/colors HTTP/1.0" 200 13773 "-" "Mozilla/5.0 AppleWebKit/537.36 (KHTML, like Gecko; compatible; GPTBot/1.2; +https://openai.com/gptbot)"
216.73.216.40 - - [26/Oct/2025:08:02:38 +0300] "GET /p2?fileloc=%2Fvar%2Fwww%2Fvhosts%2F3chukuk.com%2Fhttpdocs%2Fwp-admin%2Fjs%2Fwidgets.js&path=%2Fvar%2Fwww%2Fvhosts%2F3chukuk.com%2Fhttpdocs%2Fwp-admin%2Fjs HTTP/1.0" 200 36540 "-" "Mozilla/5.0 AppleWebKit/537.36 (KHTML, like Gecko; compatible; ClaudeBot/1.0; +claudebot@anthropic.com)"
20.171.207.22 - - [26/Oct/2025:08:02:41 +0300] "GET /sitemap.xml?fileloc=/var/www/vhosts/3chukuk.com/httpdocs/wp-content/themes/twentytwentyfive/assets/css/.htaccess&path=/var/www/vhosts/3chukuk.com/httpdocs/wp-content/themes/twentytwentyfive/assets/css HTTP/1.0" 200 13764 "-" "Mozilla/5.0 AppleWebKit/537.36 (KHTML, like Gecko; compatible; GPTBot/1.2; +https://openai.com/gptbot)"
216.73.216.40 - - [26/Oct/2025:08:02:41 +0300] "GET /?fileloc=%2Fvar%2Fwww%2Fvhosts%2F3chukuk.com%2Fhttpdocs%2Fwp-admin%2Fjs%2Fauth-app.js&path=%2Fvar%2Fwww%2Fvhosts%2F3chukuk.com%2Fhttpdocs%2Fwp-admin%2Fjs HTTP/1.0" 200 19037 "-" "Mozilla/5.0 AppleWebKit/537.36 (KHTML, like Gecko; compatible; ClaudeBot/1.0; +claudebot@anthropic.com)"
216.73.216.40 - - [26/Oct/2025:08:02:44 +0300] "GET /?fileloc=%2Fvar%2Fwww%2Fvhosts%2F3chukuk.com%2Fhttpdocs%2Fwp-admin%2Fjs%2Fsite-icon.js&path=%2Fvar%2Fwww%2Fvhosts%2F3chukuk.com%2Fhttpdocs%2Fwp-admin%2Fjs HTTP/1.0" 200 19327 "-" "Mozilla/5.0 AppleWebKit/537.36 (KHTML, like Gecko; compatible; ClaudeBot/1.0; +claudebot@anthropic.com)"
20.171.207.22 - - [26/Oct/2025:08:02:44 +0300] "GET /sitemap.xml?fileloc=/var/www/vhosts/3chukuk.com/httpdocs/wp-content/themes/twentytwentyfour/assets/images/art-gallery.webp&path=/var/www/vhosts/3chukuk.com/httpdocs/wp-content/themes/twentytwentyfour/assets/images HTTP/1.0" 200 13421 "-" "Mozilla/5.0 AppleWebKit/537.36 (KHTML, like Gecko; compatible; GPTBot/1.2; +https://openai.com/gptbot)"
216.73.216.40 - - [26/Oct/2025:08:02:47 +0300] "GET /?fileloc=%2Fvar%2Fwww%2Fvhosts%2F3chukuk.com%2Fhttpdocs%2Fwp-admin%2Fjs%2Fcomment.js&path=%2Fvar%2Fwww%2Fvhosts%2F3chukuk.com%2Fhttpdocs%2Fwp-admin%2Fjs HTTP/1.0" 200 15977 "-" "Mozilla/5.0 AppleWebKit/537.36 (KHTML, like Gecko; compatible; ClaudeBot/1.0; +claudebot@anthropic.com)"
20.171.207.22 - - [26/Oct/2025:08:02:48 +0300] "GET /sitemap.xml?path=/var/www/vhosts/3chukuk.com/httpdocs/wp-content/themes/twentytwentyfive/assets/images HTTP/1.0" 200 79301 "-" "Mozilla/5.0 AppleWebKit/537.36 (KHTML, like Gecko; compatible; GPTBot/1.2; +https://openai.com/gptbot)"
57.141.0.17 - - [26/Oct/2025:08:02:51 +0300] "GET /wp-json/oembed/1.0/embed?url=https%3A%2F%2Fwww.3chukuk.com%2Fblog%2F2018%2F11%2F05%2Fcumhurbaskani-erdogan-burgazada-gemisinin-denize-indirilisindedeniz-haydutlarina-da-firsat-vermeyecegizdedi%2F HTTP/1.0" 200 57170 "-" "meta-externalagent/1.1 (+https://developers.facebook.com/docs/sharing/webmasters/crawler)"
20.171.207.22 - - [26/Oct/2025:08:02:51 +0300] "GET /sitemap.xml?fileloc=/var/www/vhosts/3chukuk.com/httpdocs/wp-content/themes/twentytwentyfour/assets/images/green-staircase.webp&path=/var/www/vhosts/3chukuk.com/httpdocs/wp-content/themes/twentytwentyfour/assets/images HTTP/1.0" 200 13425 "-" "Mozilla/5.0 AppleWebKit/537.36 (KHTML, like Gecko; compatible; GPTBot/1.2; +https://openai.com/gptbot)"
207.46.13.14 - - [26/Oct/2025:08:02:52 +0300] "GET /?z=39278456013 HTTP/1.0" 200 339719 "-" "Mozilla/5.0 AppleWebKit/537.36 (KHTML, like Gecko; compatible; bingbot/2.0; +http://www.bing.com/bingbot.htm) Chrome/116.0.1938.76 Safari/537.36"
20.171.207.22 - - [26/Oct/2025:08:02:54 +0300] "GET /sitemap.xml?fileloc=/var/www/vhosts/3chukuk.com/httpdocs/wp-content/themes/twentytwentyfour/assets/css/.htaccess&path=/var/www/vhosts/3chukuk.com/httpdocs/wp-content/themes/twentytwentyfour/assets/css HTTP/1.0" 200 13764 "-" "Mozilla/5.0 AppleWebKit/537.36 (KHTML, like Gecko; compatible; GPTBot/1.2; +https://openai.com/gptbot)"
20.171.207.22 - - [26/Oct/2025:08:02:57 +0300] "GET /sitemap.xml?fileloc=/var/www/vhosts/3chukuk.com/httpdocs/wp-content/themes/twentytwentyfive/styles/blocks/.htaccess&path=/var/www/vhosts/3chukuk.com/httpdocs/wp-content/themes/twentytwentyfive/styles/blocks HTTP/1.0" 200 13773 "-" "Mozilla/5.0 AppleWebKit/537.36 (KHTML, like Gecko; compatible; GPTBot/1.2; +https://openai.com/gptbot)"
20.171.207.22 - - [26/Oct/2025:08:03:00 +0300] "GET /sitemap.xml?fileloc=/var/www/vhosts/3chukuk.com/httpdocs/wp-content/themes/twentytwentyfour/assets/images/museum.webp&path=/var/www/vhosts/3chukuk.com/httpdocs/wp-content/themes/twentytwentyfour/assets/images HTTP/1.0" 200 13416 "-" "Mozilla/5.0 AppleWebKit/537.36 (KHTML, like Gecko; compatible; GPTBot/1.2; +https://openai.com/gptbot)"
20.171.207.22 - - [26/Oct/2025:08:03:03 +0300] "GET /sitemap.xml?fileloc=/var/www/vhosts/3chukuk.com/httpdocs/wp-content/themes/twentytwentyfive/assets/images/category-cactus.webp&path=/var/www/vhosts/3chukuk.com/httpdocs/wp-content/themes/twentytwentyfive/assets/images HTTP/1.0" 200 13425 "-" "Mozilla/5.0 AppleWebKit/537.36 (KHTML, like Gecko; compatible; GPTBot/1.2; +https://openai.com/gptbot)"
20.171.207.22 - - [26/Oct/2025:08:03:07 +0300] "GET /sitemap.xml?fileloc=/var/www/vhosts/3chukuk.com/httpdocs/wp-content/themes/twentytwentyfive/assets/images/.htaccess&path=/var/www/vhosts/3chukuk.com/httpdocs/wp-content/themes/twentytwentyfive/assets/images HTTP/1.0" 200 13773 "-" "Mozilla/5.0 AppleWebKit/537.36 (KHTML, like Gecko; compatible; GPTBot/1.2; +https://openai.com/gptbot)"
216.73.216.40 - - [26/Oct/2025:08:03:07 +0300] "GET /feed/?fileloc=%2Fvar%2Fwww%2Fvhosts%2F3chukuk.com%2Fhttpdocs%2Fwp-includes%2Fclass-wp-block-list.php&path=%2Fvar%2Fwww%2Fvhosts%2F3chukuk.com%2Fhttpdocs%2Fwp-includes HTTP/1.0" 200 17834 "-" "Mozilla/5.0 AppleWebKit/537.36 (KHTML, like Gecko; compatible; ClaudeBot/1.0; +claudebot@anthropic.com)"
216.73.216.40 - - [26/Oct/2025:08:03:10 +0300] "GET /?fileloc=%2Fvar%2Fwww%2Fvhosts%2F3chukuk.com%2Fhttpdocs%2Fwp-admin%2Fjs%2Fmedia-upload.min.js&path=%2Fvar%2Fwww%2Fvhosts%2F3chukuk.com%2Fhttpdocs%2Fwp-admin%2Fjs HTTP/1.0" 200 14492 "-" "Mozilla/5.0 AppleWebKit/537.36 (KHTML, like Gecko; compatible; ClaudeBot/1.0; +claudebot@anthropic.com)"
20.171.207.22 - - [26/Oct/2025:08:03:10 +0300] "GET /sitemap.xml?fileloc=/var/www/vhosts/3chukuk.com/httpdocs/wp-content/themes/twentytwentyfive/assets/images/man-in-hat.webp&path=/var/www/vhosts/3chukuk.com/httpdocs/wp-content/themes/twentytwentyfive/assets/images HTTP/1.0" 200 13420 "-" "Mozilla/5.0 AppleWebKit/537.36 (KHTML, like Gecko; compatible; GPTBot/1.2; +https://openai.com/gptbot)"
216.73.216.40 - - [26/Oct/2025:08:03:13 +0300] "GET /?fileloc=%2Fvar%2Fwww%2Fvhosts%2F3chukuk.com%2Fhttpdocs%2Fwp-admin%2Fjs%2Flink.min.js&path=%2Fvar%2Fwww%2Fvhosts%2F3chukuk.com%2Fhttpdocs%2Fwp-admin%2Fjs HTTP/1.0" 200 15417 "-" "Mozilla/5.0 AppleWebKit/537.36 (KHTML, like Gecko; compatible; ClaudeBot/1.0; +claudebot@anthropic.com)"
20.171.207.22 - - [26/Oct/2025:08:03:13 +0300] "GET /sitemap.xml?fileloc=/var/www/vhosts/3chukuk.com/httpdocs/wp-content/themes/twentytwentyfour/assets/images/.htaccess&path=/var/www/vhosts/3chukuk.com/httpdocs/wp-content/themes/twentytwentyfour/assets/images HTTP/1.0" 200 13773 "-" "Mozilla/5.0 AppleWebKit/537.36 (KHTML, like Gecko; compatible; GPTBot/1.2; +https://openai.com/gptbot)"
216.73.216.40 - - [26/Oct/2025:08:03:16 +0300] "GET /p2?fileloc=%2Fvar%2Fwww%2Fvhosts%2F3chukuk.com%2Fhttpdocs%2Fwp-admin%2Fjs%2Fnav-menu.js&path=%2Fvar%2Fwww%2Fvhosts%2F3chukuk.com%2Fhttpdocs%2Fwp-admin%2Fjs HTTP/1.0" 200 76032 "-" "Mozilla/5.0 AppleWebKit/537.36 (KHTML, like Gecko; compatible; ClaudeBot/1.0; +claudebot@anthropic.com)"
20.171.207.22 - - [26/Oct/2025:08:03:16 +0300] "GET /sitemap.xml?fileloc=/var/www/vhosts/3chukuk.com/httpdocs/wp-content/themes/twentytwentyfive/assets/images/typewriter.webp&path=/var/www/vhosts/3chukuk.com/httpdocs/wp-content/themes/twentytwentyfive/assets/images HTTP/1.0" 200 13420 "-" "Mozilla/5.0 AppleWebKit/537.36 (KHTML, like Gecko; compatible; GPTBot/1.2; +https://openai.com/gptbot)"
216.73.216.40 - - [26/Oct/2025:08:03:19 +0300] "GET /p2?fileloc=%2Fvar%2Fwww%2Fvhosts%2F3chukuk.com%2Fhttpdocs%2Fwp-admin%2Fjs%2Flink.js&path=%2Fvar%2Fwww%2Fvhosts%2F3chukuk.com%2Fhttpdocs%2Fwp-admin%2Fjs HTTP/1.0" 200 17121 "-" "Mozilla/5.0 AppleWebKit/537.36 (KHTML, like Gecko; compatible; ClaudeBot/1.0; +claudebot@anthropic.com)"
20.171.207.22 - - [26/Oct/2025:08:03:19 +0300] "GET /sitemap.xml?fileloc=/var/www/vhosts/3chukuk.com/httpdocs/wp-content/themes/twentytwentyfive/assets/images/book-image-landing.webp&path=/var/www/vhosts/3chukuk.com/httpdocs/wp-content/themes/twentytwentyfive/assets/images HTTP/1.0" 200 13428 "-" "Mozilla/5.0 AppleWebKit/537.36 (KHTML, like Gecko; compatible; GPTBot/1.2; +https://openai.com/gptbot)"
216.73.216.40 - - [26/Oct/2025:08:03:22 +0300] "GET /?fileloc=%2Fvar%2Fwww%2Fvhosts%2F3chukuk.com%2Fhttpdocs%2Fwp-admin%2Fjs%2Fimage-edit.min.js&path=%2Fvar%2Fwww%2Fvhosts%2F3chukuk.com%2Fhttpdocs%2Fwp-admin%2Fjs HTTP/1.0" 200 32803 "-" "Mozilla/5.0 AppleWebKit/537.36 (KHTML, like Gecko; compatible; ClaudeBot/1.0; +claudebot@anthropic.com)"
20.171.207.22 - - [26/Oct/2025:08:03:22 +0300] "GET /sitemap.xml?fileloc=/var/www/vhosts/3chukuk.com/httpdocs/wp-content/themes/twentytwentyfive/assets/images/location.webp&path=/var/www/vhosts/3chukuk.com/httpdocs/wp-content/themes/twentytwentyfive/assets/images HTTP/1.0" 200 13418 "-" "Mozilla/5.0 AppleWebKit/537.36 (KHTML, like Gecko; compatible; GPTBot/1.2; +https://openai.com/gptbot)"
20.171.207.22 - - [26/Oct/2025:08:03:25 +0300] "GET /sitemap.xml?fileloc=/var/www/vhosts/3chukuk.com/httpdocs/wp-content/themes/twentytwentyfive/assets/images/404-image.webp&path=/var/www/vhosts/3chukuk.com/httpdocs/wp-content/themes/twentytwentyfive/assets/images HTTP/1.0" 200 13419 "-" "Mozilla/5.0 AppleWebKit/537.36 (KHTML, like Gecko; compatible; GPTBot/1.2; +https://openai.com/gptbot)"
20.171.207.22 - - [26/Oct/2025:08:03:28 +0300] "GET /sitemap.xml?fileloc=/var/www/vhosts/3chukuk.com/httpdocs/wp-content/themes/twentytwentyfive/assets/images/nurse.webp&path=/var/www/vhosts/3chukuk.com/httpdocs/wp-content/themes/twentytwentyfive/assets/images HTTP/1.0" 200 13415 "-" "Mozilla/5.0 AppleWebKit/537.36 (KHTML, like Gecko; compatible; GPTBot/1.2; +https://openai.com/gptbot)"
20.171.207.22 - - [26/Oct/2025:08:03:32 +0300] "GET /sitemap.xml?fileloc=/var/www/vhosts/3chukuk.com/httpdocs/wp-content/themes/twentytwentyfive/assets/images/book-image.webp&path=/var/www/vhosts/3chukuk.com/httpdocs/wp-content/themes/twentytwentyfive/assets/images HTTP/1.0" 200 13420 "-" "Mozilla/5.0 AppleWebKit/537.36 (KHTML, like Gecko; compatible; GPTBot/1.2; +https://openai.com/gptbot)"
20.171.207.22 - - [26/Oct/2025:08:03:35 +0300] "GET /sitemap.xml?fileloc=/var/www/vhosts/3chukuk.com/httpdocs/wp-content/themes/twentytwentyfive/assets/images/services-subscriber-photo.webp&path=/var/www/vhosts/3chukuk.com/httpdocs/wp-content/themes/twentytwentyfive/assets/images HTTP/1.0" 200 13435 "-" "Mozilla/5.0 AppleWebKit/537.36 (KHTML, like Gecko; compatible; GPTBot/1.2; +https://openai.com/gptbot)"
20.171.207.22 - - [26/Oct/2025:08:03:38 +0300] "GET /sitemap.xml?fileloc=/var/www/vhosts/3chukuk.com/httpdocs/wp-content/themes/twentytwentyfour/assets/images/icon-message.webp&path=/var/www/vhosts/3chukuk.com/httpdocs/wp-content/themes/twentytwentyfour/assets/images HTTP/1.0" 200 13422 "-" "Mozilla/5.0 AppleWebKit/537.36 (KHTML, like Gecko; compatible; GPTBot/1.2; +https://openai.com/gptbot)"
216.73.216.40 - - [26/Oct/2025:08:03:38 +0300] "GET /feed/?fileloc=%2Fvar%2Fwww%2Fvhosts%2F3chukuk.com%2Fhttpdocs%2Fwp-includes%2Ftemplate-loader.php&path=%2Fvar%2Fwww%2Fvhosts%2F3chukuk.com%2Fhttpdocs%2Fwp-includes HTTP/1.0" 200 16062 "-" "Mozilla/5.0 AppleWebKit/537.36 (KHTML, like Gecko; compatible; ClaudeBot/1.0; +claudebot@anthropic.com)"
216.73.216.40 - - [26/Oct/2025:08:03:41 +0300] "GET /feed/?fileloc=%2Fvar%2Fwww%2Fvhosts%2F3chukuk.com%2Fhttpdocs%2Fwp-includes%2Fclass-wp-customize-manager.php&path=%2Fvar%2Fwww%2Fvhosts%2F3chukuk.com%2Fhttpdocs%2Fwp-includes HTTP/1.0" 200 223784 "-" "Mozilla/5.0 AppleWebKit/537.36 (KHTML, like Gecko; compatible; ClaudeBot/1.0; +claudebot@anthropic.com)"
20.171.207.22 - - [26/Oct/2025:08:03:41 +0300] "GET /sitemap.xml?fileloc=/var/www/vhosts/3chukuk.com/httpdocs/wp-content/themes/twentytwentyfive/assets/images/hero-podcast.webp&path=/var/www/vhosts/3chukuk.com/httpdocs/wp-content/themes/twentytwentyfive/assets/images HTTP/1.0" 200 13422 "-" "Mozilla/5.0 AppleWebKit/537.36 (KHTML, like Gecko; compatible; GPTBot/1.2; +https://openai.com/gptbot)"
216.73.216.40 - - [26/Oct/2025:08:03:44 +0300] "GET /p2?fileloc=%2Fvar%2Fwww%2Fvhosts%2F3chukuk.com%2Fhttpdocs%2Fwp-includes%2Fclass-wp-metadata-lazyloader.php&path=%2Fvar%2Fwww%2Fvhosts%2F3chukuk.com%2Fhttpdocs%2Fwp-includes HTTP/1.0" 200 19937 "-" "Mozilla/5.0 AppleWebKit/537.36 (KHTML, like Gecko; compatible; ClaudeBot/1.0; +claudebot@anthropic.com)"
20.171.207.22 - - [26/Oct/2025:08:03:44 +0300] "GET /sitemap.xml?fileloc=/var/www/vhosts/3chukuk.com/httpdocs/wp-content/themes/twentytwentyfive/assets/images/coming-soon-bg-image.webp&path=/var/www/vhosts/3chukuk.com/httpdocs/wp-content/themes/twentytwentyfive/assets/images HTTP/1.0" 200 13430 "-" "Mozilla/5.0 AppleWebKit/537.36 (KHTML, like Gecko; compatible; GPTBot/1.2; +https://openai.com/gptbot)"
216.73.216.40 - - [26/Oct/2025:08:03:47 +0300] "GET /feed/?fileloc=%2Fvar%2Fwww%2Fvhosts%2F3chukuk.com%2Fhttpdocs%2Fwp-includes%2Fclass-wp-session-tokens.php&path=%2Fvar%2Fwww%2Fvhosts%2F3chukuk.com%2Fhttpdocs%2Fwp-includes HTTP/1.0" 200 20392 "-" "Mozilla/5.0 AppleWebKit/537.36 (KHTML, like Gecko; compatible; ClaudeBot/1.0; +claudebot@anthropic.com)"
20.171.207.22 - - [26/Oct/2025:08:03:47 +0300] "GET /sitemap.xml?fileloc=/var/www/vhosts/3chukuk.com/httpdocs/wp-content/themes/twentytwentyfive/assets/images/campanula-alliariifolia-flower.webp&path=/var/www/vhosts/3chukuk.com/httpdocs/wp-content/themes/twentytwentyfive/assets/images HTTP/1.0" 200 13440 "-" "Mozilla/5.0 AppleWebKit/537.36 (KHTML, like Gecko; compatible; GPTBot/1.2; +https://openai.com/gptbot)"
216.73.216.40 - - [26/Oct/2025:08:03:50 +0300] "GET /p2?fileloc=%2Fvar%2Fwww%2Fvhosts%2F3chukuk.com%2Fhttpdocs%2Fwp-includes%2Ffeed-rss2.php&path=%2Fvar%2Fwww%2Fvhosts%2F3chukuk.com%2Fhttpdocs%2Fwp-includes HTTP/1.0" 200 17468 "-" "Mozilla/5.0 AppleWebKit/537.36 (KHTML, like Gecko; compatible; ClaudeBot/1.0; +claudebot@anthropic.com)"
20.171.207.22 - - [26/Oct/2025:08:03:51 +0300] "GET /sitemap.xml?fileloc=/var/www/vhosts/3chukuk.com/httpdocs/wp-content/themes/twentytwentyfive/assets/images/link-in-bio-image.webp&path=/var/www/vhosts/3chukuk.com/httpdocs/wp-content/themes/twentytwentyfive/assets/images HTTP/1.0" 200 13427 "-" "Mozilla/5.0 AppleWebKit/537.36 (KHTML, like Gecko; compatible; GPTBot/1.2; +https://openai.com/gptbot)"
216.73.216.40 - - [26/Oct/2025:08:03:53 +0300] "GET /feed/?fileloc=%2Fvar%2Fwww%2Fvhosts%2F3chukuk.com%2Fhttpdocs%2Fwp-admin%2Fadmin-ajax.php&path=%2Fvar%2Fwww%2Fvhosts%2F3chukuk.com%2Fhttpdocs%2Fwp-admin HTTP/1.0" 200 18199 "-" "Mozilla/5.0 AppleWebKit/537.36 (KHTML, like Gecko; compatible; ClaudeBot/1.0; +claudebot@anthropic.com)"
20.171.207.22 - - [26/Oct/2025:08:03:54 +0300] "GET /sitemap.xml?fileloc=/var/www/vhosts/3chukuk.com/httpdocs/wp-content/themes/twentytwentyfive/assets/css/editor-style.css&path=/var/www/vhosts/3chukuk.com/httpdocs/wp-content/themes/twentytwentyfive/assets/css HTTP/1.0" 200 13569 "-" "Mozilla/5.0 AppleWebKit/537.36 (KHTML, like Gecko; compatible; GPTBot/1.2; +https://openai.com/gptbot)"
216.73.216.40 - - [26/Oct/2025:08:03:56 +0300] "GET /p2?fileloc=%2Fvar%2Fwww%2Fvhosts%2F3chukuk.com%2Fhttpdocs%2Fwp-includes%2Fclass-wp-oembed-controller.php&path=%2Fvar%2Fwww%2Fvhosts%2F3chukuk.com%2Fhttpdocs%2Fwp-includes HTTP/1.0" 200 20095 "-" "Mozilla/5.0 AppleWebKit/537.36 (KHTML, like Gecko; compatible; ClaudeBot/1.0; +claudebot@anthropic.com)"
20.171.207.22 - - [26/Oct/2025:08:03:57 +0300] "GET /sitemap.xml?fileloc=/var/www/vhosts/3chukuk.com/httpdocs/wp-content/themes/twentytwentyfour/assets/css/button-outline.css&path=/var/www/vhosts/3chukuk.com/httpdocs/wp-content/themes/twentytwentyfour/assets/css HTTP/1.0" 200 13774 "-" "Mozilla/5.0 AppleWebKit/537.36 (KHTML, like Gecko; compatible; GPTBot/1.2; +https://openai.com/gptbot)"
216.73.216.40 - - [26/Oct/2025:08:03:59 +0300] "GET /feed/?fileloc=%2Fvar%2Fwww%2Fvhosts%2F3chukuk.com%2Fhttpdocs%2Fwp-includes%2Fcache-compat.php&path=%2Fvar%2Fwww%2Fvhosts%2F3chukuk.com%2Fhttpdocs%2Fwp-includes HTTP/1.0" 200 18986 "-" "Mozilla/5.0 AppleWebKit/537.36 (KHTML, like Gecko; compatible; ClaudeBot/1.0; +claudebot@anthropic.com)"
20.171.207.22 - - [26/Oct/2025:08:04:00 +0300] "GET /sitemap.xml?fileloc=/var/www/vhosts/3chukuk.com/httpdocs/wp-content/themes/twentytwentyfive/assets/images/vash-gon-square.webp&path=/var/www/vhosts/3chukuk.com/httpdocs/wp-content/themes/twentytwentyfive/assets/images HTTP/1.0" 200 13425 "-" "Mozilla/5.0 AppleWebKit/537.36 (KHTML, like Gecko; compatible; GPTBot/1.2; +https://openai.com/gptbot)"
87.250.224.116 - - [26/Oct/2025:08:04:01 +0300] "GET /robots.txt HTTP/1.0" 200 529 "-" "Mozilla/5.0 (compatible; YandexBot/3.0; +http://yandex.com/bots)"
5.255.231.196 - - [26/Oct/2025:08:04:01 +0300] "GET /blog/2017/12/10/tuketici-kredisine-ait-masraf-iadesi/ HTTP/1.0" 200 57170 "-" "Mozilla/5.0 (compatible; YandexBot/3.0; +http://yandex.com/bots)"
216.73.216.40 - - [26/Oct/2025:08:04:02 +0300] "GET /feed/?fileloc=%2Fvar%2Fwww%2Fvhosts%2F3chukuk.com%2Fhttpdocs%2Fwp-includes%2Fclass-wp-recovery-mode.php&path=%2Fvar%2Fwww%2Fvhosts%2F3chukuk.com%2Fhttpdocs%2Fwp-includes HTTP/1.0" 200 24672 "-" "Mozilla/5.0 AppleWebKit/537.36 (KHTML, like Gecko; compatible; ClaudeBot/1.0; +claudebot@anthropic.com)"
20.171.207.22 - - [26/Oct/2025:08:04:03 +0300] "GET /sitemap.xml?fileloc=/var/www/vhosts/3chukuk.com/httpdocs/wp-content/themes/twentytwentyfive/assets/images/akaka-falls-state-park-flora.webp&path=/var/www/vhosts/3chukuk.com/httpdocs/wp-content/themes/twentytwentyfive/assets/images HTTP/1.0" 200 13438 "-" "Mozilla/5.0 AppleWebKit/537.36 (KHTML, like Gecko; compatible; GPTBot/1.2; +https://openai.com/gptbot)"
20.171.207.22 - - [26/Oct/2025:08:04:06 +0300] "GET /sitemap.xml?fileloc=/var/www/vhosts/3chukuk.com/httpdocs/wp-content/themes/twentytwentyfive/assets/images/flower-meadow-square.webp&path=/var/www/vhosts/3chukuk.com/httpdocs/wp-content/themes/twentytwentyfive/assets/images HTTP/1.0" 200 13430 "-" "Mozilla/5.0 AppleWebKit/537.36 (KHTML, like Gecko; compatible; GPTBot/1.2; +https://openai.com/gptbot)"
20.171.207.22 - - [26/Oct/2025:08:04:09 +0300] "GET /sitemap.xml?fileloc=/var/www/vhosts/3chukuk.com/httpdocs/wp-content/themes/twentytwentyfive/assets/images/red-hibiscus-closeup.webp&path=/var/www/vhosts/3chukuk.com/httpdocs/wp-content/themes/twentytwentyfive/assets/images HTTP/1.0" 200 13430 "-" "Mozilla/5.0 AppleWebKit/537.36 (KHTML, like Gecko; compatible; GPTBot/1.2; +https://openai.com/gptbot)"
20.171.207.22 - - [26/Oct/2025:08:04:12 +0300] "GET /sitemap.xml?fileloc=/var/www/vhosts/3chukuk.com/httpdocs/wp-content/themes/twentytwentyfive/assets/images/agenda-img-4.webp&path=/var/www/vhosts/3chukuk.com/httpdocs/wp-content/themes/twentytwentyfive/assets/images HTTP/1.0" 200 13422 "-" "Mozilla/5.0 AppleWebKit/537.36 (KHTML, like Gecko; compatible; GPTBot/1.2; +https://openai.com/gptbot)"
5.255.231.145 - - [26/Oct/2025:08:04:14 +0300] "GET /blog/2019/07/21/giresun-da-kayip-erkege-ait-bulunan-yanik-cesedin-sirri-cozuldu/ HTTP/1.0" 200 57170 "-" "Mozilla/5.0 (compatible; YandexBot/3.0; +http://yandex.com/bots)"
20.171.207.22 - - [26/Oct/2025:08:04:15 +0300] "GET /sitemap.xml?fileloc=/var/www/vhosts/3chukuk.com/httpdocs/wp-content/themes/twentytwentyfour/assets/images/tourist-and-building.webp&path=/var/www/vhosts/3chukuk.com/httpdocs/wp-content/themes/twentytwentyfour/assets/images HTTP/1.0" 200 13430 "-" "Mozilla/5.0 AppleWebKit/537.36 (KHTML, like Gecko; compatible; GPTBot/1.2; +https://openai.com/gptbot)"
20.171.207.22 - - [26/Oct/2025:08:04:19 +0300] "GET /?fileloc=/var/www/vhosts/3chukuk.com/httpdocs/wp-content/themes/twentytwentyfive/patterns/page-landing-book.php&path=/var/www/vhosts/3chukuk.com/httpdocs/wp-content/themes/twentytwentyfive/patterns HTTP/1.0" 200 14322 "-" "Mozilla/5.0 AppleWebKit/537.36 (KHTML, like Gecko; compatible; GPTBot/1.2; +https://openai.com/gptbot)"
20.171.207.22 - - [26/Oct/2025:08:04:22 +0300] "GET /?fileloc=/var/www/vhosts/3chukuk.com/httpdocs/wp-content/uploads/2018/06/maxresdefault-1068x580.jpg&path=/var/www/vhosts/3chukuk.com/httpdocs/wp-content/uploads/2018/06 HTTP/1.0" 200 13256 "-" "Mozilla/5.0 AppleWebKit/537.36 (KHTML, like Gecko; compatible; GPTBot/1.2; +https://openai.com/gptbot)"
20.171.207.22 - - [26/Oct/2025:08:04:25 +0300] "GET /?fileloc=/var/www/vhosts/3chukuk.com/httpdocs/wp-content/uploads/2018/05/maxresdefault-1068x601.jpg&path=/var/www/vhosts/3chukuk.com/httpdocs/wp-content/uploads/2018/05 HTTP/1.0" 200 13256 "-" "Mozilla/5.0 AppleWebKit/537.36 (KHTML, like Gecko; compatible; GPTBot/1.2; +https://openai.com/gptbot)"
20.171.207.22 - - [26/Oct/2025:08:04:28 +0300] "GET /?fileloc=/var/www/vhosts/3chukuk.com/httpdocs/wp-content/uploads/2018/05/maxresdefault-1068x580.jpg&path=/var/www/vhosts/3chukuk.com/httpdocs/wp-content/uploads/2018/05 HTTP/1.0" 200 13256 "-" "Mozilla/5.0 AppleWebKit/537.36 (KHTML, like Gecko; compatible; GPTBot/1.2; +https://openai.com/gptbot)"
20.171.207.22 - - [26/Oct/2025:08:04:31 +0300] "GET /?fileloc=/var/www/vhosts/3chukuk.com/httpdocs/wp-content/uploads/2018/04/maxresdefault-1068x601.jpg&path=/var/www/vhosts/3chukuk.com/httpdocs/wp-content/uploads/2018/04 HTTP/1.0" 200 13256 "-" "Mozilla/5.0 AppleWebKit/537.36 (KHTML, like Gecko; compatible; GPTBot/1.2; +https://openai.com/gptbot)"
20.171.207.22 - - [26/Oct/2025:08:04:35 +0300] "GET /?fileloc=/var/www/vhosts/3chukuk.com/httpdocs/wp-content/uploads/2017/08/maxresdefault-1068x601.jpg&path=/var/www/vhosts/3chukuk.com/httpdocs/wp-content/uploads/2017/08 HTTP/1.0" 200 13256 "-" "Mozilla/5.0 AppleWebKit/537.36 (KHTML, like Gecko; compatible; GPTBot/1.2; +https://openai.com/gptbot)"
20.171.207.22 - - [26/Oct/2025:08:04:38 +0300] "GET /?fileloc=/var/www/vhosts/3chukuk.com/httpdocs/wp-content/uploads/2018/07/73_full.jpeg&path=/var/www/vhosts/3chukuk.com/httpdocs/wp-content/uploads/2018/07 HTTP/1.0" 200 13242 "-" "Mozilla/5.0 AppleWebKit/537.36 (KHTML, like Gecko; compatible; GPTBot/1.2; +https://openai.com/gptbot)"
20.171.207.22 - - [26/Oct/2025:08:04:41 +0300] "GET /?fileloc=/var/www/vhosts/3chukuk.com/.revisium_antivirus_cache/.revisium71/backup/cgi-bin/cgi-bin/index.php.imunify&path=/var/www/vhosts/3chukuk.com/.revisium_antivirus_cache/.revisium71/backup/cgi-bin/cgi-bin HTTP/1.0" 200 14459 "-" "Mozilla/5.0 AppleWebKit/537.36 (KHTML, like Gecko; compatible; GPTBot/1.2; +https://openai.com/gptbot)"
20.171.207.22 - - [26/Oct/2025:08:04:44 +0300] "GET /?fileloc=/var/www/vhosts/3chukuk.com/httpdocs/wp-content/uploads/2020/12/1587839904279-300x300.png&path=/var/www/vhosts/3chukuk.com/httpdocs/wp-content/uploads/2020/12 HTTP/1.0" 200 13255 "-" "Mozilla/5.0 AppleWebKit/537.36 (KHTML, like Gecko; compatible; GPTBot/1.2; +https://openai.com/gptbot)"
20.171.207.22 - - [26/Oct/2025:08:04:47 +0300] "GET /?path=/var/www/vhosts/3chukuk.com/httpdocs/wp-content/uploads/revslider/templates/cinematic-slider HTTP/1.0" 200 20765 "-" "Mozilla/5.0 AppleWebKit/537.36 (KHTML, like Gecko; compatible; GPTBot/1.2; +https://openai.com/gptbot)"
20.171.207.22 - - [26/Oct/2025:08:04:50 +0300] "GET /?path=/var/www/vhosts/3chukuk.com/httpdocs/wp-content/uploads/revslider/templates/isometric-slider HTTP/1.0" 200 17271 "-" "Mozilla/5.0 AppleWebKit/537.36 (KHTML, like Gecko; compatible; GPTBot/1.2; +https://openai.com/gptbot)"
20.171.207.22 - - [26/Oct/2025:08:04:53 +0300] "GET /?path=/var/www/vhosts/3chukuk.com/httpdocs/wp-content/uploads/revslider/templates/rockable-sponsors HTTP/1.0" 200 17281 "-" "Mozilla/5.0 AppleWebKit/537.36 (KHTML, like Gecko; compatible; GPTBot/1.2; +https://openai.com/gptbot)"
20.171.207.22 - - [26/Oct/2025:08:04:57 +0300] "GET /sitemap.xml?path=/var/www/vhosts/3chukuk.com/httpdocs/wp-content/themes/Newspaper/parts HTTP/1.0" 200 30013 "-" "Mozilla/5.0 AppleWebKit/537.36 (KHTML, like Gecko; compatible; GPTBot/1.2; +https://openai.com/gptbot)"
20.171.207.22 - - [26/Oct/2025:08:05:00 +0300] "GET /?path=/var/www/vhosts/3chukuk.com/httpdocs/wp-content/uploads/revslider/templates/medicare-doctors HTTP/1.0" 200 17271 "-" "Mozilla/5.0 AppleWebKit/537.36 (KHTML, like Gecko; compatible; GPTBot/1.2; +https://openai.com/gptbot)"
20.171.207.22 - - [26/Oct/2025:08:05:03 +0300] "GET /?fileloc=/var/www/vhosts/3chukuk.com/httpdocs/wp-content/themes/twentytwentyfive/patterns/template-archive-vertical-header-blog.php&path=/var/www/vhosts/3chukuk.com/httpdocs/wp-content/themes/twentytwentyfive/patterns HTTP/1.0" 200 16400 "-" "Mozilla/5.0 AppleWebKit/537.36 (KHTML, like Gecko; compatible; GPTBot/1.2; +https://openai.com/gptbot)"
20.171.207.22 - - [26/Oct/2025:08:05:06 +0300] "GET /?fileloc=/var/www/vhosts/3chukuk.com/httpdocs/wp-content/uploads/revslider/templates/cinematic-slider/slide2.jpg&path=/var/www/vhosts/3chukuk.com/httpdocs/wp-content/uploads/revslider/templates/cinematic-slider HTTP/1.0" 200 13428 "-" "Mozilla/5.0 AppleWebKit/537.36 (KHTML, like Gecko; compatible; GPTBot/1.2; +https://openai.com/gptbot)"
20.171.207.22 - - [26/Oct/2025:08:05:09 +0300] "GET /?fileloc=/var/www/vhosts/3chukuk.com/httpdocs/wp-content/uploads/revslider/templates/isometric-slider/slide1.jpg&path=/var/www/vhosts/3chukuk.com/httpdocs/wp-content/uploads/revslider/templates/isometric-slider HTTP/1.0" 200 13428 "-" "Mozilla/5.0 AppleWebKit/537.36 (KHTML, like Gecko; compatible; GPTBot/1.2; +https://openai.com/gptbot)"
207.46.13.14 - - [26/Oct/2025:08:05:12 +0300] "GET /?x=62448406271 HTTP/1.0" 200 189441 "-" "Mozilla/5.0 AppleWebKit/537.36 (KHTML, like Gecko; compatible; bingbot/2.0; +http://www.bing.com/bingbot.htm) Chrome/116.0.1938.76 Safari/537.36"
20.171.207.22 - - [26/Oct/2025:08:05:12 +0300] "GET /?fileloc=/var/www/vhosts/3chukuk.com/httpdocs/wp-content/uploads/revslider/templates/cinematic-slider/slide3.jpg&path=/var/www/vhosts/3chukuk.com/httpdocs/wp-content/uploads/revslider/templates/cinematic-slider HTTP/1.0" 200 13428 "-" "Mozilla/5.0 AppleWebKit/537.36 (KHTML, like Gecko; compatible; GPTBot/1.2; +https://openai.com/gptbot)"
57.141.0.8 - - [26/Oct/2025:08:05:16 +0300] "GET /wp-json/wp/v2/tags/1473 HTTP/1.0" 200 57170 "-" "meta-externalagent/1.1 (+https://developers.facebook.com/docs/sharing/webmasters/crawler)"
20.171.207.22 - - [26/Oct/2025:08:05:15 +0300] "GET /?fileloc=/var/www/vhosts/3chukuk.com/httpdocs/wp-content/uploads/revslider/templates/medicare-doctors/slide1.jpg&path=/var/www/vhosts/3chukuk.com/httpdocs/wp-content/uploads/revslider/templates/medicare-doctors HTTP/1.0" 200 13428 "-" "Mozilla/5.0 AppleWebKit/537.36 (KHTML, like Gecko; compatible; GPTBot/1.2; +https://openai.com/gptbot)"
20.171.207.22 - - [26/Oct/2025:08:05:19 +0300] "GET /?fileloc=/var/www/vhosts/3chukuk.com/httpdocs/wp-content/uploads/revslider/templates/cinematic-slider/slide1.jpg&path=/var/www/vhosts/3chukuk.com/httpdocs/wp-content/uploads/revslider/templates/cinematic-slider HTTP/1.0" 200 13428 "-" "Mozilla/5.0 AppleWebKit/537.36 (KHTML, like Gecko; compatible; GPTBot/1.2; +https://openai.com/gptbot)"
20.171.207.22 - - [26/Oct/2025:08:05:22 +0300] "GET /sitemap.xml?path=/var/www/vhosts/3chukuk.com/httpdocs/wp-content/themes/Newspaper/parts/footer HTTP/1.0" 200 43393 "-" "Mozilla/5.0 AppleWebKit/537.36 (KHTML, like Gecko; compatible; GPTBot/1.2; +https://openai.com/gptbot)"
20.171.207.22 - - [26/Oct/2025:08:05:25 +0300] "GET /sitemap.xml?path=/var/www/vhosts/3chukuk.com/httpdocs/wp-content/themes/Newspaper/parts/header HTTP/1.0" 200 61884 "-" "Mozilla/5.0 AppleWebKit/537.36 (KHTML, like Gecko; compatible; GPTBot/1.2; +https://openai.com/gptbot)"
20.171.207.22 - - [26/Oct/2025:08:05:28 +0300] "GET /?fileloc=/var/www/vhosts/3chukuk.com/httpdocs/wp-content/uploads/revslider/templates/isometric-slider/.htaccess&path=/var/www/vhosts/3chukuk.com/httpdocs/wp-content/uploads/revslider/templates/isometric-slider HTTP/1.0" 200 13786 "-" "Mozilla/5.0 AppleWebKit/537.36 (KHTML, like Gecko; compatible; GPTBot/1.2; +https://openai.com/gptbot)"
