57.141.0.27 - - [26/Oct/2025:07:37:38 +0300] "GET /wp-json/oembed/1.0/embed?url=https%3A%2F%2Fwww.3chukuk.com%2Fblog%2F2019%2F01%2F31%2Ftoplumsal-ahlak%2F HTTP/1.0" 200 57170 "-" "meta-externalagent/1.1 (+https://developers.facebook.com/docs/sharing/webmasters/crawler)"
20.171.207.22 - - [26/Oct/2025:07:37:40 +0300] "GET /?fileloc=/var/www/vhosts/3chukuk.com/httpdocs/wp-content/uploads/2018/04/DbUY5cnW4AANv6M-356x220.jpg&path=/var/www/vhosts/3chukuk.com/httpdocs/wp-content/uploads/2018/04 HTTP/1.0" 200 13257 "-" "Mozilla/5.0 AppleWebKit/537.36 (KHTML, like Gecko; compatible; GPTBot/1.2; +https://openai.com/gptbot)"
20.171.207.22 - - [26/Oct/2025:07:37:44 +0300] "GET /?fileloc=/var/www/vhosts/3chukuk.com/httpdocs/wp-content/uploads/2018/04/DbUY5cnW4AANv6M-324x400.jpg&path=/var/www/vhosts/3chukuk.com/httpdocs/wp-content/uploads/2018/04 HTTP/1.0" 200 13257 "-" "Mozilla/5.0 AppleWebKit/537.36 (KHTML, like Gecko; compatible; GPTBot/1.2; +https://openai.com/gptbot)"
20.171.207.22 - - [26/Oct/2025:07:37:47 +0300] "GET /?fileloc=/var/www/vhosts/3chukuk.com/httpdocs/wp-content/uploads/2018/04/DbUY5cnW4AANv6M-533x261.jpg&path=/var/www/vhosts/3chukuk.com/httpdocs/wp-content/uploads/2018/04 HTTP/1.0" 200 13257 "-" "Mozilla/5.0 AppleWebKit/537.36 (KHTML, like Gecko; compatible; GPTBot/1.2; +https://openai.com/gptbot)"
20.171.207.22 - - [26/Oct/2025:07:37:50 +0300] "GET /?fileloc=/var/www/vhosts/3chukuk.com/httpdocs/wp-content/uploads/2018/04/DbUY5cnW4AANv6M-265x198.jpg&path=/var/www/vhosts/3chukuk.com/httpdocs/wp-content/uploads/2018/04 HTTP/1.0" 200 13257 "-" "Mozilla/5.0 AppleWebKit/537.36 (KHTML, like Gecko; compatible; GPTBot/1.2; +https://openai.com/gptbot)"
20.171.207.22 - - [26/Oct/2025:07:37:53 +0300] "GET /?fileloc=/var/www/vhosts/3chukuk.com/httpdocs/wp-content/uploads/2018/04/DbUY5cnW4AANv6M-356x364.jpg&path=/var/www/vhosts/3chukuk.com/httpdocs/wp-content/uploads/2018/04 HTTP/1.0" 200 13257 "-" "Mozilla/5.0 AppleWebKit/537.36 (KHTML, like Gecko; compatible; GPTBot/1.2; +https://openai.com/gptbot)"
20.171.207.22 - - [26/Oct/2025:07:37:56 +0300] "GET /?fileloc=/var/www/vhosts/3chukuk.com/httpdocs/wp-content/uploads/2018/04/DbUY5cnW4AANv6M-696x385.jpg&path=/var/www/vhosts/3chukuk.com/httpdocs/wp-content/uploads/2018/04 HTTP/1.0" 200 13257 "-" "Mozilla/5.0 AppleWebKit/537.36 (KHTML, like Gecko; compatible; GPTBot/1.2; +https://openai.com/gptbot)"
20.171.207.22 - - [26/Oct/2025:07:37:59 +0300] "GET /?fileloc=/var/www/vhosts/3chukuk.com/httpdocs/wp-content/uploads/2018/04/DbUY5cnW4AANv6M-534x462.jpg&path=/var/www/vhosts/3chukuk.com/httpdocs/wp-content/uploads/2018/04 HTTP/1.0" 200 13257 "-" "Mozilla/5.0 AppleWebKit/537.36 (KHTML, like Gecko; compatible; GPTBot/1.2; +https://openai.com/gptbot)"
20.171.207.22 - - [26/Oct/2025:07:38:03 +0300] "GET /?fileloc=/var/www/vhosts/3chukuk.com/httpdocs/wp-content/uploads/2018/04/DbUY5cnW4AANv6M-150x150.jpg&path=/var/www/vhosts/3chukuk.com/httpdocs/wp-content/uploads/2018/04 HTTP/1.0" 200 13257 "-" "Mozilla/5.0 AppleWebKit/537.36 (KHTML, like Gecko; compatible; GPTBot/1.2; +https://openai.com/gptbot)"
20.171.207.22 - - [26/Oct/2025:07:38:06 +0300] "GET /?fileloc=/var/www/vhosts/3chukuk.com/httpdocs/wp-content/uploads/2018/04/DbUY5cnW4AANv6M-208x300.jpg&path=/var/www/vhosts/3chukuk.com/httpdocs/wp-content/uploads/2018/04 HTTP/1.0" 200 13257 "-" "Mozilla/5.0 AppleWebKit/537.36 (KHTML, like Gecko; compatible; GPTBot/1.2; +https://openai.com/gptbot)"
216.73.216.40 - - [26/Oct/2025:07:38:07 +0300] "GET /?fileloc=%2Fvar%2Fwww%2Fvhosts%2F3chukuk.com%2Fhttpdocs%2Fwp-includes%2Fclass-wp-object-cache.php&path=%2Fvar%2Fwww%2Fvhosts%2F3chukuk.com%2Fhttpdocs%2Fwp-includes HTTP/1.0" 200 31066 "-" "Mozilla/5.0 AppleWebKit/537.36 (KHTML, like Gecko; compatible; ClaudeBot/1.0; +claudebot@anthropic.com)"
20.171.207.22 - - [26/Oct/2025:07:38:09 +0300] "GET /?fileloc=/var/www/vhosts/3chukuk.com/httpdocs/wp-content/themes/twentytwentyfive/patterns/banner-cover-big-heading.php&path=/var/www/vhosts/3chukuk.com/httpdocs/wp-content/themes/twentytwentyfive/patterns HTTP/1.0" 200 15966 "-" "Mozilla/5.0 AppleWebKit/537.36 (KHTML, like Gecko; compatible; GPTBot/1.2; +https://openai.com/gptbot)"
216.73.216.40 - - [26/Oct/2025:07:38:09 +0300] "GET /?fileloc=%2Fvar%2Fwww%2Fvhosts%2F3chukuk.com%2Fhttpdocs%2Fwp-admin%2Fjs%2Fplugin-install.min.js&path=%2Fvar%2Fwww%2Fvhosts%2F3chukuk.com%2Fhttpdocs%2Fwp-admin%2Fjs HTTP/1.0" 200 16227 "-" "Mozilla/5.0 AppleWebKit/537.36 (KHTML, like Gecko; compatible; ClaudeBot/1.0; +claudebot@anthropic.com)"
20.171.207.22 - - [26/Oct/2025:07:38:12 +0300] "GET /?path=/var/www/vhosts/3chukuk.com/httpdocs/wp-content/uploads/revslider/templates/clubflyer HTTP/1.0" 200 17202 "-" "Mozilla/5.0 AppleWebKit/537.36 (KHTML, like Gecko; compatible; GPTBot/1.2; +https://openai.com/gptbot)"
216.73.216.40 - - [26/Oct/2025:07:38:12 +0300] "GET /?fileloc=%2Fvar%2Fwww%2Fvhosts%2F3chukuk.com%2Fhttpdocs%2Fwp-admin%2Fjs%2Fuser-suggest.js&path=%2Fvar%2Fwww%2Fvhosts%2F3chukuk.com%2Fhttpdocs%2Fwp-admin%2Fjs HTTP/1.0" 200 15362 "-" "Mozilla/5.0 AppleWebKit/537.36 (KHTML, like Gecko; compatible; ClaudeBot/1.0; +claudebot@anthropic.com)"
216.73.216.40 - - [26/Oct/2025:07:38:15 +0300] "GET /?fileloc=%2Fvar%2Fwww%2Fvhosts%2F3chukuk.com%2Fhttpdocs%2Fwp-includes%2Frss-functions.php&path=%2Fvar%2Fwww%2Fvhosts%2F3chukuk.com%2Fhttpdocs%2Fwp-includes HTTP/1.0" 200 13235 "-" "Mozilla/5.0 AppleWebKit/537.36 (KHTML, like Gecko; compatible; ClaudeBot/1.0; +claudebot@anthropic.com)"
20.171.207.22 - - [26/Oct/2025:07:38:15 +0300] "GET /sitemap.xml?fileloc=/var/www/vhosts/3chukuk.com/httpdocs/wp-content/themes/Newspaper/includes/demos/blog_travel/td_media_1.php&path=/var/www/vhosts/3chukuk.com/httpdocs/wp-content/themes/Newspaper/includes/demos/blog_travel HTTP/1.0" 200 14161 "-" "Mozilla/5.0 AppleWebKit/537.36 (KHTML, like Gecko; compatible; GPTBot/1.2; +https://openai.com/gptbot)"
216.73.216.40 - - [26/Oct/2025:07:38:18 +0300] "GET /?fileloc=%2Fvar%2Fwww%2Fvhosts%2F3chukuk.com%2Fhttpdocs%2Fwp-admin%2Fjs%2Fdashboard.min.js&path=%2Fvar%2Fwww%2Fvhosts%2F3chukuk.com%2Fhttpdocs%2Fwp-admin%2Fjs HTTP/1.0" 200 24367 "-" "Mozilla/5.0 AppleWebKit/537.36 (KHTML, like Gecko; compatible; ClaudeBot/1.0; +claudebot@anthropic.com)"
20.171.207.22 - - [26/Oct/2025:07:38:18 +0300] "GET /?fileloc=/var/www/vhosts/3chukuk.com/httpdocs/wp-content/uploads/2018/04/thumbs_b_c_a7a96ffa9d9174610bb12fe0ebb6d538-356x220.jpg&path=/var/www/vhosts/3chukuk.com/httpdocs/wp-content/uploads/2018/04 HTTP/1.0" 200 13285 "-" "Mozilla/5.0 AppleWebKit/537.36 (KHTML, like Gecko; compatible; GPTBot/1.2; +https://openai.com/gptbot)"
216.73.216.40 - - [26/Oct/2025:07:38:21 +0300] "GET /?fileloc=%2Fvar%2Fwww%2Fvhosts%2F3chukuk.com%2Fhttpdocs%2Fwp-includes%2Ffeed-rss2-comments.php&path=%2Fvar%2Fwww%2Fvhosts%2F3chukuk.com%2Fhttpdocs%2Fwp-includes HTTP/1.0" 200 17671 "-" "Mozilla/5.0 AppleWebKit/537.36 (KHTML, like Gecko; compatible; ClaudeBot/1.0; +claudebot@anthropic.com)"
20.171.207.22 - - [26/Oct/2025:07:38:21 +0300] "GET /?fileloc=/var/www/vhosts/3chukuk.com/httpdocs/wp-content/uploads/2018/06/thumbs_b_c_000776cc66dbf087e698e1000ecba8eb-100x70.jpg&path=/var/www/vhosts/3chukuk.com/httpdocs/wp-content/uploads/2018/06 HTTP/1.0" 200 13284 "-" "Mozilla/5.0 AppleWebKit/537.36 (KHTML, like Gecko; compatible; GPTBot/1.2; +https://openai.com/gptbot)"
216.73.216.40 - - [26/Oct/2025:07:38:24 +0300] "GET /?fileloc=%2Fvar%2Fwww%2Fvhosts%2F3chukuk.com%2Fhttpdocs%2Fwp-admin%2Fjs%2Fcustom-background.min.js&path=%2Fvar%2Fwww%2Fvhosts%2F3chukuk.com%2Fhttpdocs%2Fwp-admin%2Fjs HTTP/1.0" 200 14596 "-" "Mozilla/5.0 AppleWebKit/537.36 (KHTML, like Gecko; compatible; ClaudeBot/1.0; +claudebot@anthropic.com)"
20.171.207.22 - - [26/Oct/2025:07:38:25 +0300] "GET /?fileloc=/var/www/vhosts/3chukuk.com/httpdocs/wp-content/uploads/2018/04/agbaldan-otobus-sofo-32f771472c4aa30464e5-356x355.jpg&path=/var/www/vhosts/3chukuk.com/httpdocs/wp-content/uploads/2018/04 HTTP/1.0" 200 13283 "-" "Mozilla/5.0 AppleWebKit/537.36 (KHTML, like Gecko; compatible; GPTBot/1.2; +https://openai.com/gptbot)"
216.73.216.40 - - [26/Oct/2025:07:38:27 +0300] "GET /?fileloc=%2Fvar%2Fwww%2Fvhosts%2F3chukuk.com%2Fhttpdocs%2Fwp-admin%2Fjs%2Faccordion.js&path=%2Fvar%2Fwww%2Fvhosts%2F3chukuk.com%2Fhttpdocs%2Fwp-admin%2Fjs HTTP/1.0" 200 16347 "-" "Mozilla/5.0 AppleWebKit/537.36 (KHTML, like Gecko; compatible; ClaudeBot/1.0; +claudebot@anthropic.com)"
20.171.207.22 - - [26/Oct/2025:07:38:28 +0300] "GET /?fileloc=/var/www/vhosts/3chukuk.com/httpdocs/wp-content/uploads/2018/04/abdullah_gul_ff8f5886bcd51794268c-324x235.jpg&path=/var/www/vhosts/3chukuk.com/httpdocs/wp-content/uploads/2018/04 HTTP/1.0" 200 13275 "-" "Mozilla/5.0 AppleWebKit/537.36 (KHTML, like Gecko; compatible; GPTBot/1.2; +https://openai.com/gptbot)"
216.73.216.40 - - [26/Oct/2025:07:38:30 +0300] "GET /?fileloc=%2Fvar%2Fwww%2Fvhosts%2F3chukuk.com%2Fhttpdocs%2Fwp-admin%2Fjs%2Feditor-expand.min.js&path=%2Fvar%2Fwww%2Fvhosts%2F3chukuk.com%2Fhttpdocs%2Fwp-admin%2Fjs HTTP/1.0" 200 30323 "-" "Mozilla/5.0 AppleWebKit/537.36 (KHTML, like Gecko; compatible; ClaudeBot/1.0; +claudebot@anthropic.com)"
20.171.207.22 - - [26/Oct/2025:07:38:31 +0300] "GET /?fileloc=/var/www/vhosts/3chukuk.com/httpdocs/wp-content/uploads/revslider/templates/clubflyer/.htaccess&path=/var/www/vhosts/3chukuk.com/httpdocs/wp-content/uploads/revslider/templates/clubflyer HTTP/1.0" 200 13765 "-" "Mozilla/5.0 AppleWebKit/537.36 (KHTML, like Gecko; compatible; GPTBot/1.2; +https://openai.com/gptbot)"
216.73.216.40 - - [26/Oct/2025:07:38:33 +0300] "GET /?fileloc=%2Fvar%2Fwww%2Fvhosts%2F3chukuk.com%2Fhttpdocs%2Fwp-admin%2Fjs%2Fnav-menu.min.js&path=%2Fvar%2Fwww%2Fvhosts%2F3chukuk.com%2Fhttpdocs%2Fwp-admin%2Fjs HTTP/1.0" 200 51159 "-" "Mozilla/5.0 AppleWebKit/537.36 (KHTML, like Gecko; compatible; ClaudeBot/1.0; +claudebot@anthropic.com)"
40.77.167.70 - - [26/Oct/2025:07:38:34 +0300] "GET /?x=22343043136 HTTP/1.0" 200 190021 "-" "Mozilla/5.0 AppleWebKit/537.36 (KHTML, like Gecko; compatible; bingbot/2.0; +http://www.bing.com/bingbot.htm) Chrome/116.0.1938.76 Safari/537.36"
20.171.207.22 - - [26/Oct/2025:07:38:34 +0300] "GET /?fileloc=/var/www/vhosts/3chukuk.com/httpdocs/wp-content/uploads/2017/09/resized_cf899-5959ef1adenizbaykal-324x160.jpg&path=/var/www/vhosts/3chukuk.com/httpdocs/wp-content/uploads/2017/09 HTTP/1.0" 200 13275 "-" "Mozilla/5.0 AppleWebKit/537.36 (KHTML, like Gecko; compatible; GPTBot/1.2; +https://openai.com/gptbot)"
216.73.216.40 - - [26/Oct/2025:07:38:36 +0300] "GET /p2?fileloc=%2Fvar%2Fwww%2Fvhosts%2F3chukuk.com%2Fhttpdocs%2Fwp-admin%2Fjs%2Fplugin-install.js&path=%2Fvar%2Fwww%2Fvhosts%2F3chukuk.com%2Fhttpdocs%2Fwp-admin%2Fjs HTTP/1.0" 200 20247 "-" "Mozilla/5.0 AppleWebKit/537.36 (KHTML, like Gecko; compatible; ClaudeBot/1.0; +claudebot@anthropic.com)"
20.171.207.22 - - [26/Oct/2025:07:38:37 +0300] "GET /?fileloc=/var/www/vhosts/3chukuk.com/httpdocs/wp-content/uploads/2017/09/hapishane_f32cde72e38afbb6e5ad-696x385.jpg&path=/var/www/vhosts/3chukuk.com/httpdocs/wp-content/uploads/2017/09 HTTP/1.0" 200 13272 "-" "Mozilla/5.0 AppleWebKit/537.36 (KHTML, like Gecko; compatible; GPTBot/1.2; +https://openai.com/gptbot)"
66.249.90.224 - - [26/Oct/2025:07:38:38 +0300] "GET /?j=88900620331 HTTP/1.0" 200 57170 "-" "Mozilla/5.0 (X11; Linux x86_64) AppleWebKit/537.36 (KHTML, like Gecko) Chrome/140.0.7339.207 Safari/537.36"
216.73.216.40 - - [26/Oct/2025:07:38:39 +0300] "GET /?fileloc=%2Fvar%2Fwww%2Fvhosts%2F3chukuk.com%2Fhttpdocs%2Fwp-admin%2Fjs%2Fprivacy-tools.js&path=%2Fvar%2Fwww%2Fvhosts%2F3chukuk.com%2Fhttpdocs%2Fwp-admin%2Fjs HTTP/1.0" 200 24148 "-" "Mozilla/5.0 AppleWebKit/537.36 (KHTML, like Gecko; compatible; ClaudeBot/1.0; +claudebot@anthropic.com)"
20.171.207.22 - - [26/Oct/2025:07:38:41 +0300] "GET /?fileloc=/var/www/vhosts/3chukuk.com/httpdocs/wp-content/uploads/2017/09/thumbs_b_c_faf2f92dcf8bd7eadc5ebdccd04769aa-218x150.jpg&path=/var/www/vhosts/3chukuk.com/httpdocs/wp-content/uploads/2017/09 HTTP/1.0" 200 13285 "-" "Mozilla/5.0 AppleWebKit/537.36 (KHTML, like Gecko; compatible; GPTBot/1.2; +https://openai.com/gptbot)"
216.73.216.40 - - [26/Oct/2025:07:38:42 +0300] "GET /p2?fileloc=%2Fvar%2Fwww%2Fvhosts%2F3chukuk.com%2Fhttpdocs%2Fwp-admin%2Fjs%2Fdashboard.js&path=%2Fvar%2Fwww%2Fvhosts%2F3chukuk.com%2Fhttpdocs%2Fwp-admin%2Fjs HTTP/1.0" 200 41048 "-" "Mozilla/5.0 AppleWebKit/537.36 (KHTML, like Gecko; compatible; ClaudeBot/1.0; +claudebot@anthropic.com)"
20.171.207.22 - - [26/Oct/2025:07:38:44 +0300] "GET /?fileloc=/var/www/vhosts/3chukuk.com/httpdocs/wp-content/uploads/2018/04/thumbs_b_c_a7a96ffa9d9174610bb12fe0ebb6d538-696x385.jpg&path=/var/www/vhosts/3chukuk.com/httpdocs/wp-content/uploads/2018/04 HTTP/1.0" 200 13285 "-" "Mozilla/5.0 AppleWebKit/537.36 (KHTML, like Gecko; compatible; GPTBot/1.2; +https://openai.com/gptbot)"
216.73.216.40 - - [26/Oct/2025:07:38:45 +0300] "GET /p2?fileloc=%2Fvar%2Fwww%2Fvhosts%2F3chukuk.com%2Fhttpdocs%2Fwp-admin%2Fjs%2Fcustom-background.js&path=%2Fvar%2Fwww%2Fvhosts%2F3chukuk.com%2Fhttpdocs%2Fwp-admin%2Fjs HTTP/1.0" 200 16521 "-" "Mozilla/5.0 AppleWebKit/537.36 (KHTML, like Gecko; compatible; ClaudeBot/1.0; +claudebot@anthropic.com)"
20.171.207.22 - - [26/Oct/2025:07:38:47 +0300] "GET /?fileloc=/var/www/vhosts/3chukuk.com/httpdocs/wp-content/uploads/2018/04/thumbs_b_c_a7a96ffa9d9174610bb12fe0ebb6d538-80x60.jpg&path=/var/www/vhosts/3chukuk.com/httpdocs/wp-content/uploads/2018/04 HTTP/1.0" 200 13283 "-" "Mozilla/5.0 AppleWebKit/537.36 (KHTML, like Gecko; compatible; GPTBot/1.2; +https://openai.com/gptbot)"
216.73.216.40 - - [26/Oct/2025:07:38:48 +0300] "GET /?fileloc=%2Fvar%2Fwww%2Fvhosts%2F3chukuk.com%2Fhttpdocs%2Fwp-includes%2Fclass-wp-http-ixr-client.php&path=%2Fvar%2Fwww%2Fvhosts%2F3chukuk.com%2Fhttpdocs%2Fwp-includes HTTP/1.0" 200 16740 "-" "Mozilla/5.0 AppleWebKit/537.36 (KHTML, like Gecko; compatible; ClaudeBot/1.0; +claudebot@anthropic.com)"
20.171.207.22 - - [26/Oct/2025:07:38:50 +0300] "GET /?fileloc=/var/www/vhosts/3chukuk.com/httpdocs/wp-content/uploads/2017/09/sir-perdesi-aralaniyor-son-konusmalari-viberden-cikti_150425579618-534x319.jpg&path=/var/www/vhosts/3chukuk.com/httpdocs/wp-content/uploads/2017/09 HTTP/1.0" 200 13308 "-" "Mozilla/5.0 AppleWebKit/537.36 (KHTML, like Gecko; compatible; GPTBot/1.2; +https://openai.com/gptbot)"
20.171.207.22 - - [26/Oct/2025:07:38:53 +0300] "GET /?fileloc=/var/www/vhosts/3chukuk.com/httpdocs/wp-content/uploads/2018/04/agbaldan-otobus-sofo-32f771472c4aa30464e5-533x261.jpg&path=/var/www/vhosts/3chukuk.com/httpdocs/wp-content/uploads/2018/04 HTTP/1.0" 200 13283 "-" "Mozilla/5.0 AppleWebKit/537.36 (KHTML, like Gecko; compatible; GPTBot/1.2; +https://openai.com/gptbot)"
20.171.207.22 - - [26/Oct/2025:07:38:56 +0300] "GET /?fileloc=/var/www/vhosts/3chukuk.com/httpdocs/wp-content/uploads/2017/09/thumbs_b_c_9fb52dec6e7c741300aeab89b82a810b-534x462.jpg&path=/var/www/vhosts/3chukuk.com/httpdocs/wp-content/uploads/2017/09 HTTP/1.0" 200 13285 "-" "Mozilla/5.0 AppleWebKit/537.36 (KHTML, like Gecko; compatible; GPTBot/1.2; +https://openai.com/gptbot)"
20.171.207.22 - - [26/Oct/2025:07:38:59 +0300] "GET /?fileloc=/var/www/vhosts/3chukuk.com/httpdocs/wp-content/uploads/2018/06/thumbs_b_c_000776cc66dbf087e698e1000ecba8eb-534x462.jpg&path=/var/www/vhosts/3chukuk.com/httpdocs/wp-content/uploads/2018/06 HTTP/1.0" 200 13285 "-" "Mozilla/5.0 AppleWebKit/537.36 (KHTML, like Gecko; compatible; GPTBot/1.2; +https://openai.com/gptbot)"
20.171.207.22 - - [26/Oct/2025:07:39:03 +0300] "GET /?fileloc=/var/www/vhosts/3chukuk.com/httpdocs/wp-content/uploads/2018/07/thumbs_b_c_61f4be5c52f65d09d2fedce24a2eefad-768x432.jpg&path=/var/www/vhosts/3chukuk.com/httpdocs/wp-content/uploads/2018/07 HTTP/1.0" 200 13285 "-" "Mozilla/5.0 AppleWebKit/537.36 (KHTML, like Gecko; compatible; GPTBot/1.2; +https://openai.com/gptbot)"
207.46.13.141 - - [26/Oct/2025:07:39:06 +0300] "GET /blog/2021/02/01/myanmar-da-yonetme-el-konuldu/ HTTP/1.0" 200 101193 "-" "Mozilla/5.0 AppleWebKit/537.36 (KHTML, like Gecko; compatible; bingbot/2.0; +http://www.bing.com/bingbot.htm) Chrome/116.0.1938.76 Safari/537.36"
20.171.207.22 - - [26/Oct/2025:07:39:06 +0300] "GET /?fileloc=/var/www/vhosts/3chukuk.com/httpdocs/wp-content/uploads/2017/09/thumbs_b_c_9fb52dec6e7c741300aeab89b82a810b-80x60.jpg&path=/var/www/vhosts/3chukuk.com/httpdocs/wp-content/uploads/2017/09 HTTP/1.0" 200 13283 "-" "Mozilla/5.0 AppleWebKit/537.36 (KHTML, like Gecko; compatible; GPTBot/1.2; +https://openai.com/gptbot)"
20.171.207.22 - - [26/Oct/2025:07:39:09 +0300] "GET /?fileloc=/var/www/vhosts/3chukuk.com/httpdocs/wp-content/uploads/2017/09/thumbs_b_c_faf2f92dcf8bd7eadc5ebdccd04769aa-485x360.jpg&path=/var/www/vhosts/3chukuk.com/httpdocs/wp-content/uploads/2017/09 HTTP/1.0" 200 13285 "-" "Mozilla/5.0 AppleWebKit/537.36 (KHTML, like Gecko; compatible; GPTBot/1.2; +https://openai.com/gptbot)"
20.171.207.22 - - [26/Oct/2025:07:39:12 +0300] "GET /?fileloc=/var/www/vhosts/3chukuk.com/httpdocs/wp-content/uploads/2017/09/hapishane_f32cde72e38afbb6e5ad-218x150.jpg&path=/var/www/vhosts/3chukuk.com/httpdocs/wp-content/uploads/2017/09 HTTP/1.0" 200 13272 "-" "Mozilla/5.0 AppleWebKit/537.36 (KHTML, like Gecko; compatible; GPTBot/1.2; +https://openai.com/gptbot)"
20.171.207.22 - - [26/Oct/2025:07:39:15 +0300] "GET /?fileloc=/var/www/vhosts/3chukuk.com/httpdocs/wp-content/uploads/2018/06/thumbs_b_c_000776cc66dbf087e698e1000ecba8eb-747x420.jpg&path=/var/www/vhosts/3chukuk.com/httpdocs/wp-content/uploads/2018/06 HTTP/1.0" 200 13285 "-" "Mozilla/5.0 AppleWebKit/537.36 (KHTML, like Gecko; compatible; GPTBot/1.2; +https://openai.com/gptbot)"
20.171.207.22 - - [26/Oct/2025:07:39:18 +0300] "GET /?fileloc=/var/www/vhosts/3chukuk.com/httpdocs/wp-content/uploads/2018/07/thumbs_b_c_61f4be5c52f65d09d2fedce24a2eefad-80x60.jpg&path=/var/www/vhosts/3chukuk.com/httpdocs/wp-content/uploads/2018/07 HTTP/1.0" 200 13283 "-" "Mozilla/5.0 AppleWebKit/537.36 (KHTML, like Gecko; compatible; GPTBot/1.2; +https://openai.com/gptbot)"
20.171.207.22 - - [26/Oct/2025:07:39:22 +0300] "GET /?fileloc=/var/www/vhosts/3chukuk.com/httpdocs/wp-content/uploads/2017/09/thumbs_b_c_faf2f92dcf8bd7eadc5ebdccd04769aa-100x70.jpg&path=/var/www/vhosts/3chukuk.com/httpdocs/wp-content/uploads/2017/09 HTTP/1.0" 200 13284 "-" "Mozilla/5.0 AppleWebKit/537.36 (KHTML, like Gecko; compatible; GPTBot/1.2; +https://openai.com/gptbot)"
216.73.216.40 - - [26/Oct/2025:07:39:22 +0300] "GET /?fileloc=%2Fvar%2Fwww%2Fvhosts%2F3chukuk.com%2Fhttpdocs%2Fwp-includes%2Fclass-wp-recovery-mode.php&path=%2Fvar%2Fwww%2Fvhosts%2F3chukuk.com%2Fhttpdocs%2Fwp-includes HTTP/1.0" 200 24672 "-" "Mozilla/5.0 AppleWebKit/537.36 (KHTML, like Gecko; compatible; ClaudeBot/1.0; +claudebot@anthropic.com)"
216.73.216.40 - - [26/Oct/2025:07:39:25 +0300] "GET /?fileloc=%2Fvar%2Fwww%2Fvhosts%2F3chukuk.com%2Fhttpdocs%2Fwp-admin%2Fjs%2Fpost.min.js&path=%2Fvar%2Fwww%2Fvhosts%2F3chukuk.com%2Fhttpdocs%2Fwp-admin%2Fjs HTTP/1.0" 200 38520 "-" "Mozilla/5.0 AppleWebKit/537.36 (KHTML, like Gecko; compatible; ClaudeBot/1.0; +claudebot@anthropic.com)"
20.171.207.22 - - [26/Oct/2025:07:39:25 +0300] "GET /?fileloc=/var/www/vhosts/3chukuk.com/httpdocs/wp-content/uploads/2017/09/resized_cf899-5959ef1adenizbaykal-533x261.jpg&path=/var/www/vhosts/3chukuk.com/httpdocs/wp-content/uploads/2017/09 HTTP/1.0" 200 13275 "-" "Mozilla/5.0 AppleWebKit/537.36 (KHTML, like Gecko; compatible; GPTBot/1.2; +https://openai.com/gptbot)"
57.141.0.57 - - [26/Oct/2025:07:39:27 +0300] "GET /blog/2019/09/04/hedefteki-ataturk-ve-eseri/feed/ HTTP/1.0" 200 57170 "-" "meta-externalagent/1.1 (+https://developers.facebook.com/docs/sharing/webmasters/crawler)"
216.73.216.40 - - [26/Oct/2025:07:39:28 +0300] "GET /p2?fileloc=%2Fvar%2Fwww%2Fvhosts%2F3chukuk.com%2Fhttpdocs%2Fwp-admin%2Fjs%2Fword-count.min.js&path=%2Fvar%2Fwww%2Fvhosts%2F3chukuk.com%2Fhttpdocs%2Fwp-admin%2Fjs HTTP/1.0" 200 14918 "-" "Mozilla/5.0 AppleWebKit/537.36 (KHTML, like Gecko; compatible; ClaudeBot/1.0; +claudebot@anthropic.com)"
20.171.207.22 - - [26/Oct/2025:07:39:28 +0300] "GET /?fileloc=/var/www/vhosts/3chukuk.com/httpdocs/wp-content/uploads/2017/09/thumbs_b_c_9fb52dec6e7c741300aeab89b82a810b-324x400.jpg&path=/var/www/vhosts/3chukuk.com/httpdocs/wp-content/uploads/2017/09 HTTP/1.0" 200 13285 "-" "Mozilla/5.0 AppleWebKit/537.36 (KHTML, like Gecko; compatible; GPTBot/1.2; +https://openai.com/gptbot)"
216.73.216.40 - - [26/Oct/2025:07:39:31 +0300] "GET /p2?fileloc=%2Fvar%2Fwww%2Fvhosts%2F3chukuk.com%2Fhttpdocs%2Fwp-admin%2Fjs%2Ftheme.min.js&path=%2Fvar%2Fwww%2Fvhosts%2F3chukuk.com%2Fhttpdocs%2Fwp-admin%2Fjs HTTP/1.0" 200 46217 "-" "Mozilla/5.0 AppleWebKit/537.36 (KHTML, like Gecko; compatible; ClaudeBot/1.0; +claudebot@anthropic.com)"
20.171.207.22 - - [26/Oct/2025:07:39:31 +0300] "GET /?fileloc=/var/www/vhosts/3chukuk.com/httpdocs/wp-content/uploads/2018/04/abdullah_gul_ff8f5886bcd51794268c-485x360.jpg&path=/var/www/vhosts/3chukuk.com/httpdocs/wp-content/uploads/2018/04 HTTP/1.0" 200 13275 "-" "Mozilla/5.0 AppleWebKit/537.36 (KHTML, like Gecko; compatible; GPTBot/1.2; +https://openai.com/gptbot)"
216.73.216.40 - - [26/Oct/2025:07:39:34 +0300] "GET /?fileloc=%2Fvar%2Fwww%2Fvhosts%2F3chukuk.com%2Fhttpdocs%2Fwp-includes%2Fspeculative-loading.php&path=%2Fvar%2Fwww%2Fvhosts%2F3chukuk.com%2Fhttpdocs%2Fwp-includes HTTP/1.0" 200 21803 "-" "Mozilla/5.0 AppleWebKit/537.36 (KHTML, like Gecko; compatible; ClaudeBot/1.0; +claudebot@anthropic.com)"
20.171.207.22 - - [26/Oct/2025:07:39:34 +0300] "GET /?fileloc=/var/www/vhosts/3chukuk.com/httpdocs/wp-content/uploads/2017/09/thumbs_b_c_9fb52dec6e7c741300aeab89b82a810b-265x198.jpg&path=/var/www/vhosts/3chukuk.com/httpdocs/wp-content/uploads/2017/09 HTTP/1.0" 200 13285 "-" "Mozilla/5.0 AppleWebKit/537.36 (KHTML, like Gecko; compatible; GPTBot/1.2; +https://openai.com/gptbot)"
216.73.216.40 - - [26/Oct/2025:07:39:37 +0300] "GET /p2?fileloc=%2Fvar%2Fwww%2Fvhosts%2F3chukuk.com%2Fhttpdocs%2Fwp-admin%2Fjs%2Fcolor-picker.min.js&path=%2Fvar%2Fwww%2Fvhosts%2F3chukuk.com%2Fhttpdocs%2Fwp-admin%2Fjs HTTP/1.0" 200 17410 "-" "Mozilla/5.0 AppleWebKit/537.36 (KHTML, like Gecko; compatible; ClaudeBot/1.0; +claudebot@anthropic.com)"
20.171.207.22 - - [26/Oct/2025:07:39:37 +0300] "GET /?fileloc=/var/www/vhosts/3chukuk.com/httpdocs/wp-content/uploads/2017/08/iranli-drferidun-bat-520498732831cf9145f8-356x220.jpg&path=/var/www/vhosts/3chukuk.com/httpdocs/wp-content/uploads/2017/08 HTTP/1.0" 200 13283 "-" "Mozilla/5.0 AppleWebKit/537.36 (KHTML, like Gecko; compatible; GPTBot/1.2; +https://openai.com/gptbot)"
216.73.216.40 - - [26/Oct/2025:07:39:40 +0300] "GET /?fileloc=%2Fvar%2Fwww%2Fvhosts%2F3chukuk.com%2Fhttpdocs%2Fwp-includes%2Fshortcodes.php&path=%2Fvar%2Fwww%2Fvhosts%2F3chukuk.com%2Fhttpdocs%2Fwp-includes HTTP/1.0" 200 37593 "-" "Mozilla/5.0 AppleWebKit/537.36 (KHTML, like Gecko; compatible; ClaudeBot/1.0; +claudebot@anthropic.com)"
57.141.0.10 - - [26/Oct/2025:07:39:41 +0300] "GET /wp-json/oembed/1.0/embed?url=https%3A%2F%2Fwww.3chukuk.com%2Fblog%2F2018%2F05%2F10%2Fbursada-fetoden-himmet-de-bulunmayan-isadamina-gozalti-tehdidi-ile-istanbul-da-gorulen-dosyada-sike-itirafi%2F HTTP/1.0" 200 57170 "-" "meta-externalagent/1.1 (+https://developers.facebook.com/docs/sharing/webmasters/crawler)"
20.171.207.22 - - [26/Oct/2025:07:39:40 +0300] "GET /?fileloc=/var/www/vhosts/3chukuk.com/httpdocs/wp-content/uploads/2018/07/thumbs_b_c_61f4be5c52f65d09d2fedce24a2eefad-218x150.jpg&path=/var/www/vhosts/3chukuk.com/httpdocs/wp-content/uploads/2018/07 HTTP/1.0" 200 13285 "-" "Mozilla/5.0 AppleWebKit/537.36 (KHTML, like Gecko; compatible; GPTBot/1.2; +https://openai.com/gptbot)"
216.73.216.40 - - [26/Oct/2025:07:39:43 +0300] "GET /?fileloc=%2Fvar%2Fwww%2Fvhosts%2F3chukuk.com%2Fhttpdocs%2Fwp-admin%2Fjs%2Fset-post-thumbnail.min.js&path=%2Fvar%2Fwww%2Fvhosts%2F3chukuk.com%2Fhttpdocs%2Fwp-admin%2Fjs HTTP/1.0" 200 13751 "-" "Mozilla/5.0 AppleWebKit/537.36 (KHTML, like Gecko; compatible; ClaudeBot/1.0; +claudebot@anthropic.com)"
20.171.207.22 - - [26/Oct/2025:07:39:44 +0300] "GET /?fileloc=/var/www/vhosts/3chukuk.com/httpdocs/wp-content/uploads/2017/09/thumbs_b_c_faf2f92dcf8bd7eadc5ebdccd04769aa-356x364.jpg&path=/var/www/vhosts/3chukuk.com/httpdocs/wp-content/uploads/2017/09 HTTP/1.0" 200 13285 "-" "Mozilla/5.0 AppleWebKit/537.36 (KHTML, like Gecko; compatible; GPTBot/1.2; +https://openai.com/gptbot)"
216.73.216.40 - - [26/Oct/2025:07:39:46 +0300] "GET /p2?fileloc=%2Fvar%2Fwww%2Fvhosts%2F3chukuk.com%2Fhttpdocs%2Fwp-admin%2Fjs%2Fset-post-thumbnail.js&path=%2Fvar%2Fwww%2Fvhosts%2F3chukuk.com%2Fhttpdocs%2Fwp-admin%2Fjs HTTP/1.0" 200 13923 "-" "Mozilla/5.0 AppleWebKit/537.36 (KHTML, like Gecko; compatible; ClaudeBot/1.0; +claudebot@anthropic.com)"
207.46.13.141 - - [26/Oct/2025:07:39:46 +0300] "GET /blog/2018/08/28/otoban-da-munibus-manevrasi-tirla-carpismayi-dogurdu-13-yarali/ HTTP/1.0" 200 452209 "-" "Mozilla/5.0 AppleWebKit/537.36 (KHTML, like Gecko; compatible; bingbot/2.0; +http://www.bing.com/bingbot.htm) Chrome/116.0.1938.76 Safari/537.36"
20.171.207.22 - - [26/Oct/2025:07:39:47 +0300] "GET /?fileloc=/var/www/vhosts/3chukuk.com/httpdocs/wp-content/uploads/2017/09/thumbs_b_c_b176a6615edd2ab708930b3ce8cf1bed-218x150.jpg&path=/var/www/vhosts/3chukuk.com/httpdocs/wp-content/uploads/2017/09 HTTP/1.0" 200 13285 "-" "Mozilla/5.0 AppleWebKit/537.36 (KHTML, like Gecko; compatible; GPTBot/1.2; +https://openai.com/gptbot)"
57.141.0.33 - - [26/Oct/2025:07:39:48 +0300] "GET /blog/2017/12/26/cat-kapi-gidebileceginiz-cad-ve-baskenti-ndjamenta/feed/ HTTP/1.0" 200 57170 "-" "meta-externalagent/1.1 (+https://developers.facebook.com/docs/sharing/webmasters/crawler)"
216.73.216.40 - - [26/Oct/2025:07:39:49 +0300] "GET /?fileloc=%2Fvar%2Fwww%2Fvhosts%2F3chukuk.com%2Fhttpdocs%2Fwp-includes%2Fclass-wp-widget-factory.php&path=%2Fvar%2Fwww%2Fvhosts%2F3chukuk.com%2Fhttpdocs%2Fwp-includes HTTP/1.0" 200 16382 "-" "Mozilla/5.0 AppleWebKit/537.36 (KHTML, like Gecko; compatible; ClaudeBot/1.0; +claudebot@anthropic.com)"
20.171.207.22 - - [26/Oct/2025:07:39:50 +0300] "GET /?fileloc=/var/www/vhosts/3chukuk.com/httpdocs/wp-content/uploads/2017/09/sir-perdesi-aralaniyor-son-konusmalari-viberden-cikti_150425579618-150x150.jpg&path=/var/www/vhosts/3chukuk.com/httpdocs/wp-content/uploads/2017/09 HTTP/1.0" 200 13308 "-" "Mozilla/5.0 AppleWebKit/537.36 (KHTML, like Gecko; compatible; GPTBot/1.2; +https://openai.com/gptbot)"
216.73.216.40 - - [26/Oct/2025:07:39:52 +0300] "GET /?fileloc=%2Fvar%2Fwww%2Fvhosts%2F3chukuk.com%2Fhttpdocs%2Fwp-includes%2Fclass-wp-http.php&path=%2Fvar%2Fwww%2Fvhosts%2F3chukuk.com%2Fhttpdocs%2Fwp-includes HTTP/1.0" 200 55123 "-" "Mozilla/5.0 AppleWebKit/537.36 (KHTML, like Gecko; compatible; ClaudeBot/1.0; +claudebot@anthropic.com)"
20.171.207.22 - - [26/Oct/2025:07:39:53 +0300] "GET /?fileloc=/var/www/vhosts/3chukuk.com/httpdocs/wp-content/uploads/2018/07/thumbs_b_c_61f4be5c52f65d09d2fedce24a2eefad-265x198.jpg&path=/var/www/vhosts/3chukuk.com/httpdocs/wp-content/uploads/2018/07 HTTP/1.0" 200 13285 "-" "Mozilla/5.0 AppleWebKit/537.36 (KHTML, like Gecko; compatible; GPTBot/1.2; +https://openai.com/gptbot)"
216.73.216.40 - - [26/Oct/2025:07:39:55 +0300] "GET /?fileloc=%2Fvar%2Fwww%2Fvhosts%2F3chukuk.com%2Fhttpdocs%2Fwp-includes%2Fclass-wp-theme-json-resolver.php&path=%2Fvar%2Fwww%2Fvhosts%2F3chukuk.com%2Fhttpdocs%2Fwp-includes HTTP/1.0" 200 49314 "-" "Mozilla/5.0 AppleWebKit/537.36 (KHTML, like Gecko; compatible; ClaudeBot/1.0; +claudebot@anthropic.com)"
20.171.207.22 - - [26/Oct/2025:07:39:56 +0300] "GET /?fileloc=/var/www/vhosts/3chukuk.com/httpdocs/wp-content/uploads/2018/05/thumbs_b_c_9dd2d310dc6756b5d9cd789bdb659414.jpg&path=/var/www/vhosts/3chukuk.com/httpdocs/wp-content/uploads/2018/05 HTTP/1.0" 200 13277 "-" "Mozilla/5.0 AppleWebKit/537.36 (KHTML, like Gecko; compatible; GPTBot/1.2; +https://openai.com/gptbot)"
40.77.167.70 - - [26/Oct/2025:07:39:56 +0300] "GET /blog/2018/04/07/bakan-gulavukatlarin-ozluk-haklari-ile-ilgili-calismalar-yapiyoruzdedi/ HTTP/1.0" 200 116085 "-" "Mozilla/5.0 AppleWebKit/537.36 (KHTML, like Gecko; compatible; bingbot/2.0; +http://www.bing.com/bingbot.htm) Chrome/116.0.1938.76 Safari/537.36"
216.73.216.40 - - [26/Oct/2025:07:39:58 +0300] "GET /p2?fileloc=%2Fvar%2Fwww%2Fvhosts%2F3chukuk.com%2Fhttpdocs%2Fwp-admin%2Fjs%2Fmedia.js&path=%2Fvar%2Fwww%2Fvhosts%2F3chukuk.com%2Fhttpdocs%2Fwp-admin%2Fjs HTTP/1.0" 200 19894 "-" "Mozilla/5.0 AppleWebKit/537.36 (KHTML, like Gecko; compatible; ClaudeBot/1.0; +claudebot@anthropic.com)"
20.171.207.22 - - [26/Oct/2025:07:39:59 +0300] "GET /?fileloc=/var/www/vhosts/3chukuk.com/httpdocs/wp-content/uploads/2018/04/thumbs_b_c_07f005c9c472d739e1e2531fd37881ad.jpg&path=/var/www/vhosts/3chukuk.com/httpdocs/wp-content/uploads/2018/04 HTTP/1.0" 200 13277 "-" "Mozilla/5.0 AppleWebKit/537.36 (KHTML, like Gecko; compatible; GPTBot/1.2; +https://openai.com/gptbot)"
216.73.216.40 - - [26/Oct/2025:07:40:01 +0300] "GET /p2?fileloc=%2Fvar%2Fwww%2Fvhosts%2F3chukuk.com%2Fhttpdocs%2Fwp-admin%2Fjs%2Fpost.js&path=%2Fvar%2Fwww%2Fvhosts%2F3chukuk.com%2Fhttpdocs%2Fwp-admin%2Fjs HTTP/1.0" 200 53510 "-" "Mozilla/5.0 AppleWebKit/537.36 (KHTML, like Gecko; compatible; ClaudeBot/1.0; +claudebot@anthropic.com)"
20.171.207.22 - - [26/Oct/2025:07:40:02 +0300] "GET /?fileloc=/var/www/vhosts/3chukuk.com/httpdocs/wp-content/uploads/2018/07/thumbs_b_c_61f4be5c52f65d09d2fedce24a2eefad-747x420.jpg&path=/var/www/vhosts/3chukuk.com/httpdocs/wp-content/uploads/2018/07 HTTP/1.0" 200 13285 "-" "Mozilla/5.0 AppleWebKit/537.36 (KHTML, like Gecko; compatible; GPTBot/1.2; +https://openai.com/gptbot)"
216.73.216.40 - - [26/Oct/2025:07:40:04 +0300] "GET /?fileloc=%2Fvar%2Fwww%2Fvhosts%2F3chukuk.com%2Fhttpdocs%2Fwp-admin%2Fjs%2Fset-post-thumbnail.js&path=%2Fvar%2Fwww%2Fvhosts%2F3chukuk.com%2Fhttpdocs%2Fwp-admin%2Fjs HTTP/1.0" 200 13923 "-" "Mozilla/5.0 AppleWebKit/537.36 (KHTML, like Gecko; compatible; ClaudeBot/1.0; +claudebot@anthropic.com)"
20.171.207.22 - - [26/Oct/2025:07:40:06 +0300] "GET /?fileloc=/var/www/vhosts/3chukuk.com/httpdocs/wp-content/uploads/2018/06/thumbs_b_c_000776cc66dbf087e698e1000ecba8eb-324x400.jpg&path=/var/www/vhosts/3chukuk.com/httpdocs/wp-content/uploads/2018/06 HTTP/1.0" 200 13285 "-" "Mozilla/5.0 AppleWebKit/537.36 (KHTML, like Gecko; compatible; GPTBot/1.2; +https://openai.com/gptbot)"
20.171.207.22 - - [26/Oct/2025:07:40:09 +0300] "GET /?fileloc=/var/www/vhosts/3chukuk.com/httpdocs/wp-content/uploads/2018/06/thumbs_b_c_000776cc66dbf087e698e1000ecba8eb-533x261.jpg&path=/var/www/vhosts/3chukuk.com/httpdocs/wp-content/uploads/2018/06 HTTP/1.0" 200 13285 "-" "Mozilla/5.0 AppleWebKit/537.36 (KHTML, like Gecko; compatible; GPTBot/1.2; +https://openai.com/gptbot)"
20.171.207.22 - - [26/Oct/2025:07:40:12 +0300] "GET /?fileloc=/var/www/vhosts/3chukuk.com/httpdocs/wp-content/uploads/2018/04/thumbs_b_c_a7a96ffa9d9174610bb12fe0ebb6d538.jpg&path=/var/www/vhosts/3chukuk.com/httpdocs/wp-content/uploads/2018/04 HTTP/1.0" 200 13277 "-" "Mozilla/5.0 AppleWebKit/537.36 (KHTML, like Gecko; compatible; GPTBot/1.2; +https://openai.com/gptbot)"
40.77.167.70 - - [26/Oct/2025:07:40:13 +0300] "GET /?z=63891313063 HTTP/1.0" 200 341173 "-" "Mozilla/5.0 AppleWebKit/537.36 (KHTML, like Gecko; compatible; bingbot/2.0; +http://www.bing.com/bingbot.htm) Chrome/116.0.1938.76 Safari/537.36"
20.171.207.22 - - [26/Oct/2025:07:40:15 +0300] "GET /?fileloc=/var/www/vhosts/3chukuk.com/httpdocs/wp-content/uploads/2017/09/thumbs_b_c_9fb52dec6e7c741300aeab89b82a810b-696x392.jpg&path=/var/www/vhosts/3chukuk.com/httpdocs/wp-content/uploads/2017/09 HTTP/1.0" 200 13285 "-" "Mozilla/5.0 AppleWebKit/537.36 (KHTML, like Gecko; compatible; GPTBot/1.2; +https://openai.com/gptbot)"
40.77.167.70 - - [26/Oct/2025:07:40:16 +0300] "GET /?z=62095210769 HTTP/1.0" 200 333492 "-" "Mozilla/5.0 AppleWebKit/537.36 (KHTML, like Gecko; compatible; bingbot/2.0; +http://www.bing.com/bingbot.htm) Chrome/116.0.1938.76 Safari/537.36"
20.171.207.22 - - [26/Oct/2025:07:40:18 +0300] "GET /?fileloc=/var/www/vhosts/3chukuk.com/httpdocs/wp-content/uploads/2017/09/thumbs_b_c_b176a6615edd2ab708930b3ce8cf1bed-300x169.jpg&path=/var/www/vhosts/3chukuk.com/httpdocs/wp-content/uploads/2017/09 HTTP/1.0" 200 13285 "-" "Mozilla/5.0 AppleWebKit/537.36 (KHTML, like Gecko; compatible; GPTBot/1.2; +https://openai.com/gptbot)"
20.171.207.22 - - [26/Oct/2025:07:40:22 +0300] "GET /?fileloc=/var/www/vhosts/3chukuk.com/httpdocs/wp-content/uploads/2018/07/thumbs_b_c_61f4be5c52f65d09d2fedce24a2eefad-324x400.jpg&path=/var/www/vhosts/3chukuk.com/httpdocs/wp-content/uploads/2018/07 HTTP/1.0" 200 13285 "-" "Mozilla/5.0 AppleWebKit/537.36 (KHTML, like Gecko; compatible; GPTBot/1.2; +https://openai.com/gptbot)"
20.171.207.22 - - [26/Oct/2025:07:40:25 +0300] "GET /?fileloc=/var/www/vhosts/3chukuk.com/httpdocs/wp-content/uploads/2018/05/thumbs_b_c_a7a96ffa9d9174610bb12fe0ebb6d538-356x220.jpg&path=/var/www/vhosts/3chukuk.com/httpdocs/wp-content/uploads/2018/05 HTTP/1.0" 200 13285 "-" "Mozilla/5.0 AppleWebKit/537.36 (KHTML, like Gecko; compatible; GPTBot/1.2; +https://openai.com/gptbot)"
20.171.207.22 - - [26/Oct/2025:07:40:28 +0300] "GET /?fileloc=/var/www/vhosts/3chukuk.com/httpdocs/wp-content/uploads/2018/05/thumbs_b_c_a7a96ffa9d9174610bb12fe0ebb6d538-533x261.jpg&path=/var/www/vhosts/3chukuk.com/httpdocs/wp-content/uploads/2018/05 HTTP/1.0" 200 13285 "-" "Mozilla/5.0 AppleWebKit/537.36 (KHTML, like Gecko; compatible; GPTBot/1.2; +https://openai.com/gptbot)"
20.171.207.22 - - [26/Oct/2025:07:40:31 +0300] "GET /?fileloc=/var/www/vhosts/3chukuk.com/httpdocs/wp-content/uploads/2018/07/thumbs_b_c_61f4be5c52f65d09d2fedce24a2eefad-150x150.jpg&path=/var/www/vhosts/3chukuk.com/httpdocs/wp-content/uploads/2018/07 HTTP/1.0" 200 13285 "-" "Mozilla/5.0 AppleWebKit/537.36 (KHTML, like Gecko; compatible; GPTBot/1.2; +https://openai.com/gptbot)"
20.171.207.22 - - [26/Oct/2025:07:40:34 +0300] "GET /?fileloc=/var/www/vhosts/3chukuk.com/httpdocs/wp-content/uploads/2018/05/thumbs_b_c_a7a96ffa9d9174610bb12fe0ebb6d538-80x60.jpg&path=/var/www/vhosts/3chukuk.com/httpdocs/wp-content/uploads/2018/05 HTTP/1.0" 200 13283 "-" "Mozilla/5.0 AppleWebKit/537.36 (KHTML, like Gecko; compatible; GPTBot/1.2; +https://openai.com/gptbot)"
57.141.0.28 - - [26/Oct/2025:07:40:36 +0300] "GET /blog/2017/09/17/binali-yildirim-barzani-ye-resti-cekti/feed/ HTTP/1.0" 200 57170 "-" "meta-externalagent/1.1 (+https://developers.facebook.com/docs/sharing/webmasters/crawler)"
20.171.207.22 - - [26/Oct/2025:07:40:37 +0300] "GET /?fileloc=/var/www/vhosts/3chukuk.com/httpdocs/wp-content/uploads/2017/09/thumbs_b_c_b176a6615edd2ab708930b3ce8cf1bed-741x486.jpg&path=/var/www/vhosts/3chukuk.com/httpdocs/wp-content/uploads/2017/09 HTTP/1.0" 200 13285 "-" "Mozilla/5.0 AppleWebKit/537.36 (KHTML, like Gecko; compatible; GPTBot/1.2; +https://openai.com/gptbot)"
20.171.207.22 - - [26/Oct/2025:07:40:40 +0300] "GET /?fileloc=/var/www/vhosts/3chukuk.com/httpdocs/wp-content/uploads/2018/07/thumbs_b_c_61f4be5c52f65d09d2fedce24a2eefad-533x261.jpg&path=/var/www/vhosts/3chukuk.com/httpdocs/wp-content/uploads/2018/07 HTTP/1.0" 200 13285 "-" "Mozilla/5.0 AppleWebKit/537.36 (KHTML, like Gecko; compatible; GPTBot/1.2; +https://openai.com/gptbot)"
20.171.207.22 - - [26/Oct/2025:07:40:43 +0300] "GET /?fileloc=/var/www/vhosts/3chukuk.com/httpdocs/wp-content/uploads/2018/04/thumbs_b_c_a7a96ffa9d9174610bb12fe0ebb6d538-324x160.jpg&path=/var/www/vhosts/3chukuk.com/httpdocs/wp-content/uploads/2018/04 HTTP/1.0" 200 13285 "-" "Mozilla/5.0 AppleWebKit/537.36 (KHTML, like Gecko; compatible; GPTBot/1.2; +https://openai.com/gptbot)"
20.171.207.22 - - [26/Oct/2025:07:40:47 +0300] "GET /?fileloc=/var/www/vhosts/3chukuk.com/httpdocs/wp-content/uploads/2018/05/thumbs_b_c_9dd2d310dc6756b5d9cd789bdb659414-80x60.jpg&path=/var/www/vhosts/3chukuk.com/httpdocs/wp-content/uploads/2018/05 HTTP/1.0" 200 13283 "-" "Mozilla/5.0 AppleWebKit/537.36 (KHTML, like Gecko; compatible; GPTBot/1.2; +https://openai.com/gptbot)"
20.171.207.22 - - [26/Oct/2025:07:40:50 +0300] "GET /?fileloc=/var/www/vhosts/3chukuk.com/httpdocs/wp-content/uploads/2017/09/thumbs_b_c_faf2f92dcf8bd7eadc5ebdccd04769aa-300x169.jpg&path=/var/www/vhosts/3chukuk.com/httpdocs/wp-content/uploads/2017/09 HTTP/1.0" 200 13285 "-" "Mozilla/5.0 AppleWebKit/537.36 (KHTML, like Gecko; compatible; GPTBot/1.2; +https://openai.com/gptbot)"
20.171.207.22 - - [26/Oct/2025:07:40:53 +0300] "GET /?fileloc=/var/www/vhosts/3chukuk.com/httpdocs/wp-content/uploads/2018/04/agbaldan-otobus-sofo-32f771472c4aa30464e5-324x160.jpg&path=/var/www/vhosts/3chukuk.com/httpdocs/wp-content/uploads/2018/04 HTTP/1.0" 200 13283 "-" "Mozilla/5.0 AppleWebKit/537.36 (KHTML, like Gecko; compatible; GPTBot/1.2; +https://openai.com/gptbot)"
20.171.207.22 - - [26/Oct/2025:07:40:56 +0300] "GET /?fileloc=/var/www/vhosts/3chukuk.com/httpdocs/wp-content/uploads/2018/06/thumbs_b_c_6cba46f48c62d43f84769fe05fa47874.jpg&path=/var/www/vhosts/3chukuk.com/httpdocs/wp-content/uploads/2018/06 HTTP/1.0" 200 13277 "-" "Mozilla/5.0 AppleWebKit/537.36 (KHTML, like Gecko; compatible; GPTBot/1.2; +https://openai.com/gptbot)"
207.46.13.141 - - [26/Oct/2025:07:40:59 +0300] "GET /?q=czujac-rozmowy-o-emocjach-dodruk-2019-b-LWYlxmsxF HTTP/1.0" 200 447222 "-" "Mozilla/5.0 AppleWebKit/537.36 (KHTML, like Gecko; compatible; bingbot/2.0; +http://www.bing.com/bingbot.htm) Chrome/116.0.1938.76 Safari/537.36"
20.171.207.22 - - [26/Oct/2025:07:40:59 +0300] "GET /?fileloc=/var/www/vhosts/3chukuk.com/httpdocs/wp-content/uploads/2018/06/thumbs_b_c_000776cc66dbf087e698e1000ecba8eb-80x60.jpg&path=/var/www/vhosts/3chukuk.com/httpdocs/wp-content/uploads/2018/06 HTTP/1.0" 200 13283 "-" "Mozilla/5.0 AppleWebKit/537.36 (KHTML, like Gecko; compatible; GPTBot/1.2; +https://openai.com/gptbot)"
20.171.207.22 - - [26/Oct/2025:07:41:02 +0300] "GET /?fileloc=/var/www/vhosts/3chukuk.com/httpdocs/wp-content/uploads/2017/09/sir-perdesi-aralaniyor-son-konusmalari-viberden-cikti_150425579618-300x145.jpg&path=/var/www/vhosts/3chukuk.com/httpdocs/wp-content/uploads/2017/09 HTTP/1.0" 200 13308 "-" "Mozilla/5.0 AppleWebKit/537.36 (KHTML, like Gecko; compatible; GPTBot/1.2; +https://openai.com/gptbot)"
20.171.207.22 - - [26/Oct/2025:07:41:05 +0300] "GET /?fileloc=/var/www/vhosts/3chukuk.com/httpdocs/wp-content/uploads/2018/05/thumbs_b_c_c5436efd09612a2de2299c07fa35769d.jpg&path=/var/www/vhosts/3chukuk.com/httpdocs/wp-content/uploads/2018/05 HTTP/1.0" 200 13277 "-" "Mozilla/5.0 AppleWebKit/537.36 (KHTML, like Gecko; compatible; GPTBot/1.2; +https://openai.com/gptbot)"
20.171.207.22 - - [26/Oct/2025:07:41:09 +0300] "GET /?fileloc=/var/www/vhosts/3chukuk.com/httpdocs/wp-content/uploads/2017/09/thumbs_b_c_faf2f92dcf8bd7eadc5ebdccd04769aa-747x420.jpg&path=/var/www/vhosts/3chukuk.com/httpdocs/wp-content/uploads/2017/09 HTTP/1.0" 200 13285 "-" "Mozilla/5.0 AppleWebKit/537.36 (KHTML, like Gecko; compatible; GPTBot/1.2; +https://openai.com/gptbot)"
20.171.207.22 - - [26/Oct/2025:07:41:12 +0300] "GET /?fileloc=/var/www/vhosts/3chukuk.com/httpdocs/wp-content/uploads/2018/04/abdullah_gul_ff8f5886bcd51794268c-150x150.jpg&path=/var/www/vhosts/3chukuk.com/httpdocs/wp-content/uploads/2018/04 HTTP/1.0" 200 13275 "-" "Mozilla/5.0 AppleWebKit/537.36 (KHTML, like Gecko; compatible; GPTBot/1.2; +https://openai.com/gptbot)"
20.171.207.22 - - [26/Oct/2025:07:41:15 +0300] "GET /?fileloc=/var/www/vhosts/3chukuk.com/httpdocs/wp-content/uploads/2017/09/resized_cf899-5959ef1adenizbaykal-324x235.jpg&path=/var/www/vhosts/3chukuk.com/httpdocs/wp-content/uploads/2017/09 HTTP/1.0" 200 13275 "-" "Mozilla/5.0 AppleWebKit/537.36 (KHTML, like Gecko; compatible; GPTBot/1.2; +https://openai.com/gptbot)"
57.141.0.32 - - [26/Oct/2025:07:41:17 +0300] "GET /?p=20198 HTTP/1.0" 200 57170 "-" "meta-externalagent/1.1 (+https://developers.facebook.com/docs/sharing/webmasters/crawler)"
57.141.0.56 - - [26/Oct/2025:07:41:18 +0300] "GET /wp-json/oembed/1.0/embed?url=https%3A%2F%2Fwww.3chukuk.com%2Fblog%2F2019%2F03%2F02%2Fkuyumcu-cinayetinin-faili-cay-icen-polis-cikti%2F HTTP/1.0" 200 57170 "-" "meta-externalagent/1.1 (+https://developers.facebook.com/docs/sharing/webmasters/crawler)"
20.171.207.22 - - [26/Oct/2025:07:41:18 +0300] "GET /?fileloc=/var/www/vhosts/3chukuk.com/httpdocs/wp-content/uploads/2017/09/thumbs_b_c_9fb52dec6e7c741300aeab89b82a810b-533x261.jpg&path=/var/www/vhosts/3chukuk.com/httpdocs/wp-content/uploads/2017/09 HTTP/1.0" 200 13285 "-" "Mozilla/5.0 AppleWebKit/537.36 (KHTML, like Gecko; compatible; GPTBot/1.2; +https://openai.com/gptbot)"
20.171.207.22 - - [26/Oct/2025:07:41:21 +0300] "GET /?fileloc=/var/www/vhosts/3chukuk.com/httpdocs/wp-content/uploads/2018/06/thumbs_b_c_000776cc66dbf087e698e1000ecba8eb-265x198.jpg&path=/var/www/vhosts/3chukuk.com/httpdocs/wp-content/uploads/2018/06 HTTP/1.0" 200 13285 "-" "Mozilla/5.0 AppleWebKit/537.36 (KHTML, like Gecko; compatible; GPTBot/1.2; +https://openai.com/gptbot)"
20.171.207.22 - - [26/Oct/2025:07:41:24 +0300] "GET /?fileloc=/var/www/vhosts/3chukuk.com/httpdocs/wp-content/uploads/2018/05/thumbs_b_c_9dd2d310dc6756b5d9cd789bdb659414-100x70.jpg&path=/var/www/vhosts/3chukuk.com/httpdocs/wp-content/uploads/2018/05 HTTP/1.0" 200 13284 "-" "Mozilla/5.0 AppleWebKit/537.36 (KHTML, like Gecko; compatible; GPTBot/1.2; +https://openai.com/gptbot)"
207.46.13.141 - - [26/Oct/2025:07:41:26 +0300] "GET /?r=44745143083 HTTP/1.0" 200 599935 "-" "Mozilla/5.0 AppleWebKit/537.36 (KHTML, like Gecko; compatible; bingbot/2.0; +http://www.bing.com/bingbot.htm) Chrome/116.0.1938.76 Safari/537.36"
20.171.207.22 - - [26/Oct/2025:07:41:27 +0300] "GET /?fileloc=/var/www/vhosts/3chukuk.com/httpdocs/wp-content/uploads/2017/09/thumbs_b_c_b176a6615edd2ab708930b3ce8cf1bed-534x462.jpg&path=/var/www/vhosts/3chukuk.com/httpdocs/wp-content/uploads/2017/09 HTTP/1.0" 200 13285 "-" "Mozilla/5.0 AppleWebKit/537.36 (KHTML, like Gecko; compatible; GPTBot/1.2; +https://openai.com/gptbot)"
20.171.207.22 - - [26/Oct/2025:07:41:31 +0300] "GET /?fileloc=/var/www/vhosts/3chukuk.com/httpdocs/wp-content/uploads/2017/09/thumbs_b_c_b176a6615edd2ab708930b3ce8cf1bed-356x364.jpg&path=/var/www/vhosts/3chukuk.com/httpdocs/wp-content/uploads/2017/09 HTTP/1.0" 200 13285 "-" "Mozilla/5.0 AppleWebKit/537.36 (KHTML, like Gecko; compatible; GPTBot/1.2; +https://openai.com/gptbot)"
20.171.207.22 - - [26/Oct/2025:07:41:34 +0300] "GET /?fileloc=/var/www/vhosts/3chukuk.com/httpdocs/wp-content/uploads/2017/09/thumbs_b_c_faf2f92dcf8bd7eadc5ebdccd04769aa-150x150.jpg&path=/var/www/vhosts/3chukuk.com/httpdocs/wp-content/uploads/2017/09 HTTP/1.0" 200 13285 "-" "Mozilla/5.0 AppleWebKit/537.36 (KHTML, like Gecko; compatible; GPTBot/1.2; +https://openai.com/gptbot)"
20.171.207.22 - - [26/Oct/2025:07:41:37 +0300] "GET /?fileloc=/var/www/vhosts/3chukuk.com/httpdocs/wp-content/uploads/2018/04/agbaldan-otobus-sofo-32f771472c4aa30464e5-100x70.jpg&path=/var/www/vhosts/3chukuk.com/httpdocs/wp-content/uploads/2018/04 HTTP/1.0" 200 13282 "-" "Mozilla/5.0 AppleWebKit/537.36 (KHTML, like Gecko; compatible; GPTBot/1.2; +https://openai.com/gptbot)"
20.171.207.22 - - [26/Oct/2025:07:41:40 +0300] "GET /?fileloc=/var/www/vhosts/3chukuk.com/httpdocs/wp-content/uploads/2018/06/thumbs_b_c_000776cc66dbf087e698e1000ecba8eb-356x364.jpg&path=/var/www/vhosts/3chukuk.com/httpdocs/wp-content/uploads/2018/06 HTTP/1.0" 200 13285 "-" "Mozilla/5.0 AppleWebKit/537.36 (KHTML, like Gecko; compatible; GPTBot/1.2; +https://openai.com/gptbot)"
20.171.207.22 - - [26/Oct/2025:07:41:43 +0300] "GET /?fileloc=/var/www/vhosts/3chukuk.com/httpdocs/wp-content/uploads/2018/06/thumbs_b_c_000776cc66dbf087e698e1000ecba8eb-324x235.jpg&path=/var/www/vhosts/3chukuk.com/httpdocs/wp-content/uploads/2018/06 HTTP/1.0" 200 13285 "-" "Mozilla/5.0 AppleWebKit/537.36 (KHTML, like Gecko; compatible; GPTBot/1.2; +https://openai.com/gptbot)"
216.73.216.40 - - [26/Oct/2025:07:41:45 +0300] "GET /?fileloc=%2Fvar%2Fwww%2Fvhosts%2F3chukuk.com%2Fhttpdocs%2Fwp-includes%2Fhttps-migration.php&path=%2Fvar%2Fwww%2Fvhosts%2F3chukuk.com%2Fhttpdocs%2Fwp-includes HTTP/1.0" 200 17768 "-" "Mozilla/5.0 AppleWebKit/537.36 (KHTML, like Gecko; compatible; ClaudeBot/1.0; +claudebot@anthropic.com)"
20.171.207.22 - - [26/Oct/2025:07:41:47 +0300] "GET /?fileloc=/var/www/vhosts/3chukuk.com/httpdocs/wp-content/uploads/2017/09/resized_cf899-5959ef1adenizbaykal-324x359.jpg&path=/var/www/vhosts/3chukuk.com/httpdocs/wp-content/uploads/2017/09 HTTP/1.0" 200 13275 "-" "Mozilla/5.0 AppleWebKit/537.36 (KHTML, like Gecko; compatible; GPTBot/1.2; +https://openai.com/gptbot)"
216.73.216.40 - - [26/Oct/2025:07:41:48 +0300] "GET /?fileloc=%2Fvar%2Fwww%2Fvhosts%2F3chukuk.com%2Fhttpdocs%2Fwp-includes%2Fclass-wp-meta-query.php&path=%2Fvar%2Fwww%2Fvhosts%2F3chukuk.com%2Fhttpdocs%2Fwp-includes HTTP/1.0" 200 44417 "-" "Mozilla/5.0 AppleWebKit/537.36 (KHTML, like Gecko; compatible; ClaudeBot/1.0; +claudebot@anthropic.com)"
20.171.207.22 - - [26/Oct/2025:07:41:50 +0300] "GET /?fileloc=/var/www/vhosts/3chukuk.com/httpdocs/wp-content/uploads/2017/09/thumbs_b_c_b176a6615edd2ab708930b3ce8cf1bed-768x432.jpg&path=/var/www/vhosts/3chukuk.com/httpdocs/wp-content/uploads/2017/09 HTTP/1.0" 200 13285 "-" "Mozilla/5.0 AppleWebKit/537.36 (KHTML, like Gecko; compatible; GPTBot/1.2; +https://openai.com/gptbot)"
20.171.207.22 - - [26/Oct/2025:07:41:53 +0300] "GET /?fileloc=/var/www/vhosts/3chukuk.com/httpdocs/wp-content/uploads/2018/04/abdullah_gul_ff8f5886bcd51794268c-324x380.jpg&path=/var/www/vhosts/3chukuk.com/httpdocs/wp-content/uploads/2018/04 HTTP/1.0" 200 13275 "-" "Mozilla/5.0 AppleWebKit/537.36 (KHTML, like Gecko; compatible; GPTBot/1.2; +https://openai.com/gptbot)"
20.171.207.22 - - [26/Oct/2025:07:41:56 +0300] "GET /?fileloc=/var/www/vhosts/3chukuk.com/httpdocs/wp-content/uploads/2017/09/sir-perdesi-aralaniyor-son-konusmalari-viberden-cikti_150425579618-265x198.jpg&path=/var/www/vhosts/3chukuk.com/httpdocs/wp-content/uploads/2017/09 HTTP/1.0" 200 13308 "-" "Mozilla/5.0 AppleWebKit/537.36 (KHTML, like Gecko; compatible; GPTBot/1.2; +https://openai.com/gptbot)"
20.171.207.22 - - [26/Oct/2025:07:42:00 +0300] "GET /?fileloc=/var/www/vhosts/3chukuk.com/httpdocs/wp-content/uploads/2017/09/resized_cf899-5959ef1adenizbaykal-300x168.jpg&path=/var/www/vhosts/3chukuk.com/httpdocs/wp-content/uploads/2017/09 HTTP/1.0" 200 13275 "-" "Mozilla/5.0 AppleWebKit/537.36 (KHTML, like Gecko; compatible; GPTBot/1.2; +https://openai.com/gptbot)"
20.171.207.22 - - [26/Oct/2025:07:42:03 +0300] "GET /?fileloc=/var/www/vhosts/3chukuk.com/httpdocs/wp-content/uploads/2017/08/iranli-drferidun-bat-520498732831cf9145f8-533x261.jpg&path=/var/www/vhosts/3chukuk.com/httpdocs/wp-content/uploads/2017/08 HTTP/1.0" 200 13283 "-" "Mozilla/5.0 AppleWebKit/537.36 (KHTML, like Gecko; compatible; GPTBot/1.2; +https://openai.com/gptbot)"
20.171.207.22 - - [26/Oct/2025:07:42:06 +0300] "GET /?fileloc=/var/www/vhosts/3chukuk.com/httpdocs/wp-content/uploads/2018/05/thumbs_b_c_a7a96ffa9d9174610bb12fe0ebb6d538-534x462.jpg&path=/var/www/vhosts/3chukuk.com/httpdocs/wp-content/uploads/2018/05 HTTP/1.0" 200 13285 "-" "Mozilla/5.0 AppleWebKit/537.36 (KHTML, like Gecko; compatible; GPTBot/1.2; +https://openai.com/gptbot)"
20.171.207.22 - - [26/Oct/2025:07:42:09 +0300] "GET /?fileloc=/var/www/vhosts/3chukuk.com/httpdocs/wp-content/uploads/2018/04/thumbs_b_c_a7a96ffa9d9174610bb12fe0ebb6d538-300x169.jpg&path=/var/www/vhosts/3chukuk.com/httpdocs/wp-content/uploads/2018/04 HTTP/1.0" 200 13285 "-" "Mozilla/5.0 AppleWebKit/537.36 (KHTML, like Gecko; compatible; GPTBot/1.2; +https://openai.com/gptbot)"
20.171.207.22 - - [26/Oct/2025:07:42:12 +0300] "GET /?fileloc=/var/www/vhosts/3chukuk.com/httpdocs/wp-content/uploads/2018/07/thumbs_b_c_61f4be5c52f65d09d2fedce24a2eefad-485x360.jpg&path=/var/www/vhosts/3chukuk.com/httpdocs/wp-content/uploads/2018/07 HTTP/1.0" 200 13285 "-" "Mozilla/5.0 AppleWebKit/537.36 (KHTML, like Gecko; compatible; GPTBot/1.2; +https://openai.com/gptbot)"
20.171.207.22 - - [26/Oct/2025:07:42:16 +0300] "GET /?fileloc=/var/www/vhosts/3chukuk.com/httpdocs/wp-content/uploads/2018/04/thumbs_b_c_a7a96ffa9d9174610bb12fe0ebb6d538-218x150.jpg&path=/var/www/vhosts/3chukuk.com/httpdocs/wp-content/uploads/2018/04 HTTP/1.0" 200 13285 "-" "Mozilla/5.0 AppleWebKit/537.36 (KHTML, like Gecko; compatible; GPTBot/1.2; +https://openai.com/gptbot)"
207.46.13.141 - - [26/Oct/2025:07:42:17 +0300] "GET /?q=nasiona-kapusta-chinska-pak-choi-2g-b-jslfWOIxF HTTP/1.0" 200 447311 "-" "Mozilla/5.0 AppleWebKit/537.36 (KHTML, like Gecko; compatible; bingbot/2.0; +http://www.bing.com/bingbot.htm) Chrome/116.0.1938.76 Safari/537.36"
20.171.207.22 - - [26/Oct/2025:07:42:19 +0300] "GET /?fileloc=/var/www/vhosts/3chukuk.com/httpdocs/wp-content/uploads/2018/04/agbaldan-otobus-sofo-32f771472c4aa30464e5-485x355.jpg&path=/var/www/vhosts/3chukuk.com/httpdocs/wp-content/uploads/2018/04 HTTP/1.0" 200 13283 "-" "Mozilla/5.0 AppleWebKit/537.36 (KHTML, like Gecko; compatible; GPTBot/1.2; +https://openai.com/gptbot)"
207.46.13.141 - - [26/Oct/2025:07:42:21 +0300] "GET /blog/2019/05/04/olumu-bekleme-gelir/ HTTP/1.0" 200 100637 "-" "Mozilla/5.0 AppleWebKit/537.36 (KHTML, like Gecko; compatible; bingbot/2.0; +http://www.bing.com/bingbot.htm) Chrome/116.0.1938.76 Safari/537.36"
20.171.207.22 - - [26/Oct/2025:07:42:22 +0300] "GET /?fileloc=/var/www/vhosts/3chukuk.com/httpdocs/wp-content/uploads/2018/06/thumbs_b_c_000776cc66dbf087e698e1000ecba8eb-696x392.jpg&path=/var/www/vhosts/3chukuk.com/httpdocs/wp-content/uploads/2018/06 HTTP/1.0" 200 13285 "-" "Mozilla/5.0 AppleWebKit/537.36 (KHTML, like Gecko; compatible; GPTBot/1.2; +https://openai.com/gptbot)"
20.171.207.22 - - [26/Oct/2025:07:42:25 +0300] "GET /?fileloc=/var/www/vhosts/3chukuk.com/httpdocs/wp-content/uploads/2017/09/hapishane_f32cde72e38afbb6e5ad-741x470.jpg&path=/var/www/vhosts/3chukuk.com/httpdocs/wp-content/uploads/2017/09 HTTP/1.0" 200 13272 "-" "Mozilla/5.0 AppleWebKit/537.36 (KHTML, like Gecko; compatible; GPTBot/1.2; +https://openai.com/gptbot)"
