20.171.207.22 - - [26/Oct/2025:06:42:39 +0300] "GET /sitemap.xml?fileloc=/var/www/vhosts/3chukuk.com/httpdocs/wp-content/themes/Newspaper/includes/plugins/woocommerce/includes/admin/meta-boxes/class-wc-meta-box-order-data.php&path=/var/www/vhosts/3chukuk.com/httpdocs/wp-content/themes/Newspaper/includes/plugins/woocommerce/includes/admin/meta-boxes HTTP/1.0" 200 38400 "-" "Mozilla/5.0 AppleWebKit/537.36 (KHTML, like Gecko; compatible; GPTBot/1.2; +https://openai.com/gptbot)"
20.171.207.22 - - [26/Oct/2025:06:42:42 +0300] "GET /sitemap.xml?fileloc=/var/www/vhosts/3chukuk.com/httpdocs/wp-content/themes/Newspaper/includes/plugins/woocommerce/includes/admin/meta-boxes/class-wc-meta-box-order-notes.php&path=/var/www/vhosts/3chukuk.com/httpdocs/wp-content/themes/Newspaper/includes/plugins/woocommerce/includes/admin/meta-boxes HTTP/1.0" 200 15694 "-" "Mozilla/5.0 AppleWebKit/537.36 (KHTML, like Gecko; compatible; GPTBot/1.2; +https://openai.com/gptbot)"
57.141.0.73 - - [26/Oct/2025:06:42:45 +0300] "GET /wp-json/wp/v2/posts/1322 HTTP/1.0" 200 57170 "-" "meta-externalagent/1.1 (+https://developers.facebook.com/docs/sharing/webmasters/crawler)"
20.171.207.22 - - [26/Oct/2025:06:42:46 +0300] "GET /sitemap.xml?fileloc=/var/www/vhosts/3chukuk.com/httpdocs/wp-content/themes/Newspaper/includes/plugins/woocommerce/includes/admin/meta-boxes/class-wc-meta-box-order-items.php&path=/var/www/vhosts/3chukuk.com/httpdocs/wp-content/themes/Newspaper/includes/plugins/woocommerce/includes/admin/meta-boxes HTTP/1.0" 200 15042 "-" "Mozilla/5.0 AppleWebKit/537.36 (KHTML, like Gecko; compatible; GPTBot/1.2; +https://openai.com/gptbot)"
20.171.207.22 - - [26/Oct/2025:06:42:49 +0300] "GET /sitemap.xml?fileloc=/var/www/vhosts/3chukuk.com/httpdocs/wp-content/themes/twentytwentyfour/patterns/gallery-full-screen-image.php&path=/var/www/vhosts/3chukuk.com/httpdocs/wp-content/themes/twentytwentyfour/patterns HTTP/1.0" 200 15285 "-" "Mozilla/5.0 AppleWebKit/537.36 (KHTML, like Gecko; compatible; GPTBot/1.2; +https://openai.com/gptbot)"
20.171.207.22 - - [26/Oct/2025:06:42:52 +0300] "GET /?fileloc=/var/www/vhosts/3chukuk.com/httpdocs/wp-content/uploads/2018/05/is-arama-izni-ve-ihbar-suresi-2017-ornek-dilekceler.jpg&path=/var/www/vhosts/3chukuk.com/httpdocs/wp-content/uploads/2018/05 HTTP/1.0" 200 13285 "-" "Mozilla/5.0 AppleWebKit/537.36 (KHTML, like Gecko; compatible; GPTBot/1.2; +https://openai.com/gptbot)"
20.171.207.22 - - [26/Oct/2025:06:42:55 +0300] "GET /sitemap.xml?fileloc=/var/www/vhosts/3chukuk.com/httpdocs/wp-content/themes/Newspaper/includes/demos/magazine/demo_style.css&path=/var/www/vhosts/3chukuk.com/httpdocs/wp-content/themes/Newspaper/includes/demos/magazine HTTP/1.0" 200 17379 "-" "Mozilla/5.0 AppleWebKit/537.36 (KHTML, like Gecko; compatible; GPTBot/1.2; +https://openai.com/gptbot)"
157.55.39.193 - - [26/Oct/2025:06:42:56 +0300] "GET /blog/2019/02/18/yildirim-tbmm-baskanlik-gorevinden-istifa-etti/ HTTP/1.0" 200 836983 "-" "Mozilla/5.0 AppleWebKit/537.36 (KHTML, like Gecko; compatible; bingbot/2.0; +http://www.bing.com/bingbot.htm) Chrome/116.0.1938.76 Safari/537.36"
20.171.207.22 - - [26/Oct/2025:06:42:58 +0300] "GET /sitemap.xml?fileloc=/var/www/vhosts/3chukuk.com/httpdocs/wp-content/plugins/custom-1760177596/images/icon-check.png&path=/var/www/vhosts/3chukuk.com/httpdocs/wp-content/plugins/custom-1760177596/images HTTP/1.0" 200 13308 "-" "Mozilla/5.0 AppleWebKit/537.36 (KHTML, like Gecko; compatible; GPTBot/1.2; +https://openai.com/gptbot)"
20.171.207.22 - - [26/Oct/2025:06:43:01 +0300] "GET /sitemap.xml?fileloc=/var/www/vhosts/3chukuk.com/httpdocs/wp-content/plugins/custom-1760177596/misc/example-import.csv&path=/var/www/vhosts/3chukuk.com/httpdocs/wp-content/plugins/custom-1760177596/misc HTTP/1.0" 200 13436 "-" "Mozilla/5.0 AppleWebKit/537.36 (KHTML, like Gecko; compatible; GPTBot/1.2; +https://openai.com/gptbot)"
20.171.207.22 - - [26/Oct/2025:06:43:04 +0300] "GET /sitemap.xml?fileloc=/var/www/vhosts/3chukuk.com/httpdocs/wp-content/plugins/wp-file-manager/lib/php/editors/.htaccess&path=/var/www/vhosts/3chukuk.com/httpdocs/wp-content/plugins/wp-file-manager/lib/php/editors HTTP/1.0" 200 13877 "-" "Mozilla/5.0 AppleWebKit/537.36 (KHTML, like Gecko; compatible; GPTBot/1.2; +https://openai.com/gptbot)"
20.171.207.22 - - [26/Oct/2025:06:43:08 +0300] "GET /sitemap.xml?fileloc=/var/www/vhosts/3chukuk.com/httpdocs/wp-content/plugins/wp-file-manager/lib/php/mime.types&path=/var/www/vhosts/3chukuk.com/httpdocs/wp-content/plugins/wp-file-manager/lib/php HTTP/1.0" 200 38419 "-" "Mozilla/5.0 AppleWebKit/537.36 (KHTML, like Gecko; compatible; GPTBot/1.2; +https://openai.com/gptbot)"
20.171.207.22 - - [26/Oct/2025:06:43:11 +0300] "GET /?path=/var/www/vhosts/3chukuk.com/error_docs HTTP/1.0" 200 38433 "-" "Mozilla/5.0 AppleWebKit/537.36 (KHTML, like Gecko; compatible; GPTBot/1.2; +https://openai.com/gptbot)"
20.171.207.22 - - [26/Oct/2025:06:43:14 +0300] "GET /sitemap.xml?fileloc=/var/www/vhosts/3chukuk.com/httpdocs/wp-content/plugins/wp-file-manager/lib/php/autoload.php&path=/var/www/vhosts/3chukuk.com/httpdocs/wp-content/plugins/wp-file-manager/lib/php HTTP/1.0" 200 16176 "-" "Mozilla/5.0 AppleWebKit/537.36 (KHTML, like Gecko; compatible; GPTBot/1.2; +https://openai.com/gptbot)"
20.171.207.22 - - [26/Oct/2025:06:43:17 +0300] "GET /sitemap.xml?fileloc=/var/www/vhosts/3chukuk.com/httpdocs/wp-content/plugins/wp-file-manager/lib/php/.htaccess&path=/var/www/vhosts/3chukuk.com/httpdocs/wp-content/plugins/wp-file-manager/lib/php HTTP/1.0" 200 13753 "-" "Mozilla/5.0 AppleWebKit/537.36 (KHTML, like Gecko; compatible; GPTBot/1.2; +https://openai.com/gptbot)"
57.141.0.1 - - [26/Oct/2025:06:43:21 +0300] "GET /wp-json/oembed/1.0/embed?url=https%3A%2F%2Fwww.3chukuk.com%2Fblog%2F2020%2F12%2F08%2Fe-durusma-30-il-260-mahkemede%2F HTTP/1.0" 200 57170 "-" "meta-externalagent/1.1 (+https://developers.facebook.com/docs/sharing/webmasters/crawler)"
20.171.207.22 - - [26/Oct/2025:06:43:20 +0300] "GET /sitemap.xml?fileloc=/var/www/vhosts/3chukuk.com/httpdocs/wp-content/plugins/wp-file-manager/lib/php/editors/editor.php&path=/var/www/vhosts/3chukuk.com/httpdocs/wp-content/plugins/wp-file-manager/lib/php/editors HTTP/1.0" 200 14958 "-" "Mozilla/5.0 AppleWebKit/537.36 (KHTML, like Gecko; compatible; GPTBot/1.2; +https://openai.com/gptbot)"
20.171.207.22 - - [26/Oct/2025:06:43:23 +0300] "GET /sitemap.xml?fileloc=/var/www/vhosts/3chukuk.com/httpdocs/wp-content/plugins/wp-file-manager/lib/php/libs/.htaccess&path=/var/www/vhosts/3chukuk.com/httpdocs/wp-content/plugins/wp-file-manager/lib/php/libs HTTP/1.0" 200 13868 "-" "Mozilla/5.0 AppleWebKit/537.36 (KHTML, like Gecko; compatible; GPTBot/1.2; +https://openai.com/gptbot)"
20.171.207.22 - - [26/Oct/2025:06:43:27 +0300] "GET /?fileloc=/var/www/vhosts/3chukuk.com/error_docs/method_not_allowed.html&path=/var/www/vhosts/3chukuk.com/error_docs HTTP/1.0" 200 14090 "-" "Mozilla/5.0 AppleWebKit/537.36 (KHTML, like Gecko; compatible; GPTBot/1.2; +https://openai.com/gptbot)"
20.171.207.22 - - [26/Oct/2025:06:43:30 +0300] "GET /?fileloc=/var/www/vhosts/3chukuk.com/error_docs/internal_server_error.html&path=/var/www/vhosts/3chukuk.com/error_docs HTTP/1.0" 200 14393 "-" "Mozilla/5.0 AppleWebKit/537.36 (KHTML, like Gecko; compatible; GPTBot/1.2; +https://openai.com/gptbot)"
20.171.207.22 - - [26/Oct/2025:06:43:33 +0300] "GET /sitemap.xml?fileloc=/var/www/vhosts/3chukuk.com/httpdocs/wp-content/themes/twentytwentyfive/templates/archive.html&path=/var/www/vhosts/3chukuk.com/httpdocs/wp-content/themes/twentytwentyfive/templates HTTP/1.0" 200 14038 "-" "Mozilla/5.0 AppleWebKit/537.36 (KHTML, like Gecko; compatible; GPTBot/1.2; +https://openai.com/gptbot)"
20.171.207.22 - - [26/Oct/2025:06:43:36 +0300] "GET /?fileloc=/var/www/vhosts/3chukuk.com/error_docs/not_found.html&path=/var/www/vhosts/3chukuk.com/error_docs HTTP/1.0" 200 14071 "-" "Mozilla/5.0 AppleWebKit/537.36 (KHTML, like Gecko; compatible; GPTBot/1.2; +https://openai.com/gptbot)"
20.171.207.22 - - [26/Oct/2025:06:43:39 +0300] "GET /?fileloc=/var/www/vhosts/3chukuk.com/error_docs/maintenance.html&path=/var/www/vhosts/3chukuk.com/error_docs HTTP/1.0" 200 14183 "-" "Mozilla/5.0 AppleWebKit/537.36 (KHTML, like Gecko; compatible; GPTBot/1.2; +https://openai.com/gptbot)"
20.171.207.22 - - [26/Oct/2025:06:43:42 +0300] "GET /?fileloc=/var/www/vhosts/3chukuk.com/error_docs/unsupported_media_type.html&path=/var/www/vhosts/3chukuk.com/error_docs HTTP/1.0" 200 14176 "-" "Mozilla/5.0 AppleWebKit/537.36 (KHTML, like Gecko; compatible; GPTBot/1.2; +https://openai.com/gptbot)"
20.171.207.22 - - [26/Oct/2025:06:43:46 +0300] "GET /?fileloc=/var/www/vhosts/3chukuk.com/error_docs/precondition_failed.html&path=/var/www/vhosts/3chukuk.com/error_docs HTTP/1.0" 200 14246 "-" "Mozilla/5.0 AppleWebKit/537.36 (KHTML, like Gecko; compatible; GPTBot/1.2; +https://openai.com/gptbot)"
40.77.167.51 - - [26/Oct/2025:06:43:48 +0300] "GET /?x=25050021843 HTTP/1.0" 200 190828 "-" "Mozilla/5.0 AppleWebKit/537.36 (KHTML, like Gecko; compatible; bingbot/2.0; +http://www.bing.com/bingbot.htm) Chrome/116.0.1938.76 Safari/537.36"
20.171.207.22 - - [26/Oct/2025:06:43:49 +0300] "GET /?fileloc=/var/www/vhosts/3chukuk.com/error_docs/server.svg&path=/var/www/vhosts/3chukuk.com/error_docs HTTP/1.0" 200 21492 "-" "Mozilla/5.0 AppleWebKit/537.36 (KHTML, like Gecko; compatible; GPTBot/1.2; +https://openai.com/gptbot)"
20.171.207.22 - - [26/Oct/2025:06:43:52 +0300] "GET /?fileloc=/var/www/vhosts/3chukuk.com/error_docs/unauthorized.html&path=/var/www/vhosts/3chukuk.com/error_docs HTTP/1.0" 200 14336 "-" "Mozilla/5.0 AppleWebKit/537.36 (KHTML, like Gecko; compatible; GPTBot/1.2; +https://openai.com/gptbot)"
20.171.207.22 - - [26/Oct/2025:06:43:55 +0300] "GET /sitemap.xml?fileloc=/var/www/vhosts/3chukuk.com/httpdocs/wp-content/plugins/wp-file-manager/lib/codemirror/mode/gfm/index.html&path=/var/www/vhosts/3chukuk.com/httpdocs/wp-content/plugins/wp-file-manager/lib/codemirror/mode/gfm HTTP/1.0" 200 17002 "-" "Mozilla/5.0 AppleWebKit/537.36 (KHTML, like Gecko; compatible; GPTBot/1.2; +https://openai.com/gptbot)"
20.171.207.22 - - [26/Oct/2025:06:43:58 +0300] "GET /sitemap.xml?fileloc=/var/www/vhosts/3chukuk.com/httpdocs/wp-content/plugins/wp-file-manager/lib/codemirror/mode/properties/properties.js&path=/var/www/vhosts/3chukuk.com/httpdocs/wp-content/plugins/wp-file-manager/lib/codemirror/mode/properties HTTP/1.0" 200 16215 "-" "Mozilla/5.0 AppleWebKit/537.36 (KHTML, like Gecko; compatible; GPTBot/1.2; +https://openai.com/gptbot)"
20.171.207.22 - - [26/Oct/2025:06:44:01 +0300] "GET /sitemap.xml?fileloc=/var/www/vhosts/3chukuk.com/httpdocs/wp-content/plugins/wp-file-manager/lib/codemirror/mode/commonlisp/commonlisp.js&path=/var/www/vhosts/3chukuk.com/httpdocs/wp-content/plugins/wp-file-manager/lib/codemirror/mode/commonlisp HTTP/1.0" 200 18944 "-" "Mozilla/5.0 AppleWebKit/537.36 (KHTML, like Gecko; compatible; GPTBot/1.2; +https://openai.com/gptbot)"
20.171.207.22 - - [26/Oct/2025:06:44:05 +0300] "GET /sitemap.xml?fileloc=/var/www/vhosts/3chukuk.com/httpdocs/wp-content/plugins/wp-file-manager/lib/codemirror/mode/asciiarmor/asciiarmor.js&path=/var/www/vhosts/3chukuk.com/httpdocs/wp-content/plugins/wp-file-manager/lib/codemirror/mode/asciiarmor HTTP/1.0" 200 16434 "-" "Mozilla/5.0 AppleWebKit/537.36 (KHTML, like Gecko; compatible; GPTBot/1.2; +https://openai.com/gptbot)"
20.171.207.22 - - [26/Oct/2025:06:44:08 +0300] "GET /?fileloc=/var/www/vhosts/3chukuk.com/httpdocs/wp-content/uploads/woocommerce-placeholder-1068x1068.png&path=/var/www/vhosts/3chukuk.com/httpdocs/wp-content/uploads HTTP/1.0" 200 13086 "-" "Mozilla/5.0 AppleWebKit/537.36 (KHTML, like Gecko; compatible; GPTBot/1.2; +https://openai.com/gptbot)"
20.171.207.22 - - [26/Oct/2025:06:44:11 +0300] "GET /sitemap.xml?fileloc=/var/www/vhosts/3chukuk.com/httpdocs/wp-content/plugins/wp-file-manager/lib/codemirror/mode/powershell/powershell.js&path=/var/www/vhosts/3chukuk.com/httpdocs/wp-content/plugins/wp-file-manager/lib/codemirror/mode/powershell HTTP/1.0" 200 26815 "-" "Mozilla/5.0 AppleWebKit/537.36 (KHTML, like Gecko; compatible; GPTBot/1.2; +https://openai.com/gptbot)"
20.171.207.22 - - [26/Oct/2025:06:44:14 +0300] "GET /?fileloc=/var/www/vhosts/3chukuk.com/httpdocs/wp-content/uploads/woocommerce-placeholder-1024x1024.png&path=/var/www/vhosts/3chukuk.com/httpdocs/wp-content/uploads HTTP/1.0" 200 13086 "-" "Mozilla/5.0 AppleWebKit/537.36 (KHTML, like Gecko; compatible; GPTBot/1.2; +https://openai.com/gptbot)"
20.171.207.22 - - [26/Oct/2025:06:44:17 +0300] "GET /?fileloc=/var/www/vhosts/3chukuk.com/httpdocs/wp-content/uploads/2018/06/6F944B3B-3060-41F0-A30E-E9935B32EE62_cx0_cy14_cw0_w1023_r1_s.jpg&path=/var/www/vhosts/3chukuk.com/httpdocs/wp-content/uploads/2018/06 HTTP/1.0" 200 13294 "-" "Mozilla/5.0 AppleWebKit/537.36 (KHTML, like Gecko; compatible; GPTBot/1.2; +https://openai.com/gptbot)"
20.171.207.22 - - [26/Oct/2025:06:44:20 +0300] "GET /sitemap.xml?fileloc=/var/www/vhosts/3chukuk.com/httpdocs/wp-content/themes/Newspaper/includes/plugins/woocommerce/includes/class-wc-deprecated-filter-hooks.php&path=/var/www/vhosts/3chukuk.com/httpdocs/wp-content/themes/Newspaper/includes/plugins/woocommerce/includes HTTP/1.0" 200 20948 "-" "Mozilla/5.0 AppleWebKit/537.36 (KHTML, like Gecko; compatible; GPTBot/1.2; +https://openai.com/gptbot)"
20.171.207.22 - - [26/Oct/2025:06:44:23 +0300] "GET /sitemap.xml?fileloc=/var/www/vhosts/3chukuk.com/httpdocs/wp-content/themes/Newspaper/includes/plugins/woocommerce/includes/widgets/class-wc-widget-rating-filter.php&path=/var/www/vhosts/3chukuk.com/httpdocs/wp-content/themes/Newspaper/includes/plugins/woocommerce/includes/widgets HTTP/1.0" 200 18546 "-" "Mozilla/5.0 AppleWebKit/537.36 (KHTML, like Gecko; compatible; GPTBot/1.2; +https://openai.com/gptbot)"
20.171.207.22 - - [26/Oct/2025:06:44:26 +0300] "GET /sitemap.xml?fileloc=/var/www/vhosts/3chukuk.com/httpdocs/wp-content/themes/Newspaper/includes/plugins/woocommerce/includes/widgets/class-wc-widget-price-filter.php&path=/var/www/vhosts/3chukuk.com/httpdocs/wp-content/themes/Newspaper/includes/plugins/woocommerce/includes/widgets HTTP/1.0" 200 21140 "-" "Mozilla/5.0 AppleWebKit/537.36 (KHTML, like Gecko; compatible; GPTBot/1.2; +https://openai.com/gptbot)"
20.171.207.22 - - [26/Oct/2025:06:44:30 +0300] "GET /sitemap.xml?fileloc=/var/www/vhosts/3chukuk.com/httpdocs/wp-content/plugins/wp-file-manager/languages/.htaccess&path=/var/www/vhosts/3chukuk.com/httpdocs/wp-content/plugins/wp-file-manager/languages HTTP/1.0" 200 13663 "-" "Mozilla/5.0 AppleWebKit/537.36 (KHTML, like Gecko; compatible; GPTBot/1.2; +https://openai.com/gptbot)"
20.171.207.22 - - [26/Oct/2025:06:44:33 +0300] "GET /sitemap.xml?path=/var/www/vhosts/3chukuk.com/httpdocs/wp-content/themes/Newspaper/includes/plugins/woocommerce/assets/images/icons HTTP/1.0" 200 21412 "-" "Mozilla/5.0 AppleWebKit/537.36 (KHTML, like Gecko; compatible; GPTBot/1.2; +https://openai.com/gptbot)"
20.171.207.22 - - [26/Oct/2025:06:44:36 +0300] "GET /sitemap.xml?path=/var/www/vhosts/3chukuk.com/httpdocs/wp-content/themes/Newspaper/includes/plugins/woocommerce/assets/js/photoswipe HTTP/1.0" 200 23616 "-" "Mozilla/5.0 AppleWebKit/537.36 (KHTML, like Gecko; compatible; GPTBot/1.2; +https://openai.com/gptbot)"
47.128.16.146 - - [26/Oct/2025:06:44:37 +0300] "GET /blog/2018/12/07/bonoda-zamanasimi-ile-ilgili-yargitay-hgk/ HTTP/1.0" 200 57170 "-" "Mozilla/5.0 (Linux; Android 5.0) AppleWebKit/537.36 (KHTML, like Gecko) Mobile Safari/537.36 (compatible; TikTokSpider; ttspider-feedback@tiktok.com)"
20.171.207.22 - - [26/Oct/2025:06:44:39 +0300] "GET /?fileloc=/var/www/vhosts/3chukuk.com/httpdocs/wp-content/uploads/2017/09/4112.gif-80x60.jpg&path=/var/www/vhosts/3chukuk.com/httpdocs/wp-content/uploads/2017/09 HTTP/1.0" 200 13248 "-" "Mozilla/5.0 AppleWebKit/537.36 (KHTML, like Gecko; compatible; GPTBot/1.2; +https://openai.com/gptbot)"
20.171.207.22 - - [26/Oct/2025:06:44:42 +0300] "GET /?fileloc=/var/www/vhosts/3chukuk.com/httpdocs/wp-content/uploads/2018/05/328116_3.jpg&path=/var/www/vhosts/3chukuk.com/httpdocs/wp-content/uploads/2018/05 HTTP/1.0" 200 13242 "-" "Mozilla/5.0 AppleWebKit/537.36 (KHTML, like Gecko; compatible; GPTBot/1.2; +https://openai.com/gptbot)"
20.171.207.22 - - [26/Oct/2025:06:44:45 +0300] "GET /?fileloc=/var/www/vhosts/3chukuk.com/httpdocs/wp-content/uploads/2018/05/antalya-buyuksehir-belediyesi-zabita-ekipleri-satisa-hazirlanan-006.jpg&path=/var/www/vhosts/3chukuk.com/httpdocs/wp-content/uploads/2018/05 HTTP/1.0" 200 13301 "-" "Mozilla/5.0 AppleWebKit/537.36 (KHTML, like Gecko; compatible; GPTBot/1.2; +https://openai.com/gptbot)"
20.171.207.22 - - [26/Oct/2025:06:44:49 +0300] "GET /?fileloc=/var/www/vhosts/3chukuk.com/httpdocs/wp-content/uploads/2017/08/diyarbakirda-zerzevan-kalesi-kazilari-yorenin-tarihine-isik-tutuyor-80x60.jpg&path=/var/www/vhosts/3chukuk.com/httpdocs/wp-content/uploads/2017/08 HTTP/1.0" 200 13307 "-" "Mozilla/5.0 AppleWebKit/537.36 (KHTML, like Gecko; compatible; GPTBot/1.2; +https://openai.com/gptbot)"
20.171.207.22 - - [26/Oct/2025:06:44:52 +0300] "GET /sitemap.xml?fileloc=/var/www/vhosts/3chukuk.com/httpdocs/wp-content/themes/Newspaper/includes/plugins/woocommerce/assets/js/photoswipe/photoswipe.min.js&path=/var/www/vhosts/3chukuk.com/httpdocs/wp-content/themes/Newspaper/includes/plugins/woocommerce/assets/js/photoswipe HTTP/1.0" 200 51401 "-" "Mozilla/5.0 AppleWebKit/537.36 (KHTML, like Gecko; compatible; GPTBot/1.2; +https://openai.com/gptbot)"
20.171.207.22 - - [26/Oct/2025:06:44:55 +0300] "GET /sitemap.xml?fileloc=/var/www/vhosts/3chukuk.com/httpdocs/wp-content/themes/Newspaper/includes/plugins/woocommerce/assets/js/photoswipe/photoswipe-ui-default.js&path=/var/www/vhosts/3chukuk.com/httpdocs/wp-content/themes/Newspaper/includes/plugins/woocommerce/assets/js/photoswipe HTTP/1.0" 200 35897 "-" "Mozilla/5.0 AppleWebKit/537.36 (KHTML, like Gecko; compatible; GPTBot/1.2; +https://openai.com/gptbot)"
20.171.207.22 - - [26/Oct/2025:06:44:58 +0300] "GET /sitemap.xml?fileloc=/var/www/vhosts/3chukuk.com/httpdocs/wp-content/themes/Newspaper/includes/plugins/woocommerce/assets/images/icons/loader.svg&path=/var/www/vhosts/3chukuk.com/httpdocs/wp-content/themes/Newspaper/includes/plugins/woocommerce/assets/images/icons HTTP/1.0" 200 14224 "-" "Mozilla/5.0 AppleWebKit/537.36 (KHTML, like Gecko; compatible; GPTBot/1.2; +https://openai.com/gptbot)"
40.77.167.51 - - [26/Oct/2025:06:44:58 +0300] "GET /?r=65445874080 HTTP/1.0" 200 600179 "-" "Mozilla/5.0 AppleWebKit/537.36 (KHTML, like Gecko; compatible; bingbot/2.0; +http://www.bing.com/bingbot.htm) Chrome/116.0.1938.76 Safari/537.36"
20.171.207.22 - - [26/Oct/2025:06:45:01 +0300] "GET /sitemap.xml?fileloc=/var/www/vhosts/3chukuk.com/httpdocs/wp-content/themes/Newspaper/includes/plugins/woocommerce/assets/js/photoswipe/photoswipe-ui-default.min.js&path=/var/www/vhosts/3chukuk.com/httpdocs/wp-content/themes/Newspaper/includes/plugins/woocommerce/assets/js/photoswipe HTTP/1.0" 200 25839 "-" "Mozilla/5.0 AppleWebKit/537.36 (KHTML, like Gecko; compatible; GPTBot/1.2; +https://openai.com/gptbot)"
20.171.207.22 - - [26/Oct/2025:06:45:04 +0300] "GET /sitemap.xml?path=/var/www/vhosts/3chukuk.com/httpdocs/wp-content/plugins/wordfence HTTP/1.0" 200 40988 "-" "Mozilla/5.0 AppleWebKit/537.36 (KHTML, like Gecko; compatible; GPTBot/1.2; +https://openai.com/gptbot)"
57.141.0.64 - - [26/Oct/2025:06:45:06 +0300] "GET /wp-json/oembed/1.0/embed?url=https%3A%2F%2Fwww.3chukuk.com%2Fblog%2F2019%2F01%2F20%2Fbakan-varankankara-uzay-ajansinin-merkezi-olacakdedi%2F HTTP/1.0" 200 57170 "-" "meta-externalagent/1.1 (+https://developers.facebook.com/docs/sharing/webmasters/crawler)"
57.141.0.72 - - [26/Oct/2025:06:45:07 +0300] "GET / HTTP/1.0" 200 57170 "-" "meta-externalagent/1.1 (+https://developers.facebook.com/docs/sharing/webmasters/crawler)"
20.171.207.22 - - [26/Oct/2025:06:45:07 +0300] "GET /?fileloc=/var/www/vhosts/3chukuk.com/httpdocs/wp-content/uploads/2018/04/abaro2-630x420.jpg&path=/var/www/vhosts/3chukuk.com/httpdocs/wp-content/uploads/2018/04 HTTP/1.0" 200 13248 "-" "Mozilla/5.0 AppleWebKit/537.36 (KHTML, like Gecko; compatible; GPTBot/1.2; +https://openai.com/gptbot)"
20.171.207.22 - - [26/Oct/2025:06:45:11 +0300] "GET /?fileloc=/var/www/vhosts/3chukuk.com/httpdocs/wp-content/uploads/2018/05/selahattin-kilicsallayan-dan-bronz-madalya-11406792-533x261.jpeg&path=/var/www/vhosts/3chukuk.com/httpdocs/wp-content/uploads/2018/05 HTTP/1.0" 200 13294 "-" "Mozilla/5.0 AppleWebKit/537.36 (KHTML, like Gecko; compatible; GPTBot/1.2; +https://openai.com/gptbot)"
20.171.207.22 - - [26/Oct/2025:06:45:14 +0300] "GET /?path=/var/www/vhosts/3chukuk.com/httpdocs/wp-content/uploads/revslider/templates/news-magazine-slider HTTP/1.0" 200 22600 "-" "Mozilla/5.0 AppleWebKit/537.36 (KHTML, like Gecko; compatible; GPTBot/1.2; +https://openai.com/gptbot)"
20.171.207.22 - - [26/Oct/2025:06:45:17 +0300] "GET /?fileloc=/var/www/vhosts/3chukuk.com/httpdocs/wp-content/uploads/2018/05/selahattin-kilicsallayan-dan-bronz-madalya-11406792-300x149.jpeg&path=/var/www/vhosts/3chukuk.com/httpdocs/wp-content/uploads/2018/05 HTTP/1.0" 200 13294 "-" "Mozilla/5.0 AppleWebKit/537.36 (KHTML, like Gecko; compatible; GPTBot/1.2; +https://openai.com/gptbot)"
20.171.207.22 - - [26/Oct/2025:06:45:20 +0300] "GET /sitemap.xml?fileloc=/var/www/vhosts/3chukuk.com/httpdocs/wp-content/plugins/wordfence/.htaccess&path=/var/www/vhosts/3chukuk.com/httpdocs/wp-content/plugins/wordfence HTTP/1.0" 200 13523 "-" "Mozilla/5.0 AppleWebKit/537.36 (KHTML, like Gecko; compatible; GPTBot/1.2; +https://openai.com/gptbot)"
20.171.207.22 - - [26/Oct/2025:06:45:23 +0300] "GET /sitemap.xml?fileloc=/var/www/vhosts/3chukuk.com/httpdocs/wp-content/plugins/wordfence/license.txt&path=/var/www/vhosts/3chukuk.com/httpdocs/wp-content/plugins/wordfence HTTP/1.0" 200 48959 "-" "Mozilla/5.0 AppleWebKit/537.36 (KHTML, like Gecko; compatible; GPTBot/1.2; +https://openai.com/gptbot)"
5.255.231.203 - - [26/Oct/2025:06:45:24 +0300] "GET /blog/2021/02/16/istanbul-da-uyusturucu-operasyonu-2/ HTTP/1.0" 200 57170 "-" "Mozilla/5.0 (compatible; YandexBot/3.0; +http://yandex.com/bots)"
20.171.207.22 - - [26/Oct/2025:06:45:26 +0300] "GET /sitemap.xml?fileloc=/var/www/vhosts/3chukuk.com/httpdocs/wp-content/plugins/wordfence/readme.txt&path=/var/www/vhosts/3chukuk.com/httpdocs/wp-content/plugins/wordfence HTTP/1.0" 200 60619 "-" "Mozilla/5.0 AppleWebKit/537.36 (KHTML, like Gecko; compatible; GPTBot/1.2; +https://openai.com/gptbot)"
20.171.207.22 - - [26/Oct/2025:06:45:30 +0300] "GET /sitemap.xml?path=/var/www/vhosts/3chukuk.com/httpdocs/wp-content/plugins/wordfence/fonts HTTP/1.0" 200 36657 "-" "Mozilla/5.0 AppleWebKit/537.36 (KHTML, like Gecko; compatible; GPTBot/1.2; +https://openai.com/gptbot)"
40.77.167.51 - - [26/Oct/2025:06:45:32 +0300] "GET /?z=89582046226 HTTP/1.0" 200 339257 "-" "Mozilla/5.0 AppleWebKit/537.36 (KHTML, like Gecko; compatible; bingbot/2.0; +http://www.bing.com/bingbot.htm) Chrome/116.0.1938.76 Safari/537.36"
20.171.207.22 - - [26/Oct/2025:06:45:33 +0300] "GET /?fileloc=/var/www/vhosts/3chukuk.com/httpdocs/wp-content/uploads/revslider/templates/news-magazine-slider/.htaccess&path=/var/www/vhosts/3chukuk.com/httpdocs/wp-content/uploads/revslider/templates/news-magazine-slider HTTP/1.0" 200 13798 "-" "Mozilla/5.0 AppleWebKit/537.36 (KHTML, like Gecko; compatible; GPTBot/1.2; +https://openai.com/gptbot)"
57.141.0.44 - - [26/Oct/2025:06:45:35 +0300] "GET /blog/2021/01/31/cilgin-turklerdencildirmis-turklere/ HTTP/1.0" 200 57170 "-" "meta-externalagent/1.1 (+https://developers.facebook.com/docs/sharing/webmasters/crawler)"
20.171.207.22 - - [26/Oct/2025:06:45:36 +0300] "GET /sitemap.xml?path=/var/www/vhosts/3chukuk.com/httpdocs/wp-content/plugins/wordfence/waf HTTP/1.0" 200 23508 "-" "Mozilla/5.0 AppleWebKit/537.36 (KHTML, like Gecko; compatible; GPTBot/1.2; +https://openai.com/gptbot)"
20.171.207.22 - - [26/Oct/2025:06:45:39 +0300] "GET /sitemap.xml?path=/var/www/vhosts/3chukuk.com/httpdocs/wp-content/plugins/wordfence/languages HTTP/1.0" 200 18704 "-" "Mozilla/5.0 AppleWebKit/537.36 (KHTML, like Gecko; compatible; GPTBot/1.2; +https://openai.com/gptbot)"
20.171.207.22 - - [26/Oct/2025:06:45:42 +0300] "GET /sitemap.xml?fileloc=/var/www/vhosts/3chukuk.com/httpdocs/wp-content/plugins/wordfence/index.php&path=/var/www/vhosts/3chukuk.com/httpdocs/wp-content/plugins/wordfence HTTP/1.0" 200 13201 "-" "Mozilla/5.0 AppleWebKit/537.36 (KHTML, like Gecko; compatible; GPTBot/1.2; +https://openai.com/gptbot)"
20.171.207.22 - - [26/Oct/2025:06:45:45 +0300] "GET /sitemap.xml?fileloc=/var/www/vhosts/3chukuk.com/httpdocs/wp-content/plugins/wordfence/fonts/ionicons.woff&path=/var/www/vhosts/3chukuk.com/httpdocs/wp-content/plugins/wordfence/fonts HTTP/1.0" 200 13272 "-" "Mozilla/5.0 AppleWebKit/537.36 (KHTML, like Gecko; compatible; GPTBot/1.2; +https://openai.com/gptbot)"
20.171.207.22 - - [26/Oct/2025:06:45:48 +0300] "GET /sitemap.xml?fileloc=/var/www/vhosts/3chukuk.com/httpdocs/wp-content/plugins/wordfence/fonts/.htaccess&path=/var/www/vhosts/3chukuk.com/httpdocs/wp-content/plugins/wordfence/fonts HTTP/1.0" 200 13627 "-" "Mozilla/5.0 AppleWebKit/537.36 (KHTML, like Gecko; compatible; GPTBot/1.2; +https://openai.com/gptbot)"
20.171.207.22 - - [26/Oct/2025:06:45:51 +0300] "GET /sitemap.xml?fileloc=/var/www/vhosts/3chukuk.com/httpdocs/wp-content/plugins/wordfence/fonts/roboto-KFOlCnqEu92Fr1MmEU9fChc-AMP6lbBP.woff&path=/var/www/vhosts/3chukuk.com/httpdocs/wp-content/plugins/wordfence/fonts HTTP/1.0" 200 13303 "-" "Mozilla/5.0 AppleWebKit/537.36 (KHTML, like Gecko; compatible; GPTBot/1.2; +https://openai.com/gptbot)"
20.171.207.22 - - [26/Oct/2025:06:45:55 +0300] "GET /sitemap.xml?fileloc=/var/www/vhosts/3chukuk.com/httpdocs/wp-content/plugins/wordfence/fonts/roboto-KFOlCnqEu92Fr1MmEU9fBBc-AMP6lQ.woff&path=/var/www/vhosts/3chukuk.com/httpdocs/wp-content/plugins/wordfence/fonts HTTP/1.0" 200 13301 "-" "Mozilla/5.0 AppleWebKit/537.36 (KHTML, like Gecko; compatible; GPTBot/1.2; +https://openai.com/gptbot)"
20.171.207.22 - - [26/Oct/2025:06:45:58 +0300] "GET /sitemap.xml?path=/var/www/vhosts/3chukuk.com/httpdocs/wp-content/plugins/wordfence/waf/pomo HTTP/1.0" 200 25502 "-" "Mozilla/5.0 AppleWebKit/537.36 (KHTML, like Gecko; compatible; GPTBot/1.2; +https://openai.com/gptbot)"
20.171.207.22 - - [26/Oct/2025:06:46:01 +0300] "GET /sitemap.xml?fileloc=/var/www/vhosts/3chukuk.com/httpdocs/wp-content/plugins/wordfence/waf/dummy.php&path=/var/www/vhosts/3chukuk.com/httpdocs/wp-content/plugins/wordfence/waf HTTP/1.0" 200 16167 "-" "Mozilla/5.0 AppleWebKit/537.36 (KHTML, like Gecko; compatible; GPTBot/1.2; +https://openai.com/gptbot)"
20.171.207.22 - - [26/Oct/2025:06:46:04 +0300] "GET /sitemap.xml?fileloc=/var/www/vhosts/3chukuk.com/httpdocs/wp-content/plugins/wordfence/fonts/roboto-KFOmCnqEu92Fr1Mu7GxMKTU1Kvnz.woff&path=/var/www/vhosts/3chukuk.com/httpdocs/wp-content/plugins/wordfence/fonts HTTP/1.0" 200 13299 "-" "Mozilla/5.0 AppleWebKit/537.36 (KHTML, like Gecko; compatible; GPTBot/1.2; +https://openai.com/gptbot)"
20.171.207.22 - - [26/Oct/2025:06:46:08 +0300] "GET /sitemap.xml?fileloc=/var/www/vhosts/3chukuk.com/httpdocs/wp-content/plugins/wordfence/languages/.htaccess&path=/var/www/vhosts/3chukuk.com/httpdocs/wp-content/plugins/wordfence/languages HTTP/1.0" 200 13639 "-" "Mozilla/5.0 AppleWebKit/537.36 (KHTML, like Gecko; compatible; GPTBot/1.2; +https://openai.com/gptbot)"
40.77.167.51 - - [26/Oct/2025:06:46:10 +0300] "GET /?z=16931231066 HTTP/1.0" 200 331055 "-" "Mozilla/5.0 AppleWebKit/537.36 (KHTML, like Gecko; compatible; bingbot/2.0; +http://www.bing.com/bingbot.htm) Chrome/116.0.1938.76 Safari/537.36"
20.171.207.22 - - [26/Oct/2025:06:46:11 +0300] "GET /sitemap.xml?fileloc=/var/www/vhosts/3chukuk.com/httpdocs/wp-content/plugins/wordfence/fonts/fontawesome-webfont.woff&path=/var/www/vhosts/3chukuk.com/httpdocs/wp-content/plugins/wordfence/fonts HTTP/1.0" 200 13283 "-" "Mozilla/5.0 AppleWebKit/537.36 (KHTML, like Gecko; compatible; GPTBot/1.2; +https://openai.com/gptbot)"
213.180.203.34 - - [26/Oct/2025:06:46:14 +0300] "GET /blog/2018/10/20/cok-adayli-istanbul-baro-secimlerinde-arbede-yasandi/ HTTP/1.0" 200 57170 "-" "Mozilla/5.0 (compatible; YandexBot/3.0; +http://yandex.com/bots)"
20.171.207.22 - - [26/Oct/2025:06:46:14 +0300] "GET /sitemap.xml?fileloc=/var/www/vhosts/3chukuk.com/httpdocs/wp-content/plugins/wordfence/waf/pomo/entry.php&path=/var/www/vhosts/3chukuk.com/httpdocs/wp-content/plugins/wordfence/waf/pomo HTTP/1.0" 200 17841 "-" "Mozilla/5.0 AppleWebKit/537.36 (KHTML, like Gecko; compatible; GPTBot/1.2; +https://openai.com/gptbot)"
157.55.39.193 - - [26/Oct/2025:06:46:15 +0300] "GET /?z=76444461920 HTTP/1.0" 200 339492 "-" "Mozilla/5.0 AppleWebKit/537.36 (KHTML, like Gecko; compatible; bingbot/2.0; +http://www.bing.com/bingbot.htm) Chrome/116.0.1938.76 Safari/537.36"
20.171.207.22 - - [26/Oct/2025:06:46:17 +0300] "GET /sitemap.xml?fileloc=/var/www/vhosts/3chukuk.com/httpdocs/wp-content/plugins/wordfence/waf/pomo/plural-forms.php&path=/var/www/vhosts/3chukuk.com/httpdocs/wp-content/plugins/wordfence/waf/pomo HTTP/1.0" 200 22078 "-" "Mozilla/5.0 AppleWebKit/537.36 (KHTML, like Gecko; compatible; GPTBot/1.2; +https://openai.com/gptbot)"
20.171.207.22 - - [26/Oct/2025:06:46:21 +0300] "GET /sitemap.xml?fileloc=/var/www/vhosts/3chukuk.com/httpdocs/wp-content/plugins/wordfence/waf/pomo/streams.php&path=/var/www/vhosts/3chukuk.com/httpdocs/wp-content/plugins/wordfence/waf/pomo HTTP/1.0" 200 21083 "-" "Mozilla/5.0 AppleWebKit/537.36 (KHTML, like Gecko; compatible; GPTBot/1.2; +https://openai.com/gptbot)"
20.171.207.22 - - [26/Oct/2025:06:46:24 +0300] "GET /sitemap.xml?fileloc=/var/www/vhosts/3chukuk.com/httpdocs/wp-content/plugins/wordfence/fonts/roboto-KFOlCnqEu92Fr1MmSU5fChc-AMP6lbBP.woff&path=/var/www/vhosts/3chukuk.com/httpdocs/wp-content/plugins/wordfence/fonts HTTP/1.0" 200 13303 "-" "Mozilla/5.0 AppleWebKit/537.36 (KHTML, like Gecko; compatible; GPTBot/1.2; +https://openai.com/gptbot)"
20.171.207.22 - - [26/Oct/2025:06:46:27 +0300] "GET /sitemap.xml?fileloc=/var/www/vhosts/3chukuk.com/httpdocs/wp-content/plugins/wordfence/fonts/roboto-KFOlCnqEu92Fr1MmSU5fBBc-AMP6lQ.woff&path=/var/www/vhosts/3chukuk.com/httpdocs/wp-content/plugins/wordfence/fonts HTTP/1.0" 200 13301 "-" "Mozilla/5.0 AppleWebKit/537.36 (KHTML, like Gecko; compatible; GPTBot/1.2; +https://openai.com/gptbot)"
20.171.207.22 - - [26/Oct/2025:06:46:30 +0300] "GET /sitemap.xml?fileloc=/var/www/vhosts/3chukuk.com/httpdocs/wp-content/plugins/wordfence/waf/pomo/po.php&path=/var/www/vhosts/3chukuk.com/httpdocs/wp-content/plugins/wordfence/waf/pomo HTTP/1.0" 200 30442 "-" "Mozilla/5.0 AppleWebKit/537.36 (KHTML, like Gecko; compatible; GPTBot/1.2; +https://openai.com/gptbot)"
20.171.207.22 - - [26/Oct/2025:06:46:34 +0300] "GET /sitemap.xml?fileloc=/var/www/vhosts/3chukuk.com/httpdocs/wp-content/plugins/wordfence/waf/pomo/mo.php&path=/var/www/vhosts/3chukuk.com/httpdocs/wp-content/plugins/wordfence/waf/pomo HTTP/1.0" 200 24438 "-" "Mozilla/5.0 AppleWebKit/537.36 (KHTML, like Gecko; compatible; GPTBot/1.2; +https://openai.com/gptbot)"
157.55.39.193 - - [26/Oct/2025:06:46:36 +0300] "GET /blog/2019/03/25/cosgu-gercegin-aynasidir/ HTTP/1.0" 200 100690 "-" "Mozilla/5.0 AppleWebKit/537.36 (KHTML, like Gecko; compatible; bingbot/2.0; +http://www.bing.com/bingbot.htm) Chrome/116.0.1938.76 Safari/537.36"
20.171.207.22 - - [26/Oct/2025:06:46:37 +0300] "GET /sitemap.xml?fileloc=/var/www/vhosts/3chukuk.com/httpdocs/wp-content/plugins/wordfence/languages/wordfence.pot&path=/var/www/vhosts/3chukuk.com/httpdocs/wp-content/plugins/wordfence/languages HTTP/1.0" 200 555826 "-" "Mozilla/5.0 AppleWebKit/537.36 (KHTML, like Gecko; compatible; GPTBot/1.2; +https://openai.com/gptbot)"
20.171.207.22 - - [26/Oct/2025:06:46:40 +0300] "GET /sitemap.xml?fileloc=/var/www/vhosts/3chukuk.com/httpdocs/wp-content/plugins/wordfence/languages/wordfence.mo&path=/var/www/vhosts/3chukuk.com/httpdocs/wp-content/plugins/wordfence/languages HTTP/1.0" 200 13283 "-" "Mozilla/5.0 AppleWebKit/537.36 (KHTML, like Gecko; compatible; GPTBot/1.2; +https://openai.com/gptbot)"
20.171.207.22 - - [26/Oct/2025:06:46:43 +0300] "GET /sitemap.xml?path=/var/www/vhosts/3chukuk.com/httpdocs/wp-content/plugins/wordfence/js HTTP/1.0" 200 46283 "-" "Mozilla/5.0 AppleWebKit/537.36 (KHTML, like Gecko; compatible; GPTBot/1.2; +https://openai.com/gptbot)"
20.171.207.22 - - [26/Oct/2025:06:46:46 +0300] "GET /sitemap.xml?fileloc=/var/www/vhosts/3chukuk.com/httpdocs/wp-content/plugins/wordfence/fonts/roboto-KFOlCnqEu92Fr1MmWUlfChc-AMP6lbBP.woff&path=/var/www/vhosts/3chukuk.com/httpdocs/wp-content/plugins/wordfence/fonts HTTP/1.0" 200 13303 "-" "Mozilla/5.0 AppleWebKit/537.36 (KHTML, like Gecko; compatible; GPTBot/1.2; +https://openai.com/gptbot)"
20.171.207.22 - - [26/Oct/2025:06:46:49 +0300] "GET /sitemap.xml?fileloc=/var/www/vhosts/3chukuk.com/httpdocs/wp-content/plugins/wordfence/fonts/roboto-KFOlCnqEu92Fr1MmWUlfBBc-AMP6lQ.woff&path=/var/www/vhosts/3chukuk.com/httpdocs/wp-content/plugins/wordfence/fonts HTTP/1.0" 200 13301 "-" "Mozilla/5.0 AppleWebKit/537.36 (KHTML, like Gecko; compatible; GPTBot/1.2; +https://openai.com/gptbot)"
20.171.207.22 - - [26/Oct/2025:06:46:52 +0300] "GET /sitemap.xml?fileloc=/var/www/vhosts/3chukuk.com/httpdocs/wp-content/plugins/wordfence/fonts/roboto-KFOkCnqEu92Fr1Mu51xIIzQXKMny.woff&path=/var/www/vhosts/3chukuk.com/httpdocs/wp-content/plugins/wordfence/fonts HTTP/1.0" 200 13299 "-" "Mozilla/5.0 AppleWebKit/537.36 (KHTML, like Gecko; compatible; GPTBot/1.2; +https://openai.com/gptbot)"
20.171.207.22 - - [26/Oct/2025:06:46:55 +0300] "GET /sitemap.xml?fileloc=/var/www/vhosts/3chukuk.com/httpdocs/wp-content/plugins/wordfence/js/admin.ajaxWatcher.1756145765.js&path=/var/www/vhosts/3chukuk.com/httpdocs/wp-content/plugins/wordfence/js HTTP/1.0" 200 32720 "-" "Mozilla/5.0 AppleWebKit/537.36 (KHTML, like Gecko; compatible; GPTBot/1.2; +https://openai.com/gptbot)"
20.171.207.22 - - [26/Oct/2025:06:46:58 +0300] "GET /sitemap.xml?path=/var/www/vhosts/3chukuk.com/httpdocs/wp-content/plugins/wordfence/lib HTTP/1.0" 200 204095 "-" "Mozilla/5.0 AppleWebKit/537.36 (KHTML, like Gecko; compatible; GPTBot/1.2; +https://openai.com/gptbot)"
20.171.207.22 - - [26/Oct/2025:06:47:01 +0300] "GET /sitemap.xml?fileloc=/var/www/vhosts/3chukuk.com/httpdocs/wp-content/plugins/wordfence/js/admin.liveTraffic.1756145765.js&path=/var/www/vhosts/3chukuk.com/httpdocs/wp-content/plugins/wordfence/js HTTP/1.0" 200 43240 "-" "Mozilla/5.0 AppleWebKit/537.36 (KHTML, like Gecko; compatible; GPTBot/1.2; +https://openai.com/gptbot)"
20.171.207.22 - - [26/Oct/2025:06:47:05 +0300] "GET /sitemap.xml?fileloc=/var/www/vhosts/3chukuk.com/httpdocs/wp-content/plugins/wordfence/js/wfpopover.1756145765.js&path=/var/www/vhosts/3chukuk.com/httpdocs/wp-content/plugins/wordfence/js HTTP/1.0" 200 36782 "-" "Mozilla/5.0 AppleWebKit/537.36 (KHTML, like Gecko; compatible; GPTBot/1.2; +https://openai.com/gptbot)"
157.55.39.193 - - [26/Oct/2025:06:47:06 +0300] "GET /?z=61617270569 HTTP/1.0" 200 338664 "-" "Mozilla/5.0 AppleWebKit/537.36 (KHTML, like Gecko; compatible; bingbot/2.0; +http://www.bing.com/bingbot.htm) Chrome/116.0.1938.76 Safari/537.36"
213.180.203.231 - - [26/Oct/2025:06:47:07 +0300] "GET /blog/2019/03/11/5-yil-onceki-sir-cinayeti-jandarma-nin-hazirladigi-duygusal-video-cozdu/ HTTP/1.0" 200 57170 "-" "Mozilla/5.0 (compatible; YandexBot/3.0; +http://yandex.com/bots)"
20.171.207.22 - - [26/Oct/2025:06:47:08 +0300] "GET /sitemap.xml?fileloc=/var/www/vhosts/3chukuk.com/httpdocs/wp-content/plugins/wordfence/js/wfglobal.1756145765.js&path=/var/www/vhosts/3chukuk.com/httpdocs/wp-content/plugins/wordfence/js HTTP/1.0" 200 49581 "-" "Mozilla/5.0 AppleWebKit/537.36 (KHTML, like Gecko; compatible; GPTBot/1.2; +https://openai.com/gptbot)"
20.171.207.22 - - [26/Oct/2025:06:47:11 +0300] "GET /sitemap.xml?fileloc=/var/www/vhosts/3chukuk.com/httpdocs/wp-content/plugins/wordfence/js/knockout-3.5.1.1756145765.js&path=/var/www/vhosts/3chukuk.com/httpdocs/wp-content/plugins/wordfence/js HTTP/1.0" 200 92554 "-" "Mozilla/5.0 AppleWebKit/537.36 (KHTML, like Gecko; compatible; GPTBot/1.2; +https://openai.com/gptbot)"
20.171.207.22 - - [26/Oct/2025:06:47:14 +0300] "GET /sitemap.xml?fileloc=/var/www/vhosts/3chukuk.com/httpdocs/wp-content/plugins/wordfence/js/jquery.tmpl.min.1756145765.js&path=/var/www/vhosts/3chukuk.com/httpdocs/wp-content/plugins/wordfence/js HTTP/1.0" 200 20622 "-" "Mozilla/5.0 AppleWebKit/537.36 (KHTML, like Gecko; compatible; GPTBot/1.2; +https://openai.com/gptbot)"
20.171.207.22 - - [26/Oct/2025:06:47:17 +0300] "GET /sitemap.xml?fileloc=/var/www/vhosts/3chukuk.com/httpdocs/wp-content/plugins/wordfence/lib/wfI18n.php&path=/var/www/vhosts/3chukuk.com/httpdocs/wp-content/plugins/wordfence/lib HTTP/1.0" 200 14184 "-" "Mozilla/5.0 AppleWebKit/537.36 (KHTML, like Gecko; compatible; GPTBot/1.2; +https://openai.com/gptbot)"
20.171.207.22 - - [26/Oct/2025:06:47:21 +0300] "GET /sitemap.xml?path=/var/www/vhosts/3chukuk.com/httpdocs/wp-content/plugins/wordfence/lib/rest-api HTTP/1.0" 200 22468 "-" "Mozilla/5.0 AppleWebKit/537.36 (KHTML, like Gecko; compatible; GPTBot/1.2; +https://openai.com/gptbot)"
57.141.0.39 - - [26/Oct/2025:06:47:22 +0300] "GET /blog/2018/07/22/davasiz-nufus-kaydi-duzeltme-hakki-dogdu/feed/ HTTP/1.0" 200 57170 "-" "meta-externalagent/1.1 (+https://developers.facebook.com/docs/sharing/webmasters/crawler)"
57.141.0.30 - - [26/Oct/2025:06:47:24 +0300] "GET /wp-json/oembed/1.0/embed?url=https%3A%2F%2Fwww.3chukuk.com%2Fblog%2F2018%2F10%2F03%2Fbir-idam-mahkumunun-son-mektubu%2F HTTP/1.0" 200 57170 "-" "meta-externalagent/1.1 (+https://developers.facebook.com/docs/sharing/webmasters/crawler)"
20.171.207.22 - - [26/Oct/2025:06:47:24 +0300] "GET /sitemap.xml?fileloc=/var/www/vhosts/3chukuk.com/httpdocs/wp-content/plugins/wordfence/lib/wfScanFile.php&path=/var/www/vhosts/3chukuk.com/httpdocs/wp-content/plugins/wordfence/lib HTTP/1.0" 200 14346 "-" "Mozilla/5.0 AppleWebKit/537.36 (KHTML, like Gecko; compatible; GPTBot/1.2; +https://openai.com/gptbot)"
87.250.224.78 - - [26/Oct/2025:06:47:27 +0300] "GET /blog/2018/12/16/nsu-davasinda-turk-avukata-mektupla-tehdit-de-5-polise-sorusturma-karari-verildi/ HTTP/1.0" 200 57170 "-" "Mozilla/5.0 (compatible; YandexBot/3.0; +http://yandex.com/bots)"
20.171.207.22 - - [26/Oct/2025:06:47:27 +0300] "GET /sitemap.xml?fileloc=/var/www/vhosts/3chukuk.com/httpdocs/wp-content/plugins/wordfence/lib/wfLockedOut.php&path=/var/www/vhosts/3chukuk.com/httpdocs/wp-content/plugins/wordfence/lib HTTP/1.0" 200 24189 "-" "Mozilla/5.0 AppleWebKit/537.36 (KHTML, like Gecko; compatible; GPTBot/1.2; +https://openai.com/gptbot)"
20.171.207.22 - - [26/Oct/2025:06:47:30 +0300] "GET /sitemap.xml?fileloc=/var/www/vhosts/3chukuk.com/httpdocs/wp-content/plugins/wordfence/lib/GeoLite2-Country.mmdb&path=/var/www/vhosts/3chukuk.com/httpdocs/wp-content/plugins/wordfence/lib HTTP/1.0" 200 13274 "-" "Mozilla/5.0 AppleWebKit/537.36 (KHTML, like Gecko; compatible; GPTBot/1.2; +https://openai.com/gptbot)"
20.171.207.22 - - [26/Oct/2025:06:47:40 +0300] "GET /sitemap.xml?fileloc=/var/www/vhosts/3chukuk.com/httpdocs/wp-content/plugins/wordfence/lib/wfConfig.php&path=/var/www/vhosts/3chukuk.com/httpdocs/wp-content/plugins/wordfence/lib HTTP/1.0" 200 144871 "-" "Mozilla/5.0 AppleWebKit/537.36 (KHTML, like Gecko; compatible; GPTBot/1.2; +https://openai.com/gptbot)"
20.171.207.22 - - [26/Oct/2025:06:47:43 +0300] "GET /sitemap.xml?fileloc=/var/www/vhosts/3chukuk.com/httpdocs/wp-content/plugins/wordfence/lib/wfSchema.php&path=/var/www/vhosts/3chukuk.com/httpdocs/wp-content/plugins/wordfence/lib HTTP/1.0" 200 25106 "-" "Mozilla/5.0 AppleWebKit/537.36 (KHTML, like Gecko; compatible; GPTBot/1.2; +https://openai.com/gptbot)"
20.171.207.22 - - [26/Oct/2025:06:47:46 +0300] "GET /sitemap.xml?fileloc=/var/www/vhosts/3chukuk.com/httpdocs/wp-content/plugins/wordfence/lib/email_newIssues.php&path=/var/www/vhosts/3chukuk.com/httpdocs/wp-content/plugins/wordfence/lib HTTP/1.0" 200 23422 "-" "Mozilla/5.0 AppleWebKit/537.36 (KHTML, like Gecko; compatible; GPTBot/1.2; +https://openai.com/gptbot)"
20.171.207.22 - - [26/Oct/2025:06:47:49 +0300] "GET /sitemap.xml?fileloc=/var/www/vhosts/3chukuk.com/httpdocs/wp-content/plugins/wordfence/lib/wfViewResult.php&path=/var/www/vhosts/3chukuk.com/httpdocs/wp-content/plugins/wordfence/lib HTTP/1.0" 200 15154 "-" "Mozilla/5.0 AppleWebKit/537.36 (KHTML, like Gecko; compatible; GPTBot/1.2; +https://openai.com/gptbot)"
20.171.207.22 - - [26/Oct/2025:06:47:52 +0300] "GET /sitemap.xml?fileloc=/var/www/vhosts/3chukuk.com/httpdocs/wp-content/plugins/wordfence/lib/wfIpLocation.php&path=/var/www/vhosts/3chukuk.com/httpdocs/wp-content/plugins/wordfence/lib HTTP/1.0" 200 15077 "-" "Mozilla/5.0 AppleWebKit/537.36 (KHTML, like Gecko; compatible; GPTBot/1.2; +https://openai.com/gptbot)"
87.250.224.78 - - [26/Oct/2025:06:47:54 +0300] "GET /blog/2021/02/11/sistematik-kolelik/ HTTP/1.0" 200 57170 "-" "Mozilla/5.0 (compatible; YandexBot/3.0; +http://yandex.com/bots)"
20.171.207.22 - - [26/Oct/2025:06:47:56 +0300] "GET /sitemap.xml?fileloc=/var/www/vhosts/3chukuk.com/httpdocs/wp-content/plugins/wordfence/lib/wfHelperBin.php&path=/var/www/vhosts/3chukuk.com/httpdocs/wp-content/plugins/wordfence/lib HTTP/1.0" 200 15361 "-" "Mozilla/5.0 AppleWebKit/537.36 (KHTML, like Gecko; compatible; GPTBot/1.2; +https://openai.com/gptbot)"
57.141.0.17 - - [26/Oct/2025:06:47:57 +0300] "GET /blog/2021/03/18/isvicre-de-turk-birligi-baskani-evine-5-kez-terorist-saldiriya-ugradi/feed/ HTTP/1.0" 200 57170 "-" "meta-externalagent/1.1 (+https://developers.facebook.com/docs/sharing/webmasters/crawler)"
20.171.207.22 - - [26/Oct/2025:06:47:59 +0300] "GET /sitemap.xml?fileloc=/var/www/vhosts/3chukuk.com/httpdocs/wp-content/plugins/wordfence/lib/wfScanPath.php&path=/var/www/vhosts/3chukuk.com/httpdocs/wp-content/plugins/wordfence/lib HTTP/1.0" 200 15152 "-" "Mozilla/5.0 AppleWebKit/537.36 (KHTML, like Gecko; compatible; GPTBot/1.2; +https://openai.com/gptbot)"
20.171.207.22 - - [26/Oct/2025:06:48:02 +0300] "GET /sitemap.xml?fileloc=/var/www/vhosts/3chukuk.com/httpdocs/wp-content/plugins/wordfence/lib/wfScanMonitor.php&path=/var/www/vhosts/3chukuk.com/httpdocs/wp-content/plugins/wordfence/lib HTTP/1.0" 200 17482 "-" "Mozilla/5.0 AppleWebKit/537.36 (KHTML, like Gecko; compatible; GPTBot/1.2; +https://openai.com/gptbot)"
20.171.207.22 - - [26/Oct/2025:06:48:05 +0300] "GET /sitemap.xml?fileloc=/var/www/vhosts/3chukuk.com/httpdocs/wp-content/plugins/wordfence/lib/wordfenceHash.php&path=/var/www/vhosts/3chukuk.com/httpdocs/wp-content/plugins/wordfence/lib HTTP/1.0" 200 59918 "-" "Mozilla/5.0 AppleWebKit/537.36 (KHTML, like Gecko; compatible; GPTBot/1.2; +https://openai.com/gptbot)"
20.171.207.22 - - [26/Oct/2025:06:48:08 +0300] "GET /sitemap.xml?fileloc=/var/www/vhosts/3chukuk.com/httpdocs/wp-content/plugins/wordfence/lib/wfIssues.php&path=/var/www/vhosts/3chukuk.com/httpdocs/wp-content/plugins/wordfence/lib HTTP/1.0" 200 43363 "-" "Mozilla/5.0 AppleWebKit/537.36 (KHTML, like Gecko; compatible; GPTBot/1.2; +https://openai.com/gptbot)"
20.171.207.22 - - [26/Oct/2025:06:48:11 +0300] "GET /sitemap.xml?fileloc=/var/www/vhosts/3chukuk.com/httpdocs/wp-content/plugins/wordfence/lib/wfIpLocator.php&path=/var/www/vhosts/3chukuk.com/httpdocs/wp-content/plugins/wordfence/lib HTTP/1.0" 200 16130 "-" "Mozilla/5.0 AppleWebKit/537.36 (KHTML, like Gecko; compatible; GPTBot/1.2; +https://openai.com/gptbot)"
20.171.207.22 - - [26/Oct/2025:06:48:14 +0300] "GET /sitemap.xml?fileloc=/var/www/vhosts/3chukuk.com/httpdocs/wp-content/plugins/wordfence/lib/wfFileUtils.php&path=/var/www/vhosts/3chukuk.com/httpdocs/wp-content/plugins/wordfence/lib HTTP/1.0" 200 16122 "-" "Mozilla/5.0 AppleWebKit/537.36 (KHTML, like Gecko; compatible; GPTBot/1.2; +https://openai.com/gptbot)"
20.171.207.22 - - [26/Oct/2025:06:48:17 +0300] "GET /sitemap.xml?fileloc=/var/www/vhosts/3chukuk.com/httpdocs/wp-content/plugins/wordfence/lib/wfUpdateCheck.php&path=/var/www/vhosts/3chukuk.com/httpdocs/wp-content/plugins/wordfence/lib HTTP/1.0" 200 42236 "-" "Mozilla/5.0 AppleWebKit/537.36 (KHTML, like Gecko; compatible; GPTBot/1.2; +https://openai.com/gptbot)"
20.171.207.22 - - [26/Oct/2025:06:48:20 +0300] "GET /sitemap.xml?fileloc=/var/www/vhosts/3chukuk.com/httpdocs/wp-content/plugins/wordfence/lib/diffResult.php&path=/var/www/vhosts/3chukuk.com/httpdocs/wp-content/plugins/wordfence/lib HTTP/1.0" 200 16886 "-" "Mozilla/5.0 AppleWebKit/537.36 (KHTML, like Gecko; compatible; GPTBot/1.2; +https://openai.com/gptbot)"
20.171.207.22 - - [26/Oct/2025:06:48:23 +0300] "GET /sitemap.xml?fileloc=/var/www/vhosts/3chukuk.com/httpdocs/wp-content/plugins/wordfence/lib/wfDiagnostic.php&path=/var/www/vhosts/3chukuk.com/httpdocs/wp-content/plugins/wordfence/lib HTTP/1.0" 200 85891 "-" "Mozilla/5.0 AppleWebKit/537.36 (KHTML, like Gecko; compatible; GPTBot/1.2; +https://openai.com/gptbot)"
20.171.207.22 - - [26/Oct/2025:06:48:27 +0300] "GET /sitemap.xml?fileloc=/var/www/vhosts/3chukuk.com/httpdocs/wp-content/plugins/wordfence/lib/menu_tools_twoFactor.php&path=/var/www/vhosts/3chukuk.com/httpdocs/wp-content/plugins/wordfence/lib HTTP/1.0" 200 36754 "-" "Mozilla/5.0 AppleWebKit/537.36 (KHTML, like Gecko; compatible; GPTBot/1.2; +https://openai.com/gptbot)"
20.171.207.22 - - [26/Oct/2025:06:48:30 +0300] "GET /sitemap.xml?fileloc=/var/www/vhosts/3chukuk.com/httpdocs/wp-content/plugins/wordfence/lib/wfAlerts.php&path=/var/www/vhosts/3chukuk.com/httpdocs/wp-content/plugins/wordfence/lib HTTP/1.0" 200 21243 "-" "Mozilla/5.0 AppleWebKit/537.36 (KHTML, like Gecko; compatible; GPTBot/1.2; +https://openai.com/gptbot)"
20.171.207.22 - - [26/Oct/2025:06:48:33 +0300] "GET /sitemap.xml?fileloc=/var/www/vhosts/3chukuk.com/httpdocs/wp-content/plugins/wordfence/lib/wfLicense.php&path=/var/www/vhosts/3chukuk.com/httpdocs/wp-content/plugins/wordfence/lib HTTP/1.0" 200 24407 "-" "Mozilla/5.0 AppleWebKit/537.36 (KHTML, like Gecko; compatible; GPTBot/1.2; +https://openai.com/gptbot)"
20.171.207.22 - - [26/Oct/2025:06:48:36 +0300] "GET /sitemap.xml?fileloc=/var/www/vhosts/3chukuk.com/httpdocs/wp-content/plugins/wordfence/lib/menu_tools_importExport.php&path=/var/www/vhosts/3chukuk.com/httpdocs/wp-content/plugins/wordfence/lib HTTP/1.0" 200 14916 "-" "Mozilla/5.0 AppleWebKit/537.36 (KHTML, like Gecko; compatible; GPTBot/1.2; +https://openai.com/gptbot)"
20.171.207.22 - - [26/Oct/2025:06:48:39 +0300] "GET /sitemap.xml?fileloc=/var/www/vhosts/3chukuk.com/httpdocs/wp-content/plugins/wordfence/lib/wfWebsite.php&path=/var/www/vhosts/3chukuk.com/httpdocs/wp-content/plugins/wordfence/lib HTTP/1.0" 200 15095 "-" "Mozilla/5.0 AppleWebKit/537.36 (KHTML, like Gecko; compatible; GPTBot/1.2; +https://openai.com/gptbot)"
20.171.207.22 - - [26/Oct/2025:06:48:42 +0300] "GET /sitemap.xml?fileloc=/var/www/vhosts/3chukuk.com/httpdocs/wp-content/plugins/wordfence/lib/wfDashboard.php&path=/var/www/vhosts/3chukuk.com/httpdocs/wp-content/plugins/wordfence/lib HTTP/1.0" 200 22071 "-" "Mozilla/5.0 AppleWebKit/537.36 (KHTML, like Gecko; compatible; GPTBot/1.2; +https://openai.com/gptbot)"
20.171.207.22 - - [26/Oct/2025:06:48:45 +0300] "GET /sitemap.xml?fileloc=/var/www/vhosts/3chukuk.com/httpdocs/wp-content/plugins/wordfence/lib/wfAPI.php&path=/var/www/vhosts/3chukuk.com/httpdocs/wp-content/plugins/wordfence/lib HTTP/1.0" 200 23988 "-" "Mozilla/5.0 AppleWebKit/537.36 (KHTML, like Gecko; compatible; GPTBot/1.2; +https://openai.com/gptbot)"
20.171.207.22 - - [26/Oct/2025:06:48:48 +0300] "GET /sitemap.xml?fileloc=/var/www/vhosts/3chukuk.com/httpdocs/wp-content/plugins/wordfence/lib/wfBrowscap.php&path=/var/www/vhosts/3chukuk.com/httpdocs/wp-content/plugins/wordfence/lib HTTP/1.0" 200 17355 "-" "Mozilla/5.0 AppleWebKit/537.36 (KHTML, like Gecko; compatible; GPTBot/1.2; +https://openai.com/gptbot)"
40.77.167.51 - - [26/Oct/2025:06:48:50 +0300] "GET /blog/2019/01/06/ak-parti-izmir-adaylarini-acikladi/ HTTP/1.0" 200 448384 "-" "Mozilla/5.0 AppleWebKit/537.36 (KHTML, like Gecko; compatible; bingbot/2.0; +http://www.bing.com/bingbot.htm) Chrome/116.0.1938.76 Safari/537.36"
20.171.207.22 - - [26/Oct/2025:06:48:52 +0300] "GET /sitemap.xml?fileloc=/var/www/vhosts/3chukuk.com/httpdocs/wp-content/plugins/wordfence/lib/wfJWT.php&path=/var/www/vhosts/3chukuk.com/httpdocs/wp-content/plugins/wordfence/lib HTTP/1.0" 200 18999 "-" "Mozilla/5.0 AppleWebKit/537.36 (KHTML, like Gecko; compatible; GPTBot/1.2; +https://openai.com/gptbot)"
20.171.207.22 - - [26/Oct/2025:06:48:55 +0300] "GET /sitemap.xml?fileloc=/var/www/vhosts/3chukuk.com/httpdocs/wp-content/plugins/wordfence/lib/menu_options.php&path=/var/www/vhosts/3chukuk.com/httpdocs/wp-content/plugins/wordfence/lib HTTP/1.0" 200 40273 "-" "Mozilla/5.0 AppleWebKit/537.36 (KHTML, like Gecko; compatible; GPTBot/1.2; +https://openai.com/gptbot)"
20.171.207.22 - - [26/Oct/2025:06:48:58 +0300] "GET /sitemap.xml?fileloc=/var/www/vhosts/3chukuk.com/httpdocs/wp-content/plugins/wordfence/lib/menu_support.php&path=/var/www/vhosts/3chukuk.com/httpdocs/wp-content/plugins/wordfence/lib HTTP/1.0" 200 34748 "-" "Mozilla/5.0 AppleWebKit/537.36 (KHTML, like Gecko; compatible; GPTBot/1.2; +https://openai.com/gptbot)"
20.171.207.22 - - [26/Oct/2025:06:49:01 +0300] "GET /sitemap.xml?fileloc=/var/www/vhosts/3chukuk.com/httpdocs/wp-content/plugins/wordfence/lib/menu_install.php&path=/var/www/vhosts/3chukuk.com/httpdocs/wp-content/plugins/wordfence/lib HTTP/1.0" 200 15301 "-" "Mozilla/5.0 AppleWebKit/537.36 (KHTML, like Gecko; compatible; GPTBot/1.2; +https://openai.com/gptbot)"
20.171.207.22 - - [26/Oct/2025:06:49:04 +0300] "GET /sitemap.xml?path=/var/www/vhosts/3chukuk.com/httpdocs/wp-content/plugins/wordfence/lib/Diff HTTP/1.0" 200 18637 "-" "Mozilla/5.0 AppleWebKit/537.36 (KHTML, like Gecko; compatible; GPTBot/1.2; +https://openai.com/gptbot)"
